[INFO] fetching crate winfsp_wrs_sys 0.4.1...
[INFO] testing winfsp_wrs_sys-0.4.1 against 1.100.0-beta.1+cargoflags=--release for beta-release-1.100-2
[INFO] extracting crate winfsp_wrs_sys 0.4.1 into /workspace/builds/worker-2-tc2/source
[INFO] started tweaking crates.io crate winfsp_wrs_sys 0.4.1
[INFO] finished tweaking crates.io crate winfsp_wrs_sys 0.4.1
[INFO] tweaked toml for crates.io crate winfsp_wrs_sys 0.4.1 written to /workspace/builds/worker-2-tc2/source/Cargo.toml
[INFO] validating manifest of crates.io crate winfsp_wrs_sys 0.4.1 on toolchain 1.100.0-beta.1
[INFO] running `Command { std: CARGO_HOME="/workspace/cargo-home" RUSTUP_HOME="/workspace/rustup-home" "/workspace/cargo-home/bin/cargo" "+1.100.0-beta.1" "metadata" "--manifest-path" "Cargo.toml" "--no-deps", kill_on_drop: false }`
[INFO] crate crates.io crate winfsp_wrs_sys 0.4.1 already has a lockfile, it will not be regenerated
[INFO] running `Command { std: CARGO_HOME="/workspace/cargo-home" RUSTUP_HOME="/workspace/rustup-home" "/workspace/cargo-home/bin/cargo" "+1.100.0-beta.1" "fetch" "--manifest-path" "Cargo.toml", kill_on_drop: false }`
[INFO] [stderr]     Blocking waiting for file lock on package cache
[INFO] running `Command { std: "docker" "create" "-v" "/var/lib/crater-agent-workspace/builds/worker-2-tc2/source:/opt/rustwide/workdir:ro,Z" "-v" "/var/lib/crater-agent-workspace/builds/worker-2-tc2/target:/opt/rustwide/target:rw,Z" "-v" "/var/lib/crater-agent-workspace/cargo-home:/opt/rustwide/cargo-home:ro,Z" "-v" "/var/lib/crater-agent-workspace/rustup-home:/opt/rustwide/rustup-home:ro,Z" "-m" "1610612736" "--network" "none" "ghcr.io/rust-lang/crates-build-env/linux@sha256:77db811e55d90add9212f6832c23229e3de5f1c1f9905e8cb07319ea15df73ac" "sleep" "infinity", kill_on_drop: false }`
[INFO] [stdout] 911b2da02a89c8a28f5da7dcd053a74695c0bfe0ee5b87c5a5f93d5565e51aff
[INFO] running `Command { std: "docker" "start" "911b2da02a89c8a28f5da7dcd053a74695c0bfe0ee5b87c5a5f93d5565e51aff", kill_on_drop: false }`
[INFO] running `Command { std: "docker" "inspect" "911b2da02a89c8a28f5da7dcd053a74695c0bfe0ee5b87c5a5f93d5565e51aff", kill_on_drop: false }`
[INFO] running `Command { std: "docker" "exec" "-e" "SOURCE_DIR=/opt/rustwide/workdir" "-e" "CARGO_HOME=/opt/rustwide/cargo-home" "-e" "RUSTUP_HOME=/opt/rustwide/rustup-home" "-e" "CARGO_TARGET_DIR=/opt/rustwide/target" "-w" "/opt/rustwide/workdir" "--user" "0:0" "911b2da02a89c8a28f5da7dcd053a74695c0bfe0ee5b87c5a5f93d5565e51aff" "/opt/rustwide/cargo-home/bin/cargo" "+1.100.0-beta.1" "metadata" "--no-deps" "--format-version=1", kill_on_drop: false }`
[INFO] running `Command { std: "docker" "inspect" "911b2da02a89c8a28f5da7dcd053a74695c0bfe0ee5b87c5a5f93d5565e51aff", kill_on_drop: false }`
[INFO] running `Command { std: "docker" "exec" "-e" "SOURCE_DIR=/opt/rustwide/workdir" "-e" "CARGO_HOME=/opt/rustwide/cargo-home" "-e" "RUSTUP_HOME=/opt/rustwide/rustup-home" "-e" "CARGO_TARGET_DIR=/opt/rustwide/target" "-e" "CARGO_INCREMENTAL=0" "-e" "RUST_BACKTRACE=full" "-e" "RUSTFLAGS=--cap-lints=warn" "-e" "RUSTDOCFLAGS=--cap-lints=warn" "-w" "/opt/rustwide/workdir" "--user" "0:0" "911b2da02a89c8a28f5da7dcd053a74695c0bfe0ee5b87c5a5f93d5565e51aff" "/opt/rustwide/cargo-home/bin/cargo" "+1.100.0-beta.1" "build" "--frozen" "--message-format=json" "--release", kill_on_drop: false }`
[INFO] [stderr]    Compiling syn v2.0.48
[INFO] [stderr]    Compiling winapi v0.3.9
[INFO] [stderr]    Compiling utfx v0.1.0
[INFO] [stderr]    Compiling thiserror v1.0.56
[INFO] [stderr]    Compiling thiserror-impl v1.0.56
[INFO] [stderr]    Compiling registry v1.2.3
[INFO] [stderr]    Compiling winfsp_wrs_sys v0.4.1 (/opt/rustwide/workdir)
[INFO] [stderr] warning: unused dependency `registry`
[INFO] [stderr]  --> Cargo.toml:1:21
[INFO] [stderr]   |
[INFO] [stderr] 1 | [build-dependencies.registry]
[INFO] [stderr]   |                     ^^^^^^^^^
[INFO] [stderr]   |
[INFO] [stderr]   = note: `cargo::unused_dependencies` is set to `warn` by default
[INFO] [stderr] help: consider removing the dependency on `registry`
[INFO] [stderr] warning: `winfsp_wrs_sys` (manifest) generated 1 warning
[INFO] [stderr]     Finished `release` profile [optimized] target(s) in 3.96s
[INFO] running `Command { std: "docker" "inspect" "911b2da02a89c8a28f5da7dcd053a74695c0bfe0ee5b87c5a5f93d5565e51aff", kill_on_drop: false }`
[INFO] running `Command { std: "docker" "exec" "-e" "SOURCE_DIR=/opt/rustwide/workdir" "-e" "CARGO_HOME=/opt/rustwide/cargo-home" "-e" "RUSTUP_HOME=/opt/rustwide/rustup-home" "-e" "CARGO_TARGET_DIR=/opt/rustwide/target" "-e" "CARGO_INCREMENTAL=0" "-e" "RUST_BACKTRACE=full" "-e" "RUSTFLAGS=--cap-lints=warn" "-e" "RUSTDOCFLAGS=--cap-lints=warn" "-w" "/opt/rustwide/workdir" "--user" "0:0" "911b2da02a89c8a28f5da7dcd053a74695c0bfe0ee5b87c5a5f93d5565e51aff" "/opt/rustwide/cargo-home/bin/cargo" "+1.100.0-beta.1" "test" "--frozen" "--no-run" "--message-format=json" "--release", kill_on_drop: false }`
[INFO] [stderr]    Compiling winfsp_wrs_sys v0.4.1 (/opt/rustwide/workdir)
[INFO] [stderr] warning: unused dependency `registry`
[INFO] [stderr]  --> Cargo.toml:1:21
[INFO] [stderr]   |
[INFO] [stderr] 1 | [build-dependencies.registry]
[INFO] [stderr]   |                     ^^^^^^^^^
[INFO] [stderr]   |
[INFO] [stderr]   = note: `cargo::unused_dependencies` is set to `warn` by default
[INFO] [stderr] help: consider removing the dependency on `registry`
[INFO] [stderr] warning: `winfsp_wrs_sys` (manifest) generated 1 warning
[INFO] [stderr]     Finished `release` profile [optimized] target(s) in 1.08s
[INFO] running `Command { std: "docker" "inspect" "911b2da02a89c8a28f5da7dcd053a74695c0bfe0ee5b87c5a5f93d5565e51aff", kill_on_drop: false }`
[INFO] running `Command { std: "docker" "exec" "-e" "SOURCE_DIR=/opt/rustwide/workdir" "-e" "CARGO_HOME=/opt/rustwide/cargo-home" "-e" "RUSTUP_HOME=/opt/rustwide/rustup-home" "-e" "CARGO_TARGET_DIR=/opt/rustwide/target" "-e" "CARGO_INCREMENTAL=0" "-e" "RUST_BACKTRACE=full" "-e" "RUSTFLAGS=--cap-lints=warn" "-e" "RUSTDOCFLAGS=--cap-lints=warn" "-w" "/opt/rustwide/workdir" "--user" "0:0" "911b2da02a89c8a28f5da7dcd053a74695c0bfe0ee5b87c5a5f93d5565e51aff" "/opt/rustwide/cargo-home/bin/cargo" "+1.100.0-beta.1" "test" "--frozen" "--release", kill_on_drop: false }`
[INFO] [stderr] warning: unused dependency `registry`
[INFO] [stderr]  --> Cargo.toml:1:21
[INFO] [stderr]   |
[INFO] [stderr] 1 | [build-dependencies.registry]
[INFO] [stderr]   |                     ^^^^^^^^^
[INFO] [stderr]   |
[INFO] [stderr]   = note: `cargo::unused_dependencies` is set to `warn` by default
[INFO] [stderr] help: consider removing the dependency on `registry`
[INFO] [stderr] warning: `winfsp_wrs_sys` (manifest) generated 1 warning
[INFO] [stderr]     Finished `release` profile [optimized] target(s) in 0.04s
[INFO] [stderr]      Running unittests src/lib.rs (/opt/rustwide/target/release/build/winfsp_wrs_sys/5e020648324c5db2/out/winfsp_wrs_sys-5e020648324c5db2)
[INFO] [stdout] 
[INFO] [stdout] running 79 tests
[INFO] [stdout] test gen::bindgen_test_layout_FSP_FSCTL_FILE_INFO ... ok
[INFO] [stdout] test gen::bindgen_test_layout_FSP_FSCTL_STREAM_INFO ... ok
[INFO] [stdout] test gen::bindgen_test_layout_FSP_FSCTL_TRANSACT_BUF ... ok
[INFO] [stdout] test gen::bindgen_test_layout_FSP_FSCTL_DIR_INFO ... ok
[INFO] [stdout] test gen::bindgen_test_layout_FSP_FSCTL_TRANSACT_REQ__bindgen_ty_1__bindgen_ty_10 ... ok
[INFO] [stdout] test gen::bindgen_test_layout_FSP_FSCTL_TRANSACT_REQ__bindgen_ty_1__bindgen_ty_17 ... ok
[INFO] [stdout] test gen::bindgen_test_layout_FSP_FSCTL_NOTIFY_INFO ... ok
[INFO] [stdout] test gen::bindgen_test_layout_FSP_FSCTL_TRANSACT_REQ__bindgen_ty_1__bindgen_ty_1 ... ok
[INFO] [stdout] test gen::bindgen_test_layout_FSP_FSCTL_TRANSACT_REQ__bindgen_ty_1__bindgen_ty_2 ... ok
[INFO] [stdout] test gen::bindgen_test_layout_FSP_FSCTL_TRANSACT_REQ__bindgen_ty_1__bindgen_ty_15 ... ok
[INFO] [stdout] test gen::bindgen_test_layout_FSP_FSCTL_TRANSACT_REQ__bindgen_ty_1__bindgen_ty_12 ... ok
[INFO] [stdout] test gen::bindgen_test_layout_FSP_FSCTL_TRANSACT_REQ__bindgen_ty_1__bindgen_ty_16 ... ok
[INFO] [stdout] test gen::bindgen_test_layout_FSP_FSCTL_TRANSACT_FULL_CONTEXT ... ok
[INFO] [stdout] test gen::bindgen_test_layout_FSP_FSCTL_TRANSACT_REQ__bindgen_ty_1__bindgen_ty_6 ... ok
[INFO] [stdout] test gen::bindgen_test_layout_FSP_FSCTL_TRANSACT_REQ__bindgen_ty_1__bindgen_ty_7 ... ok
[INFO] [stdout] test gen::bindgen_test_layout_FSP_FSCTL_TRANSACT_REQ__bindgen_ty_1__bindgen_ty_8 ... ok
[INFO] [stdout] test gen::bindgen_test_layout_FSP_FSCTL_TRANSACT_REQ__bindgen_ty_1__bindgen_ty_8__bindgen_ty_1__bindgen_ty_1 ... ok
[INFO] [stdout] test gen::bindgen_test_layout_FSP_FSCTL_TRANSACT_REQ__bindgen_ty_1__bindgen_ty_8__bindgen_ty_1__bindgen_ty_2 ... ok
[INFO] [stdout] test gen::bindgen_test_layout_FSP_FSCTL_TRANSACT_REQ__bindgen_ty_1__bindgen_ty_14 ... ok
[INFO] [stdout] test gen::bindgen_test_layout_FSP_FSCTL_TRANSACT_REQ__bindgen_ty_1__bindgen_ty_18 ... ok
[INFO] [stdout] test gen::bindgen_test_layout_FSP_FSCTL_TRANSACT_REQ__bindgen_ty_1__bindgen_ty_12__bindgen_ty_1 ... ok
[INFO] [stdout] test gen::bindgen_test_layout_FSP_FSCTL_TRANSACT_REQ__bindgen_ty_1__bindgen_ty_3 ... ok
[INFO] [stdout] test gen::bindgen_test_layout_FSP_FSCTL_TRANSACT_REQ__bindgen_ty_1__bindgen_ty_11 ... ok
[INFO] [stdout] test gen::bindgen_test_layout_FSP_FSCTL_TRANSACT_REQ__bindgen_ty_1__bindgen_ty_4 ... ok
[INFO] [stdout] test gen::bindgen_test_layout_FSP_FSCTL_TRANSACT_REQ__bindgen_ty_1__bindgen_ty_8__bindgen_ty_1__bindgen_ty_4 ... ok
[INFO] [stdout] test gen::bindgen_test_layout_FSP_FSCTL_TRANSACT_REQ__bindgen_ty_1__bindgen_ty_8__bindgen_ty_1__bindgen_ty_6 ... ok
[INFO] [stdout] test gen::bindgen_test_layout_FSP_FSCTL_TRANSACT_RSP__bindgen_ty_1 ... ok
[INFO] [stdout] test gen::bindgen_test_layout_FSP_FSCTL_TRANSACT_REQ__bindgen_ty_1__bindgen_ty_8__bindgen_ty_1 ... ok
[INFO] [stdout] test gen::bindgen_test_layout_FSP_FSCTL_TRANSACT_RSP__bindgen_ty_2 ... ok
[INFO] [stdout] test gen::bindgen_test_layout_FSP_FSCTL_TRANSACT_RSP__bindgen_ty_2__bindgen_ty_1 ... ok
[INFO] [stdout] test gen::bindgen_test_layout_FSP_FSCTL_TRANSACT_RSP__bindgen_ty_2__bindgen_ty_10 ... ok
[INFO] [stdout] test gen::bindgen_test_layout_FSP_FSCTL_TRANSACT_RSP__bindgen_ty_2__bindgen_ty_11 ... ok
[INFO] [stdout] test gen::bindgen_test_layout_FSP_FSCTL_TRANSACT_RSP__bindgen_ty_2__bindgen_ty_12 ... ok
[INFO] [stdout] test gen::bindgen_test_layout_FSP_FSCTL_TRANSACT_RSP__bindgen_ty_2__bindgen_ty_15 ... ok
[INFO] [stdout] test gen::bindgen_test_layout_FSP_FSCTL_TRANSACT_REQ__bindgen_ty_1__bindgen_ty_9 ... ok
[INFO] [stdout] test gen::bindgen_test_layout_FSP_FSCTL_TRANSACT_RSP__bindgen_ty_2__bindgen_ty_1__bindgen_ty_1 ... ok
[INFO] [stdout] test gen::bindgen_test_layout_FSP_FSCTL_TRANSACT_RSP ... ok
[INFO] [stdout] test gen::bindgen_test_layout_FSP_FSCTL_TRANSACT_RSP__bindgen_ty_2__bindgen_ty_14 ... ok
[INFO] [stdout] test gen::bindgen_test_layout_FSP_FSCTL_TRANSACT_RSP__bindgen_ty_2__bindgen_ty_13 ... ok
[INFO] [stdout] test gen::bindgen_test_layout_FSP_FSCTL_TRANSACT_RSP__bindgen_ty_2__bindgen_ty_5 ... ok
[INFO] [stdout] test gen::bindgen_test_layout_FSP_FSCTL_TRANSACT_RSP__bindgen_ty_2__bindgen_ty_1__bindgen_ty_2 ... ok
[INFO] [stdout] test gen::bindgen_test_layout_FSP_FSCTL_TRANSACT_RSP__bindgen_ty_2__bindgen_ty_6 ... ok
[INFO] [stdout] test gen::bindgen_test_layout_FSP_FSCTL_TRANSACT_RSP__bindgen_ty_2__bindgen_ty_4 ... ok
[INFO] [stdout] test gen::bindgen_test_layout_FSP_FSCTL_TRANSACT_RSP__bindgen_ty_2__bindgen_ty_3 ... ok
[INFO] [stdout] test gen::bindgen_test_layout_FSP_FSCTL_TRANSACT_RSP__bindgen_ty_2__bindgen_ty_2 ... ok
[INFO] [stdout] test gen::bindgen_test_layout_FSP_FSCTL_TRANSACT_RSP__bindgen_ty_2__bindgen_ty_7 ... ok
[INFO] [stdout] test gen::bindgen_test_layout_FSP_FSCTL_VOLUME_INFO ... ok
[INFO] [stdout] test gen::bindgen_test_layout_FSP_FSCTL_VOLUME_PARAMS ... ok
[INFO] [stdout] test gen::bindgen_test_layout_FSP_FSCTL_VOLUME_PARAMS_V0 ... ok
[INFO] [stdout] test gen::bindgen_test_layout_FSP_FSCTL_TRANSACT_RSP__bindgen_ty_2__bindgen_ty_8 ... ok
[INFO] [stdout] test gen::bindgen_test_layout_FSP_MOUNT_DESC ... ok
[INFO] [stdout] test gen::bindgen_test_layout_FSP_FSCTL_TRANSACT_RSP__bindgen_ty_2__bindgen_ty_9 ... ok
[INFO] [stdout] test gen::bindgen_test_layout_SERVICE_STATUS_HANDLE__ ... ok
[INFO] [stdout] test gen::bindgen_test_layout__FSP_FILE_SYSTEM_OPERATION_CONTEXT ... ok
[INFO] [stdout] test gen::bindgen_test_layout__FILETIME ... FAILED
[INFO] [stdout] test gen::bindgen_test_layout__FILE_FULL_EA_INFORMATION ... FAILED
[INFO] [stdout] test gen::bindgen_test_layout__FSP_FILE_SYSTEM ... FAILED
[INFO] [stdout] test gen::bindgen_test_layout__FSP_FILE_SYSTEM_INTERFACE ... ok
[INFO] [stdout] test gen::bindgen_test_layout__GENERIC_MAPPING ... FAILED
[INFO] [stdout] test gen::bindgen_test_layout__GUID ... FAILED
[INFO] [stdout] test gen::bindgen_test_layout__FSP_LAUNCH_REG_RECORD ... FAILED
[INFO] [stdout] test gen::bindgen_test_layout__FSP_SERVICE ... FAILED
[INFO] [stdout] test gen::bindgen_test_layout__IO_STATUS_BLOCK ... ok
[INFO] [stdout] test gen::bindgen_test_layout__IO_STATUS_BLOCK__bindgen_ty_1 ... ok
[INFO] [stdout] test gen::bindgen_test_layout__LIST_ENTRY ... ok
[INFO] [stdout] test gen::bindgen_test_layout__RTL_CRITICAL_SECTION ... FAILED
[INFO] [stdout] test gen::bindgen_test_layout__RTL_CRITICAL_SECTION_DEBUG ... FAILED
[INFO] [stdout] test gen::bindgen_test_layout__SERVICE_STATUS ... FAILED
[INFO] [stdout] test gen::bindgen_test_layout__RTL_SRWLOCK ... ok
[INFO] [stdout] test gen::bindgen_test_layout_FSP_FSCTL_TRANSACT_REQ__bindgen_ty_1 ... ok
[INFO] [stdout] test gen::bindgen_test_layout_FSP_FSCTL_TRANSACT_REQ ... ok
[INFO] [stdout] test gen::bindgen_test_layout_FSP_FSCTL_DIR_INFO__bindgen_ty_1 ... ok
[INFO] [stdout] test gen::bindgen_test_layout_FSP_FSCTL_OPEN_FILE_INFO ... ok
[INFO] [stdout] test gen::bindgen_test_layout_FSP_FSCTL_TRANSACT_REQ__bindgen_ty_1__bindgen_ty_12__bindgen_ty_1__bindgen_ty_1 ... ok
[INFO] [stdout] test gen::bindgen_test_layout_FSP_FSCTL_TRANSACT_REQ__bindgen_ty_1__bindgen_ty_13 ... ok
[INFO] [stdout] test gen::bindgen_test_layout_FSP_FSCTL_TRANSACT_REQ__bindgen_ty_1__bindgen_ty_5 ... ok
[INFO] [stdout] test gen::bindgen_test_layout_FSP_FSCTL_TRANSACT_REQ__bindgen_ty_1__bindgen_ty_8__bindgen_ty_1__bindgen_ty_3 ... ok
[INFO] [stdout] test gen::bindgen_test_layout_FSP_FSCTL_TRANSACT_REQ__bindgen_ty_1__bindgen_ty_8__bindgen_ty_1__bindgen_ty_5 ... ok
[INFO] [stdout] test gen::bindgen_test_layout_FSP_FSCTL_TRANSACT_REQ__bindgen_ty_1__bindgen_ty_8__bindgen_ty_1__bindgen_ty_7 ... ok
[INFO] [stdout] 
[INFO] [stdout] failures:
[INFO] [stdout] 
[INFO] [stdout] ---- gen::bindgen_test_layout__FILETIME stdout ----
[INFO] [stdout] 
[INFO] [stdout] thread 'gen::bindgen_test_layout__FILETIME' (357) panicked at src/gen.rs:628:5:
[INFO] [stdout] assertion `left == right` failed: Size of: _FILETIME
[INFO] [stdout]   left: 16
[INFO] [stdout]  right: 8
[INFO] [stdout] stack backtrace:
[INFO] [stdout]    0:     0x5af0918f0c91 - <<std[617be2ca0a6fd877]::sys::backtrace::BacktraceLock>::print::DisplayBacktrace as core[a373ad73a504971]::fmt::Display>::fmt
[INFO] [stdout]    1:     0x5af091904bba - core[a373ad73a504971]::fmt::write
[INFO] [stdout]    2:     0x5af0918f4eac - <alloc[2e1b2a31b91974c5]::vec::Vec<u8> as core[a373ad73a504971]::io::write::Write>::write_fmt
[INFO] [stdout]    3:     0x5af0918cd0f6 - std[617be2ca0a6fd877]::panicking::default_hook::{closure#0}
[INFO] [stdout]    4:     0x5af0918e9329 - std[617be2ca0a6fd877]::panicking::default_hook
[INFO] [stdout]    5:     0x5af0918859d0 - test[aada8e7e76ba119b]::test_main_inner::{closure#0}
[INFO] [stdout]    6:     0x5af0918e94e2 - std[617be2ca0a6fd877]::panicking::panic_with_hook
[INFO] [stdout]    7:     0x5af0918cd1a2 - std[617be2ca0a6fd877]::panicking::panic_handler::{closure#0}
[INFO] [stdout]    8:     0x5af0918c5eb9 - std[617be2ca0a6fd877]::sys::backtrace::__rust_end_short_backtrace::<std[617be2ca0a6fd877]::panicking::panic_handler::{closure#0}, !>
[INFO] [stdout]    9:     0x5af0918cddad - __rustc[ea4f61d10b84890b]::rust_begin_unwind
[INFO] [stdout]   10:     0x5af0919052ec - core[a373ad73a504971]::panicking::panic_fmt
[INFO] [stdout]   11:     0x5af091905263 - core[a373ad73a504971]::panicking::assert_failed_inner
[INFO] [stdout]   12:     0x5af091901a88 - core[a373ad73a504971]::panicking::assert_failed::<usize, usize>
[INFO] [stdout]   13:     0x5af091878c2b - <winfsp_wrs_sys[82b55b8af0d49beb]::gen::bindgen_test_layout__FILETIME::{closure#0} as core[a373ad73a504971]::ops::function::FnOnce<()>>::call_once
[INFO] [stdout]   14:     0x5af091878e1b - test[aada8e7e76ba119b]::__rust_begin_short_backtrace::<core[a373ad73a504971]::result::Result<(), alloc[2e1b2a31b91974c5]::string::String>, fn() -> core[a373ad73a504971]::result::Result<(), alloc[2e1b2a31b91974c5]::string::String>>
[INFO] [stdout]   15:     0x5af091885ff5 - test[aada8e7e76ba119b]::run_test::{closure#0}
[INFO] [stdout]   16:     0x5af09187f8e4 - std[617be2ca0a6fd877]::sys::backtrace::__rust_begin_short_backtrace::<test[aada8e7e76ba119b]::run_test::{closure#1}, ()>
[INFO] [stdout]   17:     0x5af091889082 - <std[617be2ca0a6fd877]::thread::lifecycle::spawn_unchecked<test[aada8e7e76ba119b]::run_test::{closure#1}, ()>::{closure#1} as core[a373ad73a504971]::ops::function::FnOnce<()>>::call_once::{shim:vtable#0}
[INFO] [stdout]   18:     0x5af0918f04ef - <std[617be2ca0a6fd877]::sys::thread::unix::Thread>::new::thread_start
[INFO] [stdout]   19:     0x7c654dcfbdfa - <unknown>
[INFO] [stdout]   20:     0x7c654dd8f3d4 - clone
[INFO] [stdout]   21:                0x0 - <unknown>
[INFO] [stdout] 
[INFO] [stdout] ---- gen::bindgen_test_layout__FILE_FULL_EA_INFORMATION stdout ----
[INFO] [stdout] 
[INFO] [stdout] thread 'gen::bindgen_test_layout__FILE_FULL_EA_INFORMATION' (358) panicked at src/gen.rs:6895:5:
[INFO] [stdout] assertion `left == right` failed: Size of: _FILE_FULL_EA_INFORMATION
[INFO] [stdout]   left: 16
[INFO] [stdout]  right: 12
[INFO] [stdout] stack backtrace:
[INFO] [stdout]    0:     0x5af0918f0c91 - <<std[617be2ca0a6fd877]::sys::backtrace::BacktraceLock>::print::DisplayBacktrace as core[a373ad73a504971]::fmt::Display>::fmt
[INFO] [stdout]    1:     0x5af091904bba - core[a373ad73a504971]::fmt::write
[INFO] [stdout]    2:     0x5af0918f4eac - <alloc[2e1b2a31b91974c5]::vec::Vec<u8> as core[a373ad73a504971]::io::write::Write>::write_fmt
[INFO] [stdout]    3:     0x5af0918cd0f6 - std[617be2ca0a6fd877]::panicking::default_hook::{closure#0}
[INFO] [stdout]    4:     0x5af0918e9329 - std[617be2ca0a6fd877]::panicking::default_hook
[INFO] [stdout]    5:     0x5af0918859d0 - test[aada8e7e76ba119b]::test_main_inner::{closure#0}
[INFO] [stdout]    6:     0x5af0918e94e2 - std[617be2ca0a6fd877]::panicking::panic_with_hook
[INFO] [stdout]    7:     0x5af0918cd1a2 - std[617be2ca0a6fd877]::panicking::panic_handler::{closure#0}
[INFO] [stdout]    8:     0x5af0918c5eb9 - std[617be2ca0a6fd877]::sys::backtrace::__rust_end_short_backtrace::<std[617be2ca0a6fd877]::panicking::panic_handler::{closure#0}, !>
[INFO] [stdout]    9:     0x5af0918cddad - __rustc[ea4f61d10b84890b]::rust_begin_unwind
[INFO] [stdout]   10:     0x5af0919052ec - core[a373ad73a504971]::panicking::panic_fmt
[INFO] [stdout]   11:     0x5af091905263 - core[a373ad73a504971]::panicking::assert_failed_inner
[INFO] [stdout]   12:     0x5af091901a88 - core[a373ad73a504971]::panicking::assert_failed::<usize, usize>
[INFO] [stdout]   13:     0x5af091878d8b - <winfsp_wrs_sys[82b55b8af0d49beb]::gen::bindgen_test_layout__FILE_FULL_EA_INFORMATION::{closure#0} as core[a373ad73a504971]::ops::function::FnOnce<()>>::call_once
[INFO] [stdout]   14:     0x5af091878e1b - test[aada8e7e76ba119b]::__rust_begin_short_backtrace::<core[a373ad73a504971]::result::Result<(), alloc[2e1b2a31b91974c5]::string::String>, fn() -> core[a373ad73a504971]::result::Result<(), alloc[2e1b2a31b91974c5]::string::String>>
[INFO] [stdout]   15:     0x5af091885ff5 - test[aada8e7e76ba119b]::run_test::{closure#0}
[INFO] [stdout]   16:     0x5af09187f8e4 - std[617be2ca0a6fd877]::sys::backtrace::__rust_begin_short_backtrace::<test[aada8e7e76ba119b]::run_test::{closure#1}, ()>
[INFO] [stdout]   17:     0x5af091889082 - <std[617be2ca0a6fd877]::thread::lifecycle::spawn_unchecked<test[aada8e7e76ba119b]::run_test::{closure#1}, ()>::{closure#1} as core[a373ad73a504971]::ops::function::FnOnce<()>>::call_once::{shim:vtable#0}
[INFO] [stdout]   18:     0x5af0918f04ef - <std[617be2ca0a6fd877]::sys::thread::unix::Thread>::new::thread_start
[INFO] [stdout]   19:     0x7c654dcfbdfa - <unknown>
[INFO] [stdout]   20:     0x7c654dd8f3d4 - clone
[INFO] [stdout]   21:                0x0 - <unknown>
[INFO] [stdout] 
[INFO] [stdout] ---- gen::bindgen_test_layout__FSP_FILE_SYSTEM stdout ----
[INFO] [stdout] 
[INFO] [stdout] thread 'gen::bindgen_test_layout__FSP_FILE_SYSTEM' (359) panicked at src/gen.rs:7702:5:
[INFO] [stdout] assertion `left == right` failed: Size of: _FSP_FILE_SYSTEM
[INFO] [stdout]   left: 800
[INFO] [stdout]  right: 792
[INFO] [stdout] stack backtrace:
[INFO] [stdout]    0:     0x5af0918f0c91 - <<std[617be2ca0a6fd877]::sys::backtrace::BacktraceLock>::print::DisplayBacktrace as core[a373ad73a504971]::fmt::Display>::fmt
[INFO] [stderr] error: test failed, to rerun pass `--lib`
[INFO] [stdout]    1:     0x5af091904bba - core[a373ad73a504971]::fmt::write
[INFO] [stdout]    2:     0x5af0918f4eac - <alloc[2e1b2a31b91974c5]::vec::Vec<u8> as core[a373ad73a504971]::io::write::Write>::write_fmt
[INFO] [stdout]    3:     0x5af0918cd0f6 - std[617be2ca0a6fd877]::panicking::default_hook::{closure#0}
[INFO] [stdout]    4:     0x5af0918e9329 - std[617be2ca0a6fd877]::panicking::default_hook
[INFO] [stdout]    5:     0x5af0918859d0 - test[aada8e7e76ba119b]::test_main_inner::{closure#0}
[INFO] [stdout]    6:     0x5af0918e94e2 - std[617be2ca0a6fd877]::panicking::panic_with_hook
[INFO] [stdout]    7:     0x5af0918cd1a2 - std[617be2ca0a6fd877]::panicking::panic_handler::{closure#0}
[INFO] [stdout]    8:     0x5af0918c5eb9 - std[617be2ca0a6fd877]::sys::backtrace::__rust_end_short_backtrace::<std[617be2ca0a6fd877]::panicking::panic_handler::{closure#0}, !>
[INFO] [stdout]    9:     0x5af0918cddad - __rustc[ea4f61d10b84890b]::rust_begin_unwind
[INFO] [stdout]   10:     0x5af0919052ec - core[a373ad73a504971]::panicking::panic_fmt
[INFO] [stdout]   11:     0x5af091905263 - core[a373ad73a504971]::panicking::assert_failed_inner
[INFO] [stdout]   12:     0x5af091901a88 - core[a373ad73a504971]::panicking::assert_failed::<usize, usize>
[INFO] [stdout]   13:     0x5af091878ccb - <winfsp_wrs_sys[82b55b8af0d49beb]::gen::bindgen_test_layout__FSP_FILE_SYSTEM::{closure#0} as core[a373ad73a504971]::ops::function::FnOnce<()>>::call_once
[INFO] [stdout]   14:     0x5af091878e1b - test[aada8e7e76ba119b]::__rust_begin_short_backtrace::<core[a373ad73a504971]::result::Result<(), alloc[2e1b2a31b91974c5]::string::String>, fn() -> core[a373ad73a504971]::result::Result<(), alloc[2e1b2a31b91974c5]::string::String>>
[INFO] [stdout]   15:     0x5af091885ff5 - test[aada8e7e76ba119b]::run_test::{closure#0}
[INFO] [stdout]   16:     0x5af09187f8e4 - std[617be2ca0a6fd877]::sys::backtrace::__rust_begin_short_backtrace::<test[aada8e7e76ba119b]::run_test::{closure#1}, ()>
[INFO] [stdout]   17:     0x5af091889082 - <std[617be2ca0a6fd877]::thread::lifecycle::spawn_unchecked<test[aada8e7e76ba119b]::run_test::{closure#1}, ()>::{closure#1} as core[a373ad73a504971]::ops::function::FnOnce<()>>::call_once::{shim:vtable#0}
[INFO] [stdout]   18:     0x5af0918f04ef - <std[617be2ca0a6fd877]::sys::thread::unix::Thread>::new::thread_start
[INFO] [stdout]   19:     0x7c654dcfbdfa - <unknown>
[INFO] [stdout]   20:     0x7c654dd8f3d4 - clone
[INFO] [stdout]   21:                0x0 - <unknown>
[INFO] [stdout] 
[INFO] [stdout] ---- gen::bindgen_test_layout__GENERIC_MAPPING stdout ----
[INFO] [stdout] 
[INFO] [stdout] thread 'gen::bindgen_test_layout__GENERIC_MAPPING' (364) panicked at src/gen.rs:299:5:
[INFO] [stdout] assertion `left == right` failed: Size of: _GENERIC_MAPPING
[INFO] [stdout]   left: 32
[INFO] [stdout]  right: 16
[INFO] [stdout] stack backtrace:
[INFO] [stdout]    0:     0x5af0918f0c91 - <<std[617be2ca0a6fd877]::sys::backtrace::BacktraceLock>::print::DisplayBacktrace as core[a373ad73a504971]::fmt::Display>::fmt
[INFO] [stdout]    1:     0x5af091904bba - core[a373ad73a504971]::fmt::write
[INFO] [stdout]    2:     0x5af0918f4eac - <alloc[2e1b2a31b91974c5]::vec::Vec<u8> as core[a373ad73a504971]::io::write::Write>::write_fmt
[INFO] [stdout]    3:     0x5af0918cd0f6 - std[617be2ca0a6fd877]::panicking::default_hook::{closure#0}
[INFO] [stdout]    4:     0x5af0918e9329 - std[617be2ca0a6fd877]::panicking::default_hook
[INFO] [stdout]    5:     0x5af0918859d0 - test[aada8e7e76ba119b]::test_main_inner::{closure#0}
[INFO] [stdout]    6:     0x5af0918e94e2 - std[617be2ca0a6fd877]::panicking::panic_with_hook
[INFO] [stdout]    7:     0x5af0918cd1a2 - std[617be2ca0a6fd877]::panicking::panic_handler::{closure#0}
[INFO] [stdout]    8:     0x5af0918c5eb9 - std[617be2ca0a6fd877]::sys::backtrace::__rust_end_short_backtrace::<std[617be2ca0a6fd877]::panicking::panic_handler::{closure#0}, !>
[INFO] [stdout]    9:     0x5af0918cddad - __rustc[ea4f61d10b84890b]::rust_begin_unwind
[INFO] [stdout]   10:     0x5af0919052ec - core[a373ad73a504971]::panicking::panic_fmt
[INFO] [stdout]   11:     0x5af091905263 - core[a373ad73a504971]::panicking::assert_failed_inner
[INFO] [stdout]   12:     0x5af091901a88 - core[a373ad73a504971]::panicking::assert_failed::<usize, usize>
[INFO] [stdout]   13:     0x5af091878cfb - <winfsp_wrs_sys[82b55b8af0d49beb]::gen::bindgen_test_layout__GENERIC_MAPPING::{closure#0} as core[a373ad73a504971]::ops::function::FnOnce<()>>::call_once
[INFO] [stdout]   14:     0x5af091878e1b - test[aada8e7e76ba119b]::__rust_begin_short_backtrace::<core[a373ad73a504971]::result::Result<(), alloc[2e1b2a31b91974c5]::string::String>, fn() -> core[a373ad73a504971]::result::Result<(), alloc[2e1b2a31b91974c5]::string::String>>
[INFO] [stdout]   15:     0x5af091885ff5 - test[aada8e7e76ba119b]::run_test::{closure#0}
[INFO] [stdout]   16:     0x5af09187f8e4 - std[617be2ca0a6fd877]::sys::backtrace::__rust_begin_short_backtrace::<test[aada8e7e76ba119b]::run_test::{closure#1}, ()>
[INFO] [stdout]   17:     0x5af091889082 - <std[617be2ca0a6fd877]::thread::lifecycle::spawn_unchecked<test[aada8e7e76ba119b]::run_test::{closure#1}, ()>::{closure#1} as core[a373ad73a504971]::ops::function::FnOnce<()>>::call_once::{shim:vtable#0}
[INFO] [stdout]   18:     0x5af0918f04ef - <std[617be2ca0a6fd877]::sys::thread::unix::Thread>::new::thread_start
[INFO] [stdout]   19:     0x7c654dcfbdfa - <unknown>
[INFO] [stdout]   20:     0x7c654dd8f3d4 - clone
[INFO] [stdout]   21:                0x0 - <unknown>
[INFO] [stdout] 
[INFO] [stdout] ---- gen::bindgen_test_layout__GUID stdout ----
[INFO] [stdout] 
[INFO] [stdout] thread 'gen::bindgen_test_layout__GUID' (365) panicked at src/gen.rs:232:5:
[INFO] [stdout] assertion `left == right` failed: Size of: _GUID
[INFO] [stdout]   left: 24
[INFO] [stdout]  right: 16
[INFO] [stdout] stack backtrace:
[INFO] [stdout]    0:     0x5af0918f0c91 - <<std[617be2ca0a6fd877]::sys::backtrace::BacktraceLock>::print::DisplayBacktrace as core[a373ad73a504971]::fmt::Display>::fmt
[INFO] [stdout]    1:     0x5af091904bba - core[a373ad73a504971]::fmt::write
[INFO] [stdout]    2:     0x5af0918f4eac - <alloc[2e1b2a31b91974c5]::vec::Vec<u8> as core[a373ad73a504971]::io::write::Write>::write_fmt
[INFO] [stdout]    3:     0x5af0918cd0f6 - std[617be2ca0a6fd877]::panicking::default_hook::{closure#0}
[INFO] [stdout]    4:     0x5af0918e9329 - std[617be2ca0a6fd877]::panicking::default_hook
[INFO] [stdout]    5:     0x5af0918859d0 - test[aada8e7e76ba119b]::test_main_inner::{closure#0}
[INFO] [stdout]    6:     0x5af0918e94e2 - std[617be2ca0a6fd877]::panicking::panic_with_hook
[INFO] [stdout]    7:     0x5af0918cd1a2 - std[617be2ca0a6fd877]::panicking::panic_handler::{closure#0}
[INFO] [stdout]    8:     0x5af0918c5eb9 - std[617be2ca0a6fd877]::sys::backtrace::__rust_end_short_backtrace::<std[617be2ca0a6fd877]::panicking::panic_handler::{closure#0}, !>
[INFO] [stdout]    9:     0x5af0918cddad - __rustc[ea4f61d10b84890b]::rust_begin_unwind
[INFO] [stdout]   10:     0x5af0919052ec - core[a373ad73a504971]::panicking::panic_fmt
[INFO] [stdout]   11:     0x5af091905263 - core[a373ad73a504971]::panicking::assert_failed_inner
[INFO] [stdout]   12:     0x5af091901a88 - core[a373ad73a504971]::panicking::assert_failed::<usize, usize>
[INFO] [stdout]   13:     0x5af091878bfb - <winfsp_wrs_sys[82b55b8af0d49beb]::gen::bindgen_test_layout__GUID::{closure#0} as core[a373ad73a504971]::ops::function::FnOnce<()>>::call_once
[INFO] [stdout]   14:     0x5af091878e1b - test[aada8e7e76ba119b]::__rust_begin_short_backtrace::<core[a373ad73a504971]::result::Result<(), alloc[2e1b2a31b91974c5]::string::String>, fn() -> core[a373ad73a504971]::result::Result<(), alloc[2e1b2a31b91974c5]::string::String>>
[INFO] [stdout]   15:     0x5af091885ff5 - test[aada8e7e76ba119b]::run_test::{closure#0}
[INFO] [stdout]   16:     0x5af09187f8e4 - std[617be2ca0a6fd877]::sys::backtrace::__rust_begin_short_backtrace::<test[aada8e7e76ba119b]::run_test::{closure#1}, ()>
[INFO] [stdout]   17:     0x5af091889082 - <std[617be2ca0a6fd877]::thread::lifecycle::spawn_unchecked<test[aada8e7e76ba119b]::run_test::{closure#1}, ()>::{closure#1} as core[a373ad73a504971]::ops::function::FnOnce<()>>::call_once::{shim:vtable#0}
[INFO] [stdout]   18:     0x5af0918f04ef - <std[617be2ca0a6fd877]::sys::thread::unix::Thread>::new::thread_start
[INFO] [stdout]   19:     0x7c654dcfbdfa - <unknown>
[INFO] [stdout]   20:     0x7c654dd8f3d4 - clone
[INFO] [stdout]   21:                0x0 - <unknown>
[INFO] [stdout] 
[INFO] [stdout] ---- gen::bindgen_test_layout__FSP_LAUNCH_REG_RECORD stdout ----
[INFO] [stdout] 
[INFO] [stdout] thread 'gen::bindgen_test_layout__FSP_LAUNCH_REG_RECORD' (362) panicked at src/gen.rs:8964:5:
[INFO] [stdout] assertion `left == right` failed: Size of: _FSP_LAUNCH_REG_RECORD
[INFO] [stdout]   left: 160
[INFO] [stdout]  right: 128
[INFO] [stdout] stack backtrace:
[INFO] [stdout]    0:     0x5af0918f0c91 - <<std[617be2ca0a6fd877]::sys::backtrace::BacktraceLock>::print::DisplayBacktrace as core[a373ad73a504971]::fmt::Display>::fmt
[INFO] [stdout]    1:     0x5af091904bba - core[a373ad73a504971]::fmt::write
[INFO] [stdout]    2:     0x5af0918f4eac - <alloc[2e1b2a31b91974c5]::vec::Vec<u8> as core[a373ad73a504971]::io::write::Write>::write_fmt
[INFO] [stdout]    3:     0x5af0918cd0f6 - std[617be2ca0a6fd877]::panicking::default_hook::{closure#0}
[INFO] [stdout]    4:     0x5af0918e9329 - std[617be2ca0a6fd877]::panicking::default_hook
[INFO] [stdout]    5:     0x5af0918859d0 - test[aada8e7e76ba119b]::test_main_inner::{closure#0}
[INFO] [stdout]    6:     0x5af0918e94e2 - std[617be2ca0a6fd877]::panicking::panic_with_hook
[INFO] [stdout]    7:     0x5af0918cd1a2 - std[617be2ca0a6fd877]::panicking::panic_handler::{closure#0}
[INFO] [stdout]    8:     0x5af0918c5eb9 - std[617be2ca0a6fd877]::sys::backtrace::__rust_end_short_backtrace::<std[617be2ca0a6fd877]::panicking::panic_handler::{closure#0}, !>
[INFO] [stdout]    9:     0x5af0918cddad - __rustc[ea4f61d10b84890b]::rust_begin_unwind
[INFO] [stdout]   10:     0x5af0919052ec - core[a373ad73a504971]::panicking::panic_fmt
[INFO] [stdout]   11:     0x5af091905263 - core[a373ad73a504971]::panicking::assert_failed_inner
[INFO] [stdout]   12:     0x5af091901a88 - core[a373ad73a504971]::panicking::assert_failed::<usize, usize>
[INFO] [stdout]   13:     0x5af091878d5b - <winfsp_wrs_sys[82b55b8af0d49beb]::gen::bindgen_test_layout__FSP_LAUNCH_REG_RECORD::{closure#0} as core[a373ad73a504971]::ops::function::FnOnce<()>>::call_once
[INFO] [stdout]   14:     0x5af091878e1b - test[aada8e7e76ba119b]::__rust_begin_short_backtrace::<core[a373ad73a504971]::result::Result<(), alloc[2e1b2a31b91974c5]::string::String>, fn() -> core[a373ad73a504971]::result::Result<(), alloc[2e1b2a31b91974c5]::string::String>>
[INFO] [stdout]   15:     0x5af091885ff5 - test[aada8e7e76ba119b]::run_test::{closure#0}
[INFO] [stdout]   16:     0x5af09187f8e4 - std[617be2ca0a6fd877]::sys::backtrace::__rust_begin_short_backtrace::<test[aada8e7e76ba119b]::run_test::{closure#1}, ()>
[INFO] [stdout]   17:     0x5af091889082 - <std[617be2ca0a6fd877]::thread::lifecycle::spawn_unchecked<test[aada8e7e76ba119b]::run_test::{closure#1}, ()>::{closure#1} as core[a373ad73a504971]::ops::function::FnOnce<()>>::call_once::{shim:vtable#0}
[INFO] [stdout]   18:     0x5af0918f04ef - <std[617be2ca0a6fd877]::sys::thread::unix::Thread>::new::thread_start
[INFO] [stdout]   19:     0x7c654dcfbdfa - <unknown>
[INFO] [stdout]   20:     0x7c654dd8f3d4 - clone
[INFO] [stdout]   21:                0x0 - <unknown>
[INFO] [stdout] 
[INFO] [stdout] ---- gen::bindgen_test_layout__FSP_SERVICE stdout ----
[INFO] [stdout] 
[INFO] [stdout] thread 'gen::bindgen_test_layout__FSP_SERVICE' (363) panicked at src/gen.rs:8577:5:
[INFO] [stdout] assertion `left == right` failed: Size of: _FSP_SERVICE
[INFO] [stdout]   left: 224
[INFO] [stdout]  right: 176
[INFO] [stdout] stack backtrace:
[INFO] [stdout]    0:     0x5af0918f0c91 - <<std[617be2ca0a6fd877]::sys::backtrace::BacktraceLock>::print::DisplayBacktrace as core[a373ad73a504971]::fmt::Display>::fmt
[INFO] [stdout]    1:     0x5af091904bba - core[a373ad73a504971]::fmt::write
[INFO] [stdout]    2:     0x5af0918f4eac - <alloc[2e1b2a31b91974c5]::vec::Vec<u8> as core[a373ad73a504971]::io::write::Write>::write_fmt
[INFO] [stdout]    3:     0x5af0918cd0f6 - std[617be2ca0a6fd877]::panicking::default_hook::{closure#0}
[INFO] [stdout]    4:     0x5af0918e9329 - std[617be2ca0a6fd877]::panicking::default_hook
[INFO] [stdout]    5:     0x5af0918859d0 - test[aada8e7e76ba119b]::test_main_inner::{closure#0}
[INFO] [stdout]    6:     0x5af0918e94e2 - std[617be2ca0a6fd877]::panicking::panic_with_hook
[INFO] [stdout]    7:     0x5af0918cd1a2 - std[617be2ca0a6fd877]::panicking::panic_handler::{closure#0}
[INFO] [stdout]    8:     0x5af0918c5eb9 - std[617be2ca0a6fd877]::sys::backtrace::__rust_end_short_backtrace::<std[617be2ca0a6fd877]::panicking::panic_handler::{closure#0}, !>
[INFO] [stdout]    9:     0x5af0918cddad - __rustc[ea4f61d10b84890b]::rust_begin_unwind
[INFO] [stdout]   10:     0x5af0919052ec - core[a373ad73a504971]::panicking::panic_fmt
[INFO] [stdout]   11:     0x5af091905263 - core[a373ad73a504971]::panicking::assert_failed_inner
[INFO] [stdout]   12:     0x5af091901a88 - core[a373ad73a504971]::panicking::assert_failed::<usize, usize>
[INFO] [stdout]   13:     0x5af091878c6b - <winfsp_wrs_sys[82b55b8af0d49beb]::gen::bindgen_test_layout__FSP_SERVICE::{closure#0} as core[a373ad73a504971]::ops::function::FnOnce<()>>::call_once
[INFO] [stdout]   14:     0x5af091878e1b - test[aada8e7e76ba119b]::__rust_begin_short_backtrace::<core[a373ad73a504971]::result::Result<(), alloc[2e1b2a31b91974c5]::string::String>, fn() -> core[a373ad73a504971]::result::Result<(), alloc[2e1b2a31b91974c5]::string::String>>
[INFO] [stdout]   15:     0x5af091885ff5 - test[aada8e7e76ba119b]::run_test::{closure#0}
[INFO] [stdout]   16:     0x5af09187f8e4 - std[617be2ca0a6fd877]::sys::backtrace::__rust_begin_short_backtrace::<test[aada8e7e76ba119b]::run_test::{closure#1}, ()>
[INFO] [stdout]   17:     0x5af091889082 - <std[617be2ca0a6fd877]::thread::lifecycle::spawn_unchecked<test[aada8e7e76ba119b]::run_test::{closure#1}, ()>::{closure#1} as core[a373ad73a504971]::ops::function::FnOnce<()>>::call_once::{shim:vtable#0}
[INFO] [stdout]   18:     0x5af0918f04ef - <std[617be2ca0a6fd877]::sys::thread::unix::Thread>::new::thread_start
[INFO] [stdout]   19:     0x7c654dcfbdfa - <unknown>
[INFO] [stdout]   20:     0x7c654dd8f3d4 - clone
[INFO] [stdout]   21:                0x0 - <unknown>
[INFO] [stdout] 
[INFO] [stdout] ---- gen::bindgen_test_layout__RTL_CRITICAL_SECTION stdout ----
[INFO] [stdout] 
[INFO] [stdout] thread 'gen::bindgen_test_layout__RTL_CRITICAL_SECTION' (369) panicked at src/gen.rs:497:5:
[INFO] [stdout] assertion `left == right` failed: Size of: _RTL_CRITICAL_SECTION
[INFO] [stdout]   left: 48
[INFO] [stdout]  right: 40
[INFO] [stdout] stack backtrace:
[INFO] [stdout]    0:     0x5af0918f0c91 - <<std[617be2ca0a6fd877]::sys::backtrace::BacktraceLock>::print::DisplayBacktrace as core[a373ad73a504971]::fmt::Display>::fmt
[INFO] [stdout]    1:     0x5af091904bba - core[a373ad73a504971]::fmt::write
[INFO] [stdout]    2:     0x5af0918f4eac - <alloc[2e1b2a31b91974c5]::vec::Vec<u8> as core[a373ad73a504971]::io::write::Write>::write_fmt
[INFO] [stdout]    3:     0x5af0918cd0f6 - std[617be2ca0a6fd877]::panicking::default_hook::{closure#0}
[INFO] [stdout]    4:     0x5af0918e9329 - std[617be2ca0a6fd877]::panicking::default_hook
[INFO] [stdout]    5:     0x5af0918859d0 - test[aada8e7e76ba119b]::test_main_inner::{closure#0}
[INFO] [stdout]    6:     0x5af0918e94e2 - std[617be2ca0a6fd877]::panicking::panic_with_hook
[INFO] [stdout]    7:     0x5af0918cd1a2 - std[617be2ca0a6fd877]::panicking::panic_handler::{closure#0}
[INFO] [stdout]    8:     0x5af0918c5eb9 - std[617be2ca0a6fd877]::sys::backtrace::__rust_end_short_backtrace::<std[617be2ca0a6fd877]::panicking::panic_handler::{closure#0}, !>
[INFO] [stdout]    9:     0x5af0918cddad - __rustc[ea4f61d10b84890b]::rust_begin_unwind
[INFO] [stdout]   10:     0x5af0919052ec - core[a373ad73a504971]::panicking::panic_fmt
[INFO] [stdout]   11:     0x5af091905263 - core[a373ad73a504971]::panicking::assert_failed_inner
[INFO] [stdout]   12:     0x5af091901a88 - core[a373ad73a504971]::panicking::assert_failed::<usize, usize>
[INFO] [stdout]   13:     0x5af091878d2b - <winfsp_wrs_sys[82b55b8af0d49beb]::gen::bindgen_test_layout__RTL_CRITICAL_SECTION::{closure#0} as core[a373ad73a504971]::ops::function::FnOnce<()>>::call_once
[INFO] [stdout]   14:     0x5af091878e1b - test[aada8e7e76ba119b]::__rust_begin_short_backtrace::<core[a373ad73a504971]::result::Result<(), alloc[2e1b2a31b91974c5]::string::String>, fn() -> core[a373ad73a504971]::result::Result<(), alloc[2e1b2a31b91974c5]::string::String>>
[INFO] [stdout]   15:     0x5af091885ff5 - test[aada8e7e76ba119b]::run_test::{closure#0}
[INFO] [stdout]   16:     0x5af09187f8e4 - std[617be2ca0a6fd877]::sys::backtrace::__rust_begin_short_backtrace::<test[aada8e7e76ba119b]::run_test::{closure#1}, ()>
[INFO] [stdout]   17:     0x5af091889082 - <std[617be2ca0a6fd877]::thread::lifecycle::spawn_unchecked<test[aada8e7e76ba119b]::run_test::{closure#1}, ()>::{closure#1} as core[a373ad73a504971]::ops::function::FnOnce<()>>::call_once::{shim:vtable#0}
[INFO] [stdout]   18:     0x5af0918f04ef - <std[617be2ca0a6fd877]::sys::thread::unix::Thread>::new::thread_start
[INFO] [stdout]   19:     0x7c654dcfbdfa - <unknown>
[INFO] [stdout]   20:     0x7c654dd8f3d4 - clone
[INFO] [stdout]   21:                0x0 - <unknown>
[INFO] [stdout] 
[INFO] [stdout] ---- gen::bindgen_test_layout__RTL_CRITICAL_SECTION_DEBUG stdout ----
[INFO] [stdout] 
[INFO] [stdout] thread 'gen::bindgen_test_layout__RTL_CRITICAL_SECTION_DEBUG' (370) panicked at src/gen.rs:371:5:
[INFO] [stdout] assertion `left == right` failed: Size of: _RTL_CRITICAL_SECTION_DEBUG
[INFO] [stdout]   left: 64
[INFO] [stdout]  right: 48
[INFO] [stdout] stack backtrace:
[INFO] [stdout]    0:     0x5af0918f0c91 - <<std[617be2ca0a6fd877]::sys::backtrace::BacktraceLock>::print::DisplayBacktrace as core[a373ad73a504971]::fmt::Display>::fmt
[INFO] [stdout]    1:     0x5af091904bba - core[a373ad73a504971]::fmt::write
[INFO] [stdout]    2:     0x5af0918f4eac - <alloc[2e1b2a31b91974c5]::vec::Vec<u8> as core[a373ad73a504971]::io::write::Write>::write_fmt
[INFO] [stdout]    3:     0x5af0918cd0f6 - std[617be2ca0a6fd877]::panicking::default_hook::{closure#0}
[INFO] [stdout]    4:     0x5af0918e9329 - std[617be2ca0a6fd877]::panicking::default_hook
[INFO] [stdout]    5:     0x5af0918859d0 - test[aada8e7e76ba119b]::test_main_inner::{closure#0}
[INFO] [stdout]    6:     0x5af0918e94e2 - std[617be2ca0a6fd877]::panicking::panic_with_hook
[INFO] [stdout]    7:     0x5af0918cd1a2 - std[617be2ca0a6fd877]::panicking::panic_handler::{closure#0}
[INFO] [stdout]    8:     0x5af0918c5eb9 - std[617be2ca0a6fd877]::sys::backtrace::__rust_end_short_backtrace::<std[617be2ca0a6fd877]::panicking::panic_handler::{closure#0}, !>
[INFO] [stdout]    9:     0x5af0918cddad - __rustc[ea4f61d10b84890b]::rust_begin_unwind
[INFO] [stdout]   10:     0x5af0919052ec - core[a373ad73a504971]::panicking::panic_fmt
[INFO] [stdout]   11:     0x5af091905263 - core[a373ad73a504971]::panicking::assert_failed_inner
[INFO] [stdout]   12:     0x5af091901a88 - core[a373ad73a504971]::panicking::assert_failed::<usize, usize>
[INFO] [stdout]   13:     0x5af091878dbb - <winfsp_wrs_sys[82b55b8af0d49beb]::gen::bindgen_test_layout__RTL_CRITICAL_SECTION_DEBUG::{closure#0} as core[a373ad73a504971]::ops::function::FnOnce<()>>::call_once
[INFO] [stdout]   14:     0x5af091878e1b - test[aada8e7e76ba119b]::__rust_begin_short_backtrace::<core[a373ad73a504971]::result::Result<(), alloc[2e1b2a31b91974c5]::string::String>, fn() -> core[a373ad73a504971]::result::Result<(), alloc[2e1b2a31b91974c5]::string::String>>
[INFO] [stdout]   15:     0x5af091885ff5 - test[aada8e7e76ba119b]::run_test::{closure#0}
[INFO] [stdout]   16:     0x5af09187f8e4 - std[617be2ca0a6fd877]::sys::backtrace::__rust_begin_short_backtrace::<test[aada8e7e76ba119b]::run_test::{closure#1}, ()>
[INFO] [stdout]   17:     0x5af091889082 - <std[617be2ca0a6fd877]::thread::lifecycle::spawn_unchecked<test[aada8e7e76ba119b]::run_test::{closure#1}, ()>::{closure#1} as core[a373ad73a504971]::ops::function::FnOnce<()>>::call_once::{shim:vtable#0}
[INFO] [stdout]   18:     0x5af0918f04ef - <std[617be2ca0a6fd877]::sys::thread::unix::Thread>::new::thread_start
[INFO] [stdout]   19:     0x7c654dcfbdfa - <unknown>
[INFO] [stdout]   20:     0x7c654dd8f3d4 - clone
[INFO] [stdout]   21:                0x0 - <unknown>
[INFO] [stdout] 
[INFO] [stdout] ---- gen::bindgen_test_layout__SERVICE_STATUS stdout ----
[INFO] [stdout] 
[INFO] [stdout] thread 'gen::bindgen_test_layout__SERVICE_STATUS' (372) panicked at src/gen.rs:711:5:
[INFO] [stdout] assertion `left == right` failed: Size of: _SERVICE_STATUS
[INFO] [stdout]   left: 56
[INFO] [stdout]  right: 28
[INFO] [stdout] stack backtrace:
[INFO] [stdout]    0:     0x5af0918f0c91 - <<std[617be2ca0a6fd877]::sys::backtrace::BacktraceLock>::print::DisplayBacktrace as core[a373ad73a504971]::fmt::Display>::fmt
[INFO] [stdout]    1:     0x5af091904bba - core[a373ad73a504971]::fmt::write
[INFO] [stdout]    2:     0x5af0918f4eac - <alloc[2e1b2a31b91974c5]::vec::Vec<u8> as core[a373ad73a504971]::io::write::Write>::write_fmt
[INFO] [stdout]    3:     0x5af0918cd0f6 - std[617be2ca0a6fd877]::panicking::default_hook::{closure#0}
[INFO] [stdout]    4:     0x5af0918e9329 - std[617be2ca0a6fd877]::panicking::default_hook
[INFO] [stdout]    5:     0x5af0918859d0 - test[aada8e7e76ba119b]::test_main_inner::{closure#0}
[INFO] [stdout]    6:     0x5af0918e94e2 - std[617be2ca0a6fd877]::panicking::panic_with_hook
[INFO] [stdout]    7:     0x5af0918cd1a2 - std[617be2ca0a6fd877]::panicking::panic_handler::{closure#0}
[INFO] [stdout]    8:     0x5af0918c5eb9 - std[617be2ca0a6fd877]::sys::backtrace::__rust_end_short_backtrace::<std[617be2ca0a6fd877]::panicking::panic_handler::{closure#0}, !>
[INFO] [stdout]    9:     0x5af0918cddad - __rustc[ea4f61d10b84890b]::rust_begin_unwind
[INFO] [stdout]   10:     0x5af0919052ec - core[a373ad73a504971]::panicking::panic_fmt
[INFO] [stdout]   11:     0x5af091905263 - core[a373ad73a504971]::panicking::assert_failed_inner
[INFO] [stdout]   12:     0x5af091901a88 - core[a373ad73a504971]::panicking::assert_failed::<usize, usize>
[INFO] [stdout]   13:     0x5af091878c9b - <winfsp_wrs_sys[82b55b8af0d49beb]::gen::bindgen_test_layout__SERVICE_STATUS::{closure#0} as core[a373ad73a504971]::ops::function::FnOnce<()>>::call_once
[INFO] [stdout]   14:     0x5af091878e1b - test[aada8e7e76ba119b]::__rust_begin_short_backtrace::<core[a373ad73a504971]::result::Result<(), alloc[2e1b2a31b91974c5]::string::String>, fn() -> core[a373ad73a504971]::result::Result<(), alloc[2e1b2a31b91974c5]::string::String>>
[INFO] [stdout]   15:     0x5af091885ff5 - test[aada8e7e76ba119b]::run_test::{closure#0}
[INFO] [stdout]   16:     0x5af09187f8e4 - std[617be2ca0a6fd877]::sys::backtrace::__rust_begin_short_backtrace::<test[aada8e7e76ba119b]::run_test::{closure#1}, ()>
[INFO] [stdout]   17:     0x5af091889082 - <std[617be2ca0a6fd877]::thread::lifecycle::spawn_unchecked<test[aada8e7e76ba119b]::run_test::{closure#1}, ()>::{closure#1} as core[a373ad73a504971]::ops::function::FnOnce<()>>::call_once::{shim:vtable#0}
[INFO] [stdout]   18:     0x5af0918f04ef - <std[617be2ca0a6fd877]::sys::thread::unix::Thread>::new::thread_start
[INFO] [stdout]   19:     0x7c654dcfbdfa - <unknown>
[INFO] [stdout]   20:     0x7c654dd8f3d4 - clone
[INFO] [stdout]   21:                0x0 - <unknown>
[INFO] [stdout] 
[INFO] [stdout] 
[INFO] [stdout] failures:
[INFO] [stdout]     gen::bindgen_test_layout__FILETIME
[INFO] [stdout]     gen::bindgen_test_layout__FILE_FULL_EA_INFORMATION
[INFO] [stdout]     gen::bindgen_test_layout__FSP_FILE_SYSTEM
[INFO] [stdout]     gen::bindgen_test_layout__FSP_LAUNCH_REG_RECORD
[INFO] [stdout]     gen::bindgen_test_layout__FSP_SERVICE
[INFO] [stdout]     gen::bindgen_test_layout__GENERIC_MAPPING
[INFO] [stdout]     gen::bindgen_test_layout__GUID
[INFO] [stdout]     gen::bindgen_test_layout__RTL_CRITICAL_SECTION
[INFO] [stdout]     gen::bindgen_test_layout__RTL_CRITICAL_SECTION_DEBUG
[INFO] [stdout]     gen::bindgen_test_layout__SERVICE_STATUS
[INFO] [stdout] 
[INFO] [stdout] test result: FAILED. 69 passed; 10 failed; 0 ignored; 0 measured; 0 filtered out; finished in 0.12s
[INFO] [stdout] 
[INFO] running `Command { std: "docker" "inspect" "911b2da02a89c8a28f5da7dcd053a74695c0bfe0ee5b87c5a5f93d5565e51aff", kill_on_drop: false }`
[INFO] running `Command { std: "docker" "rm" "-f" "911b2da02a89c8a28f5da7dcd053a74695c0bfe0ee5b87c5a5f93d5565e51aff", kill_on_drop: false }`
[INFO] [stdout] 911b2da02a89c8a28f5da7dcd053a74695c0bfe0ee5b87c5a5f93d5565e51aff
