[INFO] fetching crate winer 0.1.5...
[INFO] testing winer-0.1.5 against 1.99.0-beta.8+cargoflags=--release for beta-release-1.100-2
[INFO] extracting crate winer 0.1.5 into /workspace/builds/worker-3-tc1/source
[INFO] started tweaking crates.io crate winer 0.1.5
[INFO] removed 0 missing examples
[INFO] finished tweaking crates.io crate winer 0.1.5
[INFO] tweaked toml for crates.io crate winer 0.1.5 written to /workspace/builds/worker-3-tc1/source/Cargo.toml
[INFO] validating manifest of crates.io crate winer 0.1.5 on toolchain 1.99.0-beta.8
[INFO] running `Command { std: CARGO_HOME="/workspace/cargo-home" RUSTUP_HOME="/workspace/rustup-home" "/workspace/cargo-home/bin/cargo" "+1.99.0-beta.8" "metadata" "--manifest-path" "Cargo.toml" "--no-deps", kill_on_drop: false }`
[INFO] crate crates.io crate winer 0.1.5 already has a lockfile, it will not be regenerated
[INFO] running `Command { std: CARGO_HOME="/workspace/cargo-home" RUSTUP_HOME="/workspace/rustup-home" "/workspace/cargo-home/bin/cargo" "+1.99.0-beta.8" "fetch" "--manifest-path" "Cargo.toml", kill_on_drop: false }`
[INFO] [stderr]     Blocking waiting for file lock on package cache
[INFO] [stderr]     Updating crates.io index
[INFO] [stderr]     Blocking waiting for file lock on package cache
[INFO] [stderr]  Downloading crates ...
[INFO] [stderr]   Downloaded argh_shared v0.1.13
[INFO] [stderr]   Downloaded serde_test v1.0.177
[INFO] [stderr]   Downloaded argh v0.1.13
[INFO] [stderr]   Downloaded typed-path v0.12.0
[INFO] [stderr]   Downloaded argh_derive v0.1.13
[INFO] [stderr]   Downloaded rust-fuzzy-search v0.1.1
[INFO] running `Command { std: "docker" "create" "-v" "/var/lib/crater-agent-workspace/builds/worker-3-tc1/source:/opt/rustwide/workdir:ro,Z" "-v" "/var/lib/crater-agent-workspace/builds/worker-3-tc1/target:/opt/rustwide/target:rw,Z" "-v" "/var/lib/crater-agent-workspace/cargo-home:/opt/rustwide/cargo-home:ro,Z" "-v" "/var/lib/crater-agent-workspace/rustup-home:/opt/rustwide/rustup-home:ro,Z" "-m" "1610612736" "--network" "none" "ghcr.io/rust-lang/crates-build-env/linux@sha256:77db811e55d90add9212f6832c23229e3de5f1c1f9905e8cb07319ea15df73ac" "sleep" "infinity", kill_on_drop: false }`
[INFO] [stdout] 64b41cfe598e013aba4760442fea62b88e209230d77e8149b9bda81abf1b96bd
[INFO] running `Command { std: "docker" "start" "64b41cfe598e013aba4760442fea62b88e209230d77e8149b9bda81abf1b96bd", kill_on_drop: false }`
[INFO] running `Command { std: "docker" "inspect" "64b41cfe598e013aba4760442fea62b88e209230d77e8149b9bda81abf1b96bd", kill_on_drop: false }`
[INFO] running `Command { std: "docker" "exec" "-e" "SOURCE_DIR=/opt/rustwide/workdir" "-e" "CARGO_HOME=/opt/rustwide/cargo-home" "-e" "RUSTUP_HOME=/opt/rustwide/rustup-home" "-e" "CARGO_TARGET_DIR=/opt/rustwide/target" "-w" "/opt/rustwide/workdir" "--user" "0:0" "64b41cfe598e013aba4760442fea62b88e209230d77e8149b9bda81abf1b96bd" "/opt/rustwide/cargo-home/bin/cargo" "+1.99.0-beta.8" "metadata" "--no-deps" "--format-version=1", kill_on_drop: false }`
[INFO] running `Command { std: "docker" "inspect" "64b41cfe598e013aba4760442fea62b88e209230d77e8149b9bda81abf1b96bd", kill_on_drop: false }`
[INFO] running `Command { std: "docker" "exec" "-e" "SOURCE_DIR=/opt/rustwide/workdir" "-e" "CARGO_HOME=/opt/rustwide/cargo-home" "-e" "RUSTUP_HOME=/opt/rustwide/rustup-home" "-e" "CARGO_TARGET_DIR=/opt/rustwide/target" "-e" "CARGO_INCREMENTAL=0" "-e" "RUST_BACKTRACE=full" "-e" "RUSTFLAGS=--cap-lints=warn" "-e" "RUSTDOCFLAGS=--cap-lints=warn" "-w" "/opt/rustwide/workdir" "--user" "0:0" "64b41cfe598e013aba4760442fea62b88e209230d77e8149b9bda81abf1b96bd" "/opt/rustwide/cargo-home/bin/cargo" "+1.99.0-beta.8" "build" "--frozen" "--message-format=json" "--release", kill_on_drop: false }`
[INFO] [stderr]    Compiling libc v0.2.180
[INFO] [stderr]    Compiling iana-time-zone v0.1.64
[INFO] [stderr]    Compiling simd-adler32 v0.3.8
[INFO] [stderr]    Compiling rustix v1.1.3
[INFO] [stderr]    Compiling linux-raw-sys v0.11.0
[INFO] [stderr]    Compiling procfs v0.18.0
[INFO] [stderr]    Compiling typed-path v0.12.0
[INFO] [stderr]    Compiling glob v0.3.3
[INFO] [stderr]    Compiling miniz_oxide v0.8.9
[INFO] [stderr]    Compiling chrono v0.4.43
[INFO] [stderr]    Compiling flate2 v1.1.8
[INFO] [stderr]    Compiling sysinfo v0.37.2
[INFO] [stderr]    Compiling procfs-core v0.18.0
[INFO] [stderr]    Compiling winer v0.1.5 (/opt/rustwide/workdir)
[INFO] [stderr]     Finished `release` profile [optimized] target(s) in 28.08s
[INFO] running `Command { std: "docker" "inspect" "64b41cfe598e013aba4760442fea62b88e209230d77e8149b9bda81abf1b96bd", kill_on_drop: false }`
[INFO] running `Command { std: "docker" "exec" "-e" "SOURCE_DIR=/opt/rustwide/workdir" "-e" "CARGO_HOME=/opt/rustwide/cargo-home" "-e" "RUSTUP_HOME=/opt/rustwide/rustup-home" "-e" "CARGO_TARGET_DIR=/opt/rustwide/target" "-e" "CARGO_INCREMENTAL=0" "-e" "RUST_BACKTRACE=full" "-e" "RUSTFLAGS=--cap-lints=warn" "-e" "RUSTDOCFLAGS=--cap-lints=warn" "-w" "/opt/rustwide/workdir" "--user" "0:0" "64b41cfe598e013aba4760442fea62b88e209230d77e8149b9bda81abf1b96bd" "/opt/rustwide/cargo-home/bin/cargo" "+1.99.0-beta.8" "test" "--frozen" "--no-run" "--message-format=json" "--release", kill_on_drop: false }`
[INFO] [stderr]    Compiling proc-macro2 v1.0.105
[INFO] [stderr]    Compiling quote v1.0.43
[INFO] [stderr]    Compiling argh_shared v0.1.13
[INFO] [stderr]    Compiling rust-fuzzy-search v0.1.1
[INFO] [stderr]    Compiling serde_test v1.0.177
[INFO] [stderr]    Compiling syn v2.0.114
[INFO] [stderr]    Compiling argh_derive v0.1.13
[INFO] [stderr]    Compiling argh v0.1.13
[INFO] [stderr]    Compiling winer v0.1.5 (/opt/rustwide/workdir)
[INFO] [stderr]     Finished `release` profile [optimized] target(s) in 6.74s
[INFO] running `Command { std: "docker" "inspect" "64b41cfe598e013aba4760442fea62b88e209230d77e8149b9bda81abf1b96bd", kill_on_drop: false }`
[INFO] running `Command { std: "docker" "exec" "-e" "SOURCE_DIR=/opt/rustwide/workdir" "-e" "CARGO_HOME=/opt/rustwide/cargo-home" "-e" "RUSTUP_HOME=/opt/rustwide/rustup-home" "-e" "CARGO_TARGET_DIR=/opt/rustwide/target" "-e" "CARGO_INCREMENTAL=0" "-e" "RUST_BACKTRACE=full" "-e" "RUSTFLAGS=--cap-lints=warn" "-e" "RUSTDOCFLAGS=--cap-lints=warn" "-w" "/opt/rustwide/workdir" "--user" "0:0" "64b41cfe598e013aba4760442fea62b88e209230d77e8149b9bda81abf1b96bd" "/opt/rustwide/cargo-home/bin/cargo" "+1.99.0-beta.8" "test" "--frozen" "--release", kill_on_drop: false }`
[INFO] [stderr]     Finished `release` profile [optimized] target(s) in 0.07s
[INFO] [stderr]      Running unittests src/lib.rs (/opt/rustwide/target/release/deps/winer-ce967d18238e919e)
[INFO] [stdout] 
[INFO] [stdout] running 2 tests
[INFO] [stdout] test host::setup::tests::log_options_reflexive ... ok
[INFO] [stdout] test host::setup::tests::log_options_simple ... ok
[INFO] [stdout] 
[INFO] [stdout] test result: ok. 2 passed; 0 failed; 0 ignored; 0 measured; 0 filtered out; finished in 0.00s
[INFO] [stdout] 
[INFO] [stderr]    Doc-tests winer
[INFO] [stdout] 
[INFO] [stdout] running 2 tests
[INFO] [stdout] test src/lib.rs - (line 12) - compile ... ok
[INFO] [stdout] test src/lib.rs - (line 26) - compile ... FAILED
[INFO] [stdout] 
[INFO] [stdout] failures:
[INFO] [stdout] 
[INFO] [stdout] ---- src/lib.rs - (line 26) stdout ----
[INFO] [stdout] error[E0425]: cannot find function `runtime` in crate `winer`
[INFO] [stdout]   --> src/lib.rs:28:31
[INFO] [stdout]    |
[INFO] [stdout] 28 | if let Some(runtime) = winer::runtime() {
[INFO] [stdout]    |                               ^^^^^^^ not found in `winer`
[INFO] [stdout] 
[INFO] [stdout] error: aborting due to 1 previous error
[INFO] [stdout] 
[INFO] [stdout] For more information about this error, try `rustc --explain E0425`.
[INFO] [stdout] Couldn't compile the test.
[INFO] [stdout] 
[INFO] [stdout] failures:
[INFO] [stdout]     src/lib.rs - (line 26)
[INFO] [stdout] 
[INFO] [stdout] test result: FAILED. 1 passed; 1 failed; 0 ignored; 0 measured; 0 filtered out; finished in 0.14s
[INFO] [stdout] 
[INFO] [stdout] all doctests ran in 0.25s; merged doctests compilation took 0.11s
[INFO] [stderr] error: doctest failed, to rerun pass `--doc`
[INFO] running `Command { std: "docker" "inspect" "64b41cfe598e013aba4760442fea62b88e209230d77e8149b9bda81abf1b96bd", kill_on_drop: false }`
[INFO] running `Command { std: "docker" "rm" "-f" "64b41cfe598e013aba4760442fea62b88e209230d77e8149b9bda81abf1b96bd", kill_on_drop: false }`
[INFO] [stdout] 64b41cfe598e013aba4760442fea62b88e209230d77e8149b9bda81abf1b96bd
