[INFO] fetching crate wineforge-cli 0.3.0...
[INFO] testing wineforge-cli-0.3.0 against 1.99.0-beta.8+cargoflags=--release for beta-release-1.100-2
[INFO] extracting crate wineforge-cli 0.3.0 into /workspace/builds/worker-6-tc1/source
[INFO] started tweaking crates.io crate wineforge-cli 0.3.0
[INFO] removed 0 missing tests
[INFO] finished tweaking crates.io crate wineforge-cli 0.3.0
[INFO] tweaked toml for crates.io crate wineforge-cli 0.3.0 written to /workspace/builds/worker-6-tc1/source/Cargo.toml
[INFO] validating manifest of crates.io crate wineforge-cli 0.3.0 on toolchain 1.99.0-beta.8
[INFO] running `Command { std: CARGO_HOME="/workspace/cargo-home" RUSTUP_HOME="/workspace/rustup-home" "/workspace/cargo-home/bin/cargo" "+1.99.0-beta.8" "metadata" "--manifest-path" "Cargo.toml" "--no-deps", kill_on_drop: false }`
[INFO] crate crates.io crate wineforge-cli 0.3.0 already has a lockfile, it will not be regenerated
[INFO] running `Command { std: CARGO_HOME="/workspace/cargo-home" RUSTUP_HOME="/workspace/rustup-home" "/workspace/cargo-home/bin/cargo" "+1.99.0-beta.8" "fetch" "--manifest-path" "Cargo.toml", kill_on_drop: false }`
[INFO] [stderr]     Updating crates.io index
[INFO] [stderr]  Downloading crates ...
[INFO] [stderr]   Downloaded find-msvc-tools v0.1.10
[INFO] [stderr]   Downloaded pelite-macros v0.1.1
[INFO] [stderr]   Downloaded wineforge-core v0.3.0
[INFO] [stderr]   Downloaded dataview v1.0.2
[INFO] [stderr]   Downloaded derive_pod v0.1.2
[INFO] [stderr]   Downloaded cc v1.4.2
[INFO] [stderr]   Downloaded ico v0.4.0
[INFO] [stderr]   Downloaded icns v0.3.1
[INFO] [stderr]   Downloaded pelite v0.10.0
[INFO] running `Command { std: "docker" "create" "-v" "/var/lib/crater-agent-workspace/builds/worker-6-tc1/source:/opt/rustwide/workdir:ro,Z" "-v" "/var/lib/crater-agent-workspace/builds/worker-6-tc1/target:/opt/rustwide/target:rw,Z" "-v" "/var/lib/crater-agent-workspace/cargo-home:/opt/rustwide/cargo-home:ro,Z" "-v" "/var/lib/crater-agent-workspace/rustup-home:/opt/rustwide/rustup-home:ro,Z" "-m" "1610612736" "--network" "none" "ghcr.io/rust-lang/crates-build-env/linux@sha256:77db811e55d90add9212f6832c23229e3de5f1c1f9905e8cb07319ea15df73ac" "sleep" "infinity", kill_on_drop: false }`
[INFO] [stdout] ff5c766d7ad7f0d14b3c13b35ab485e696a6f6346f443ed424854acc1176f421
[INFO] running `Command { std: "docker" "start" "ff5c766d7ad7f0d14b3c13b35ab485e696a6f6346f443ed424854acc1176f421", kill_on_drop: false }`
[INFO] running `Command { std: "docker" "inspect" "ff5c766d7ad7f0d14b3c13b35ab485e696a6f6346f443ed424854acc1176f421", kill_on_drop: false }`
[INFO] running `Command { std: "docker" "exec" "-e" "SOURCE_DIR=/opt/rustwide/workdir" "-e" "CARGO_HOME=/opt/rustwide/cargo-home" "-e" "RUSTUP_HOME=/opt/rustwide/rustup-home" "-e" "CARGO_TARGET_DIR=/opt/rustwide/target" "-w" "/opt/rustwide/workdir" "--user" "0:0" "ff5c766d7ad7f0d14b3c13b35ab485e696a6f6346f443ed424854acc1176f421" "/opt/rustwide/cargo-home/bin/cargo" "+1.99.0-beta.8" "metadata" "--no-deps" "--format-version=1", kill_on_drop: false }`
[INFO] running `Command { std: "docker" "inspect" "ff5c766d7ad7f0d14b3c13b35ab485e696a6f6346f443ed424854acc1176f421", kill_on_drop: false }`
[INFO] running `Command { std: "docker" "exec" "-e" "SOURCE_DIR=/opt/rustwide/workdir" "-e" "CARGO_HOME=/opt/rustwide/cargo-home" "-e" "RUSTUP_HOME=/opt/rustwide/rustup-home" "-e" "CARGO_TARGET_DIR=/opt/rustwide/target" "-e" "CARGO_INCREMENTAL=0" "-e" "RUST_BACKTRACE=full" "-e" "RUSTFLAGS=--cap-lints=warn" "-e" "RUSTDOCFLAGS=--cap-lints=warn" "-w" "/opt/rustwide/workdir" "--user" "0:0" "ff5c766d7ad7f0d14b3c13b35ab485e696a6f6346f443ed424854acc1176f421" "/opt/rustwide/cargo-home/bin/cargo" "+1.99.0-beta.8" "build" "--frozen" "--message-format=json" "--release", kill_on_drop: false }`
[INFO] [stderr]    Compiling syn v3.0.3
[INFO] [stderr]    Compiling syn v2.0.119
[INFO] [stderr]    Compiling stable_deref_trait v1.2.1
[INFO] [stderr]    Compiling writeable v0.5.5
[INFO] [stderr]    Compiling litemap v0.7.5
[INFO] [stderr]    Compiling icu_locid_transform_data v1.5.1
[INFO] [stderr]    Compiling icu_properties_data v1.5.1
[INFO] [stderr]    Compiling find-msvc-tools v0.1.10
[INFO] [stderr]    Compiling icu_normalizer_data v1.5.1
[INFO] [stderr]    Compiling futures-sink v0.3.34
[INFO] [stderr]    Compiling simd-adler32 v0.3.10
[INFO] [stderr]    Compiling write16 v1.0.0
[INFO] [stderr]    Compiling tokio v1.53.1
[INFO] [stderr]    Compiling utf16_iter v1.0.5
[INFO] [stderr]    Compiling getrandom v0.2.17
[INFO] [stderr]    Compiling futures-io v0.3.34
[INFO] [stderr]    Compiling rustls v0.23.43
[INFO] [stderr]    Compiling futures-channel v0.3.34
[INFO] [stderr]    Compiling rustix v1.1.4
[INFO] [stderr]    Compiling adler32 v1.2.0
[INFO] [stderr]    Compiling cc v1.4.2
[INFO] [stderr]    Compiling futures-util v0.3.34
[INFO] [stderr]    Compiling miniz_oxide v0.8.9
[INFO] [stderr]    Compiling crypto-common v0.1.7
[INFO] [stderr]    Compiling serde_json v1.0.151
[INFO] [stderr]    Compiling anstream v1.0.0
[INFO] [stderr]    Compiling deflate v0.8.6
[INFO] [stderr]    Compiling miniz_oxide v0.3.7
[INFO] [stderr]    Compiling digest v0.10.7
[INFO] [stderr]    Compiling fdeflate v0.3.7
[INFO] [stderr]    Compiling webpki-roots v1.0.9
[INFO] [stderr]    Compiling strsim v0.11.1
[INFO] [stderr]    Compiling winnow v0.7.15
[INFO] [stderr]    Compiling derive_pod v0.1.2
[INFO] [stderr]    Compiling bumpalo v3.20.3
[INFO] [stderr]    Compiling toml_write v0.1.2
[INFO] [stderr]    Compiling zip v2.4.2
[INFO] [stderr]    Compiling clap_lex v1.1.0
[INFO] [stderr]    Compiling regex-automata v0.4.18
[INFO] [stderr]    Compiling zopfli v0.8.3
[INFO] [stderr]    Compiling clap_builder v4.6.6
[INFO] [stderr]    Compiling sha2 v0.10.9
[INFO] [stderr]    Compiling flate2 v1.1.9
[INFO] [stderr]    Compiling xattr v1.6.1
[INFO] [stderr]    Compiling png v0.16.8
[INFO] [stderr]    Compiling synstructure v0.13.2
[INFO] [stderr]    Compiling png v0.17.16
[INFO] [stderr]    Compiling ring v0.17.14
[INFO] [stderr]    Compiling dataview v1.0.2
[INFO] [stderr]    Compiling filetime v0.2.29
[INFO] [stderr]    Compiling no-std-compat v0.4.1
[INFO] [stderr]    Compiling pelite-macros v0.1.1
[INFO] [stderr]    Compiling tar v0.4.46
[INFO] [stderr]    Compiling icns v0.3.1
[INFO] [stderr]    Compiling pelite v0.10.0
[INFO] [stderr]    Compiling zerofrom-derive v0.1.7
[INFO] [stderr]    Compiling yoke-derive v0.7.5
[INFO] [stderr]    Compiling zerovec-derive v0.10.3
[INFO] [stderr]    Compiling icu_provider_macros v1.5.0
[INFO] [stderr]    Compiling ico v0.4.0
[INFO] [stderr]    Compiling zerofrom v0.1.8
[INFO] [stderr]    Compiling displaydoc v0.2.7
[INFO] [stderr]    Compiling serde_derive v1.0.229
[INFO] [stderr]    Compiling yoke v0.7.5
[INFO] [stderr]    Compiling thiserror-impl v2.0.20
[INFO] [stderr]    Compiling clap_derive v4.6.4
[INFO] [stderr]    Compiling regex v1.13.1
[INFO] [stderr]    Compiling zerovec v0.10.4
[INFO] [stderr]    Compiling thiserror v2.0.20
[INFO] [stderr]    Compiling hyper v1.11.0
[INFO] [stderr]    Compiling tower v0.5.3
[INFO] [stderr]    Compiling tinystr v0.7.6
[INFO] [stderr]    Compiling icu_collections v1.5.0
[INFO] [stderr]    Compiling clap v4.6.6
[INFO] [stderr]    Compiling icu_locid v1.5.0
[INFO] [stderr]    Compiling hyper-util v0.1.20
[INFO] [stderr]    Compiling icu_provider v1.5.0
[INFO] [stderr]    Compiling serde v1.0.229
[INFO] [stderr]    Compiling icu_locid_transform v1.5.0
[INFO] [stderr]    Compiling toml_datetime v0.6.11
[INFO] [stderr]    Compiling serde_spanned v0.6.9
[INFO] [stderr]    Compiling serde_urlencoded v0.7.1
[INFO] [stderr]    Compiling toml_edit v0.22.27
[INFO] [stderr]    Compiling icu_properties v1.5.1
[INFO] [stderr]    Compiling toml v0.8.23
[INFO] [stderr]    Compiling icu_normalizer v1.5.0
[INFO] [stderr]    Compiling idna_adapter v1.2.0
[INFO] [stderr]    Compiling idna v1.1.0
[INFO] [stderr]    Compiling url v2.5.4
[INFO] [stderr]    Compiling tower-http v0.6.11
[INFO] [stderr]    Compiling wineforge-core v0.3.0
[INFO] [stderr]    Compiling rustls-webpki v0.103.14
[INFO] [stderr]    Compiling tokio-rustls v0.26.4
[INFO] [stderr]    Compiling hyper-rustls v0.27.9
[INFO] [stderr]    Compiling reqwest v0.12.28
[INFO] [stderr]    Compiling wineforge-cli v0.3.0 (/opt/rustwide/workdir)
[INFO] [stderr]     Finished `release` profile [optimized] target(s) in 2m 15s
[INFO] running `Command { std: "docker" "inspect" "ff5c766d7ad7f0d14b3c13b35ab485e696a6f6346f443ed424854acc1176f421", kill_on_drop: false }`
[INFO] running `Command { std: "docker" "exec" "-e" "SOURCE_DIR=/opt/rustwide/workdir" "-e" "CARGO_HOME=/opt/rustwide/cargo-home" "-e" "RUSTUP_HOME=/opt/rustwide/rustup-home" "-e" "CARGO_TARGET_DIR=/opt/rustwide/target" "-e" "CARGO_INCREMENTAL=0" "-e" "RUST_BACKTRACE=full" "-e" "RUSTFLAGS=--cap-lints=warn" "-e" "RUSTDOCFLAGS=--cap-lints=warn" "-w" "/opt/rustwide/workdir" "--user" "0:0" "ff5c766d7ad7f0d14b3c13b35ab485e696a6f6346f443ed424854acc1176f421" "/opt/rustwide/cargo-home/bin/cargo" "+1.99.0-beta.8" "test" "--frozen" "--no-run" "--message-format=json" "--release", kill_on_drop: false }`
[INFO] [stderr]    Compiling xattr v1.6.1
[INFO] [stderr]    Compiling getrandom v0.4.3
[INFO] [stderr]    Compiling tempfile v3.27.0
[INFO] [stderr]    Compiling tar v0.4.46
[INFO] [stderr]    Compiling wineforge-cli v0.3.0 (/opt/rustwide/workdir)
[INFO] [stderr]     Finished `release` profile [optimized] target(s) in 1m 15s
[INFO] running `Command { std: "docker" "inspect" "ff5c766d7ad7f0d14b3c13b35ab485e696a6f6346f443ed424854acc1176f421", kill_on_drop: false }`
[INFO] running `Command { std: "docker" "exec" "-e" "SOURCE_DIR=/opt/rustwide/workdir" "-e" "CARGO_HOME=/opt/rustwide/cargo-home" "-e" "RUSTUP_HOME=/opt/rustwide/rustup-home" "-e" "CARGO_TARGET_DIR=/opt/rustwide/target" "-e" "CARGO_INCREMENTAL=0" "-e" "RUST_BACKTRACE=full" "-e" "RUSTFLAGS=--cap-lints=warn" "-e" "RUSTDOCFLAGS=--cap-lints=warn" "-w" "/opt/rustwide/workdir" "--user" "0:0" "ff5c766d7ad7f0d14b3c13b35ab485e696a6f6346f443ed424854acc1176f421" "/opt/rustwide/cargo-home/bin/cargo" "+1.99.0-beta.8" "test" "--frozen" "--release", kill_on_drop: false }`
[INFO] [stderr]     Finished `release` profile [optimized] target(s) in 0.50s
[INFO] [stderr]      Running unittests src/main.rs (/opt/rustwide/target/release/deps/wineforge-dbf1dc3f1e8ff610)
[INFO] [stdout] 
[INFO] [stdout] running 62 tests
[INFO] [stdout] test mcp_broker::tests::json_reader_requires_an_object ... ok
[INFO] [stdout] test chocolatey::tests::rejects_interpolation ... ok
[INFO] [stdout] test mcp_registry::tests::rejects_permission_not_granted_by_registry ... ok
[INFO] [stdout] test mcp_broker::tests::tokens_are_compared_without_early_exit ... ok
[INFO] [stdout] test native_package::tests::ar_member_has_a_valid_fixed_width_header ... ok
[INFO] [stdout] test mcp_broker::tests::tcp_rejects_non_loopback_binding ... ok
[INFO] [stdout] test mcp_broker::tests::authentication_rejects_unknown_fields ... ok
[INFO] [stdout] test mcp_broker::tests::application_permissions_restrict_forwarded_methods ... ok
[INFO] [stdout] test chocolatey::tests::translates_static_package_arguments ... ok
[INFO] [stdout] test mcp_broker::tests::bounded_reader_rejects_oversized_messages ... ok
[INFO] [stdout] test chocolatey::tests::rejects_dynamic_package_values ... ok
[INFO] [stdout] test chocolatey::tests::expands_only_known_silent_argument_variables ... ok
[INFO] [stdout] test chocolatey::tests::verifies_package_identity ... ok
[INFO] [stdout] test prepare::tests::engine_identity_requires_the_full_managed_target ... ok
[INFO] [stdout] test mcp_registry::tests::resolves_symbolic_binding_without_shell_commands ... ok
[INFO] [stdout] test prepare::tests::linux_engine_supports_native_32_and_64_bit_windows_apps ... ok
[INFO] [stdout] test prepare::tests::builder_selection_uses_highest_compatible_version ... ok
[INFO] [stdout] test native_package::tests::internal_links_are_allowed_but_escaping_links_are_rejected ... ok
[INFO] [stdout] test native_package::tests::malformed_non_square_pe_icon_is_normalized_for_native_packages ... ok
[INFO] [stdout] test native_package::tests::package_names_and_metadata_are_escaped ... ok
[INFO] [stdout] test prepare::tests::cleanup_refuses_an_unmarked_directory ... ok
[INFO] [stdout] test recipe_executor::tests::registry_arguments_support_string_and_dword_values ... ok
[INFO] [stdout] test prepare::tests::mapping_parser_keeps_path_and_access_explicit ... ok
[INFO] [stdout] test recipe_executor::tests::registry_arguments_reject_unsupported_or_out_of_range_values ... ok
[INFO] [stdout] test prepare::tests::profile_configuration_is_derived_from_recipe_and_local_answers ... ok
[INFO] [stdout] test recipe_executor::tests::copy_file_verifies_and_commits_into_appdata ... ok
[INFO] [stdout] test recipe_executor::tests::appdata_install_path_resolves_the_single_private_wine_user ... ok
[INFO] [stdout] test recipe_executor::tests::zip_symlinks_are_rejected ... ok
[INFO] [stdout] test recipe_executor::tests::installer_member_must_exist_exactly_once ... ok
[INFO] [stdout] test tests::engine_archive_allows_internal_parent_symlink ... ok
[INFO] [stdout] test tests::engine_archive_rejects_escaping_parent_symlink ... ok
[INFO] [stdout] test recipe_executor::tests::zip_traversal_is_rejected_without_writing_outside_destination ... ok
[INFO] [stdout] test tests::access_only_mapping_changes_do_not_mutate_the_prefix ... ok
[INFO] [stdout] test tests::engine_install_fails_before_mutation_on_digest_mismatch ... ok
[INFO] [stdout] test prepare::tests::cleanup_removes_only_the_verified_build ... ok
[INFO] [stdout] test tests::apply_removes_undeclared_host_link_when_drive_plan_is_unchanged ... ok
[INFO] [stdout] test prepare::tests::resolver_prefers_a_valid_installed_engine ... ok
[INFO] [stdout] test recipe_executor::tests::zip_strip_components_removes_the_declared_prefix ... ok
[INFO] [stdout] test tests::configuration_prefers_toml_and_keeps_json_compatibility ... ok
[INFO] [stdout] test tests::engine_root_accepts_an_install_destination ... ok
[INFO] [stdout] test tests::launch_audit_allows_only_declared_host_mapping ... ok
[INFO] [stdout] test tests::manual_winetricks_rejects_options_and_duplicates ... ok
[INFO] [stdout] test tests::profile_sanitization_preserves_only_the_exact_declared_mapping ... ok
[INFO] [stdout] test tests::prepare_second_stage_is_explicit_and_typed ... ok
[INFO] [stdout] test tests::prepare_engine_dependency_setup_requires_a_builder ... ok
[INFO] [stdout] test tests::prune_plan_requires_confirmation ... ok
[INFO] [stdout] test tests::prune_refuses_protected_engine ... ok
[INFO] [stdout] test tests::resolved_profile_sets_supported_engine_environment ... ok
[INFO] [stdout] test recipe_executor::tests::extracts_exact_installer_member_only ... ok
[INFO] [stdout] test tests::prune_removes_only_selected_managed_engine ... ok
[INFO] [stdout] test tests::source_cache_prune_removes_only_content_addressed_files ... ok
[INFO] [stdout] test tests::profile_binding_starts_authenticated_broker_and_cleans_up ... FAILED
[INFO] [stdout] test tests::engine_install_verifies_digest_and_declared_binary ... ok
[INFO] [stdout] test tests::engine_capability_attestation_is_exact_and_legacy_empty_is_explicit ... ok
[INFO] [stdout] test tests::sanitization_replaces_host_user_links_and_removes_root_drive ... ok
[INFO] [stdout] test tests::prune_discovers_shared_engine_references_in_installed_apps ... ok
[INFO] [stdout] test native_package::tests::imported_prefix_copy_preserves_internal_links_and_drops_host_links ... ok
[INFO] [stdout] test tests::winetricks_uses_the_selected_engine_tools ... ok
[INFO] [stdout] test tests::wineserver_shutdown_accepts_only_the_no_server_kill_status ... ok
[INFO] [stdout] test recipe_executor::tests::zip_patch_safely_overlays_regular_files ... ok
[INFO] [stdout] test native_package::tests::builds_the_hosts_registry_free_native_package ... ok
[INFO] [stderr] error: test failed, to rerun pass `--bin wineforge`
[INFO] [stdout] test chocolatey::tests::translates_a_nupkg_without_executing_its_script ... ok
[INFO] [stdout] 
[INFO] [stdout] failures:
[INFO] [stdout] 
[INFO] [stdout] ---- tests::profile_binding_starts_authenticated_broker_and_cleans_up stdout ----
[INFO] [stdout] 
[INFO] [stdout] thread 'tests::profile_binding_starts_authenticated_broker_and_cleans_up' (2640) panicked at src/main.rs:3131:14:
[INFO] [stdout] called `Result::unwrap()` on an `Err` value: MCP server echo executable must be a regular, non-symlink file
[INFO] [stdout] 
[INFO] [stdout] Stack backtrace:
[INFO] [stdout]    0: <anyhow::Error>::msg::<alloc::string::String>
[INFO] [stdout]    1: anyhow::__private::format_err
[INFO] [stdout]    2: wineforge::mcp_registry::read
[INFO] [stdout]    3: wineforge::start_profile_mcp_in
[INFO] [stdout]    4: wineforge::tests::profile_binding_starts_authenticated_broker_and_cleans_up
[INFO] [stdout]    5: <wineforge::tests::profile_binding_starts_authenticated_broker_and_cleans_up::{closure#0} as core::ops::function::FnOnce<()>>::call_once
[INFO] [stdout]    6: test::__rust_begin_short_backtrace::<core::result::Result<(), alloc::string::String>, fn() -> core::result::Result<(), alloc::string::String>>
[INFO] [stdout]    7: test::run_test::{closure#0}
[INFO] [stdout]    8: std::sys::backtrace::__rust_begin_short_backtrace::<test::run_test::{closure#1}, ()>
[INFO] [stdout]    9: <std::thread::lifecycle::spawn_unchecked<test::run_test::{closure#1}, ()>::{closure#1} as core::ops::function::FnOnce<()>>::call_once::{shim:vtable#0}
[INFO] [stdout]   10: <std::sys::thread::unix::Thread>::new::thread_start
[INFO] [stdout]   11: <unknown>
[INFO] [stdout]   12: clone
[INFO] [stdout] stack backtrace:
[INFO] [stdout]    0:     0x5f4fb592c481 - <<std[70759c8f55707aa4]::sys::backtrace::BacktraceLock>::print::DisplayBacktrace as core[df12db4294e9bfd3]::fmt::Display>::fmt
[INFO] [stdout]    1:     0x5f4fb5945e7a - core[df12db4294e9bfd3]::fmt::write
[INFO] [stdout]    2:     0x5f4fb593246c - <alloc[2182bb758b4b3781]::vec::Vec<u8> as core[df12db4294e9bfd3]::io::write::Write>::write_fmt
[INFO] [stdout]    3:     0x5f4fb5900f86 - std[70759c8f55707aa4]::panicking::default_hook::{closure#0}
[INFO] [stdout]    4:     0x5f4fb59214d9 - std[70759c8f55707aa4]::panicking::default_hook
[INFO] [stdout]    5:     0x5f4fb555f6a0 - test[9d35eded1c95d3be]::test_main_inner::<test[9d35eded1c95d3be]::test_main_static::{closure#0}>::{closure#0}
[INFO] [stdout]    6:     0x5f4fb5921802 - std[70759c8f55707aa4]::panicking::panic_with_hook
[INFO] [stdout]    7:     0x5f4fb5901032 - std[70759c8f55707aa4]::panicking::panic_handler::{closure#0}
[INFO] [stdout]    8:     0x5f4fb58f9249 - std[70759c8f55707aa4]::sys::backtrace::__rust_end_short_backtrace::<std[70759c8f55707aa4]::panicking::panic_handler::{closure#0}, !>
[INFO] [stdout]    9:     0x5f4fb590233d - __rustc[8fa7c3cbc660c2b3]::rust_begin_unwind
[INFO] [stdout]   10:     0x5f4fb594665c - core[df12db4294e9bfd3]::panicking::panic_fmt
[INFO] [stdout]   11:     0x5f4fb5946432 - core[df12db4294e9bfd3]::result::unwrap_failed
[INFO] [stdout]   12:     0x5f4fb54389c7 - wineforge[6bb3f6ede7dfeb21]::tests::profile_binding_starts_authenticated_broker_and_cleans_up
[INFO] [stdout]   13:     0x5f4fb54d9869 - <wineforge[6bb3f6ede7dfeb21]::tests::profile_binding_starts_authenticated_broker_and_cleans_up::{closure#0} as core[df12db4294e9bfd3]::ops::function::FnOnce<()>>::call_once
[INFO] [stdout]   14:     0x5f4fb555298b - test[9d35eded1c95d3be]::__rust_begin_short_backtrace::<core[df12db4294e9bfd3]::result::Result<(), alloc[2182bb758b4b3781]::string::String>, fn() -> core[df12db4294e9bfd3]::result::Result<(), alloc[2182bb758b4b3781]::string::String>>
[INFO] [stdout]   15:     0x5f4fb555fff5 - test[9d35eded1c95d3be]::run_test::{closure#0}
[INFO] [stdout]   16:     0x5f4fb55598b4 - std[70759c8f55707aa4]::sys::backtrace::__rust_begin_short_backtrace::<test[9d35eded1c95d3be]::run_test::{closure#1}, ()>
[INFO] [stdout]   17:     0x5f4fb5563152 - <std[70759c8f55707aa4]::thread::lifecycle::spawn_unchecked<test[9d35eded1c95d3be]::run_test::{closure#1}, ()>::{closure#1} as core[df12db4294e9bfd3]::ops::function::FnOnce<()>>::call_once::{shim:vtable#0}
[INFO] [stdout]   18:     0x5f4fb592ac69 - <std[70759c8f55707aa4]::sys::thread::unix::Thread>::new::thread_start
[INFO] [stdout]   19:     0x7775dd3ecdfa - <unknown>
[INFO] [stdout]   20:     0x7775dd4803d4 - clone
[INFO] [stdout]   21:                0x0 - <unknown>
[INFO] [stdout] 
[INFO] [stdout] 
[INFO] [stdout] failures:
[INFO] [stdout]     tests::profile_binding_starts_authenticated_broker_and_cleans_up
[INFO] [stdout] 
[INFO] [stdout] test result: FAILED. 61 passed; 1 failed; 0 ignored; 0 measured; 0 filtered out; finished in 0.23s
[INFO] [stdout] 
[INFO] running `Command { std: "docker" "inspect" "ff5c766d7ad7f0d14b3c13b35ab485e696a6f6346f443ed424854acc1176f421", kill_on_drop: false }`
[INFO] running `Command { std: "docker" "rm" "-f" "ff5c766d7ad7f0d14b3c13b35ab485e696a6f6346f443ed424854acc1176f421", kill_on_drop: false }`
[INFO] [stdout] ff5c766d7ad7f0d14b3c13b35ab485e696a6f6346f443ed424854acc1176f421
