[INFO] fetching crate windows-threadpool-sys 0.2.1...
[INFO] testing windows-threadpool-sys-0.2.1 against 1.99.0-beta.8+cargoflags=--release for beta-release-1.100-2
[INFO] extracting crate windows-threadpool-sys 0.2.1 into /workspace/builds/worker-2-tc1/source
[INFO] started tweaking crates.io crate windows-threadpool-sys 0.2.1
[INFO] removed 0 missing tests
[INFO] finished tweaking crates.io crate windows-threadpool-sys 0.2.1
[INFO] tweaked toml for crates.io crate windows-threadpool-sys 0.2.1 written to /workspace/builds/worker-2-tc1/source/Cargo.toml
[INFO] validating manifest of crates.io crate windows-threadpool-sys 0.2.1 on toolchain 1.99.0-beta.8
[INFO] running `Command { std: CARGO_HOME="/workspace/cargo-home" RUSTUP_HOME="/workspace/rustup-home" "/workspace/cargo-home/bin/cargo" "+1.99.0-beta.8" "metadata" "--manifest-path" "Cargo.toml" "--no-deps", kill_on_drop: false }`
[INFO] crate crates.io crate windows-threadpool-sys 0.2.1 already has a lockfile, it will not be regenerated
[INFO] running `Command { std: CARGO_HOME="/workspace/cargo-home" RUSTUP_HOME="/workspace/rustup-home" "/workspace/cargo-home/bin/cargo" "+1.99.0-beta.8" "fetch" "--manifest-path" "Cargo.toml", kill_on_drop: false }`
[INFO] [stderr]     Updating crates.io index
[INFO] [stderr]  Downloading crates ...
[INFO] [stderr]   Downloaded windows-overlapped-io-sys v0.2.0
[INFO] [stderr]   Downloaded win-time-sys v0.1.0
[INFO] [stderr]   Downloaded win-sync-sys v0.0.2
[INFO] running `Command { std: "docker" "create" "-v" "/var/lib/crater-agent-workspace/builds/worker-2-tc1/source:/opt/rustwide/workdir:ro,Z" "-v" "/var/lib/crater-agent-workspace/builds/worker-2-tc1/target:/opt/rustwide/target:rw,Z" "-v" "/var/lib/crater-agent-workspace/cargo-home:/opt/rustwide/cargo-home:ro,Z" "-v" "/var/lib/crater-agent-workspace/rustup-home:/opt/rustwide/rustup-home:ro,Z" "-m" "1610612736" "--network" "none" "ghcr.io/rust-lang/crates-build-env/linux@sha256:77db811e55d90add9212f6832c23229e3de5f1c1f9905e8cb07319ea15df73ac" "sleep" "infinity", kill_on_drop: false }`
[INFO] [stdout] 9f1ac5e3ecc361a8a50fe283e4c7e12794ab07ce2996f6218ddfe7e9b00d8b4a
[INFO] running `Command { std: "docker" "start" "9f1ac5e3ecc361a8a50fe283e4c7e12794ab07ce2996f6218ddfe7e9b00d8b4a", kill_on_drop: false }`
[INFO] running `Command { std: "docker" "inspect" "9f1ac5e3ecc361a8a50fe283e4c7e12794ab07ce2996f6218ddfe7e9b00d8b4a", kill_on_drop: false }`
[INFO] running `Command { std: "docker" "exec" "-e" "SOURCE_DIR=/opt/rustwide/workdir" "-e" "CARGO_HOME=/opt/rustwide/cargo-home" "-e" "RUSTUP_HOME=/opt/rustwide/rustup-home" "-e" "CARGO_TARGET_DIR=/opt/rustwide/target" "-w" "/opt/rustwide/workdir" "--user" "0:0" "9f1ac5e3ecc361a8a50fe283e4c7e12794ab07ce2996f6218ddfe7e9b00d8b4a" "/opt/rustwide/cargo-home/bin/cargo" "+1.99.0-beta.8" "metadata" "--no-deps" "--format-version=1", kill_on_drop: false }`
[INFO] running `Command { std: "docker" "inspect" "9f1ac5e3ecc361a8a50fe283e4c7e12794ab07ce2996f6218ddfe7e9b00d8b4a", kill_on_drop: false }`
[INFO] running `Command { std: "docker" "exec" "-e" "SOURCE_DIR=/opt/rustwide/workdir" "-e" "CARGO_HOME=/opt/rustwide/cargo-home" "-e" "RUSTUP_HOME=/opt/rustwide/rustup-home" "-e" "CARGO_TARGET_DIR=/opt/rustwide/target" "-e" "CARGO_INCREMENTAL=0" "-e" "RUST_BACKTRACE=full" "-e" "RUSTFLAGS=--cap-lints=warn" "-e" "RUSTDOCFLAGS=--cap-lints=warn" "-w" "/opt/rustwide/workdir" "--user" "0:0" "9f1ac5e3ecc361a8a50fe283e4c7e12794ab07ce2996f6218ddfe7e9b00d8b4a" "/opt/rustwide/cargo-home/bin/cargo" "+1.99.0-beta.8" "build" "--frozen" "--message-format=json" "--release", kill_on_drop: false }`
[INFO] [stderr]    Compiling windows-link v0.2.1
[INFO] [stderr]    Compiling io-buffers v0.1.0
[INFO] [stderr]    Compiling windows-sys v0.61.2
[INFO] [stderr]    Compiling win-sync-sys v0.0.2
[INFO] [stderr]    Compiling win-time-sys v0.1.0
[INFO] [stderr]    Compiling windows-overlapped-io-sys v0.2.0
[INFO] [stderr]    Compiling windows-threadpool-sys v0.2.1 (/opt/rustwide/workdir)
[INFO] [stderr]     Finished `release` profile [optimized] target(s) in 2.55s
[INFO] running `Command { std: "docker" "inspect" "9f1ac5e3ecc361a8a50fe283e4c7e12794ab07ce2996f6218ddfe7e9b00d8b4a", kill_on_drop: false }`
[INFO] running `Command { std: "docker" "exec" "-e" "SOURCE_DIR=/opt/rustwide/workdir" "-e" "CARGO_HOME=/opt/rustwide/cargo-home" "-e" "RUSTUP_HOME=/opt/rustwide/rustup-home" "-e" "CARGO_TARGET_DIR=/opt/rustwide/target" "-e" "CARGO_INCREMENTAL=0" "-e" "RUST_BACKTRACE=full" "-e" "RUSTFLAGS=--cap-lints=warn" "-e" "RUSTDOCFLAGS=--cap-lints=warn" "-w" "/opt/rustwide/workdir" "--user" "0:0" "9f1ac5e3ecc361a8a50fe283e4c7e12794ab07ce2996f6218ddfe7e9b00d8b4a" "/opt/rustwide/cargo-home/bin/cargo" "+1.99.0-beta.8" "test" "--frozen" "--no-run" "--message-format=json" "--release", kill_on_drop: false }`
[INFO] [stderr]    Compiling windows-sys v0.61.2
[INFO] [stderr]    Compiling win-time-sys v0.1.0
[INFO] [stderr]    Compiling win-sync-sys v0.0.2
[INFO] [stderr]    Compiling windows-overlapped-io-sys v0.2.0
[INFO] [stderr]    Compiling windows-threadpool-sys v0.2.1 (/opt/rustwide/workdir)
[INFO] [stderr]     Finished `release` profile [optimized] target(s) in 2.96s
[INFO] running `Command { std: "docker" "inspect" "9f1ac5e3ecc361a8a50fe283e4c7e12794ab07ce2996f6218ddfe7e9b00d8b4a", kill_on_drop: false }`
[INFO] running `Command { std: "docker" "exec" "-e" "SOURCE_DIR=/opt/rustwide/workdir" "-e" "CARGO_HOME=/opt/rustwide/cargo-home" "-e" "RUSTUP_HOME=/opt/rustwide/rustup-home" "-e" "CARGO_TARGET_DIR=/opt/rustwide/target" "-e" "CARGO_INCREMENTAL=0" "-e" "RUST_BACKTRACE=full" "-e" "RUSTFLAGS=--cap-lints=warn" "-e" "RUSTDOCFLAGS=--cap-lints=warn" "-w" "/opt/rustwide/workdir" "--user" "0:0" "9f1ac5e3ecc361a8a50fe283e4c7e12794ab07ce2996f6218ddfe7e9b00d8b4a" "/opt/rustwide/cargo-home/bin/cargo" "+1.99.0-beta.8" "test" "--frozen" "--release", kill_on_drop: false }`
[INFO] [stderr]     Finished `release` profile [optimized] target(s) in 0.02s
[INFO] [stderr]      Running unittests src/lib.rs (/opt/rustwide/target/release/deps/windows_threadpool_sys-8cf24f1b642601a0)
[INFO] [stdout] 
[INFO] [stdout] running 0 tests
[INFO] [stdout] 
[INFO] [stdout] test result: ok. 0 passed; 0 failed; 0 ignored; 0 measured; 0 filtered out; finished in 0.00s
[INFO] [stdout] 
[INFO] [stderr]      Running tests/callback_panic_aborts.rs (/opt/rustwide/target/release/deps/callback_panic_aborts-a7e4f1a2fcb3ccce)
[INFO] [stdout] 
[INFO] [stderr]      Running tests/doc_blocks.rs (/opt/rustwide/target/release/deps/doc_blocks-d3321bb3c60804d0)
[INFO] [stdout] running 0 tests
[INFO] [stdout] 
[INFO] [stdout] test result: ok. 0 passed; 0 failed; 0 ignored; 0 measured; 0 filtered out; finished in 0.00s
[INFO] [stdout] 
[INFO] [stderr]      Running tests/fail_fast_teardown.rs (/opt/rustwide/target/release/deps/fail_fast_teardown-6c1d4cf755eb75ca)
[INFO] [stdout] 
[INFO] [stdout] running 0 tests
[INFO] [stdout] 
[INFO] [stdout] test result: ok. 0 passed; 0 failed; 0 ignored; 0 measured; 0 filtered out; finished in 0.00s
[INFO] [stdout] 
[INFO] [stdout] 
[INFO] [stderr]      Running tests/obligation_report.rs (/opt/rustwide/target/release/deps/obligation_report-e346edcaa4973f2e)
[INFO] [stdout] running 0 tests
[INFO] [stdout] 
[INFO] [stdout] test result: ok. 0 passed; 0 failed; 0 ignored; 0 measured; 0 filtered out; finished in 0.00s
[INFO] [stdout] 
[INFO] [stdout] 
[INFO] [stdout] running 0 tests
[INFO] [stdout] 
[INFO] [stdout] test result: ok. 0 passed; 0 failed; 0 ignored; 0 measured; 0 filtered out; finished in 0.00s
[INFO] [stdout] 
[INFO] [stderr]      Running tests/smoke.rs (/opt/rustwide/target/release/deps/smoke-c243a7e746b52d38)
[INFO] [stdout] 
[INFO] [stdout] running 1 test
[INFO] [stdout] test crate_is_available_to_integration_tests ... ok
[INFO] [stdout] 
[INFO] [stdout] test result: ok. 1 passed; 0 failed; 0 ignored; 0 measured; 0 filtered out; finished in 0.00s
[INFO] [stdout] 
[INFO] [stderr]      Running tests/timer_stress.rs (/opt/rustwide/target/release/deps/timer_stress-b174a305ef67ae78)
[INFO] [stdout] 
[INFO] [stdout] running 0 tests
[INFO] [stdout] 
[INFO] [stdout] test result: ok. 0 passed; 0 failed; 0 ignored; 0 measured; 0 filtered out; finished in 0.00s
[INFO] [stdout] 
[INFO] [stderr]      Running tests/tp_io_behavioral_matrix.rs (/opt/rustwide/target/release/deps/tp_io_behavioral_matrix-2a398340d0c5e6c7)
[INFO] [stdout] 
[INFO] [stderr]      Running tests/tp_io_operation_identity.rs (/opt/rustwide/target/release/deps/tp_io_operation_identity-6d38b82e3dc087e8)
[INFO] [stdout] running 0 tests
[INFO] [stdout] 
[INFO] [stdout] test result: ok. 0 passed; 0 failed; 0 ignored; 0 measured; 0 filtered out; finished in 0.00s
[INFO] [stdout] 
[INFO] [stdout] 
[INFO] [stdout] running 0 tests
[INFO] [stdout] 
[INFO] [stdout] test result: ok. 0 passed; 0 failed; 0 ignored; 0 measured; 0 filtered out; finished in 0.00s
[INFO] [stdout] 
[INFO] [stdout] 
[INFO] [stderr]      Running tests/wait_custom_close.rs (/opt/rustwide/target/release/deps/wait_custom_close-beb647a6a962c45e)
[INFO] [stdout] running 0 tests
[INFO] [stdout] 
[INFO] [stdout] test result: ok. 0 passed; 0 failed; 0 ignored; 0 measured; 0 filtered out; finished in 0.00s
[INFO] [stdout] 
[INFO] [stderr]    Doc-tests windows_threadpool_sys
[INFO] [stdout] 
[INFO] [stdout] running 2 tests
[INFO] [stdout] test src/lib.rs - (line 70) ... FAILED
[INFO] [stdout] test src/lib.rs - (line 44) ... FAILED
[INFO] [stdout] 
[INFO] [stdout] failures:
[INFO] [stdout] 
[INFO] [stdout] ---- src/lib.rs - (line 70) stdout ----
[INFO] [stdout] error[E0432]: unresolved import `windows_threadpool_sys::callback_env`
[INFO] [stdout]    --> src/lib.rs:74:29
[INFO] [stdout]     |
[INFO] [stdout]  74 | use windows_threadpool_sys::callback_env::CallbackEnviron;
[INFO] [stdout]     |                             ^^^^^^^^^^^^ could not find `callback_env` in `windows_threadpool_sys`
[INFO] [stdout]     |
[INFO] [stdout] note: found an item that was configured out
[INFO] [stdout]    --> src/lib.rs:228:9
[INFO] [stdout]     |
[INFO] [stdout] 227 | #[cfg(windows)]
[INFO] [stdout]     |       ------- the item is gated here
[INFO] [stdout] 228 | pub mod callback_env;
[INFO] [stdout]     |         ^^^^^^^^^^^^
[INFO] [stdout] 
[INFO] [stdout] error[E0432]: unresolved import `windows_threadpool_sys::pool`
[INFO] [stdout]    --> src/lib.rs:75:29
[INFO] [stdout]     |
[INFO] [stdout]  75 | use windows_threadpool_sys::pool::ThreadpoolPool;
[INFO] [stdout]     |                             ^^^^ could not find `pool` in `windows_threadpool_sys`
[INFO] [stdout]     |
[INFO] [stdout] note: found an item that was configured out
[INFO] [stdout]    --> src/lib.rs:238:9
[INFO] [stdout]     |
[INFO] [stdout] 237 | #[cfg(windows)]
[INFO] [stdout]     |       ------- the item is gated here
[INFO] [stdout] 238 | pub mod pool;
[INFO] [stdout]     |         ^^^^
[INFO] [stdout] 
[INFO] [stdout] error[E0432]: unresolved import `windows_threadpool_sys::work`
[INFO] [stdout]    --> src/lib.rs:76:29
[INFO] [stdout]     |
[INFO] [stdout]  76 | use windows_threadpool_sys::work::ThreadpoolWork;
[INFO] [stdout]     |                             ^^^^ could not find `work` in `windows_threadpool_sys`
[INFO] [stdout]     |
[INFO] [stdout] note: found an item that was configured out
[INFO] [stdout]    --> src/lib.rs:257:9
[INFO] [stdout]     |
[INFO] [stdout] 256 | #[cfg(windows)]
[INFO] [stdout]     |       ------- the item is gated here
[INFO] [stdout] 257 | pub mod work;
[INFO] [stdout]     |         ^^^^
[INFO] [stdout] 
[INFO] [stdout] error: aborting due to 3 previous errors
[INFO] [stdout] 
[INFO] [stdout] For more information about this error, try `rustc --explain E0432`.
[INFO] [stdout] Couldn't compile the test.
[INFO] [stdout] ---- src/lib.rs - (line 44) stdout ----
[INFO] [stdout] error[E0432]: unresolved import `windows_threadpool_sys::work`
[INFO] [stdout]    --> src/lib.rs:48:29
[INFO] [stdout]     |
[INFO] [stdout]  48 | use windows_threadpool_sys::work::ThreadpoolWork;
[INFO] [stdout]     |                             ^^^^ could not find `work` in `windows_threadpool_sys`
[INFO] [stdout]     |
[INFO] [stdout] note: found an item that was configured out
[INFO] [stdout]    --> src/lib.rs:257:9
[INFO] [stdout]     |
[INFO] [stdout] 256 | #[cfg(windows)]
[INFO] [stdout]     |       ------- the item is gated here
[INFO] [stdout] 257 | pub mod work;
[INFO] [stdout]     |         ^^^^
[INFO] [stdout] 
[INFO] [stdout] error: aborting due to 1 previous error
[INFO] [stdout] 
[INFO] [stdout] For more information about this error, try `rustc --explain E0432`.
[INFO] [stdout] Couldn't compile the test.
[INFO] [stdout] 
[INFO] [stdout] failures:
[INFO] [stdout]     src/lib.rs - (line 44)
[INFO] [stdout]     src/lib.rs - (line 70)
[INFO] [stdout] 
[INFO] [stdout] test result: FAILED. 0 passed; 2 failed; 0 ignored; 0 measured; 0 filtered out; finished in 0.08s
[INFO] [stdout] 
[INFO] [stdout] all doctests ran in 0.13s; merged doctests compilation took 0.05s
[INFO] [stderr] error: doctest failed, to rerun pass `--doc`
[INFO] running `Command { std: "docker" "inspect" "9f1ac5e3ecc361a8a50fe283e4c7e12794ab07ce2996f6218ddfe7e9b00d8b4a", kill_on_drop: false }`
[INFO] running `Command { std: "docker" "rm" "-f" "9f1ac5e3ecc361a8a50fe283e4c7e12794ab07ce2996f6218ddfe7e9b00d8b4a", kill_on_drop: false }`
[INFO] [stdout] 9f1ac5e3ecc361a8a50fe283e4c7e12794ab07ce2996f6218ddfe7e9b00d8b4a
