[INFO] fetching crate windows-future 0.100.0...
[INFO] testing windows-future-0.100.0 against 1.100.0-beta.1+cargoflags=--release for beta-release-1.100-2
[INFO] extracting crate windows-future 0.100.0 into /workspace/builds/worker-4-tc2/source
[INFO] started tweaking crates.io crate windows-future 0.100.0
[INFO] finished tweaking crates.io crate windows-future 0.100.0
[INFO] tweaked toml for crates.io crate windows-future 0.100.0 written to /workspace/builds/worker-4-tc2/source/Cargo.toml
[INFO] validating manifest of crates.io crate windows-future 0.100.0 on toolchain 1.100.0-beta.1
[INFO] running `Command { std: CARGO_HOME="/workspace/cargo-home" RUSTUP_HOME="/workspace/rustup-home" "/workspace/cargo-home/bin/cargo" "+1.100.0-beta.1" "metadata" "--manifest-path" "Cargo.toml" "--no-deps", kill_on_drop: false }`
[INFO] crate crates.io crate windows-future 0.100.0 already has a lockfile, it will not be regenerated
[INFO] running `Command { std: CARGO_HOME="/workspace/cargo-home" RUSTUP_HOME="/workspace/rustup-home" "/workspace/cargo-home/bin/cargo" "+1.100.0-beta.1" "fetch" "--manifest-path" "Cargo.toml", kill_on_drop: false }`
[INFO] running `Command { std: "docker" "create" "-v" "/var/lib/crater-agent-workspace/builds/worker-4-tc2/source:/opt/rustwide/workdir:ro,Z" "-v" "/var/lib/crater-agent-workspace/builds/worker-4-tc2/target:/opt/rustwide/target:rw,Z" "-v" "/var/lib/crater-agent-workspace/cargo-home:/opt/rustwide/cargo-home:ro,Z" "-v" "/var/lib/crater-agent-workspace/rustup-home:/opt/rustwide/rustup-home:ro,Z" "-m" "1610612736" "--network" "none" "ghcr.io/rust-lang/crates-build-env/linux@sha256:77db811e55d90add9212f6832c23229e3de5f1c1f9905e8cb07319ea15df73ac" "sleep" "infinity", kill_on_drop: false }`
[INFO] [stdout] d635f7e0ab4c21e440f502d03c3400f01a62904e139e7f7dd76d672c8d203610
[INFO] running `Command { std: "docker" "start" "d635f7e0ab4c21e440f502d03c3400f01a62904e139e7f7dd76d672c8d203610", kill_on_drop: false }`
[INFO] running `Command { std: "docker" "inspect" "d635f7e0ab4c21e440f502d03c3400f01a62904e139e7f7dd76d672c8d203610", kill_on_drop: false }`
[INFO] running `Command { std: "docker" "exec" "-e" "SOURCE_DIR=/opt/rustwide/workdir" "-e" "CARGO_HOME=/opt/rustwide/cargo-home" "-e" "RUSTUP_HOME=/opt/rustwide/rustup-home" "-e" "CARGO_TARGET_DIR=/opt/rustwide/target" "-w" "/opt/rustwide/workdir" "--user" "0:0" "d635f7e0ab4c21e440f502d03c3400f01a62904e139e7f7dd76d672c8d203610" "/opt/rustwide/cargo-home/bin/cargo" "+1.100.0-beta.1" "metadata" "--no-deps" "--format-version=1", kill_on_drop: false }`
[INFO] running `Command { std: "docker" "inspect" "d635f7e0ab4c21e440f502d03c3400f01a62904e139e7f7dd76d672c8d203610", kill_on_drop: false }`
[INFO] running `Command { std: "docker" "exec" "-e" "SOURCE_DIR=/opt/rustwide/workdir" "-e" "CARGO_HOME=/opt/rustwide/cargo-home" "-e" "RUSTUP_HOME=/opt/rustwide/rustup-home" "-e" "CARGO_TARGET_DIR=/opt/rustwide/target" "-e" "CARGO_INCREMENTAL=0" "-e" "RUST_BACKTRACE=full" "-e" "RUSTFLAGS=--cap-lints=warn" "-e" "RUSTDOCFLAGS=--cap-lints=warn" "-w" "/opt/rustwide/workdir" "--user" "0:0" "d635f7e0ab4c21e440f502d03c3400f01a62904e139e7f7dd76d672c8d203610" "/opt/rustwide/cargo-home/bin/cargo" "+1.100.0-beta.1" "build" "--frozen" "--message-format=json" "--release", kill_on_drop: false }`
[INFO] [stderr]    Compiling windows-link v0.100.0
[INFO] [stderr]    Compiling windows-strings v0.100.0
[INFO] [stderr]    Compiling windows-result v0.100.0
[INFO] [stderr]    Compiling windows-threading v0.100.0
[INFO] [stderr]    Compiling windows-core v0.100.0
[INFO] [stderr]    Compiling windows-future v0.100.0 (/opt/rustwide/workdir)
[INFO] [stderr] warning: unused dependency `windows-core`
[INFO] [stderr]  --> Cargo.toml:1:15
[INFO] [stderr]   |
[INFO] [stderr] 1 | [dependencies.windows-core]
[INFO] [stderr]   |               ^^^^^^^^^^^^^
[INFO] [stderr]   |
[INFO] [stderr]   = note: `cargo::unused_dependencies` is set to `warn` by default
[INFO] [stderr] help: consider removing the dependency on `windows-core`
[INFO] [stderr] warning: unused dependency `windows-threading`
[INFO] [stderr]  --> Cargo.toml:9:15
[INFO] [stderr]   |
[INFO] [stderr] 9 | [dependencies.windows-threading]
[INFO] [stderr]   |               ^^^^^^^^^^^^^^^^^^
[INFO] [stderr]   |
[INFO] [stderr] help: consider removing the dependency on `windows-threading`
[INFO] [stderr] warning: `windows-future` (manifest) generated 2 warnings
[INFO] [stderr]     Finished `release` profile [optimized] target(s) in 1.56s
[INFO] running `Command { std: "docker" "inspect" "d635f7e0ab4c21e440f502d03c3400f01a62904e139e7f7dd76d672c8d203610", kill_on_drop: false }`
[INFO] running `Command { std: "docker" "exec" "-e" "SOURCE_DIR=/opt/rustwide/workdir" "-e" "CARGO_HOME=/opt/rustwide/cargo-home" "-e" "RUSTUP_HOME=/opt/rustwide/rustup-home" "-e" "CARGO_TARGET_DIR=/opt/rustwide/target" "-e" "CARGO_INCREMENTAL=0" "-e" "RUST_BACKTRACE=full" "-e" "RUSTFLAGS=--cap-lints=warn" "-e" "RUSTDOCFLAGS=--cap-lints=warn" "-w" "/opt/rustwide/workdir" "--user" "0:0" "d635f7e0ab4c21e440f502d03c3400f01a62904e139e7f7dd76d672c8d203610" "/opt/rustwide/cargo-home/bin/cargo" "+1.100.0-beta.1" "test" "--frozen" "--no-run" "--message-format=json" "--release", kill_on_drop: false }`
[INFO] [stderr]    Compiling windows-future v0.100.0 (/opt/rustwide/workdir)
[INFO] [stderr] warning: unused dependency `windows-core`
[INFO] [stderr]  --> Cargo.toml:1:15
[INFO] [stderr]   |
[INFO] [stderr] 1 | [dependencies.windows-core]
[INFO] [stderr]   |               ^^^^^^^^^^^^^
[INFO] [stderr]   |
[INFO] [stderr]   = note: `cargo::unused_dependencies` is set to `warn` by default
[INFO] [stderr] help: consider removing the dependency on `windows-core`
[INFO] [stderr] warning: unused dependency `windows-threading`
[INFO] [stderr]  --> Cargo.toml:9:15
[INFO] [stderr]   |
[INFO] [stderr] 9 | [dependencies.windows-threading]
[INFO] [stderr]   |               ^^^^^^^^^^^^^^^^^^
[INFO] [stderr]   |
[INFO] [stderr] help: consider removing the dependency on `windows-threading`
[INFO] [stderr] warning: `windows-future` (manifest) generated 2 warnings
[INFO] [stderr]     Finished `release` profile [optimized] target(s) in 0.19s
[INFO] running `Command { std: "docker" "inspect" "d635f7e0ab4c21e440f502d03c3400f01a62904e139e7f7dd76d672c8d203610", kill_on_drop: false }`
[INFO] running `Command { std: "docker" "exec" "-e" "SOURCE_DIR=/opt/rustwide/workdir" "-e" "CARGO_HOME=/opt/rustwide/cargo-home" "-e" "RUSTUP_HOME=/opt/rustwide/rustup-home" "-e" "CARGO_TARGET_DIR=/opt/rustwide/target" "-e" "CARGO_INCREMENTAL=0" "-e" "RUST_BACKTRACE=full" "-e" "RUSTFLAGS=--cap-lints=warn" "-e" "RUSTDOCFLAGS=--cap-lints=warn" "-w" "/opt/rustwide/workdir" "--user" "0:0" "d635f7e0ab4c21e440f502d03c3400f01a62904e139e7f7dd76d672c8d203610" "/opt/rustwide/cargo-home/bin/cargo" "+1.100.0-beta.1" "test" "--frozen" "--release", kill_on_drop: false }`
[INFO] [stderr] warning: unused dependency `windows-core`
[INFO] [stderr]  --> Cargo.toml:1:15
[INFO] [stderr]   |
[INFO] [stderr] 1 | [dependencies.windows-core]
[INFO] [stderr]   |               ^^^^^^^^^^^^^
[INFO] [stderr]   |
[INFO] [stderr]   = note: `cargo::unused_dependencies` is set to `warn` by default
[INFO] [stderr] help: consider removing the dependency on `windows-core`
[INFO] [stderr] warning: unused dependency `windows-threading`
[INFO] [stderr]  --> Cargo.toml:9:15
[INFO] [stderr]   |
[INFO] [stderr] 9 | [dependencies.windows-threading]
[INFO] [stderr]   |               ^^^^^^^^^^^^^^^^^^
[INFO] [stderr]   |
[INFO] [stderr] help: consider removing the dependency on `windows-threading`
[INFO] [stderr] warning: `windows-future` (manifest) generated 2 warnings
[INFO] [stderr]     Finished `release` profile [optimized] target(s) in 0.02s
[INFO] [stderr]      Running unittests src/lib.rs (/opt/rustwide/target/release/build/windows-future/de5fc4f5c759ed00/out/windows_future-de5fc4f5c759ed00)
[INFO] [stderr]    Doc-tests windows_future
[INFO] [stdout] 
[INFO] [stdout] running 0 tests
[INFO] [stdout] 
[INFO] [stdout] test result: ok. 0 passed; 0 failed; 0 ignored; 0 measured; 0 filtered out; finished in 0.00s
[INFO] [stdout] 
[INFO] [stdout] 
[INFO] [stdout] running 1 test
[INFO] [stdout] test src/../readme.md - (line 18) - compile ... FAILED
[INFO] [stdout] 
[INFO] [stdout] failures:
[INFO] [stdout] 
[INFO] [stdout] ---- src/../readme.md - (line 18) stdout ----
[INFO] [stdout] error[E0433]: cannot find type `IAsyncOperation` in this scope
[INFO] [stdout]   --> src/../readme.md:23:13
[INFO] [stdout]    |
[INFO] [stdout] 23 | let ready = IAsyncOperation::ready(Ok(123));
[INFO] [stdout]    |             ^^^^^^^^^^^^^^^ use of undeclared type `IAsyncOperation`
[INFO] [stdout] 
[INFO] [stdout] error[E0433]: cannot find type `IAsyncOperation` in this scope
[INFO] [stdout]   --> src/../readme.md:26:13
[INFO] [stdout]    |
[INFO] [stdout] 26 | let ready = IAsyncOperation::spawn(|| {
[INFO] [stdout]    |             ^^^^^^^^^^^^^^^ use of undeclared type `IAsyncOperation`
[INFO] [stdout] 
[INFO] [stdout] error: aborting due to 2 previous errors
[INFO] [stdout] 
[INFO] [stdout] For more information about this error, try `rustc --explain E0433`.
[INFO] [stdout] Couldn't compile the test.
[INFO] [stdout] 
[INFO] [stdout] failures:
[INFO] [stdout]     src/../readme.md - (line 18)
[INFO] [stdout] 
[INFO] [stdout] test result: FAILED. 0 passed; 1 failed; 0 ignored; 0 measured; 0 filtered out; finished in 0.09s
[INFO] [stdout] 
[INFO] [stdout] all doctests ran in 0.20s; merged doctests compilation took 0.12s
[INFO] [stderr] error: doctest failed, to rerun pass `--doc`
[INFO] running `Command { std: "docker" "inspect" "d635f7e0ab4c21e440f502d03c3400f01a62904e139e7f7dd76d672c8d203610", kill_on_drop: false }`
[INFO] running `Command { std: "docker" "rm" "-f" "d635f7e0ab4c21e440f502d03c3400f01a62904e139e7f7dd76d672c8d203610", kill_on_drop: false }`
[INFO] [stdout] d635f7e0ab4c21e440f502d03c3400f01a62904e139e7f7dd76d672c8d203610
