[INFO] fetching crate window_switcher 0.3.0...
[INFO] testing window_switcher-0.3.0 against 1.99.0-beta.8+cargoflags=--release for beta-release-1.100-2
[INFO] extracting crate window_switcher 0.3.0 into /workspace/builds/worker-4-tc1/source
[INFO] started tweaking crates.io crate window_switcher 0.3.0
[INFO] finished tweaking crates.io crate window_switcher 0.3.0
[INFO] tweaked toml for crates.io crate window_switcher 0.3.0 written to /workspace/builds/worker-4-tc1/source/Cargo.toml
[INFO] validating manifest of crates.io crate window_switcher 0.3.0 on toolchain 1.99.0-beta.8
[INFO] running `Command { std: CARGO_HOME="/workspace/cargo-home" RUSTUP_HOME="/workspace/rustup-home" "/workspace/cargo-home/bin/cargo" "+1.99.0-beta.8" "metadata" "--manifest-path" "Cargo.toml" "--no-deps", kill_on_drop: false }`
[INFO] crate crates.io crate window_switcher 0.3.0 already has a lockfile, it will not be regenerated
[INFO] running `Command { std: CARGO_HOME="/workspace/cargo-home" RUSTUP_HOME="/workspace/rustup-home" "/workspace/cargo-home/bin/cargo" "+1.99.0-beta.8" "fetch" "--manifest-path" "Cargo.toml", kill_on_drop: false }`
[INFO] [stderr]     Updating crates.io index
[INFO] [stderr]  Downloading crates ...
[INFO] [stderr]   Downloaded svg v0.15.0
[INFO] [stderr]   Downloaded getrandom v0.2.11
[INFO] [stderr]   Downloaded hyprland v0.3.13
[INFO] [stderr]   Downloaded random_color v0.8.0
[INFO] [stderr]   Downloaded serde_repr v0.1.17
[INFO] [stderr]   Downloaded clap_lex v0.6.0
[INFO] [stderr]   Downloaded futures-sink v0.3.29
[INFO] [stderr]   Downloaded strum v0.26.1
[INFO] [stderr]   Downloaded paste v1.0.14
[INFO] [stderr]   Downloaded futures-macro v0.3.29
[INFO] [stderr]   Downloaded anstyle v1.0.4
[INFO] [stderr]   Downloaded hyprland-macros v0.3.4
[INFO] [stderr]   Downloaded futures-io v0.3.29
[INFO] [stderr]   Downloaded futures-core v0.3.29
[INFO] [stderr]   Downloaded futures-executor v0.3.29
[INFO] [stderr]   Downloaded async-trait v0.1.74
[INFO] [stderr]   Downloaded futures-task v0.3.29
[INFO] [stderr]   Downloaded clap_derive v4.4.7
[INFO] [stderr]   Downloaded anstream v0.6.11
[INFO] [stderr]   Downloaded proc-macro2 v1.0.70
[INFO] [stderr]   Downloaded strum_macros v0.26.1
[INFO] [stderr]   Downloaded ryu v1.0.16
[INFO] [stderr]   Downloaded smallvec v1.11.2
[INFO] [stderr]   Downloaded derive_more v0.99.17
[INFO] [stderr]   Downloaded clap v4.4.18
[INFO] [stderr]   Downloaded futures v0.3.29
[INFO] [stderr]   Downloaded futures-channel v0.3.29
[INFO] [stderr]   Downloaded serde v1.0.193
[INFO] [stderr]   Downloaded serde_derive v1.0.193
[INFO] [stderr]   Downloaded serde_json v1.0.108
[INFO] [stderr]   Downloaded futures-util v0.3.29
[INFO] [stderr]   Downloaded clap_builder v4.4.18
[INFO] [stderr]   Downloaded aho-corasick v1.1.2
[INFO] [stderr]   Downloaded syn v2.0.41
[INFO] [stderr]   Downloaded regex v1.10.2
[INFO] [stderr]   Downloaded object v0.32.1
[INFO] [stderr]   Downloaded libc v0.2.151
[INFO] [stderr]   Downloaded regex-automata v0.4.3
[INFO] [stderr]   Downloaded tokio v1.35.0
[INFO] running `Command { std: "docker" "create" "-v" "/var/lib/crater-agent-workspace/builds/worker-4-tc1/source:/opt/rustwide/workdir:ro,Z" "-v" "/var/lib/crater-agent-workspace/builds/worker-4-tc1/target:/opt/rustwide/target:rw,Z" "-v" "/var/lib/crater-agent-workspace/cargo-home:/opt/rustwide/cargo-home:ro,Z" "-v" "/var/lib/crater-agent-workspace/rustup-home:/opt/rustwide/rustup-home:ro,Z" "-m" "1610612736" "--network" "none" "ghcr.io/rust-lang/crates-build-env/linux@sha256:77db811e55d90add9212f6832c23229e3de5f1c1f9905e8cb07319ea15df73ac" "sleep" "infinity", kill_on_drop: false }`
[INFO] [stdout] a768d2419352e61a473d37f995624279e8929b4aee7d185564516424a23457f4
[INFO] running `Command { std: "docker" "start" "a768d2419352e61a473d37f995624279e8929b4aee7d185564516424a23457f4", kill_on_drop: false }`
[INFO] running `Command { std: "docker" "inspect" "a768d2419352e61a473d37f995624279e8929b4aee7d185564516424a23457f4", kill_on_drop: false }`
[INFO] running `Command { std: "docker" "exec" "-e" "SOURCE_DIR=/opt/rustwide/workdir" "-e" "CARGO_HOME=/opt/rustwide/cargo-home" "-e" "RUSTUP_HOME=/opt/rustwide/rustup-home" "-e" "CARGO_TARGET_DIR=/opt/rustwide/target" "-w" "/opt/rustwide/workdir" "--user" "0:0" "a768d2419352e61a473d37f995624279e8929b4aee7d185564516424a23457f4" "/opt/rustwide/cargo-home/bin/cargo" "+1.99.0-beta.8" "metadata" "--no-deps" "--format-version=1", kill_on_drop: false }`
[INFO] running `Command { std: "docker" "inspect" "a768d2419352e61a473d37f995624279e8929b4aee7d185564516424a23457f4", kill_on_drop: false }`
[INFO] running `Command { std: "docker" "exec" "-e" "SOURCE_DIR=/opt/rustwide/workdir" "-e" "CARGO_HOME=/opt/rustwide/cargo-home" "-e" "RUSTUP_HOME=/opt/rustwide/rustup-home" "-e" "CARGO_TARGET_DIR=/opt/rustwide/target" "-e" "CARGO_INCREMENTAL=0" "-e" "RUST_BACKTRACE=full" "-e" "RUSTFLAGS=--cap-lints=warn" "-e" "RUSTDOCFLAGS=--cap-lints=warn" "-w" "/opt/rustwide/workdir" "--user" "0:0" "a768d2419352e61a473d37f995624279e8929b4aee7d185564516424a23457f4" "/opt/rustwide/cargo-home/bin/cargo" "+1.99.0-beta.8" "build" "--frozen" "--message-format=json" "--release", kill_on_drop: false }`
[INFO] [stderr]    Compiling proc-macro2 v1.0.70
[INFO] [stderr]    Compiling unicode-ident v1.0.12
[INFO] [stderr]    Compiling libc v0.2.151
[INFO] [stderr]    Compiling futures-core v0.3.29
[INFO] [stderr]    Compiling memchr v2.6.4
[INFO] [stderr]    Compiling futures-task v0.3.29
[INFO] [stderr]    Compiling futures-channel v0.3.29
[INFO] [stderr]    Compiling slab v0.4.9
[INFO] [stderr]    Compiling lock_api v0.4.11
[INFO] [stderr]    Compiling futures-sink v0.3.29
[INFO] [stderr]    Compiling heck v0.4.1
[INFO] [stderr]    Compiling rustversion v1.0.14
[INFO] [stderr]    Compiling parking_lot_core v0.9.9
[INFO] [stderr]    Compiling pin-project-lite v0.2.13
[INFO] [stderr]    Compiling futures-util v0.3.29
[INFO] [stderr]    Compiling utf8parse v0.2.1
[INFO] [stderr]    Compiling futures-io v0.3.29
[INFO] [stderr]    Compiling smallvec v1.11.2
[INFO] [stderr]    Compiling serde v1.0.193
[INFO] [stderr]    Compiling syn v1.0.109
[INFO] [stderr]    Compiling anstyle-parse v0.2.3
[INFO] [stderr]    Compiling num-traits v0.2.17
[INFO] [stderr]    Compiling anstyle-query v1.0.2
[INFO] [stderr]    Compiling async-trait v0.1.74
[INFO] [stderr]    Compiling aho-corasick v1.1.2
[INFO] [stderr]    Compiling quote v1.0.33
[INFO] [stderr]    Compiling anstyle v1.0.4
[INFO] [stderr]    Compiling regex-syntax v0.8.2
[INFO] [stderr]    Compiling syn v2.0.41
[INFO] [stderr]    Compiling doc-comment v0.3.3
[INFO] [stderr]    Compiling paste v1.0.14
[INFO] [stderr]    Compiling serde_json v1.0.108
[INFO] [stderr]    Compiling colorchoice v1.0.0
[INFO] [stderr]    Compiling parking_lot v0.12.1
[INFO] [stderr]    Compiling anstream v0.6.11
[INFO] [stderr]    Compiling mio v0.8.10
[INFO] [stderr]    Compiling socket2 v0.5.5
[INFO] [stderr]    Compiling num_cpus v1.16.0
[INFO] [stderr]    Compiling signal-hook-registry v1.4.1
[INFO] [stderr]    Compiling bytes v1.5.0
[INFO] [stderr]    Compiling convert_case v0.4.0
[INFO] [stderr]    Compiling ryu v1.0.16
[INFO] [stderr]    Compiling itoa v1.0.10
[INFO] [stderr]    Compiling clap_lex v0.6.0
[INFO] [stderr]    Compiling clap_builder v4.4.18
[INFO] [stderr]    Compiling regex-automata v0.4.3
[INFO] [stderr]    Compiling derive_more v0.99.17
[INFO] [stderr]    Compiling futures-macro v0.3.29
[INFO] [stderr]    Compiling serde_derive v1.0.193
[INFO] [stderr]    Compiling strum_macros v0.26.1
[INFO] [stderr]    Compiling tokio-macros v2.2.0
[INFO] [stderr]    Compiling regex v1.10.2
[INFO] [stderr]    Compiling tokio v1.35.0
[INFO] [stderr]    Compiling strum v0.26.1
[INFO] [stderr]    Compiling clap_derive v4.4.7
[INFO] [stderr]    Compiling hyprland-macros v0.3.4
[INFO] [stderr]    Compiling serde_repr v0.1.17
[INFO] [stderr]    Compiling futures-executor v0.3.29
[INFO] [stderr]    Compiling clap v4.4.18
[INFO] [stderr]    Compiling futures v0.3.29
[INFO] [stderr]    Compiling hyprland v0.3.13
[INFO] [stderr]    Compiling window_switcher v0.3.0 (/opt/rustwide/workdir)
[INFO] [stderr]     Finished `release` profile [optimized] target(s) in 1m 55s
[INFO] running `Command { std: "docker" "inspect" "a768d2419352e61a473d37f995624279e8929b4aee7d185564516424a23457f4", kill_on_drop: false }`
[INFO] running `Command { std: "docker" "exec" "-e" "SOURCE_DIR=/opt/rustwide/workdir" "-e" "CARGO_HOME=/opt/rustwide/cargo-home" "-e" "RUSTUP_HOME=/opt/rustwide/rustup-home" "-e" "CARGO_TARGET_DIR=/opt/rustwide/target" "-e" "CARGO_INCREMENTAL=0" "-e" "RUST_BACKTRACE=full" "-e" "RUSTFLAGS=--cap-lints=warn" "-e" "RUSTDOCFLAGS=--cap-lints=warn" "-w" "/opt/rustwide/workdir" "--user" "0:0" "a768d2419352e61a473d37f995624279e8929b4aee7d185564516424a23457f4" "/opt/rustwide/cargo-home/bin/cargo" "+1.99.0-beta.8" "test" "--frozen" "--no-run" "--message-format=json" "--release", kill_on_drop: false }`
[INFO] [stderr]    Compiling getrandom v0.2.11
[INFO] [stderr]    Compiling ppv-lite86 v0.2.17
[INFO] [stderr]    Compiling svg v0.15.0
[INFO] [stderr]    Compiling rand_core v0.6.4
[INFO] [stderr]    Compiling rand_chacha v0.3.1
[INFO] [stderr]    Compiling rand v0.8.5
[INFO] [stderr]    Compiling random_color v0.8.0
[INFO] [stderr]    Compiling window_switcher v0.3.0 (/opt/rustwide/workdir)
[INFO] [stderr]     Finished `release` profile [optimized] target(s) in 10.15s
[INFO] running `Command { std: "docker" "inspect" "a768d2419352e61a473d37f995624279e8929b4aee7d185564516424a23457f4", kill_on_drop: false }`
[INFO] running `Command { std: "docker" "exec" "-e" "SOURCE_DIR=/opt/rustwide/workdir" "-e" "CARGO_HOME=/opt/rustwide/cargo-home" "-e" "RUSTUP_HOME=/opt/rustwide/rustup-home" "-e" "CARGO_TARGET_DIR=/opt/rustwide/target" "-e" "CARGO_INCREMENTAL=0" "-e" "RUST_BACKTRACE=full" "-e" "RUSTFLAGS=--cap-lints=warn" "-e" "RUSTDOCFLAGS=--cap-lints=warn" "-w" "/opt/rustwide/workdir" "--user" "0:0" "a768d2419352e61a473d37f995624279e8929b4aee7d185564516424a23457f4" "/opt/rustwide/cargo-home/bin/cargo" "+1.99.0-beta.8" "test" "--frozen" "--release", kill_on_drop: false }`
[INFO] [stderr]     Finished `release` profile [optimized] target(s) in 0.31s
[INFO] [stderr]      Running unittests src/lib.rs (/opt/rustwide/target/release/deps/window_switcher-37ace9c3df6ea97c)
[INFO] [stdout] 
[INFO] [stdout] running 0 tests
[INFO] [stdout] 
[INFO] [stdout] test result: ok. 0 passed; 0 failed; 0 ignored; 0 measured; 0 filtered out; finished in 0.00s
[INFO] [stdout] 
[INFO] [stderr]      Running unittests src/main.rs (/opt/rustwide/target/release/deps/window_switcher-3449e9dcee471d5b)
[INFO] [stderr]      Running tests/mod.rs (/opt/rustwide/target/release/deps/mod-a735253c3d4ea5d3)
[INFO] [stdout] 
[INFO] [stdout] running 0 tests
[INFO] [stdout] 
[INFO] [stdout] test result: ok. 0 passed; 0 failed; 0 ignored; 0 measured; 0 filtered out; finished in 0.00s
[INFO] [stdout] 
[INFO] [stdout] 
[INFO] [stdout] running 20 tests
[INFO] [stdout] test multi_workspace_multi_monitor_horizontal::default_more_monitor ... FAILED
[INFO] [stdout] test many_windows::many_2 ... FAILED
[INFO] [stdout] test many_windows::many_1 ... FAILED
[INFO] [stdout] test multi_workspace_multi_monitor_horizontal::ignore_workspaces_more_monitor ... FAILED
[INFO] [stdout] test multi_workspaces::default ... FAILED
[INFO] [stdout] test multi_workspaces::ignore_workspace ... FAILED
[INFO] [stdout] test multi_workspace_multi_monitor_horizontal::ignore_workspaces ... FAILED
[INFO] [stdout] test multi_workspaces::vertical ... FAILED
[INFO] [stdout] test multi_workspace_multi_monitor_horizontal::default ... FAILED
[INFO] [stdout] test multi_workspace_multi_monitor_horizontal::ignore_monitor_more_monitor ... FAILED
[INFO] [stdout] test multi_workspace_multi_monitor_horizontal::ignore_monitor_ignore_workspace - should panic ... ok
[INFO] [stdout] test simple::simple_4 ... FAILED
[INFO] [stdout] test simple::float_1 ... FAILED
[INFO] [stdout] test simple::simple_1 ... FAILED
[INFO] [stdout] test simple::simple_5 ... FAILED
[INFO] [stdout] test simple::simple_3 ... FAILED
[INFO] [stdout] test simple::simple_2 ... FAILED
[INFO] [stdout] test multi_workspaces::vertical_ignore_workspace ... FAILED
[INFO] [stdout] test multi_workspace_multi_monitor_horizontal::ignore_monitor ... FAILED
[INFO] [stdout] test multi_workspace_multi_monitor_horizontal::ignore_monitor_ignore_workspace_more_monitor - should panic ... ok
[INFO] [stdout] 
[INFO] [stdout] failures:
[INFO] [stdout] 
[INFO] [stdout] ---- multi_workspace_multi_monitor_horizontal::default_more_monitor stdout ----
[INFO] [stdout] [MockClient(1, 1, 1, 3, 0, 0, "1"), MockClient(3, 1, 1, 3, 0, 0, "2"), MockClient(1, 5, 1, 2, 0, 0, "3"), MockClient(3, 5, 1, 2, 0, 0, "4"), MockClient(6, 1, 1, 3, 1, 0, "5"), MockClient(8, 1, 1, 2, 1, 0, "6"), MockClient(8, 4, 1, 3, 1, 0, "7"), MockClient(6, 5, 1, 2, 1, 0, "8"), MockClient(0, 1, 1, 3, 2, 1, "9"), MockClient(2, 1, 2, 3, 2, 1, "10"), MockClient(0, 5, 2, 2, 2, 1, "11"), MockClient(3, 5, 1, 2, 2, 1, "12"), MockClient(5, 1, 1, 3, 3, 1, "13"), MockClient(7, 1, 2, 2, 3, 1, "14"), MockClient(7, 4, 2, 3, 3, 1, "15"), MockClient(5, 5, 1, 2, 3, 1, "16"), MockClient(1, 0, 1, 3, 4, 2, "17"), MockClient(3, 0, 1, 3, 4, 2, "18"), MockClient(1, 4, 1, 2, 4, 2, "19"), MockClient(3, 4, 1, 2, 4, 2, "20"), MockClient(6, 0, 1, 3, 5, 2, "21"), MockClient(8, 0, 1, 2, 5, 2, "22"), MockClient(8, 3, 1, 3, 5, 2, "23"), MockClient(6, 4, 1, 2, 5, 2, "24"), MockClient(0, 0, 1, 3, 6, 3, "25"), MockClient(2, 0, 2, 3, 6, 3, "26"), MockClient(0, 4, 2, 2, 6, 3, "27"), MockClient(3, 4, 1, 2, 6, 3, "28"), MockClient(5, 0, 1, 2, 7, 3, "29"), MockClient(7, 0, 2, 3, 7, 3, "30"), MockClient(5, 3, 1, 3, 7, 3, "31"), MockClient(7, 4, 2, 2, 7, 3, "32")] (13.33µs)
[INFO] [stdout] 
[INFO] [stdout] thread 'multi_workspace_multi_monitor_horizontal::default_more_monitor' (1735) panicked at tests/mod.rs:86:14:
[INFO] [stdout] unable to create test-svgs directory and subdirectories: Os { code: 30, kind: ReadOnlyFilesystem, message: "Read-only file system" }
[INFO] [stdout] stack backtrace:
[INFO] [stdout]    0:     0x5a0a4d2b0941 - <<std[70759c8f55707aa4]::sys::backtrace::BacktraceLock>::print::DisplayBacktrace as core[df12db4294e9bfd3]::fmt::Display>::fmt
[INFO] [stdout]    1:     0x5a0a4d2c562a - core[df12db4294e9bfd3]::fmt::write
[INFO] [stdout]    2:     0x5a0a4d2b4ddc - <alloc[2182bb758b4b3781]::vec::Vec<u8> as core[df12db4294e9bfd3]::io::write::Write>::write_fmt
[INFO] [stdout]    3:     0x5a0a4d28c686 - std[70759c8f55707aa4]::panicking::default_hook::{closure#0}
[INFO] [stdout]    4:     0x5a0a4d2a90a9 - std[70759c8f55707aa4]::panicking::default_hook
[INFO] [stdout]    5:     0x5a0a4d23e970 - test[9d35eded1c95d3be]::test_main_inner::<test[9d35eded1c95d3be]::test_main_static::{closure#0}>::{closure#0}
[INFO] [stdout]    6:     0x5a0a4d2a9262 - std[70759c8f55707aa4]::panicking::panic_with_hook
[INFO] [stdout]    7:     0x5a0a4d28c732 - std[70759c8f55707aa4]::panicking::panic_handler::{closure#0}
[INFO] [stdout]    8:     0x5a0a4d285399 - std[70759c8f55707aa4]::sys::backtrace::__rust_end_short_backtrace::<std[70759c8f55707aa4]::panicking::panic_handler::{closure#0}, !>
[INFO] [stdout]    9:     0x5a0a4d28d32d - __rustc[8fa7c3cbc660c2b3]::rust_begin_unwind
[INFO] [stdout]   10:     0x5a0a4d2c5d5c - core[df12db4294e9bfd3]::panicking::panic_fmt
[INFO] [stdout]   11:     0x5a0a4d2c5b32 - core[df12db4294e9bfd3]::result::unwrap_failed
[INFO] [stdout]   12:     0x5a0a4d225d6f - mod[3d932a9ad9e1dd2e]::common::create_svg_from_client_tests::<mod[3d932a9ad9e1dd2e]::common::MockClient>
[INFO] [stdout]   13:     0x5a0a4d20ec6f - mod[3d932a9ad9e1dd2e]::multi_workspace_multi_monitor_horizontal::default_more_monitor
[INFO] [stdout]   14:     0x5a0a4d2254b9 - <mod[3d932a9ad9e1dd2e]::multi_workspace_multi_monitor_horizontal::default_more_monitor::{closure#0} as core[df12db4294e9bfd3]::ops::function::FnOnce<()>>::call_once
[INFO] [stdout]   15:     0x5a0a4d231c5b - test[9d35eded1c95d3be]::__rust_begin_short_backtrace::<core[df12db4294e9bfd3]::result::Result<(), alloc[2182bb758b4b3781]::string::String>, fn() -> core[df12db4294e9bfd3]::result::Result<(), alloc[2182bb758b4b3781]::string::String>>
[INFO] [stdout]   16:     0x5a0a4d23f2c5 - test[9d35eded1c95d3be]::run_test::{closure#0}
[INFO] [stdout]   17:     0x5a0a4d238b84 - std[70759c8f55707aa4]::sys::backtrace::__rust_begin_short_backtrace::<test[9d35eded1c95d3be]::run_test::{closure#1}, ()>
[INFO] [stdout]   18:     0x5a0a4d242422 - <std[70759c8f55707aa4]::thread::lifecycle::spawn_unchecked<test[9d35eded1c95d3be]::run_test::{closure#1}, ()>::{closure#1} as core[df12db4294e9bfd3]::ops::function::FnOnce<()>>::call_once::{shim:vtable#0}
[INFO] [stdout]   19:     0x5a0a4d2b0219 - <std[70759c8f55707aa4]::sys::thread::unix::Thread>::new::thread_start
[INFO] [stdout]   20:     0x7040e495bdfa - <unknown>
[INFO] [stdout]   21:     0x7040e49ef3d4 - clone
[INFO] [stdout]   22:                0x0 - <unknown>
[INFO] [stdout] 
[INFO] [stdout] ---- many_windows::many_2 stdout ----
[INFO] [stdout] updated clients: [MockClient(1, 1, 2, 3, 0, 0, "1"), MockClient(5, 3, 1, 3, 0, 0, "2"), MockClient(8, 2, 2, 2, 0, 0, "3"), MockClient(11, 1, 1, 6, 0, 0, "4"), MockClient(2, 5, 2, 4, 0, 0, "5"), MockClient(7, 8, 2, 2, 0, 0, "6"), MockClient(8, 5, 2, 2, 0, 0, "7"), MockClient(0, 11, 1, 2, 0, 0, "8"), MockClient(10, 11, 2, 2, 0, 0, "9")]
[INFO] [stdout] [MockClient(1, 1, 2, 3, 0, 0, "1"), MockClient(5, 3, 1, 3, 0, 0, "2"), MockClient(8, 2, 2, 2, 0, 0, "3"), MockClient(11, 1, 1, 6, 0, 0, "4"), MockClient(2, 5, 2, 4, 0, 0, "5"), MockClient(7, 8, 2, 2, 0, 0, "6"), MockClient(8, 5, 2, 2, 0, 0, "7"), MockClient(0, 11, 1, 2, 0, 0, "8"), MockClient(10, 11, 2, 2, 0, 0, "9")] (6.99µs)
[INFO] [stdout] 
[INFO] [stdout] thread 'many_windows::many_2' (1733) panicked at tests/mod.rs:86:14:
[INFO] [stdout] unable to create test-svgs directory and subdirectories: Os { code: 30, kind: ReadOnlyFilesystem, message: "Read-only file system" }
[INFO] [stdout] stack backtrace:
[INFO] [stdout]    0:     0x5a0a4d2b0941 - <<std[70759c8f55707aa4]::sys::backtrace::BacktraceLock>::print::DisplayBacktrace as core[df12db4294e9bfd3]::fmt::Display>::fmt
[INFO] [stdout]    1:     0x5a0a4d2c562a - core[df12db4294e9bfd3]::fmt::write
[INFO] [stdout]    2:     0x5a0a4d2b4ddc - <alloc[2182bb758b4b3781]::vec::Vec<u8> as core[df12db4294e9bfd3]::io::write::Write>::write_fmt
[INFO] [stdout]    3:     0x5a0a4d28c686 - std[70759c8f55707aa4]::panicking::default_hook::{closure#0}
[INFO] [stdout]    4:     0x5a0a4d2a90a9 - std[70759c8f55707aa4]::panicking::default_hook
[INFO] [stdout]    5:     0x5a0a4d23e970 - test[9d35eded1c95d3be]::test_main_inner::<test[9d35eded1c95d3be]::test_main_static::{closure#0}>::{closure#0}
[INFO] [stdout]    6:     0x5a0a4d2a9262 - std[70759c8f55707aa4]::panicking::panic_with_hook
[INFO] [stdout]    7:     0x5a0a4d28c732 - std[70759c8f55707aa4]::panicking::panic_handler::{closure#0}
[INFO] [stdout]    8:     0x5a0a4d285399 - std[70759c8f55707aa4]::sys::backtrace::__rust_end_short_backtrace::<std[70759c8f55707aa4]::panicking::panic_handler::{closure#0}, !>
[INFO] [stdout]    9:     0x5a0a4d28d32d - __rustc[8fa7c3cbc660c2b3]::rust_begin_unwind
[INFO] [stdout]   10:     0x5a0a4d2c5d5c - core[df12db4294e9bfd3]::panicking::panic_fmt
[INFO] [stdout]   11:     0x5a0a4d2c5b32 - core[df12db4294e9bfd3]::result::unwrap_failed
[INFO] [stdout]   12:     0x5a0a4d225d6f - mod[3d932a9ad9e1dd2e]::common::create_svg_from_client_tests::<mod[3d932a9ad9e1dd2e]::common::MockClient>
[INFO] [stdout]   13:     0x5a0a4d2274ef - mod[3d932a9ad9e1dd2e]::many_windows::many_2
[INFO] [stdout]   14:     0x5a0a4d2253d9 - <mod[3d932a9ad9e1dd2e]::many_windows::many_2::{closure#0} as core[df12db4294e9bfd3]::ops::function::FnOnce<()>>::call_once
[INFO] [stdout]   15:     0x5a0a4d231c5b - test[9d35eded1c95d3be]::__rust_begin_short_backtrace::<core[df12db4294e9bfd3]::result::Result<(), alloc[2182bb758b4b3781]::string::String>, fn() -> core[df12db4294e9bfd3]::result::Result<(), alloc[2182bb758b4b3781]::string::String>>
[INFO] [stdout]   16:     0x5a0a4d23f2c5 - test[9d35eded1c95d3be]::run_test::{closure#0}
[INFO] [stdout]   17:     0x5a0a4d238b84 - std[70759c8f55707aa4]::sys::backtrace::__rust_begin_short_backtrace::<test[9d35eded1c95d3be]::run_test::{closure#1}, ()>
[INFO] [stdout]   18:     0x5a0a4d242422 - <std[70759c8f55707aa4]::thread::lifecycle::spawn_unchecked<test[9d35eded1c95d3be]::run_test::{closure#1}, ()>::{closure#1} as core[df12db4294e9bfd3]::ops::function::FnOnce<()>>::call_once::{shim:vtable#0}
[INFO] [stdout]   19:     0x5a0a4d2b0219 - <std[70759c8f55707aa4]::sys::thread::unix::Thread>::new::thread_start
[INFO] [stdout]   20:     0x7040e495bdfa - <unknown>
[INFO] [stdout]   21:     0x7040e49ef3d4 - clone
[INFO] [stdout]   22:                0x0 - <unknown>
[INFO] [stdout] 
[INFO] [stdout] ---- many_windows::many_1 stdout ----
[INFO] [stdout] updated clients: [MockClient(1, 1, 2, 3, 0, 0, "1"), MockClient(5, 3, 1, 2, 0, 0, "2"), MockClient(8, 2, 2, 2, 0, 0, "3"), MockClient(11, 1, 1, 6, 0, 0, "4"), MockClient(8, 5, 2, 2, 0, 0, "5"), MockClient(2, 7, 2, 4, 0, 0, "6"), MockClient(7, 8, 2, 2, 0, 0, "7")]
[INFO] [stdout] [MockClient(1, 1, 2, 3, 0, 0, "1"), MockClient(5, 3, 1, 2, 0, 0, "2"), MockClient(8, 2, 2, 2, 0, 0, "3"), MockClient(11, 1, 1, 6, 0, 0, "4"), MockClient(8, 5, 2, 2, 0, 0, "5"), MockClient(2, 7, 2, 4, 0, 0, "6"), MockClient(7, 8, 2, 2, 0, 0, "7")] (3.09µs)
[INFO] [stdout] 
[INFO] [stdout] thread 'many_windows::many_1' (1732) panicked at tests/mod.rs:86:14:
[INFO] [stdout] unable to create test-svgs directory and subdirectories: Os { code: 30, kind: ReadOnlyFilesystem, message: "Read-only file system" }
[INFO] [stdout] stack backtrace:
[INFO] [stdout]    0:     0x5a0a4d2b0941 - <<std[70759c8f55707aa4]::sys::backtrace::BacktraceLock>::print::DisplayBacktrace as core[df12db4294e9bfd3]::fmt::Display>::fmt
[INFO] [stdout]    1:     0x5a0a4d2c562a - core[df12db4294e9bfd3]::fmt::write
[INFO] [stdout]    2:     0x5a0a4d2b4ddc - <alloc[2182bb758b4b3781]::vec::Vec<u8> as core[df12db4294e9bfd3]::io::write::Write>::write_fmt
[INFO] [stdout]    3:     0x5a0a4d28c686 - std[70759c8f55707aa4]::panicking::default_hook::{closure#0}
[INFO] [stdout]    4:     0x5a0a4d2a90a9 - std[70759c8f55707aa4]::panicking::default_hook
[INFO] [stdout]    5:     0x5a0a4d23e970 - test[9d35eded1c95d3be]::test_main_inner::<test[9d35eded1c95d3be]::test_main_static::{closure#0}>::{closure#0}
[INFO] [stdout]    6:     0x5a0a4d2a9262 - std[70759c8f55707aa4]::panicking::panic_with_hook
[INFO] [stdout]    7:     0x5a0a4d28c732 - std[70759c8f55707aa4]::panicking::panic_handler::{closure#0}
[INFO] [stdout]    8:     0x5a0a4d285399 - std[70759c8f55707aa4]::sys::backtrace::__rust_end_short_backtrace::<std[70759c8f55707aa4]::panicking::panic_handler::{closure#0}, !>
[INFO] [stdout]    9:     0x5a0a4d28d32d - __rustc[8fa7c3cbc660c2b3]::rust_begin_unwind
[INFO] [stdout]   10:     0x5a0a4d2c5d5c - core[df12db4294e9bfd3]::panicking::panic_fmt
[INFO] [stdout]   11:     0x5a0a4d2c5b32 - core[df12db4294e9bfd3]::result::unwrap_failed
[INFO] [stdout]   12:     0x5a0a4d225d6f - mod[3d932a9ad9e1dd2e]::common::create_svg_from_client_tests::<mod[3d932a9ad9e1dd2e]::common::MockClient>
[INFO] [stdout]   13:     0x5a0a4d22681f - mod[3d932a9ad9e1dd2e]::many_windows::many_1
[INFO] [stdout]   14:     0x5a0a4d2253b9 - <mod[3d932a9ad9e1dd2e]::many_windows::many_1::{closure#0} as core[df12db4294e9bfd3]::ops::function::FnOnce<()>>::call_once
[INFO] [stdout]   15:     0x5a0a4d231c5b - test[9d35eded1c95d3be]::__rust_begin_short_backtrace::<core[df12db4294e9bfd3]::result::Result<(), alloc[2182bb758b4b3781]::string::String>, fn() -> core[df12db4294e9bfd3]::result::Result<(), alloc[2182bb758b4b3781]::string::String>>
[INFO] [stdout]   16:     0x5a0a4d23f2c5 - test[9d35eded1c95d3be]::run_test::{closure#0}
[INFO] [stdout]   17:     0x5a0a4d238b84 - std[70759c8f55707aa4]::sys::backtrace::__rust_begin_short_backtrace::<test[9d35eded1c95d3be]::run_test::{closure#1}, ()>
[INFO] [stdout]   18:     0x5a0a4d242422 - <std[70759c8f55707aa4]::thread::lifecycle::spawn_unchecked<test[9d35eded1c95d3be]::run_test::{closure#1}, ()>::{closure#1} as core[df12db4294e9bfd3]::ops::function::FnOnce<()>>::call_once::{shim:vtable#0}
[INFO] [stdout]   19:     0x5a0a4d2b0219 - <std[70759c8f55707aa4]::sys::thread::unix::Thread>::new::thread_start
[INFO] [stdout]   20:     0x7040e495bdfa - <unknown>
[INFO] [stdout]   21:     0x7040e49ef3d4 - clone
[INFO] [stdout]   22:                0x0 - <unknown>
[INFO] [stdout] 
[INFO] [stdout] ---- multi_workspace_multi_monitor_horizontal::ignore_workspaces_more_monitor stdout ----
[INFO] [stdout] [MockClient(1, 1, 1, 3, 0, 0, "1"), MockClient(3, 1, 1, 3, 0, 0, "2"), MockClient(6, 1, 1, 3, 1, 0, "3"), MockClient(8, 1, 1, 2, 1, 0, "4"), MockClient(8, 4, 1, 3, 1, 0, "5"), MockClient(1, 5, 1, 2, 0, 0, "6"), MockClient(3, 5, 1, 2, 0, 0, "7"), MockClient(6, 5, 1, 2, 1, 0, "8"), MockClient(0, 1, 1, 3, 2, 1, "9"), MockClient(2, 1, 2, 3, 2, 1, "10"), MockClient(5, 1, 1, 3, 3, 1, "11"), MockClient(7, 1, 2, 2, 3, 1, "12"), MockClient(7, 4, 2, 3, 3, 1, "13"), MockClient(0, 5, 2, 2, 2, 1, "14"), MockClient(3, 5, 1, 2, 2, 1, "15"), MockClient(5, 5, 1, 2, 3, 1, "16"), MockClient(1, 0, 1, 3, 4, 2, "17"), MockClient(3, 0, 1, 3, 4, 2, "18"), MockClient(6, 0, 1, 3, 5, 2, "19"), MockClient(8, 0, 1, 2, 5, 2, "20"), MockClient(8, 3, 1, 3, 5, 2, "21"), MockClient(1, 4, 1, 2, 4, 2, "22"), MockClient(3, 4, 1, 2, 4, 2, "23"), MockClient(6, 4, 1, 2, 5, 2, "24"), MockClient(0, 0, 1, 3, 6, 3, "25"), MockClient(2, 0, 2, 3, 6, 3, "26"), MockClient(5, 0, 1, 2, 7, 3, "27"), MockClient(5, 3, 1, 3, 7, 3, "28"), MockClient(7, 0, 2, 3, 7, 3, "29"), MockClient(0, 4, 2, 2, 6, 3, "30"), MockClient(3, 4, 1, 2, 6, 3, "31"), MockClient(7, 4, 2, 2, 7, 3, "32")] (6.92µs)
[INFO] [stdout] 
[INFO] [stdout] thread 'multi_workspace_multi_monitor_horizontal::ignore_workspaces_more_monitor' (1741) panicked at tests/mod.rs:86:14:
[INFO] [stdout] unable to create test-svgs directory and subdirectories: Os { code: 30, kind: ReadOnlyFilesystem, message: "Read-only file system" }
[INFO] [stdout] stack backtrace:
[INFO] [stdout]    0:     0x5a0a4d2b0941 - <<std[70759c8f55707aa4]::sys::backtrace::BacktraceLock>::print::DisplayBacktrace as core[df12db4294e9bfd3]::fmt::Display>::fmt
[INFO] [stdout]    1:     0x5a0a4d2c562a - core[df12db4294e9bfd3]::fmt::write
[INFO] [stdout]    2:     0x5a0a4d2b4ddc - <alloc[2182bb758b4b3781]::vec::Vec<u8> as core[df12db4294e9bfd3]::io::write::Write>::write_fmt
[INFO] [stdout]    3:     0x5a0a4d28c686 - std[70759c8f55707aa4]::panicking::default_hook::{closure#0}
[INFO] [stdout]    4:     0x5a0a4d2a90a9 - std[70759c8f55707aa4]::panicking::default_hook
[INFO] [stdout]    5:     0x5a0a4d23e970 - test[9d35eded1c95d3be]::test_main_inner::<test[9d35eded1c95d3be]::test_main_static::{closure#0}>::{closure#0}
[INFO] [stdout]    6:     0x5a0a4d2a9262 - std[70759c8f55707aa4]::panicking::panic_with_hook
[INFO] [stdout]    7:     0x5a0a4d28c732 - std[70759c8f55707aa4]::panicking::panic_handler::{closure#0}
[INFO] [stdout]    8:     0x5a0a4d285399 - std[70759c8f55707aa4]::sys::backtrace::__rust_end_short_backtrace::<std[70759c8f55707aa4]::panicking::panic_handler::{closure#0}, !>
[INFO] [stdout]    9:     0x5a0a4d28d32d - __rustc[8fa7c3cbc660c2b3]::rust_begin_unwind
[INFO] [stdout]   10:     0x5a0a4d2c5d5c - core[df12db4294e9bfd3]::panicking::panic_fmt
[INFO] [stdout]   11:     0x5a0a4d2c5b32 - core[df12db4294e9bfd3]::result::unwrap_failed
[INFO] [stdout]   12:     0x5a0a4d225d6f - mod[3d932a9ad9e1dd2e]::common::create_svg_from_client_tests::<mod[3d932a9ad9e1dd2e]::common::MockClient>
[INFO] [stdout]   13:     0x5a0a4d212a4f - mod[3d932a9ad9e1dd2e]::multi_workspace_multi_monitor_horizontal::ignore_workspaces_more_monitor
[INFO] [stdout]   14:     0x5a0a4d2254f9 - <mod[3d932a9ad9e1dd2e]::multi_workspace_multi_monitor_horizontal::ignore_workspaces_more_monitor::{closure#0} as core[df12db4294e9bfd3]::ops::function::FnOnce<()>>::call_once
[INFO] [stdout]   15:     0x5a0a4d231c5b - test[9d35eded1c95d3be]::__rust_begin_short_backtrace::<core[df12db4294e9bfd3]::result::Result<(), alloc[2182bb758b4b3781]::string::String>, fn() -> core[df12db4294e9bfd3]::result::Result<(), alloc[2182bb758b4b3781]::string::String>>
[INFO] [stdout]   16:     0x5a0a4d23f2c5 - test[9d35eded1c95d3be]::run_test::{closure#0}
[INFO] [stdout]   17:     0x5a0a4d238b84 - std[70759c8f55707aa4]::sys::backtrace::__rust_begin_short_backtrace::<test[9d35eded1c95d3be]::run_test::{closure#1}, ()>
[INFO] [stdout]   18:     0x5a0a4d242422 - <std[70759c8f55707aa4]::thread::lifecycle::spawn_unchecked<test[9d35eded1c95d3be]::run_test::{closure#1}, ()>::{closure#1} as core[df12db4294e9bfd3]::ops::function::FnOnce<()>>::call_once::{shim:vtable#0}
[INFO] [stdout]   19:     0x5a0a4d2b0219 - <std[70759c8f55707aa4]::sys::thread::unix::Thread>::new::thread_start
[INFO] [stdout]   20:     0x7040e495bdfa - <unknown>
[INFO] [stdout]   21:     0x7040e49ef3d4 - clone
[INFO] [stdout]   22:                0x0 - <unknown>
[INFO] [stdout] 
[INFO] [stdout] ---- multi_workspaces::default stdout ----
[INFO] [stdout] updated clients: [MockClient(1, 1, 1, 3, 0, 0, "1"), MockClient(3, 1, 1, 3, 0, 0, "2"), MockClient(1, 5, 1, 2, 0, 0, "3"), MockClient(3, 5, 1, 2, 0, 0, "4"), MockClient(6, 1, 1, 3, 1, 0, "5"), MockClient(8, 1, 1, 2, 1, 0, "6"), MockClient(8, 4, 1, 3, 1, 0, "7"), MockClient(6, 5, 1, 2, 1, 0, "8")]
[INFO] [stdout] [MockClient(1, 1, 1, 3, 0, 0, "1"), MockClient(3, 1, 1, 3, 0, 0, "2"), MockClient(1, 5, 1, 2, 0, 0, "3"), MockClient(3, 5, 1, 2, 0, 0, "4"), MockClient(6, 1, 1, 3, 1, 0, "5"), MockClient(8, 1, 1, 2, 1, 0, "6"), MockClient(8, 4, 1, 3, 1, 0, "7"), MockClient(6, 5, 1, 2, 1, 0, "8")] (3.32µs)
[INFO] [stdout] 
[INFO] [stdout] thread 'multi_workspaces::default' (1742) panicked at tests/mod.rs:86:14:
[INFO] [stdout] unable to create test-svgs directory and subdirectories: Os { code: 30, kind: ReadOnlyFilesystem, message: "Read-only file system" }
[INFO] [stdout] stack backtrace:
[INFO] [stdout]    0:     0x5a0a4d2b0941 - <<std[70759c8f55707aa4]::sys::backtrace::BacktraceLock>::print::DisplayBacktrace as core[df12db4294e9bfd3]::fmt::Display>::fmt
[INFO] [stdout]    1:     0x5a0a4d2c562a - core[df12db4294e9bfd3]::fmt::write
[INFO] [stdout]    2:     0x5a0a4d2b4ddc - <alloc[2182bb758b4b3781]::vec::Vec<u8> as core[df12db4294e9bfd3]::io::write::Write>::write_fmt
[INFO] [stdout]    3:     0x5a0a4d28c686 - std[70759c8f55707aa4]::panicking::default_hook::{closure#0}
[INFO] [stdout]    4:     0x5a0a4d2a90a9 - std[70759c8f55707aa4]::panicking::default_hook
[INFO] [stdout]    5:     0x5a0a4d23e970 - test[9d35eded1c95d3be]::test_main_inner::<test[9d35eded1c95d3be]::test_main_static::{closure#0}>::{closure#0}
[INFO] [stdout]    6:     0x5a0a4d2a9262 - std[70759c8f55707aa4]::panicking::panic_with_hook
[INFO] [stdout]    7:     0x5a0a4d28c732 - std[70759c8f55707aa4]::panicking::panic_handler::{closure#0}
[INFO] [stdout]    8:     0x5a0a4d285399 - std[70759c8f55707aa4]::sys::backtrace::__rust_end_short_backtrace::<std[70759c8f55707aa4]::panicking::panic_handler::{closure#0}, !>
[INFO] [stdout]    9:     0x5a0a4d28d32d - __rustc[8fa7c3cbc660c2b3]::rust_begin_unwind
[INFO] [stdout]   10:     0x5a0a4d2c5d5c - core[df12db4294e9bfd3]::panicking::panic_fmt
[INFO] [stdout]   11:     0x5a0a4d2c5b32 - core[df12db4294e9bfd3]::result::unwrap_failed
[INFO] [stdout]   12:     0x5a0a4d225d6f - mod[3d932a9ad9e1dd2e]::common::create_svg_from_client_tests::<mod[3d932a9ad9e1dd2e]::common::MockClient>
[INFO] [stdout]   13:     0x5a0a4d22fa0f - mod[3d932a9ad9e1dd2e]::multi_workspaces::default
[INFO] [stdout]   14:     0x5a0a4d225439 - <mod[3d932a9ad9e1dd2e]::multi_workspaces::default::{closure#0} as core[df12db4294e9bfd3]::ops::function::FnOnce<()>>::call_once
[INFO] [stdout]   15:     0x5a0a4d231c5b - test[9d35eded1c95d3be]::__rust_begin_short_backtrace::<core[df12db4294e9bfd3]::result::Result<(), alloc[2182bb758b4b3781]::string::String>, fn() -> core[df12db4294e9bfd3]::result::Result<(), alloc[2182bb758b4b3781]::string::String>>
[INFO] [stdout]   16:     0x5a0a4d23f2c5 - test[9d35eded1c95d3be]::run_test::{closure#0}
[INFO] [stdout]   17:     0x5a0a4d238b84 - std[70759c8f55707aa4]::sys::backtrace::__rust_begin_short_backtrace::<test[9d35eded1c95d3be]::run_test::{closure#1}, ()>
[INFO] [stdout]   18:     0x5a0a4d242422 - <std[70759c8f55707aa4]::thread::lifecycle::spawn_unchecked<test[9d35eded1c95d3be]::run_test::{closure#1}, ()>::{closure#1} as core[df12db4294e9bfd3]::ops::function::FnOnce<()>>::call_once::{shim:vtable#0}
[INFO] [stdout]   19:     0x5a0a4d2b0219 - <std[70759c8f55707aa4]::sys::thread::unix::Thread>::new::thread_start
[INFO] [stdout]   20:     0x7040e495bdfa - <unknown>
[INFO] [stdout]   21:     0x7040e49ef3d4 - clone
[INFO] [stdout]   22:                0x0 - <unknown>
[INFO] [stdout] 
[INFO] [stdout] ---- multi_workspaces::ignore_workspace stdout ----
[INFO] [stdout] updated clients: [MockClient(1, 1, 1, 3, 0, 0, "1"), MockClient(3, 1, 1, 3, 0, 0, "2"), MockClient(6, 1, 1, 3, 1, 0, "3"), MockClient(8, 1, 1, 2, 1, 0, "4"), MockClient(8, 4, 1, 3, 1, 0, "5"), MockClient(1, 5, 1, 2, 0, 0, "6"), MockClient(3, 5, 1, 2, 0, 0, "7"), MockClient(6, 5, 1, 2, 1, 0, "8")]
[INFO] [stdout] [MockClient(1, 1, 1, 3, 0, 0, "1"), MockClient(3, 1, 1, 3, 0, 0, "2"), MockClient(6, 1, 1, 3, 1, 0, "3"), MockClient(8, 1, 1, 2, 1, 0, "4"), MockClient(8, 4, 1, 3, 1, 0, "5"), MockClient(1, 5, 1, 2, 0, 0, "6"), MockClient(3, 5, 1, 2, 0, 0, "7"), MockClient(6, 5, 1, 2, 1, 0, "8")] (2.53µs)
[INFO] [stdout] 
[INFO] [stdout] thread 'multi_workspaces::ignore_workspace' (1743) panicked at tests/mod.rs:86:14:
[INFO] [stdout] unable to create test-svgs directory and subdirectories: Os { code: 30, kind: ReadOnlyFilesystem, message: "Read-only file system" }
[INFO] [stdout] stack backtrace:
[INFO] [stdout]    0:     0x5a0a4d2b0941 - <<std[70759c8f55707aa4]::sys::backtrace::BacktraceLock>::print::DisplayBacktrace as core[df12db4294e9bfd3]::fmt::Display>::fmt
[INFO] [stdout]    1:     0x5a0a4d2c562a - core[df12db4294e9bfd3]::fmt::write
[INFO] [stdout]    2:     0x5a0a4d2b4ddc - <alloc[2182bb758b4b3781]::vec::Vec<u8> as core[df12db4294e9bfd3]::io::write::Write>::write_fmt
[INFO] [stdout]    3:     0x5a0a4d28c686 - std[70759c8f55707aa4]::panicking::default_hook::{closure#0}
[INFO] [stdout]    4:     0x5a0a4d2a90a9 - std[70759c8f55707aa4]::panicking::default_hook
[INFO] [stdout]    5:     0x5a0a4d23e970 - test[9d35eded1c95d3be]::test_main_inner::<test[9d35eded1c95d3be]::test_main_static::{closure#0}>::{closure#0}
[INFO] [stdout]    6:     0x5a0a4d2a9262 - std[70759c8f55707aa4]::panicking::panic_with_hook
[INFO] [stdout]    7:     0x5a0a4d28c732 - std[70759c8f55707aa4]::panicking::panic_handler::{closure#0}
[INFO] [stdout]    8:     0x5a0a4d285399 - std[70759c8f55707aa4]::sys::backtrace::__rust_end_short_backtrace::<std[70759c8f55707aa4]::panicking::panic_handler::{closure#0}, !>
[INFO] [stdout]    9:     0x5a0a4d28d32d - __rustc[8fa7c3cbc660c2b3]::rust_begin_unwind
[INFO] [stdout]   10:     0x5a0a4d2c5d5c - core[df12db4294e9bfd3]::panicking::panic_fmt
[INFO] [stdout]   11:     0x5a0a4d2c5b32 - core[df12db4294e9bfd3]::result::unwrap_failed
[INFO] [stdout]   12:     0x5a0a4d225d6f - mod[3d932a9ad9e1dd2e]::common::create_svg_from_client_tests::<mod[3d932a9ad9e1dd2e]::common::MockClient>
[INFO] [stdout]   13:     0x5a0a4d22e10f - mod[3d932a9ad9e1dd2e]::multi_workspaces::ignore_workspace
[INFO] [stdout]   14:     0x5a0a4d2253f9 - <mod[3d932a9ad9e1dd2e]::multi_workspaces::ignore_workspace::{closure#0} as core[df12db4294e9bfd3]::ops::function::FnOnce<()>>::call_once
[INFO] [stdout]   15:     0x5a0a4d231c5b - test[9d35eded1c95d3be]::__rust_begin_short_backtrace::<core[df12db4294e9bfd3]::result::Result<(), alloc[2182bb758b4b3781]::string::String>, fn() -> core[df12db4294e9bfd3]::result::Result<(), alloc[2182bb758b4b3781]::string::String>>
[INFO] [stdout]   16:     0x5a0a4d23f2c5 - test[9d35eded1c95d3be]::run_test::{closure#0}
[INFO] [stdout]   17:     0x5a0a4d238b84 - std[70759c8f55707aa4]::sys::backtrace::__rust_begin_short_backtrace::<test[9d35eded1c95d3be]::run_test::{closure#1}, ()>
[INFO] [stdout]   18:     0x5a0a4d242422 - <std[70759c8f55707aa4]::thread::lifecycle::spawn_unchecked<test[9d35eded1c95d3be]::run_test::{closure#1}, ()>::{closure#1} as core[df12db4294e9bfd3]::ops::function::FnOnce<()>>::call_once::{shim:vtable#0}
[INFO] [stdout]   19:     0x5a0a4d2b0219 - <std[70759c8f55707aa4]::sys::thread::unix::Thread>::new::thread_start
[INFO] [stdout]   20:     0x7040e495bdfa - <unknown>
[INFO] [stdout]   21:     0x7040e49ef3d4 - clone
[INFO] [stdout]   22:                0x0 - <unknown>
[INFO] [stdout] 
[INFO] [stdout] ---- multi_workspace_multi_monitor_horizontal::ignore_workspaces stdout ----
[INFO] [stdout] updated clients: [MockClient(1, 1, 1, 3, 0, 0, "1"), MockClient(3, 1, 1, 3, 0, 0, "2"), MockClient(1, 5, 1, 2, 0, 0, "6"), MockClient(3, 5, 1, 2, 0, 0, "7"), MockClient(6, 1, 1, 3, 1, 0, "3"), MockClient(8, 1, 1, 2, 1, 0, "4"), MockClient(8, 4, 1, 3, 1, 0, "5"), MockClient(6, 5, 1, 2, 1, 0, "8"), MockClient(0, 1, 1, 3, 10, 1, "9"), MockClient(2, 1, 2, 3, 10, 1, "10"), MockClient(0, 5, 2, 2, 10, 1, "14"), MockClient(3, 5, 1, 2, 10, 1, "15"), MockClient(5, 1, 1, 3, 11, 1, "11"), MockClient(7, 1, 2, 2, 11, 1, "12"), MockClient(7, 4, 2, 3, 11, 1, "13"), MockClient(5, 5, 1, 2, 11, 1, "16")]
[INFO] [stdout] [MockClient(1, 1, 1, 3, 0, 0, "1"), MockClient(3, 1, 1, 3, 0, 0, "2"), MockClient(6, 1, 1, 3, 1, 0, "3"), MockClient(8, 1, 1, 2, 1, 0, "4"), MockClient(8, 4, 1, 3, 1, 0, "5"), MockClient(1, 5, 1, 2, 0, 0, "6"), MockClient(3, 5, 1, 2, 0, 0, "7"), MockClient(6, 5, 1, 2, 1, 0, "8"), MockClient(0, 1, 1, 3, 10, 1, "9"), MockClient(2, 1, 2, 3, 10, 1, "10"), MockClient(5, 1, 1, 3, 11, 1, "11"), MockClient(7, 1, 2, 2, 11, 1, "12"), MockClient(7, 4, 2, 3, 11, 1, "13"), MockClient(0, 5, 2, 2, 10, 1, "14"), MockClient(3, 5, 1, 2, 10, 1, "15"), MockClient(5, 5, 1, 2, 11, 1, "16")] (3.81µs)
[INFO] [stdout] 
[INFO] [stdout] thread 'multi_workspace_multi_monitor_horizontal::ignore_workspaces' (1740) panicked at tests/mod.rs:86:14:
[INFO] [stdout] unable to create test-svgs directory and subdirectories: Os { code: 30, kind: ReadOnlyFilesystem, message: "Read-only file system" }
[INFO] [stdout] stack backtrace:
[INFO] [stdout]    0:     0x5a0a4d2b0941 - <<std[70759c8f55707aa4]::sys::backtrace::BacktraceLock>::print::DisplayBacktrace as core[df12db4294e9bfd3]::fmt::Display>::fmt
[INFO] [stdout]    1:     0x5a0a4d2c562a - core[df12db4294e9bfd3]::fmt::write
[INFO] [stdout]    2:     0x5a0a4d2b4ddc - <alloc[2182bb758b4b3781]::vec::Vec<u8> as core[df12db4294e9bfd3]::io::write::Write>::write_fmt
[INFO] [stdout]    3:     0x5a0a4d28c686 - std[70759c8f55707aa4]::panicking::default_hook::{closure#0}
[INFO] [stdout]    4:     0x5a0a4d2a90a9 - std[70759c8f55707aa4]::panicking::default_hook
[INFO] [stdout]    5:     0x5a0a4d23e970 - test[9d35eded1c95d3be]::test_main_inner::<test[9d35eded1c95d3be]::test_main_static::{closure#0}>::{closure#0}
[INFO] [stdout]    6:     0x5a0a4d2a9262 - std[70759c8f55707aa4]::panicking::panic_with_hook
[INFO] [stdout]    7:     0x5a0a4d28c732 - std[70759c8f55707aa4]::panicking::panic_handler::{closure#0}
[INFO] [stdout]    8:     0x5a0a4d285399 - std[70759c8f55707aa4]::sys::backtrace::__rust_end_short_backtrace::<std[70759c8f55707aa4]::panicking::panic_handler::{closure#0}, !>
[INFO] [stdout]    9:     0x5a0a4d28d32d - __rustc[8fa7c3cbc660c2b3]::rust_begin_unwind
[INFO] [stdout]   10:     0x5a0a4d2c5d5c - core[df12db4294e9bfd3]::panicking::panic_fmt
[INFO] [stdout]   11:     0x5a0a4d2c5b32 - core[df12db4294e9bfd3]::result::unwrap_failed
[INFO] [stdout]   12:     0x5a0a4d225d6f - mod[3d932a9ad9e1dd2e]::common::create_svg_from_client_tests::<mod[3d932a9ad9e1dd2e]::common::MockClient>
[INFO] [stdout]   13:     0x5a0a4d20d0dd - mod[3d932a9ad9e1dd2e]::multi_workspace_multi_monitor_horizontal::ignore_workspaces
[INFO] [stdout]   14:     0x5a0a4d225499 - <mod[3d932a9ad9e1dd2e]::multi_workspace_multi_monitor_horizontal::ignore_workspaces::{closure#0} as core[df12db4294e9bfd3]::ops::function::FnOnce<()>>::call_once
[INFO] [stdout]   15:     0x5a0a4d231c5b - test[9d35eded1c95d3be]::__rust_begin_short_backtrace::<core[df12db4294e9bfd3]::result::Result<(), alloc[2182bb758b4b3781]::string::String>, fn() -> core[df12db4294e9bfd3]::result::Result<(), alloc[2182bb758b4b3781]::string::String>>
[INFO] [stdout]   16:     0x5a0a4d23f2c5 - test[9d35eded1c95d3be]::run_test::{closure#0}
[INFO] [stdout]   17:     0x5a0a4d238b84 - std[70759c8f55707aa4]::sys::backtrace::__rust_begin_short_backtrace::<test[9d35eded1c95d3be]::run_test::{closure#1}, ()>
[INFO] [stdout]   18:     0x5a0a4d242422 - <std[70759c8f55707aa4]::thread::lifecycle::spawn_unchecked<test[9d35eded1c95d3be]::run_test::{closure#1}, ()>::{closure#1} as core[df12db4294e9bfd3]::ops::function::FnOnce<()>>::call_once::{shim:vtable#0}
[INFO] [stdout]   19:     0x5a0a4d2b0219 - <std[70759c8f55707aa4]::sys::thread::unix::Thread>::new::thread_start
[INFO] [stdout]   20:     0x7040e495bdfa - <unknown>
[INFO] [stdout]   21:     0x7040e49ef3d4 - clone
[INFO] [stdout]   22:                0x0 - <unknown>
[INFO] [stdout] 
[INFO] [stdout] ---- multi_workspaces::vertical stdout ----
[INFO] [stdout] updated clients: [MockClient(1, 1, 1, 3, 0, 0, "1"), MockClient(3, 1, 1, 3, 0, 0, "2"), MockClient(1, 5, 1, 2, 0, 0, "3"), MockClient(3, 5, 1, 2, 0, 0, "4"), MockClient(1, 9, 1, 3, 1, 0, "5"), MockClient(3, 9, 1, 2, 1, 0, "6"), MockClient(3, 12, 1, 3, 1, 0, "7"), MockClient(1, 13, 1, 2, 1, 0, "8")]
[INFO] [stdout] [MockClient(1, 1, 1, 3, 0, 0, "1"), MockClient(3, 1, 1, 3, 0, 0, "2"), MockClient(1, 5, 1, 2, 0, 0, "3"), MockClient(3, 5, 1, 2, 0, 0, "4"), MockClient(1, 9, 1, 3, 1, 0, "5"), MockClient(3, 9, 1, 2, 1, 0, "6"), MockClient(3, 12, 1, 3, 1, 0, "7"), MockClient(1, 13, 1, 2, 1, 0, "8")] (3.17µs)
[INFO] [stdout] 
[INFO] [stdout] thread 'multi_workspaces::vertical' (1744) panicked at tests/mod.rs:86:14:
[INFO] [stdout] unable to create test-svgs directory and subdirectories: Os { code: 30, kind: ReadOnlyFilesystem, message: "Read-only file system" }
[INFO] [stdout] stack backtrace:
[INFO] [stdout]    0:     0x5a0a4d2b0941 - <<std[70759c8f55707aa4]::sys::backtrace::BacktraceLock>::print::DisplayBacktrace as core[df12db4294e9bfd3]::fmt::Display>::fmt
[INFO] [stdout]    1:     0x5a0a4d2c562a - core[df12db4294e9bfd3]::fmt::write
[INFO] [stdout]    2:     0x5a0a4d2b4ddc - <alloc[2182bb758b4b3781]::vec::Vec<u8> as core[df12db4294e9bfd3]::io::write::Write>::write_fmt
[INFO] [stdout]    3:     0x5a0a4d28c686 - std[70759c8f55707aa4]::panicking::default_hook::{closure#0}
[INFO] [stdout]    4:     0x5a0a4d2a90a9 - std[70759c8f55707aa4]::panicking::default_hook
[INFO] [stdout]    5:     0x5a0a4d23e970 - test[9d35eded1c95d3be]::test_main_inner::<test[9d35eded1c95d3be]::test_main_static::{closure#0}>::{closure#0}
[INFO] [stdout]    6:     0x5a0a4d2a9262 - std[70759c8f55707aa4]::panicking::panic_with_hook
[INFO] [stdout]    7:     0x5a0a4d28c732 - std[70759c8f55707aa4]::panicking::panic_handler::{closure#0}
[INFO] [stdout]    8:     0x5a0a4d285399 - std[70759c8f55707aa4]::sys::backtrace::__rust_end_short_backtrace::<std[70759c8f55707aa4]::panicking::panic_handler::{closure#0}, !>
[INFO] [stdout]    9:     0x5a0a4d28d32d - __rustc[8fa7c3cbc660c2b3]::rust_begin_unwind
[INFO] [stdout]   10:     0x5a0a4d2c5d5c - core[df12db4294e9bfd3]::panicking::panic_fmt
[INFO] [stdout]   11:     0x5a0a4d2c5b32 - core[df12db4294e9bfd3]::result::unwrap_failed
[INFO] [stdout]   12:     0x5a0a4d225d6f - mod[3d932a9ad9e1dd2e]::common::create_svg_from_client_tests::<mod[3d932a9ad9e1dd2e]::common::MockClient>
[INFO] [stdout]   13:     0x5a0a4d23068f - mod[3d932a9ad9e1dd2e]::multi_workspaces::vertical
[INFO] [stdout]   14:     0x5a0a4d225459 - <mod[3d932a9ad9e1dd2e]::multi_workspaces::vertical::{closure#0} as core[df12db4294e9bfd3]::ops::function::FnOnce<()>>::call_once
[INFO] [stdout]   15:     0x5a0a4d231c5b - test[9d35eded1c95d3be]::__rust_begin_short_backtrace::<core[df12db4294e9bfd3]::result::Result<(), alloc[2182bb758b4b3781]::string::String>, fn() -> core[df12db4294e9bfd3]::result::Result<(), alloc[2182bb758b4b3781]::string::String>>
[INFO] [stdout]   16:     0x5a0a4d23f2c5 - test[9d35eded1c95d3be]::run_test::{closure#0}
[INFO] [stdout]   17:     0x5a0a4d238b84 - std[70759c8f55707aa4]::sys::backtrace::__rust_begin_short_backtrace::<test[9d35eded1c95d3be]::run_test::{closure#1}, ()>
[INFO] [stdout]   18:     0x5a0a4d242422 - <std[70759c8f55707aa4]::thread::lifecycle::spawn_unchecked<test[9d35eded1c95d3be]::run_test::{closure#1}, ()>::{closure#1} as core[df12db4294e9bfd3]::ops::function::FnOnce<()>>::call_once::{shim:vtable#0}
[INFO] [stdout]   19:     0x5a0a4d2b0219 - <std[70759c8f55707aa4]::sys::thread::unix::Thread>::new::thread_start
[INFO] [stdout]   20:     0x7040e495bdfa - <unknown>
[INFO] [stdout]   21:     0x7040e49ef3d4 - clone
[INFO] [stdout]   22:                0x0 - <unknown>
[INFO] [stdout] 
[INFO] [stdout] ---- multi_workspace_multi_monitor_horizontal::default stdout ----
[INFO] [stdout] updated clients: [MockClient(1, 1, 1, 3, 0, 0, "1"), MockClient(3, 1, 1, 3, 0, 0, "2"), MockClient(1, 5, 1, 2, 0, 0, "3"), MockClient(3, 5, 1, 2, 0, 0, "4"), MockClient(6, 1, 1, 3, 1, 0, "5"), MockClient(8, 1, 1, 2, 1, 0, "6"), MockClient(8, 4, 1, 3, 1, 0, "7"), MockClient(6, 5, 1, 2, 1, 0, "8"), MockClient(0, 1, 1, 3, 10, 1, "9"), MockClient(2, 1, 2, 3, 10, 1, "10"), MockClient(0, 5, 2, 2, 10, 1, "11"), MockClient(3, 5, 1, 2, 10, 1, "12"), MockClient(5, 1, 1, 3, 11, 1, "13"), MockClient(7, 1, 2, 2, 11, 1, "14"), MockClient(7, 4, 2, 3, 11, 1, "15"), MockClient(5, 5, 1, 2, 11, 1, "16")]
[INFO] [stdout] [MockClient(1, 1, 1, 3, 0, 0, "1"), MockClient(3, 1, 1, 3, 0, 0, "2"), MockClient(1, 5, 1, 2, 0, 0, "3"), MockClient(3, 5, 1, 2, 0, 0, "4"), MockClient(6, 1, 1, 3, 1, 0, "5"), MockClient(8, 1, 1, 2, 1, 0, "6"), MockClient(8, 4, 1, 3, 1, 0, "7"), MockClient(6, 5, 1, 2, 1, 0, "8"), MockClient(0, 1, 1, 3, 10, 1, "9"), MockClient(2, 1, 2, 3, 10, 1, "10"), MockClient(0, 5, 2, 2, 10, 1, "11"), MockClient(3, 5, 1, 2, 10, 1, "12"), MockClient(5, 1, 1, 3, 11, 1, "13"), MockClient(7, 1, 2, 2, 11, 1, "14"), MockClient(7, 4, 2, 3, 11, 1, "15"), MockClient(5, 5, 1, 2, 11, 1, "16")] (6.77µs)
[INFO] [stdout] 
[INFO] [stdout] thread 'multi_workspace_multi_monitor_horizontal::default' (1734) panicked at tests/mod.rs:86:14:
[INFO] [stdout] unable to create test-svgs directory and subdirectories: Os { code: 30, kind: ReadOnlyFilesystem, message: "Read-only file system" }
[INFO] [stdout] stack backtrace:
[INFO] [stdout]    0:     0x5a0a4d2b0941 - <<std[70759c8f55707aa4]::sys::backtrace::BacktraceLock>::print::DisplayBacktrace as core[df12db4294e9bfd3]::fmt::Display>::fmt
[INFO] [stdout]    1:     0x5a0a4d2c562a - core[df12db4294e9bfd3]::fmt::write
[INFO] [stdout]    2:     0x5a0a4d2b4ddc - <alloc[2182bb758b4b3781]::vec::Vec<u8> as core[df12db4294e9bfd3]::io::write::Write>::write_fmt
[INFO] [stdout]    3:     0x5a0a4d28c686 - std[70759c8f55707aa4]::panicking::default_hook::{closure#0}
[INFO] [stdout]    4:     0x5a0a4d2a90a9 - std[70759c8f55707aa4]::panicking::default_hook
[INFO] [stdout]    5:     0x5a0a4d23e970 - test[9d35eded1c95d3be]::test_main_inner::<test[9d35eded1c95d3be]::test_main_static::{closure#0}>::{closure#0}
[INFO] [stdout]    6:     0x5a0a4d2a9262 - std[70759c8f55707aa4]::panicking::panic_with_hook
[INFO] [stdout]    7:     0x5a0a4d28c732 - std[70759c8f55707aa4]::panicking::panic_handler::{closure#0}
[INFO] [stdout]    8:     0x5a0a4d285399 - std[70759c8f55707aa4]::sys::backtrace::__rust_end_short_backtrace::<std[70759c8f55707aa4]::panicking::panic_handler::{closure#0}, !>
[INFO] [stdout]    9:     0x5a0a4d28d32d - __rustc[8fa7c3cbc660c2b3]::rust_begin_unwind
[INFO] [stdout]   10:     0x5a0a4d2c5d5c - core[df12db4294e9bfd3]::panicking::panic_fmt
[INFO] [stdout]   11:     0x5a0a4d2c5b32 - core[df12db4294e9bfd3]::result::unwrap_failed
[INFO] [stdout]   12:     0x5a0a4d225d6f - mod[3d932a9ad9e1dd2e]::common::create_svg_from_client_tests::<mod[3d932a9ad9e1dd2e]::common::MockClient>
[INFO] [stdout]   13:     0x5a0a4d2171ff - mod[3d932a9ad9e1dd2e]::multi_workspace_multi_monitor_horizontal::default
[INFO] [stdout]   14:     0x5a0a4d225559 - <mod[3d932a9ad9e1dd2e]::multi_workspace_multi_monitor_horizontal::default::{closure#0} as core[df12db4294e9bfd3]::ops::function::FnOnce<()>>::call_once
[INFO] [stdout]   15:     0x5a0a4d231c5b - test[9d35eded1c95d3be]::__rust_begin_short_backtrace::<core[df12db4294e9bfd3]::result::Result<(), alloc[2182bb758b4b3781]::string::String>, fn() -> core[df12db4294e9bfd3]::result::Result<(), alloc[2182bb758b4b3781]::string::String>>
[INFO] [stdout]   16:     0x5a0a4d23f2c5 - test[9d35eded1c95d3be]::run_test::{closure#0}
[INFO] [stdout]   17:     0x5a0a4d238b84 - std[70759c8f55707aa4]::sys::backtrace::__rust_begin_short_backtrace::<test[9d35eded1c95d3be]::run_test::{closure#1}, ()>
[INFO] [stdout]   18:     0x5a0a4d242422 - <std[70759c8f55707aa4]::thread::lifecycle::spawn_unchecked<test[9d35eded1c95d3be]::run_test::{closure#1}, ()>::{closure#1} as core[df12db4294e9bfd3]::ops::function::FnOnce<()>>::call_once::{shim:vtable#0}
[INFO] [stdout]   19:     0x5a0a4d2b0219 - <std[70759c8f55707aa4]::sys::thread::unix::Thread>::new::thread_start
[INFO] [stdout]   20:     0x7040e495bdfa - <unknown>
[INFO] [stdout]   21:     0x7040e49ef3d4 - clone
[INFO] [stdout]   22:                0x0 - <unknown>
[INFO] [stdout] 
[INFO] [stdout] ---- multi_workspace_multi_monitor_horizontal::ignore_monitor_more_monitor stdout ----
[INFO] [stdout] [MockClient(1, 1, 1, 3, 1, 0, "1"), MockClient(3, 1, 1, 3, 1, 0, "2"), MockClient(5, 1, 1, 3, 11, 1, "3"), MockClient(7, 1, 2, 3, 11, 1, "4"), MockClient(1, 5, 1, 2, 1, 0, "5"), MockClient(3, 5, 1, 2, 1, 0, "6"), MockClient(5, 5, 2, 2, 11, 1, "7"), MockClient(8, 5, 1, 2, 11, 1, "8"), MockClient(1, 8, 1, 3, 21, 2, "9"), MockClient(3, 8, 1, 3, 21, 2, "10"), MockClient(5, 8, 1, 3, 31, 3, "11"), MockClient(7, 8, 2, 3, 31, 3, "12"), MockClient(1, 12, 1, 2, 21, 2, "13"), MockClient(3, 12, 1, 2, 21, 2, "14"), MockClient(5, 12, 2, 2, 31, 3, "15"), MockClient(8, 12, 1, 2, 31, 3, "16"), MockClient(6, 1, 1, 3, 2, 0, "17"), MockClient(8, 1, 1, 2, 2, 0, "18"), MockClient(8, 4, 1, 3, 2, 0, "19"), MockClient(10, 1, 1, 3, 12, 1, "20"), MockClient(12, 1, 2, 2, 12, 1, "21"), MockClient(12, 4, 2, 3, 12, 1, "22"), MockClient(6, 5, 1, 2, 2, 0, "23"), MockClient(10, 5, 1, 2, 12, 1, "24"), MockClient(6, 8, 1, 3, 22, 2, "25"), MockClient(8, 8, 1, 2, 22, 2, "26"), MockClient(8, 11, 1, 3, 22, 2, "27"), MockClient(10, 8, 1, 2, 32, 3, "28"), MockClient(10, 11, 1, 3, 32, 3, "29"), MockClient(12, 8, 2, 3, 32, 3, "30"), MockClient(6, 12, 1, 2, 22, 2, "31"), MockClient(12, 12, 2, 2, 32, 3, "32")] (14.28µs)
[INFO] [stdout] 
[INFO] [stdout] thread 'multi_workspace_multi_monitor_horizontal::ignore_monitor_more_monitor' (1739) panicked at tests/mod.rs:86:14:
[INFO] [stdout] unable to create test-svgs directory and subdirectories: Os { code: 30, kind: ReadOnlyFilesystem, message: "Read-only file system" }
[INFO] [stdout] stack backtrace:
[INFO] [stdout]    0:     0x5a0a4d2b0941 - <<std[70759c8f55707aa4]::sys::backtrace::BacktraceLock>::print::DisplayBacktrace as core[df12db4294e9bfd3]::fmt::Display>::fmt
[INFO] [stdout]    1:     0x5a0a4d2c562a - core[df12db4294e9bfd3]::fmt::write
[INFO] [stdout]    2:     0x5a0a4d2b4ddc - <alloc[2182bb758b4b3781]::vec::Vec<u8> as core[df12db4294e9bfd3]::io::write::Write>::write_fmt
[INFO] [stdout]    3:     0x5a0a4d28c686 - std[70759c8f55707aa4]::panicking::default_hook::{closure#0}
[INFO] [stdout]    4:     0x5a0a4d2a90a9 - std[70759c8f55707aa4]::panicking::default_hook
[INFO] [stdout]    5:     0x5a0a4d23e970 - test[9d35eded1c95d3be]::test_main_inner::<test[9d35eded1c95d3be]::test_main_static::{closure#0}>::{closure#0}
[INFO] [stdout]    6:     0x5a0a4d2a9262 - std[70759c8f55707aa4]::panicking::panic_with_hook
[INFO] [stdout]    7:     0x5a0a4d28c732 - std[70759c8f55707aa4]::panicking::panic_handler::{closure#0}
[INFO] [stdout]    8:     0x5a0a4d285399 - std[70759c8f55707aa4]::sys::backtrace::__rust_end_short_backtrace::<std[70759c8f55707aa4]::panicking::panic_handler::{closure#0}, !>
[INFO] [stdout]    9:     0x5a0a4d28d32d - __rustc[8fa7c3cbc660c2b3]::rust_begin_unwind
[INFO] [stdout]   10:     0x5a0a4d2c5d5c - core[df12db4294e9bfd3]::panicking::panic_fmt
[INFO] [stdout]   11:     0x5a0a4d2c5b32 - core[df12db4294e9bfd3]::result::unwrap_failed
[INFO] [stdout]   12:     0x5a0a4d225d6f - mod[3d932a9ad9e1dd2e]::common::create_svg_from_client_tests::<mod[3d932a9ad9e1dd2e]::common::MockClient>
[INFO] [stdout]   13:     0x5a0a4d210b5f - mod[3d932a9ad9e1dd2e]::multi_workspace_multi_monitor_horizontal::ignore_monitor_more_monitor
[INFO] [stdout]   14:     0x5a0a4d2254d9 - <mod[3d932a9ad9e1dd2e]::multi_workspace_multi_monitor_horizontal::ignore_monitor_more_monitor::{closure#0} as core[df12db4294e9bfd3]::ops::function::FnOnce<()>>::call_once
[INFO] [stdout]   15:     0x5a0a4d231c5b - test[9d35eded1c95d3be]::__rust_begin_short_backtrace::<core[df12db4294e9bfd3]::result::Result<(), alloc[2182bb758b4b3781]::string::String>, fn() -> core[df12db4294e9bfd3]::result::Result<(), alloc[2182bb758b4b3781]::string::String>>
[INFO] [stdout]   16:     0x5a0a4d23f2c5 - test[9d35eded1c95d3be]::run_test::{closure#0}
[INFO] [stdout]   17:     0x5a0a4d238b84 - std[70759c8f55707aa4]::sys::backtrace::__rust_begin_short_backtrace::<test[9d35eded1c95d3be]::run_test::{closure#1}, ()>
[INFO] [stdout]   18:     0x5a0a4d242422 - <std[70759c8f55707aa4]::thread::lifecycle::spawn_unchecked<test[9d35eded1c95d3be]::run_test::{closure#1}, ()>::{closure#1} as core[df12db4294e9bfd3]::ops::function::FnOnce<()>>::call_once::{shim:vtable#0}
[INFO] [stdout]   19:     0x5a0a4d2b0219 - <std[70759c8f55707aa4]::sys::thread::unix::Thread>::new::thread_start
[INFO] [stdout]   20:     0x7040e495bdfa - <unknown>
[INFO] [stdout]   21:     0x7040e49ef3d4 - clone
[INFO] [stdout]   22:                0x0 - <unknown>
[INFO] [stdout] 
[INFO] [stdout] ---- simple::simple_4 stdout ----
[INFO] [stdout] updated clients: [MockClient(1, 1, 1, 3, 0, 0, "1"), MockClient(3, 1, 1, 2, 0, 0, "2"), MockClient(3, 4, 1, 3, 0, 0, "3"), MockClient(1, 5, 1, 2, 0, 0, "4")]
[INFO] [stdout] [MockClient(1, 1, 1, 3, 0, 0, "1"), MockClient(3, 1, 1, 2, 0, 0, "2"), MockClient(3, 4, 1, 3, 0, 0, "3"), MockClient(1, 5, 1, 2, 0, 0, "4")] (2.37µs)
[INFO] [stdout] 
[INFO] [stdout] thread 'simple::simple_4' (1750) panicked at tests/mod.rs:86:14:
[INFO] [stdout] unable to create test-svgs directory and subdirectories: Os { code: 30, kind: ReadOnlyFilesystem, message: "Read-only file system" }
[INFO] [stdout] stack backtrace:
[INFO] [stdout]    0:     0x5a0a4d2b0941 - <<std[70759c8f55707aa4]::sys::backtrace::BacktraceLock>::print::DisplayBacktrace as core[df12db4294e9bfd3]::fmt::Display>::fmt
[INFO] [stdout]    1:     0x5a0a4d2c562a - core[df12db4294e9bfd3]::fmt::write
[INFO] [stdout]    2:     0x5a0a4d2b4ddc - <alloc[2182bb758b4b3781]::vec::Vec<u8> as core[df12db4294e9bfd3]::io::write::Write>::write_fmt
[INFO] [stdout]    3:     0x5a0a4d28c686 - std[70759c8f55707aa4]::panicking::default_hook::{closure#0}
[INFO] [stdout]    4:     0x5a0a4d2a90a9 - std[70759c8f55707aa4]::panicking::default_hook
[INFO] [stdout]    5:     0x5a0a4d23e970 - test[9d35eded1c95d3be]::test_main_inner::<test[9d35eded1c95d3be]::test_main_static::{closure#0}>::{closure#0}
[INFO] [stdout]    6:     0x5a0a4d2a9262 - std[70759c8f55707aa4]::panicking::panic_with_hook
[INFO] [stdout]    7:     0x5a0a4d28c732 - std[70759c8f55707aa4]::panicking::panic_handler::{closure#0}
[INFO] [stdout]    8:     0x5a0a4d285399 - std[70759c8f55707aa4]::sys::backtrace::__rust_end_short_backtrace::<std[70759c8f55707aa4]::panicking::panic_handler::{closure#0}, !>
[INFO] [stdout]    9:     0x5a0a4d28d32d - __rustc[8fa7c3cbc660c2b3]::rust_begin_unwind
[INFO] [stdout]   10:     0x5a0a4d2c5d5c - core[df12db4294e9bfd3]::panicking::panic_fmt
[INFO] [stdout]   11:     0x5a0a4d2c5b32 - core[df12db4294e9bfd3]::result::unwrap_failed
[INFO] [stdout]   12:     0x5a0a4d225d6f - mod[3d932a9ad9e1dd2e]::common::create_svg_from_client_tests::<mod[3d932a9ad9e1dd2e]::common::MockClient>
[INFO] [stdout]   13:     0x5a0a4d22caa5 - mod[3d932a9ad9e1dd2e]::simple::simple_4
[INFO] [stdout]   14:     0x5a0a4d2255f9 - <mod[3d932a9ad9e1dd2e]::simple::simple_4::{closure#0} as core[df12db4294e9bfd3]::ops::function::FnOnce<()>>::call_once
[INFO] [stdout]   15:     0x5a0a4d231c5b - test[9d35eded1c95d3be]::__rust_begin_short_backtrace::<core[df12db4294e9bfd3]::result::Result<(), alloc[2182bb758b4b3781]::string::String>, fn() -> core[df12db4294e9bfd3]::result::Result<(), alloc[2182bb758b4b3781]::string::String>>
[INFO] [stdout]   16:     0x5a0a4d23f2c5 - test[9d35eded1c95d3be]::run_test::{closure#0}
[INFO] [stdout]   17:     0x5a0a4d238b84 - std[70759c8f55707aa4]::sys::backtrace::__rust_begin_short_backtrace::<test[9d35eded1c95d3be]::run_test::{closure#1}, ()>
[INFO] [stdout]   18:     0x5a0a4d242422 - <std[70759c8f55707aa4]::thread::lifecycle::spawn_unchecked<test[9d35eded1c95d3be]::run_test::{closure#1}, ()>::{closure#1} as core[df12db4294e9bfd3]::ops::function::FnOnce<()>>::call_once::{shim:vtable#0}
[INFO] [stdout]   19:     0x5a0a4d2b0219 - <std[70759c8f55707aa4]::sys::thread::unix::Thread>::new::thread_start
[INFO] [stdout]   20:     0x7040e495bdfa - <unknown>
[INFO] [stdout]   21:     0x7040e49ef3d4 - clone
[INFO] [stdout]   22:                0x0 - <unknown>
[INFO] [stdout] 
[INFO] [stdout] ---- simple::float_1 stdout ----
[INFO] [stdout] updated clients: [MockClient(1, 1, 2, 3, 0, 0, "1"), MockClient(2, 3, 3, 3, 0, 0, "2"), MockClient(4, 1, 2, 4, 0, 0, "3"), MockClient(1, 5, 2, 2, 0, 0, "4")]
[INFO] [stdout] [MockClient(1, 1, 2, 3, 0, 0, "1"), MockClient(2, 3, 3, 3, 0, 0, "2"), MockClient(4, 1, 2, 4, 0, 0, "3"), MockClient(1, 5, 2, 2, 0, 0, "4")] (2.62µs)
[INFO] [stdout] 
[INFO] [stdout] thread 'simple::float_1' (1746) panicked at tests/mod.rs:86:14:
[INFO] [stdout] unable to create test-svgs directory and subdirectories: Os { code: 30, kind: ReadOnlyFilesystem, message: "Read-only file system" }
[INFO] [stdout] stack backtrace:
[INFO] [stdout]    0:     0x5a0a4d2b0941 - <<std[70759c8f55707aa4]::sys::backtrace::BacktraceLock>::print::DisplayBacktrace as core[df12db4294e9bfd3]::fmt::Display>::fmt
[INFO] [stdout]    1:     0x5a0a4d2c562a - core[df12db4294e9bfd3]::fmt::write
[INFO] [stdout]    2:     0x5a0a4d2b4ddc - <alloc[2182bb758b4b3781]::vec::Vec<u8> as core[df12db4294e9bfd3]::io::write::Write>::write_fmt
[INFO] [stdout]    3:     0x5a0a4d28c686 - std[70759c8f55707aa4]::panicking::default_hook::{closure#0}
[INFO] [stdout]    4:     0x5a0a4d2a90a9 - std[70759c8f55707aa4]::panicking::default_hook
[INFO] [stdout]    5:     0x5a0a4d23e970 - test[9d35eded1c95d3be]::test_main_inner::<test[9d35eded1c95d3be]::test_main_static::{closure#0}>::{closure#0}
[INFO] [stdout]    6:     0x5a0a4d2a9262 - std[70759c8f55707aa4]::panicking::panic_with_hook
[INFO] [stdout]    7:     0x5a0a4d28c732 - std[70759c8f55707aa4]::panicking::panic_handler::{closure#0}
[INFO] [stdout]    8:     0x5a0a4d285399 - std[70759c8f55707aa4]::sys::backtrace::__rust_end_short_backtrace::<std[70759c8f55707aa4]::panicking::panic_handler::{closure#0}, !>
[INFO] [stdout]    9:     0x5a0a4d28d32d - __rustc[8fa7c3cbc660c2b3]::rust_begin_unwind
[INFO] [stdout]   10:     0x5a0a4d2c5d5c - core[df12db4294e9bfd3]::panicking::panic_fmt
[INFO] [stdout]   11:     0x5a0a4d2c5b32 - core[df12db4294e9bfd3]::result::unwrap_failed
[INFO] [stdout]   12:     0x5a0a4d225d6f - mod[3d932a9ad9e1dd2e]::common::create_svg_from_client_tests::<mod[3d932a9ad9e1dd2e]::common::MockClient>
[INFO] [stdout]   13:     0x5a0a4d22a225 - mod[3d932a9ad9e1dd2e]::simple::float_1
[INFO] [stdout]   14:     0x5a0a4d225579 - <mod[3d932a9ad9e1dd2e]::simple::float_1::{closure#0} as core[df12db4294e9bfd3]::ops::function::FnOnce<()>>::call_once
[INFO] [stdout]   15:     0x5a0a4d231c5b - test[9d35eded1c95d3be]::__rust_begin_short_backtrace::<core[df12db4294e9bfd3]::result::Result<(), alloc[2182bb758b4b3781]::string::String>, fn() -> core[df12db4294e9bfd3]::result::Result<(), alloc[2182bb758b4b3781]::string::String>>
[INFO] [stdout]   16:     0x5a0a4d23f2c5 - test[9d35eded1c95d3be]::run_test::{closure#0}
[INFO] [stdout]   17:     0x5a0a4d238b84 - std[70759c8f55707aa4]::sys::backtrace::__rust_begin_short_backtrace::<test[9d35eded1c95d3be]::run_test::{closure#1}, ()>
[INFO] [stdout]   18:     0x5a0a4d242422 - <std[70759c8f55707aa4]::thread::lifecycle::spawn_unchecked<test[9d35eded1c95d3be]::run_test::{closure#1}, ()>::{closure#1} as core[df12db4294e9bfd3]::ops::function::FnOnce<()>>::call_once::{shim:vtable#0}
[INFO] [stdout]   19:     0x5a0a4d2b0219 - <std[70759c8f55707aa4]::sys::thread::unix::Thread>::new::thread_start
[INFO] [stdout]   20:     0x7040e495bdfa - <unknown>
[INFO] [stdout]   21:     0x7040e49ef3d4 - clone
[INFO] [stdout]   22:                0x0 - <unknown>
[INFO] [stdout] 
[INFO] [stdout] ---- simple::simple_1 stdout ----
[INFO] [stdout] updated clients: [MockClient(1, 1, 1, 3, 0, 0, "1"), MockClient(3, 1, 1, 3, 0, 0, "2"), MockClient(1, 5, 1, 2, 0, 0, "3"), MockClient(3, 5, 1, 2, 0, 0, "4")]
[INFO] [stdout] [MockClient(1, 1, 1, 3, 0, 0, "1"), MockClient(3, 1, 1, 3, 0, 0, "2"), MockClient(1, 5, 1, 2, 0, 0, "3"), MockClient(3, 5, 1, 2, 0, 0, "4")] (2.19µs)
[INFO] [stdout] 
[INFO] [stdout] thread 'simple::simple_1' (1747) panicked at tests/mod.rs:86:14:
[INFO] [stdout] unable to create test-svgs directory and subdirectories: Os { code: 30, kind: ReadOnlyFilesystem, message: "Read-only file system" }
[INFO] [stdout] stack backtrace:
[INFO] [stdout]    0:     0x5a0a4d2b0941 - <<std[70759c8f55707aa4]::sys::backtrace::BacktraceLock>::print::DisplayBacktrace as core[df12db4294e9bfd3]::fmt::Display>::fmt
[INFO] [stdout]    1:     0x5a0a4d2c562a - core[df12db4294e9bfd3]::fmt::write
[INFO] [stdout]    2:     0x5a0a4d2b4ddc - <alloc[2182bb758b4b3781]::vec::Vec<u8> as core[df12db4294e9bfd3]::io::write::Write>::write_fmt
[INFO] [stdout]    3:     0x5a0a4d28c686 - std[70759c8f55707aa4]::panicking::default_hook::{closure#0}
[INFO] [stdout]    4:     0x5a0a4d2a90a9 - std[70759c8f55707aa4]::panicking::default_hook
[INFO] [stdout]    5:     0x5a0a4d23e970 - test[9d35eded1c95d3be]::test_main_inner::<test[9d35eded1c95d3be]::test_main_static::{closure#0}>::{closure#0}
[INFO] [stdout]    6:     0x5a0a4d2a9262 - std[70759c8f55707aa4]::panicking::panic_with_hook
[INFO] [stdout]    7:     0x5a0a4d28c732 - std[70759c8f55707aa4]::panicking::panic_handler::{closure#0}
[INFO] [stdout]    8:     0x5a0a4d285399 - std[70759c8f55707aa4]::sys::backtrace::__rust_end_short_backtrace::<std[70759c8f55707aa4]::panicking::panic_handler::{closure#0}, !>
[INFO] [stdout]    9:     0x5a0a4d28d32d - __rustc[8fa7c3cbc660c2b3]::rust_begin_unwind
[INFO] [stdout]   10:     0x5a0a4d2c5d5c - core[df12db4294e9bfd3]::panicking::panic_fmt
[INFO] [stdout]   11:     0x5a0a4d2c5b32 - core[df12db4294e9bfd3]::result::unwrap_failed
[INFO] [stdout]   12:     0x5a0a4d225d6f - mod[3d932a9ad9e1dd2e]::common::create_svg_from_client_tests::<mod[3d932a9ad9e1dd2e]::common::MockClient>
[INFO] [stdout]   13:     0x5a0a4d22ac45 - mod[3d932a9ad9e1dd2e]::simple::simple_1
[INFO] [stdout]   14:     0x5a0a4d225599 - <mod[3d932a9ad9e1dd2e]::simple::simple_1::{closure#0} as core[df12db4294e9bfd3]::ops::function::FnOnce<()>>::call_once
[INFO] [stdout]   15:     0x5a0a4d231c5b - test[9d35eded1c95d3be]::__rust_begin_short_backtrace::<core[df12db4294e9bfd3]::result::Result<(), alloc[2182bb758b4b3781]::string::String>, fn() -> core[df12db4294e9bfd3]::result::Result<(), alloc[2182bb758b4b3781]::string::String>>
[INFO] [stdout]   16:     0x5a0a4d23f2c5 - test[9d35eded1c95d3be]::run_test::{closure#0}
[INFO] [stdout]   17:     0x5a0a4d238b84 - std[70759c8f55707aa4]::sys::backtrace::__rust_begin_short_backtrace::<test[9d35eded1c95d3be]::run_test::{closure#1}, ()>
[INFO] [stdout]   18:     0x5a0a4d242422 - <std[70759c8f55707aa4]::thread::lifecycle::spawn_unchecked<test[9d35eded1c95d3be]::run_test::{closure#1}, ()>::{closure#1} as core[df12db4294e9bfd3]::ops::function::FnOnce<()>>::call_once::{shim:vtable#0}
[INFO] [stdout]   19:     0x5a0a4d2b0219 - <std[70759c8f55707aa4]::sys::thread::unix::Thread>::new::thread_start
[INFO] [stdout]   20:     0x7040e495bdfa - <unknown>
[INFO] [stdout]   21:     0x7040e49ef3d4 - clone
[INFO] [stdout]   22:                0x0 - <unknown>
[INFO] [stdout] 
[INFO] [stdout] ---- simple::simple_5 stdout ----
[INFO] [stdout] updated clients: [MockClient(1, 1, 1, 4, 0, 0, "1"), MockClient(3, 1, 1, 2, 0, 0, "2"), MockClient(3, 4, 1, 4, 0, 0, "3"), MockClient(1, 6, 1, 2, 0, 0, "4")]
[INFO] [stdout] [MockClient(1, 1, 1, 4, 0, 0, "1"), MockClient(3, 1, 1, 2, 0, 0, "2"), MockClient(3, 4, 1, 4, 0, 0, "3"), MockClient(1, 6, 1, 2, 0, 0, "4")] (2.11µs)
[INFO] [stdout] 
[INFO] [stdout] thread 'simple::simple_5' (1751) panicked at tests/mod.rs:86:14:
[INFO] [stdout] unable to create test-svgs directory and subdirectories: Os { code: 30, kind: ReadOnlyFilesystem, message: "Read-only file system" }
[INFO] [stdout] stack backtrace:
[INFO] [stdout]    0:     0x5a0a4d2b0941 - <<std[70759c8f55707aa4]::sys::backtrace::BacktraceLock>::print::DisplayBacktrace as core[df12db4294e9bfd3]::fmt::Display>::fmt
[INFO] [stdout]    1:     0x5a0a4d2c562a - core[df12db4294e9bfd3]::fmt::write
[INFO] [stdout]    2:     0x5a0a4d2b4ddc - <alloc[2182bb758b4b3781]::vec::Vec<u8> as core[df12db4294e9bfd3]::io::write::Write>::write_fmt
[INFO] [stdout]    3:     0x5a0a4d28c686 - std[70759c8f55707aa4]::panicking::default_hook::{closure#0}
[INFO] [stdout]    4:     0x5a0a4d2a90a9 - std[70759c8f55707aa4]::panicking::default_hook
[INFO] [stdout]    5:     0x5a0a4d23e970 - test[9d35eded1c95d3be]::test_main_inner::<test[9d35eded1c95d3be]::test_main_static::{closure#0}>::{closure#0}
[INFO] [stdout]    6:     0x5a0a4d2a9262 - std[70759c8f55707aa4]::panicking::panic_with_hook
[INFO] [stdout]    7:     0x5a0a4d28c732 - std[70759c8f55707aa4]::panicking::panic_handler::{closure#0}
[INFO] [stdout]    8:     0x5a0a4d285399 - std[70759c8f55707aa4]::sys::backtrace::__rust_end_short_backtrace::<std[70759c8f55707aa4]::panicking::panic_handler::{closure#0}, !>
[INFO] [stdout]    9:     0x5a0a4d28d32d - __rustc[8fa7c3cbc660c2b3]::rust_begin_unwind
[INFO] [stdout]   10:     0x5a0a4d2c5d5c - core[df12db4294e9bfd3]::panicking::panic_fmt
[INFO] [stdout]   11:     0x5a0a4d2c5b32 - core[df12db4294e9bfd3]::result::unwrap_failed
[INFO] [stdout]   12:     0x5a0a4d225d6f - mod[3d932a9ad9e1dd2e]::common::create_svg_from_client_tests::<mod[3d932a9ad9e1dd2e]::common::MockClient>
[INFO] [stdout]   13:     0x5a0a4d22d4c5 - mod[3d932a9ad9e1dd2e]::simple::simple_5
[INFO] [stdout]   14:     0x5a0a4d225619 - <mod[3d932a9ad9e1dd2e]::simple::simple_5::{closure#0} as core[df12db4294e9bfd3]::ops::function::FnOnce<()>>::call_once
[INFO] [stdout]   15:     0x5a0a4d231c5b - test[9d35eded1c95d3be]::__rust_begin_short_backtrace::<core[df12db4294e9bfd3]::result::Result<(), alloc[2182bb758b4b3781]::string::String>, fn() -> core[df12db4294e9bfd3]::result::Result<(), alloc[2182bb758b4b3781]::string::String>>
[INFO] [stdout]   16:     0x5a0a4d23f2c5 - test[9d35eded1c95d3be]::run_test::{closure#0}
[INFO] [stdout]   17:     0x5a0a4d238b84 - std[70759c8f55707aa4]::sys::backtrace::__rust_begin_short_backtrace::<test[9d35eded1c95d3be]::run_test::{closure#1}, ()>
[INFO] [stdout]   18:     0x5a0a4d242422 - <std[70759c8f55707aa4]::thread::lifecycle::spawn_unchecked<test[9d35eded1c95d3be]::run_test::{closure#1}, ()>::{closure#1} as core[df12db4294e9bfd3]::ops::function::FnOnce<()>>::call_once::{shim:vtable#0}
[INFO] [stdout]   19:     0x5a0a4d2b0219 - <std[70759c8f55707aa4]::sys::thread::unix::Thread>::new::thread_start
[INFO] [stdout]   20:     0x7040e495bdfa - <unknown>
[INFO] [stdout]   21:     0x7040e49ef3d4 - clone
[INFO] [stdout]   22:                0x0 - <unknown>
[INFO] [stdout] 
[INFO] [stdout] ---- simple::simple_3 stdout ----
[INFO] [stdout] updated clients: [MockClient(1, 1, 1, 3, 0, 0, "1"), MockClient(3, 1, 3, 3, 0, 0, "2"), MockClient(1, 5, 3, 2, 0, 0, "3"), MockClient(5, 5, 1, 2, 0, 0, "4")]
[INFO] [stdout] [MockClient(1, 1, 1, 3, 0, 0, "1"), MockClient(3, 1, 3, 3, 0, 0, "2"), MockClient(1, 5, 3, 2, 0, 0, "3"), MockClient(5, 5, 1, 2, 0, 0, "4")] (2.48µs)
[INFO] [stdout] 
[INFO] [stdout] thread 'simple::simple_3' (1749) panicked at tests/mod.rs:86:14:
[INFO] [stdout] unable to create test-svgs directory and subdirectories: Os { code: 30, kind: ReadOnlyFilesystem, message: "Read-only file system" }
[INFO] [stdout] stack backtrace:
[INFO] [stdout]    0:     0x5a0a4d2b0941 - <<std[70759c8f55707aa4]::sys::backtrace::BacktraceLock>::print::DisplayBacktrace as core[df12db4294e9bfd3]::fmt::Display>::fmt
[INFO] [stdout]    1:     0x5a0a4d2c562a - core[df12db4294e9bfd3]::fmt::write
[INFO] [stdout]    2:     0x5a0a4d2b4ddc - <alloc[2182bb758b4b3781]::vec::Vec<u8> as core[df12db4294e9bfd3]::io::write::Write>::write_fmt
[INFO] [stdout]    3:     0x5a0a4d28c686 - std[70759c8f55707aa4]::panicking::default_hook::{closure#0}
[INFO] [stdout]    4:     0x5a0a4d2a90a9 - std[70759c8f55707aa4]::panicking::default_hook
[INFO] [stdout]    5:     0x5a0a4d23e970 - test[9d35eded1c95d3be]::test_main_inner::<test[9d35eded1c95d3be]::test_main_static::{closure#0}>::{closure#0}
[INFO] [stdout]    6:     0x5a0a4d2a9262 - std[70759c8f55707aa4]::panicking::panic_with_hook
[INFO] [stdout]    7:     0x5a0a4d28c732 - std[70759c8f55707aa4]::panicking::panic_handler::{closure#0}
[INFO] [stdout]    8:     0x5a0a4d285399 - std[70759c8f55707aa4]::sys::backtrace::__rust_end_short_backtrace::<std[70759c8f55707aa4]::panicking::panic_handler::{closure#0}, !>
[INFO] [stdout]    9:     0x5a0a4d28d32d - __rustc[8fa7c3cbc660c2b3]::rust_begin_unwind
[INFO] [stdout]   10:     0x5a0a4d2c5d5c - core[df12db4294e9bfd3]::panicking::panic_fmt
[INFO] [stdout]   11:     0x5a0a4d2c5b32 - core[df12db4294e9bfd3]::result::unwrap_failed
[INFO] [stdout]   12:     0x5a0a4d225d6f - mod[3d932a9ad9e1dd2e]::common::create_svg_from_client_tests::<mod[3d932a9ad9e1dd2e]::common::MockClient>
[INFO] [stdout]   13:     0x5a0a4d22c085 - mod[3d932a9ad9e1dd2e]::simple::simple_3
[INFO] [stdout]   14:     0x5a0a4d2255d9 - <mod[3d932a9ad9e1dd2e]::simple::simple_3::{closure#0} as core[df12db4294e9bfd3]::ops::function::FnOnce<()>>::call_once
[INFO] [stdout]   15:     0x5a0a4d231c5b - test[9d35eded1c95d3be]::__rust_begin_short_backtrace::<core[df12db4294e9bfd3]::result::Result<(), alloc[2182bb758b4b3781]::string::String>, fn() -> core[df12db4294e9bfd3]::result::Result<(), alloc[2182bb758b4b3781]::string::String>>
[INFO] [stdout]   16:     0x5a0a4d23f2c5 - test[9d35eded1c95d3be]::run_test::{closure#0}
[INFO] [stdout]   17:     0x5a0a4d238b84 - std[70759c8f55707aa4]::sys::backtrace::__rust_begin_short_backtrace::<test[9d35eded1c95d3be]::run_test::{closure#1}, ()>
[INFO] [stdout]   18:     0x5a0a4d242422 - <std[70759c8f55707aa4]::thread::lifecycle::spawn_unchecked<test[9d35eded1c95d3be]::run_test::{closure#1}, ()>::{closure#1} as core[df12db4294e9bfd3]::ops::function::FnOnce<()>>::call_once::{shim:vtable#0}
[INFO] [stdout]   19:     0x5a0a4d2b0219 - <std[70759c8f55707aa4]::sys::thread::unix::Thread>::new::thread_start
[INFO] [stdout]   20:     0x7040e495bdfa - <unknown>
[INFO] [stdout]   21:     0x7040e49ef3d4 - clone
[INFO] [stdout]   22:                0x0 - <unknown>
[INFO] [stdout] 
[INFO] [stdout] ---- simple::simple_2 stdout ----
[INFO] [stdout] updated clients: [MockClient(1, 1, 1, 3, 0, 0, "1"), MockClient(3, 1, 2, 3, 0, 0, "2"), MockClient(1, 5, 2, 2, 0, 0, "3"), MockClient(4, 5, 1, 2, 0, 0, "4")]
[INFO] [stdout] [MockClient(1, 1, 1, 3, 0, 0, "1"), MockClient(3, 1, 2, 3, 0, 0, "2"), MockClient(1, 5, 2, 2, 0, 0, "3"), MockClient(4, 5, 1, 2, 0, 0, "4")] (2.22µs)
[INFO] [stdout] 
[INFO] [stdout] thread 'simple::simple_2' (1748) panicked at tests/mod.rs:86:14:
[INFO] [stdout] unable to create test-svgs directory and subdirectories: Os { code: 30, kind: ReadOnlyFilesystem, message: "Read-only file system" }
[INFO] [stdout] stack backtrace:
[INFO] [stdout]    0:     0x5a0a4d2b0941 - <<std[70759c8f55707aa4]::sys::backtrace::BacktraceLock>::print::DisplayBacktrace as core[df12db4294e9bfd3]::fmt::Display>::fmt
[INFO] [stdout]    1:     0x5a0a4d2c562a - core[df12db4294e9bfd3]::fmt::write
[INFO] [stdout]    2:     0x5a0a4d2b4ddc - <alloc[2182bb758b4b3781]::vec::Vec<u8> as core[df12db4294e9bfd3]::io::write::Write>::write_fmt
[INFO] [stdout]    3:     0x5a0a4d28c686 - std[70759c8f55707aa4]::panicking::default_hook::{closure#0}
[INFO] [stdout]    4:     0x5a0a4d2a90a9 - std[70759c8f55707aa4]::panicking::default_hook
[INFO] [stdout]    5:     0x5a0a4d23e970 - test[9d35eded1c95d3be]::test_main_inner::<test[9d35eded1c95d3be]::test_main_static::{closure#0}>::{closure#0}
[INFO] [stdout]    6:     0x5a0a4d2a9262 - std[70759c8f55707aa4]::panicking::panic_with_hook
[INFO] [stdout]    7:     0x5a0a4d28c732 - std[70759c8f55707aa4]::panicking::panic_handler::{closure#0}
[INFO] [stdout]    8:     0x5a0a4d285399 - std[70759c8f55707aa4]::sys::backtrace::__rust_end_short_backtrace::<std[70759c8f55707aa4]::panicking::panic_handler::{closure#0}, !>
[INFO] [stdout]    9:     0x5a0a4d28d32d - __rustc[8fa7c3cbc660c2b3]::rust_begin_unwind
[INFO] [stdout]   10:     0x5a0a4d2c5d5c - core[df12db4294e9bfd3]::panicking::panic_fmt
[INFO] [stdout]   11:     0x5a0a4d2c5b32 - core[df12db4294e9bfd3]::result::unwrap_failed
[INFO] [stdout]   12:     0x5a0a4d225d6f - mod[3d932a9ad9e1dd2e]::common::create_svg_from_client_tests::<mod[3d932a9ad9e1dd2e]::common::MockClient>
[INFO] [stdout]   13:     0x5a0a4d22b665 - mod[3d932a9ad9e1dd2e]::simple::simple_2
[INFO] [stdout]   14:     0x5a0a4d2255b9 - <mod[3d932a9ad9e1dd2e]::simple::simple_2::{closure#0} as core[df12db4294e9bfd3]::ops::function::FnOnce<()>>::call_once
[INFO] [stdout]   15:     0x5a0a4d231c5b - test[9d35eded1c95d3be]::__rust_begin_short_backtrace::<core[df12db4294e9bfd3]::result::Result<(), alloc[2182bb758b4b3781]::string::String>, fn() -> core[df12db4294e9bfd3]::result::Result<(), alloc[2182bb758b4b3781]::string::String>>
[INFO] [stdout]   16:     0x5a0a4d23f2c5 - test[9d35eded1c95d3be]::run_test::{closure#0}
[INFO] [stdout]   17:     0x5a0a4d238b84 - std[70759c8f55707aa4]::sys::backtrace::__rust_begin_short_backtrace::<test[9d35eded1c95d3be]::run_test::{closure#1}, ()>
[INFO] [stdout]   18:     0x5a0a4d242422 - <std[70759c8f55707aa4]::thread::lifecycle::spawn_unchecked<test[9d35eded1c95d3be]::run_test::{closure#1}, ()>::{closure#1} as core[df12db4294e9bfd3]::ops::function::FnOnce<()>>::call_once::{shim:vtable#0}
[INFO] [stdout]   19:     0x5a0a4d2b0219 - <std[70759c8f55707aa4]::sys::thread::unix::Thread>::new::thread_start
[INFO] [stdout]   20:     0x7040e495bdfa - <unknown>
[INFO] [stdout]   21:     0x7040e49ef3d4 - clone
[INFO] [stdout]   22:                0x0 - <unknown>
[INFO] [stdout] 
[INFO] [stdout] ---- multi_workspaces::vertical_ignore_workspace stdout ----
[INFO] [stdout] updated clients: [MockClient(1, 1, 1, 3, 0, 0, "1"), MockClient(3, 1, 1, 3, 0, 0, "2"), MockClient(1, 5, 1, 2, 0, 0, "3"), MockClient(3, 5, 1, 2, 0, 0, "4"), MockClient(1, 9, 1, 3, 1, 0, "5"), MockClient(3, 9, 1, 2, 1, 0, "6"), MockClient(3, 12, 1, 3, 1, 0, "7"), MockClient(1, 13, 1, 2, 1, 0, "8")]
[INFO] [stdout] [MockClient(1, 1, 1, 3, 0, 0, "1"), MockClient(3, 1, 1, 3, 0, 0, "2"), MockClient(1, 5, 1, 2, 0, 0, "3"), MockClient(3, 5, 1, 2, 0, 0, "4"), MockClient(1, 9, 1, 3, 1, 0, "5"), MockClient(3, 9, 1, 2, 1, 0, "6"), MockClient(3, 12, 1, 3, 1, 0, "7"), MockClient(1, 13, 1, 2, 1, 0, "8")] (3.3µs)
[INFO] [stdout] 
[INFO] [stdout] thread 'multi_workspaces::vertical_ignore_workspace' (1745) panicked at tests/mod.rs:86:14:
[INFO] [stdout] unable to create test-svgs directory and subdirectories: Os { code: 30, kind: ReadOnlyFilesystem, message: "Read-only file system" }
[INFO] [stdout] stack backtrace:
[INFO] [stdout]    0:     0x5a0a4d2b0941 - <<std[70759c8f55707aa4]::sys::backtrace::BacktraceLock>::print::DisplayBacktrace as core[df12db4294e9bfd3]::fmt::Display>::fmt
[INFO] [stdout]    1:     0x5a0a4d2c562a - core[df12db4294e9bfd3]::fmt::write
[INFO] [stdout]    2:     0x5a0a4d2b4ddc - <alloc[2182bb758b4b3781]::vec::Vec<u8> as core[df12db4294e9bfd3]::io::write::Write>::write_fmt
[INFO] [stdout]    3:     0x5a0a4d28c686 - std[70759c8f55707aa4]::panicking::default_hook::{closure#0}
[INFO] [stdout]    4:     0x5a0a4d2a90a9 - std[70759c8f55707aa4]::panicking::default_hook
[INFO] [stdout]    5:     0x5a0a4d23e970 - test[9d35eded1c95d3be]::test_main_inner::<test[9d35eded1c95d3be]::test_main_static::{closure#0}>::{closure#0}
[INFO] [stdout]    6:     0x5a0a4d2a9262 - std[70759c8f55707aa4]::panicking::panic_with_hook
[INFO] [stdout]    7:     0x5a0a4d28c732 - std[70759c8f55707aa4]::panicking::panic_handler::{closure#0}
[INFO] [stdout]    8:     0x5a0a4d285399 - std[70759c8f55707aa4]::sys::backtrace::__rust_end_short_backtrace::<std[70759c8f55707aa4]::panicking::panic_handler::{closure#0}, !>
[INFO] [stdout]    9:     0x5a0a4d28d32d - __rustc[8fa7c3cbc660c2b3]::rust_begin_unwind
[INFO] [stdout]   10:     0x5a0a4d2c5d5c - core[df12db4294e9bfd3]::panicking::panic_fmt
[INFO] [stdout]   11:     0x5a0a4d2c5b32 - core[df12db4294e9bfd3]::result::unwrap_failed
[INFO] [stdout]   12:     0x5a0a4d225d6f - mod[3d932a9ad9e1dd2e]::common::create_svg_from_client_tests::<mod[3d932a9ad9e1dd2e]::common::MockClient>
[INFO] [stdout]   13:     0x5a0a4d22ed8f - mod[3d932a9ad9e1dd2e]::multi_workspaces::vertical_ignore_workspace
[INFO] [stdout]   14:     0x5a0a4d225419 - <mod[3d932a9ad9e1dd2e]::multi_workspaces::vertical_ignore_workspace::{closure#0} as core[df12db4294e9bfd3]::ops::function::FnOnce<()>>::call_once
[INFO] [stdout]   15:     0x5a0a4d231c5b - test[9d35eded1c95d3be]::__rust_begin_short_backtrace::<core[df12db4294e9bfd3]::result::Result<(), alloc[2182bb758b4b3781]::string::String>, fn() -> core[df12db4294e9bfd3]::result::Result<(), alloc[2182bb758b4b3781]::string::String>>
[INFO] [stdout]   16:     0x5a0a4d23f2c5 - test[9d35eded1c95d3be]::run_test::{closure#0}
[INFO] [stdout]   17:     0x5a0a4d238b84 - std[70759c8f55707aa4]::sys::backtrace::__rust_begin_short_backtrace::<test[9d35eded1c95d3be]::run_test::{closure#1}, ()>
[INFO] [stdout]   18:     0x5a0a4d242422 - <std[70759c8f55707aa4]::thread::lifecycle::spawn_unchecked<test[9d35eded1c95d3be]::run_test::{closure#1}, ()>::{closure#1} as core[df12db4294e9bfd3]::ops::function::FnOnce<()>>::call_once::{shim:vtable#0}
[INFO] [stdout]   19:     0x5a0a4d2b0219 - <std[70759c8f55707aa4]::sys::thread::unix::Thread>::new::thread_start
[INFO] [stdout]   20:     0x7040e495bdfa - <unknown>
[INFO] [stdout]   21:     0x7040e49ef3d4 - clone
[INFO] [stdout]   22:                0x0 - <unknown>
[INFO] [stdout] 
[INFO] [stdout] ---- multi_workspace_multi_monitor_horizontal::ignore_monitor stdout ----
[INFO] [stdout] updated clients: [MockClient(1, 1, 1, 3, 0, 0, "1"), MockClient(3, 1, 1, 3, 0, 0, "2"), MockClient(1, 5, 1, 2, 0, 0, "5"), MockClient(3, 5, 1, 2, 0, 0, "6"), MockClient(6, 1, 1, 3, 1, 0, "9"), MockClient(8, 1, 1, 2, 1, 0, "10"), MockClient(8, 4, 1, 3, 1, 0, "11"), MockClient(6, 5, 1, 2, 1, 0, "15"), MockClient(5, 1, 1, 3, 10, 1, "3"), MockClient(7, 1, 2, 3, 10, 1, "4"), MockClient(5, 5, 2, 2, 10, 1, "7"), MockClient(8, 5, 1, 2, 10, 1, "8"), MockClient(10, 1, 1, 3, 11, 1, "12"), MockClient(12, 1, 2, 2, 11, 1, "13"), MockClient(12, 4, 2, 3, 11, 1, "14"), MockClient(10, 5, 1, 2, 11, 1, "16")]
[INFO] [stdout] [MockClient(1, 1, 1, 3, 0, 0, "1"), MockClient(3, 1, 1, 3, 0, 0, "2"), MockClient(5, 1, 1, 3, 10, 1, "3"), MockClient(7, 1, 2, 3, 10, 1, "4"), MockClient(1, 5, 1, 2, 0, 0, "5"), MockClient(3, 5, 1, 2, 0, 0, "6"), MockClient(5, 5, 2, 2, 10, 1, "7"), MockClient(8, 5, 1, 2, 10, 1, "8"), MockClient(6, 1, 1, 3, 1, 0, "9"), MockClient(8, 1, 1, 2, 1, 0, "10"), MockClient(8, 4, 1, 3, 1, 0, "11"), MockClient(10, 1, 1, 3, 11, 1, "12"), MockClient(12, 1, 2, 2, 11, 1, "13"), MockClient(12, 4, 2, 3, 11, 1, "14"), MockClient(6, 5, 1, 2, 1, 0, "15"), MockClient(10, 5, 1, 2, 11, 1, "16")] (5.07µs)
[INFO] [stdout] 
[INFO] [stdout] thread 'multi_workspace_multi_monitor_horizontal::ignore_monitor' (1736) panicked at tests/mod.rs:86:14:
[INFO] [stdout] unable to create test-svgs directory and subdirectories: Os { code: 30, kind: ReadOnlyFilesystem, message: "Read-only file system" }
[INFO] [stdout] stack backtrace:
[INFO] [stdout]    0:     0x5a0a4d2b0941 - <<std[70759c8f55707aa4]::sys::backtrace::BacktraceLock>::print::DisplayBacktrace as core[df12db4294e9bfd3]::fmt::Display>::fmt
[INFO] [stdout]    1:     0x5a0a4d2c562a - core[df12db4294e9bfd3]::fmt::write
[INFO] [stdout]    2:     0x5a0a4d2b4ddc - <alloc[2182bb758b4b3781]::vec::Vec<u8> as core[df12db4294e9bfd3]::io::write::Write>::write_fmt
[INFO] [stdout]    3:     0x5a0a4d28c686 - std[70759c8f55707aa4]::panicking::default_hook::{closure#0}
[INFO] [stdout]    4:     0x5a0a4d2a90a9 - std[70759c8f55707aa4]::panicking::default_hook
[INFO] [stdout]    5:     0x5a0a4d23e970 - test[9d35eded1c95d3be]::test_main_inner::<test[9d35eded1c95d3be]::test_main_static::{closure#0}>::{closure#0}
[INFO] [stdout]    6:     0x5a0a4d2a9262 - std[70759c8f55707aa4]::panicking::panic_with_hook
[INFO] [stdout]    7:     0x5a0a4d28c732 - std[70759c8f55707aa4]::panicking::panic_handler::{closure#0}
[INFO] [stdout]    8:     0x5a0a4d285399 - std[70759c8f55707aa4]::sys::backtrace::__rust_end_short_backtrace::<std[70759c8f55707aa4]::panicking::panic_handler::{closure#0}, !>
[INFO] [stdout]    9:     0x5a0a4d28d32d - __rustc[8fa7c3cbc660c2b3]::rust_begin_unwind
[INFO] [stdout]   10:     0x5a0a4d2c5d5c - core[df12db4294e9bfd3]::panicking::panic_fmt
[INFO] [stdout]   11:     0x5a0a4d2c5b32 - core[df12db4294e9bfd3]::result::unwrap_failed
[INFO] [stdout]   12:     0x5a0a4d225d6f - mod[3d932a9ad9e1dd2e]::common::create_svg_from_client_tests::<mod[3d932a9ad9e1dd2e]::common::MockClient>
[INFO] [stdout]   13:     0x5a0a4d20be2f - mod[3d932a9ad9e1dd2e]::multi_workspace_multi_monitor_horizontal::ignore_monitor
[INFO] [stdout]   14:     0x5a0a4d225479 - <mod[3d932a9ad9e1dd2e]::multi_workspace_multi_monitor_horizontal::ignore_monitor::{closure#0} as core[df12db4294e9bfd3]::ops::function::FnOnce<()>>::call_once
[INFO] [stdout]   15:     0x5a0a4d231c5b - test[9d35eded1c95d3be]::__rust_begin_short_backtrace::<core[df12db4294e9bfd3]::result::Result<(), alloc[2182bb758b4b3781]::string::String>, fn() -> core[df12db4294e9bfd3]::result::Result<(), alloc[2182bb758b4b3781]::string::String>>
[INFO] [stdout]   16:     0x5a0a4d23f2c5 - test[9d35eded1c95d3be]::run_test::{closure#0}
[INFO] [stdout]   17:     0x5a0a4d238b84 - std[70759c8f55707aa4]::sys::backtrace::__rust_begin_short_backtrace::<test[9d35eded1c95d3be]::run_test::{closure#1}, ()>
[INFO] [stdout]   18:     0x5a0a4d242422 - <std[70759c8f55707aa4]::thread::lifecycle::spawn_unchecked<test[9d35eded1c95d3be]::run_test::{closure#1}, ()>::{closure#1} as core[df12db4294e9bfd3]::ops::function::FnOnce<()>>::call_once::{shim:vtable#0}
[INFO] [stdout]   19:     0x5a0a4d2b0219 - <std[70759c8f55707aa4]::sys::thread::unix::Thread>::new::thread_start
[INFO] [stdout]   20:     0x7040e495bdfa - <unknown>
[INFO] [stdout]   21:     0x7040e49ef3d4 - clone
[INFO] [stdout]   22:                0x0 - <unknown>
[INFO] [stdout] 
[INFO] [stdout] 
[INFO] [stdout] failures:
[INFO] [stdout]     many_windows::many_1
[INFO] [stdout]     many_windows::many_2
[INFO] [stdout]     multi_workspace_multi_monitor_horizontal::default
[INFO] [stdout]     multi_workspace_multi_monitor_horizontal::default_more_monitor
[INFO] [stdout]     multi_workspace_multi_monitor_horizontal::ignore_monitor
[INFO] [stdout]     multi_workspace_multi_monitor_horizontal::ignore_monitor_more_monitor
[INFO] [stdout]     multi_workspace_multi_monitor_horizontal::ignore_workspaces
[INFO] [stdout]     multi_workspace_multi_monitor_horizontal::ignore_workspaces_more_monitor
[INFO] [stdout]     multi_workspaces::default
[INFO] [stdout]     multi_workspaces::ignore_workspace
[INFO] [stdout]     multi_workspaces::vertical
[INFO] [stdout]     multi_workspaces::vertical_ignore_workspace
[INFO] [stdout]     simple::float_1
[INFO] [stdout]     simple::simple_1
[INFO] [stdout]     simple::simple_2
[INFO] [stdout]     simple::simple_3
[INFO] [stdout]     simple::simple_4
[INFO] [stdout]     simple::simple_5
[INFO] [stdout] 
[INFO] [stdout] test result: FAILED. 2 passed; 18 failed; 0 ignored; 0 measured; 0 filtered out; finished in 0.02s
[INFO] [stdout] 
[INFO] [stderr] error: test failed, to rerun pass `--test mod`
[INFO] running `Command { std: "docker" "inspect" "a768d2419352e61a473d37f995624279e8929b4aee7d185564516424a23457f4", kill_on_drop: false }`
[INFO] running `Command { std: "docker" "rm" "-f" "a768d2419352e61a473d37f995624279e8929b4aee7d185564516424a23457f4", kill_on_drop: false }`
[INFO] [stdout] a768d2419352e61a473d37f995624279e8929b4aee7d185564516424a23457f4
