[INFO] fetching crate wincompatlib 0.7.7...
[INFO] testing wincompatlib-0.7.7 against 1.100.0-beta.1+cargoflags=--release for beta-release-1.100-2
[INFO] extracting crate wincompatlib 0.7.7 into /workspace/builds/worker-2-tc2/source
[INFO] started tweaking crates.io crate wincompatlib 0.7.7
[INFO] finished tweaking crates.io crate wincompatlib 0.7.7
[INFO] tweaked toml for crates.io crate wincompatlib 0.7.7 written to /workspace/builds/worker-2-tc2/source/Cargo.toml
[INFO] validating manifest of crates.io crate wincompatlib 0.7.7 on toolchain 1.100.0-beta.1
[INFO] running `Command { std: CARGO_HOME="/workspace/cargo-home" RUSTUP_HOME="/workspace/rustup-home" "/workspace/cargo-home/bin/cargo" "+1.100.0-beta.1" "metadata" "--manifest-path" "Cargo.toml" "--no-deps", kill_on_drop: false }`
[INFO] crate crates.io crate wincompatlib 0.7.7 already has a lockfile, it will not be regenerated
[INFO] running `Command { std: CARGO_HOME="/workspace/cargo-home" RUSTUP_HOME="/workspace/rustup-home" "/workspace/cargo-home/bin/cargo" "+1.100.0-beta.1" "fetch" "--manifest-path" "Cargo.toml", kill_on_drop: false }`
[INFO] running `Command { std: "docker" "create" "-v" "/var/lib/crater-agent-workspace/builds/worker-2-tc2/source:/opt/rustwide/workdir:ro,Z" "-v" "/var/lib/crater-agent-workspace/builds/worker-2-tc2/target:/opt/rustwide/target:rw,Z" "-v" "/var/lib/crater-agent-workspace/cargo-home:/opt/rustwide/cargo-home:ro,Z" "-v" "/var/lib/crater-agent-workspace/rustup-home:/opt/rustwide/rustup-home:ro,Z" "-m" "1610612736" "--network" "none" "ghcr.io/rust-lang/crates-build-env/linux@sha256:77db811e55d90add9212f6832c23229e3de5f1c1f9905e8cb07319ea15df73ac" "sleep" "infinity", kill_on_drop: false }`
[INFO] [stdout] a5eeccbd53cf621cdd0097091d29e9e43949c1451aaa2b729aaade3f29c100ad
[INFO] running `Command { std: "docker" "start" "a5eeccbd53cf621cdd0097091d29e9e43949c1451aaa2b729aaade3f29c100ad", kill_on_drop: false }`
[INFO] running `Command { std: "docker" "inspect" "a5eeccbd53cf621cdd0097091d29e9e43949c1451aaa2b729aaade3f29c100ad", kill_on_drop: false }`
[INFO] running `Command { std: "docker" "exec" "-e" "SOURCE_DIR=/opt/rustwide/workdir" "-e" "CARGO_HOME=/opt/rustwide/cargo-home" "-e" "RUSTUP_HOME=/opt/rustwide/rustup-home" "-e" "CARGO_TARGET_DIR=/opt/rustwide/target" "-w" "/opt/rustwide/workdir" "--user" "0:0" "a5eeccbd53cf621cdd0097091d29e9e43949c1451aaa2b729aaade3f29c100ad" "/opt/rustwide/cargo-home/bin/cargo" "+1.100.0-beta.1" "metadata" "--no-deps" "--format-version=1", kill_on_drop: false }`
[INFO] running `Command { std: "docker" "inspect" "a5eeccbd53cf621cdd0097091d29e9e43949c1451aaa2b729aaade3f29c100ad", kill_on_drop: false }`
[INFO] running `Command { std: "docker" "exec" "-e" "SOURCE_DIR=/opt/rustwide/workdir" "-e" "CARGO_HOME=/opt/rustwide/cargo-home" "-e" "RUSTUP_HOME=/opt/rustwide/rustup-home" "-e" "CARGO_TARGET_DIR=/opt/rustwide/target" "-e" "CARGO_INCREMENTAL=0" "-e" "RUST_BACKTRACE=full" "-e" "RUSTFLAGS=--cap-lints=warn" "-e" "RUSTDOCFLAGS=--cap-lints=warn" "-w" "/opt/rustwide/workdir" "--user" "0:0" "a5eeccbd53cf621cdd0097091d29e9e43949c1451aaa2b729aaade3f29c100ad" "/opt/rustwide/cargo-home/bin/cargo" "+1.100.0-beta.1" "build" "--frozen" "--message-format=json" "--release", kill_on_drop: false }`
[INFO] [stderr]    Compiling cc v1.2.18
[INFO] [stderr]    Compiling libc v0.2.171
[INFO] [stderr]    Compiling proc-macro2 v1.0.94
[INFO] [stderr]    Compiling memchr v2.7.4
[INFO] [stderr]    Compiling rustls v0.21.12
[INFO] [stderr]    Compiling miniz_oxide v0.8.7
[INFO] [stderr]    Compiling minreq v2.13.3
[INFO] [stderr]    Compiling anyhow v1.0.97
[INFO] [stderr]    Compiling rustls-native-certs v0.6.3
[INFO] [stderr]    Compiling object v0.36.7
[INFO] [stderr]    Compiling quote v1.0.40
[INFO] [stderr]    Compiling syn v2.0.100
[INFO] [stderr]    Compiling getrandom v0.2.15
[INFO] [stderr]    Compiling ring v0.17.14
[INFO] [stderr]    Compiling blake3 v1.8.1
[INFO] [stderr]    Compiling serde_derive v1.0.219
[INFO] [stderr]    Compiling backtrace v0.3.74
[INFO] [stderr]    Compiling serde v1.0.219
[INFO] [stderr]    Compiling rustls-webpki v0.101.7
[INFO] [stderr]    Compiling sct v0.7.1
[INFO] [stderr]    Compiling wincompatlib v0.7.7 (/opt/rustwide/workdir)
[INFO] [stderr]     Finished `release` profile [optimized] target(s) in 1m 04s
[INFO] running `Command { std: "docker" "inspect" "a5eeccbd53cf621cdd0097091d29e9e43949c1451aaa2b729aaade3f29c100ad", kill_on_drop: false }`
[INFO] running `Command { std: "docker" "exec" "-e" "SOURCE_DIR=/opt/rustwide/workdir" "-e" "CARGO_HOME=/opt/rustwide/cargo-home" "-e" "RUSTUP_HOME=/opt/rustwide/rustup-home" "-e" "CARGO_TARGET_DIR=/opt/rustwide/target" "-e" "CARGO_INCREMENTAL=0" "-e" "RUST_BACKTRACE=full" "-e" "RUSTFLAGS=--cap-lints=warn" "-e" "RUSTDOCFLAGS=--cap-lints=warn" "-w" "/opt/rustwide/workdir" "--user" "0:0" "a5eeccbd53cf621cdd0097091d29e9e43949c1451aaa2b729aaade3f29c100ad" "/opt/rustwide/cargo-home/bin/cargo" "+1.100.0-beta.1" "test" "--frozen" "--no-run" "--message-format=json" "--release", kill_on_drop: false }`
[INFO] [stderr]    Compiling getrandom v0.2.15
[INFO] [stderr]    Compiling syn v2.0.100
[INFO] [stderr]    Compiling smallvec v1.15.0
[INFO] [stderr]    Compiling backtrace v0.3.74
[INFO] [stderr]    Compiling sdd v3.0.8
[INFO] [stderr]    Compiling ring v0.17.14
[INFO] [stderr]    Compiling parking_lot_core v0.9.10
[INFO] [stderr]    Compiling scc v2.3.3
[INFO] [stderr]    Compiling parking_lot v0.12.3
[INFO] [stderr]    Compiling anyhow v1.0.97
[INFO] [stderr]    Compiling rustls-webpki v0.101.7
[INFO] [stderr]    Compiling sct v0.7.1
[INFO] [stderr]    Compiling rustls v0.21.12
[INFO] [stderr]    Compiling serde_derive v1.0.219
[INFO] [stderr]    Compiling serial_test_derive v3.2.0
[INFO] [stderr]    Compiling serial_test v3.2.0
[INFO] [stderr]    Compiling minreq v2.13.3
[INFO] [stderr]    Compiling serde v1.0.219
[INFO] [stderr]    Compiling wincompatlib v0.7.7 (/opt/rustwide/workdir)
[INFO] [stderr]     Finished `release` profile [optimized] target(s) in 53.38s
[INFO] running `Command { std: "docker" "inspect" "a5eeccbd53cf621cdd0097091d29e9e43949c1451aaa2b729aaade3f29c100ad", kill_on_drop: false }`
[INFO] running `Command { std: "docker" "exec" "-e" "SOURCE_DIR=/opt/rustwide/workdir" "-e" "CARGO_HOME=/opt/rustwide/cargo-home" "-e" "RUSTUP_HOME=/opt/rustwide/rustup-home" "-e" "CARGO_TARGET_DIR=/opt/rustwide/target" "-e" "CARGO_INCREMENTAL=0" "-e" "RUST_BACKTRACE=full" "-e" "RUSTFLAGS=--cap-lints=warn" "-e" "RUSTDOCFLAGS=--cap-lints=warn" "-w" "/opt/rustwide/workdir" "--user" "0:0" "a5eeccbd53cf621cdd0097091d29e9e43949c1451aaa2b729aaade3f29c100ad" "/opt/rustwide/cargo-home/bin/cargo" "+1.100.0-beta.1" "test" "--frozen" "--release", kill_on_drop: false }`
[INFO] [stderr]     Finished `release` profile [optimized] target(s) in 0.11s
[INFO] [stderr]      Running unittests src/lib.rs (/opt/rustwide/target/release/build/wincompatlib/2ad3b452c5428116/out/wincompatlib-2ad3b452c5428116)
[INFO] [stdout] 
[INFO] [stdout] running 8 tests
[INFO] [stdout] test tests::wine::run_and_kill_notepad ... FAILED
[INFO] [stdout] test tests::dxvk::apply_dxvk ... FAILED
[INFO] [stdout] test tests::proton::create_prefix ... FAILED
[INFO] [stdout] test tests::wine::create_prefix ... FAILED
[INFO] [stdout] test tests::proton::proton_version ... FAILED
[INFO] [stdout] test tests::wine::wine_version ... FAILED
[INFO] [stdout] test tests::fonts::install_all_fonts ... FAILED
[INFO] [stdout] test tests::proton::run_and_kill_notepad ... FAILED
[INFO] [stdout] 
[INFO] [stdout] failures:
[INFO] [stdout] 
[INFO] [stdout] ---- tests::wine::run_and_kill_notepad stdout ----
[INFO] [stdout] Error: No such file or directory (os error 2)
[INFO] [stdout] 
[INFO] [stdout] Stack backtrace:
[INFO] [stdout]    0: <anyhow::Error as core::convert::From<core::io::error::Error>>::from
[INFO] [stdout]    1: <wincompatlib::wine::Wine as wincompatlib::wine::ext::run::WineRunExt>::run_args_with_env::<[&str; 1], [(&str, &str); 0], &str>
[INFO] [stdout]    2: <wincompatlib::tests::wine::run_and_kill_notepad::{closure#0} as core::ops::function::FnOnce<()>>::call_once
[INFO] [stdout]    3: serial_test::serial_code_lock::local_serial_core_with_return::<anyhow::Error>
[INFO] [stdout]    4: <wincompatlib::tests::wine::run_and_kill_notepad::{closure#0} as core::ops::function::FnOnce<()>>::call_once
[INFO] [stdout]    5: test::__rust_begin_short_backtrace::<core::result::Result<(), alloc::string::String>, fn() -> core::result::Result<(), alloc::string::String>>
[INFO] [stdout]    6: test::run_test::{closure#0}
[INFO] [stdout]    7: std::sys::backtrace::__rust_begin_short_backtrace::<test::run_test::{closure#1}, ()>
[INFO] [stdout]    8: <std::thread::lifecycle::spawn_unchecked<test::run_test::{closure#1}, ()>::{closure#1} as core::ops::function::FnOnce<()>>::call_once::{shim:vtable#0}
[INFO] [stdout]    9: <std::sys::thread::unix::Thread>::new::thread_start
[INFO] [stdout]   10: <unknown>
[INFO] [stdout]   11: clone
[INFO] [stdout] 
[INFO] [stdout] ---- tests::dxvk::apply_dxvk stdout ----
[INFO] [stdout] Error: No such file or directory (os error 2)
[INFO] [stdout] 
[INFO] [stdout] Stack backtrace:
[INFO] [stdout]    0: <anyhow::Error as core::convert::From<core::io::error::Error>>::from
[INFO] [stdout]    1: <wincompatlib::dxvk::Dxvk>::get_version::<std::path::PathBuf>
[INFO] [stdout]    2: <wincompatlib::tests::dxvk::apply_dxvk::{closure#0} as core::ops::function::FnOnce<()>>::call_once
[INFO] [stdout]    3: serial_test::serial_code_lock::local_serial_core_with_return::<anyhow::Error>
[INFO] [stdout]    4: <wincompatlib::tests::dxvk::apply_dxvk::{closure#0} as core::ops::function::FnOnce<()>>::call_once
[INFO] [stdout]    5: test::__rust_begin_short_backtrace::<core::result::Result<(), alloc::string::String>, fn() -> core::result::Result<(), alloc::string::String>>
[INFO] [stdout]    6: test::run_test::{closure#0}
[INFO] [stdout]    7: std::sys::backtrace::__rust_begin_short_backtrace::<test::run_test::{closure#1}, ()>
[INFO] [stdout]    8: <std::thread::lifecycle::spawn_unchecked<test::run_test::{closure#1}, ()>::{closure#1} as core::ops::function::FnOnce<()>>::call_once::{shim:vtable#0}
[INFO] [stdout]    9: <std::sys::thread::unix::Thread>::new::thread_start
[INFO] [stdout]   10: <unknown>
[INFO] [stdout]   11: clone
[INFO] [stdout] 
[INFO] [stdout] ---- tests::proton::create_prefix stdout ----
[INFO] [stdout] Error: No such file or directory (os error 2)
[INFO] [stdout] 
[INFO] [stdout] Stack backtrace:
[INFO] [stdout]    0: <anyhow::Error as core::convert::From<core::io::error::Error>>::from
[INFO] [stdout]    1: <wincompatlib::wine::Wine as wincompatlib::wine::ext::boot::WineBootExt>::update_prefix::<&str>
[INFO] [stdout]    2: <wincompatlib::tests::proton::create_prefix::{closure#0} as core::ops::function::FnOnce<()>>::call_once
[INFO] [stdout]    3: serial_test::serial_code_lock::local_serial_core_with_return::<anyhow::Error>
[INFO] [stdout]    4: <wincompatlib::tests::proton::create_prefix::{closure#0} as core::ops::function::FnOnce<()>>::call_once
[INFO] [stdout]    5: test::__rust_begin_short_backtrace::<core::result::Result<(), alloc::string::String>, fn() -> core::result::Result<(), alloc::string::String>>
[INFO] [stdout]    6: test::run_test::{closure#0}
[INFO] [stdout]    7: std::sys::backtrace::__rust_begin_short_backtrace::<test::run_test::{closure#1}, ()>
[INFO] [stdout]    8: <std::thread::lifecycle::spawn_unchecked<test::run_test::{closure#1}, ()>::{closure#1} as core::ops::function::FnOnce<()>>::call_once::{shim:vtable#0}
[INFO] [stdout]    9: <std::sys::thread::unix::Thread>::new::thread_start
[INFO] [stdout]   10: <unknown>
[INFO] [stdout]   11: clone
[INFO] [stdout] 
[INFO] [stdout] ---- tests::wine::create_prefix stdout ----
[INFO] [stdout] Error: No such file or directory (os error 2)
[INFO] [stdout] 
[INFO] [stdout] Stack backtrace:
[INFO] [stdout]    0: <anyhow::Error as core::convert::From<core::io::error::Error>>::from
[INFO] [stdout]    1: <wincompatlib::wine::Wine as wincompatlib::wine::ext::boot::WineBootExt>::init_prefix::<&str>
[INFO] [stdout]    2: <wincompatlib::tests::wine::create_prefix::{closure#0} as core::ops::function::FnOnce<()>>::call_once
[INFO] [stdout]    3: serial_test::serial_code_lock::local_serial_core_with_return::<anyhow::Error>
[INFO] [stdout]    4: <wincompatlib::tests::wine::create_prefix::{closure#0} as core::ops::function::FnOnce<()>>::call_once
[INFO] [stdout]    5: test::__rust_begin_short_backtrace::<core::result::Result<(), alloc::string::String>, fn() -> core::result::Result<(), alloc::string::String>>
[INFO] [stdout]    6: test::run_test::{closure#0}
[INFO] [stdout]    7: std::sys::backtrace::__rust_begin_short_backtrace::<test::run_test::{closure#1}, ()>
[INFO] [stdout]    8: <std::thread::lifecycle::spawn_unchecked<test::run_test::{closure#1}, ()>::{closure#1} as core::ops::function::FnOnce<()>>::call_once::{shim:vtable#0}
[INFO] [stdout]    9: <std::sys::thread::unix::Thread>::new::thread_start
[INFO] [stdout]   10: <unknown>
[INFO] [stdout]   11: clone
[INFO] [stdout] 
[INFO] [stdout] ---- tests::proton::proton_version stdout ----
[INFO] [stdout] Error: No such file or directory (os error 2)
[INFO] [stdout] 
[INFO] [stdout] Stack backtrace:
[INFO] [stdout]    0: <anyhow::Error as core::convert::From<core::io::error::Error>>::from
[INFO] [stdout]    1: <wincompatlib::wine::Wine>::version
[INFO] [stdout]    2: <wincompatlib::tests::proton::proton_version::{closure#0} as core::ops::function::FnOnce<()>>::call_once
[INFO] [stdout]    3: serial_test::parallel_code_lock::local_parallel_core_with_return::<anyhow::Error>
[INFO] [stdout]    4: <wincompatlib::tests::proton::proton_version::{closure#0} as core::ops::function::FnOnce<()>>::call_once
[INFO] [stdout]    5: test::__rust_begin_short_backtrace::<core::result::Result<(), alloc::string::String>, fn() -> core::result::Result<(), alloc::string::String>>
[INFO] [stdout]    6: test::run_test::{closure#0}
[INFO] [stdout]    7: std::sys::backtrace::__rust_begin_short_backtrace::<test::run_test::{closure#1}, ()>
[INFO] [stdout]    8: <std::thread::lifecycle::spawn_unchecked<test::run_test::{closure#1}, ()>::{closure#1} as core::ops::function::FnOnce<()>>::call_once::{shim:vtable#0}
[INFO] [stdout]    9: <std::sys::thread::unix::Thread>::new::thread_start
[INFO] [stdout]   10: <unknown>
[INFO] [stdout]   11: clone
[INFO] [stdout] 
[INFO] [stdout] ---- tests::wine::wine_version stdout ----
[INFO] [stdout] Error: No such file or directory (os error 2)
[INFO] [stdout] 
[INFO] [stdout] Stack backtrace:
[INFO] [stdout]    0: <anyhow::Error as core::convert::From<core::io::error::Error>>::from
[INFO] [stdout]    1: <wincompatlib::wine::Wine>::version
[INFO] [stdout]    2: <wincompatlib::tests::wine::wine_version::{closure#0} as core::ops::function::FnOnce<()>>::call_once
[INFO] [stdout]    3: serial_test::parallel_code_lock::local_parallel_core_with_return::<anyhow::Error>
[INFO] [stdout]    4: <wincompatlib::tests::wine::wine_version::{closure#0} as core::ops::function::FnOnce<()>>::call_once
[INFO] [stdout]    5: test::__rust_begin_short_backtrace::<core::result::Result<(), alloc::string::String>, fn() -> core::result::Result<(), alloc::string::String>>
[INFO] [stdout]    6: test::run_test::{closure#0}
[INFO] [stdout]    7: std::sys::backtrace::__rust_begin_short_backtrace::<test::run_test::{closure#1}, ()>
[INFO] [stdout]    8: <std::thread::lifecycle::spawn_unchecked<test::run_test::{closure#1}, ()>::{closure#1} as core::ops::function::FnOnce<()>>::call_once::{shim:vtable#0}
[INFO] [stdout]    9: <std::sys::thread::unix::Thread>::new::thread_start
[INFO] [stdout]   10: <unknown>
[INFO] [stdout]   11: clone
[INFO] [stdout] 
[INFO] [stdout] ---- tests::fonts::install_all_fonts stdout ----
[INFO] [stdout] Error: No such file or directory (os error 2)
[INFO] [stdout] 
[INFO] [stdout] Stack backtrace:
[INFO] [stdout]    0: <anyhow::Error as core::convert::From<core::io::error::Error>>::from
[INFO] [stdout]    1: <wincompatlib::wine::Wine as wincompatlib::wine::ext::fonts::WineFontsExt>::install_font::install_fonts::<&str, &str, &str, [(&str, &str, &str); 1]>
[INFO] [stdout]    2: <wincompatlib::wine::Wine as wincompatlib::wine::ext::fonts::WineFontsExt>::install_font
[INFO] [stdout]    3: <wincompatlib::tests::fonts::install_all_fonts::{closure#0} as core::ops::function::FnOnce<()>>::call_once
[INFO] [stdout]    4: serial_test::serial_code_lock::local_serial_core_with_return::<anyhow::Error>
[INFO] [stdout]    5: <wincompatlib::tests::fonts::install_all_fonts::{closure#0} as core::ops::function::FnOnce<()>>::call_once
[INFO] [stdout]    6: test::__rust_begin_short_backtrace::<core::result::Result<(), alloc::string::String>, fn() -> core::result::Result<(), alloc::string::String>>
[INFO] [stdout]    7: test::run_test::{closure#0}
[INFO] [stdout]    8: std::sys::backtrace::__rust_begin_short_backtrace::<test::run_test::{closure#1}, ()>
[INFO] [stdout]    9: <std::thread::lifecycle::spawn_unchecked<test::run_test::{closure#1}, ()>::{closure#1} as core::ops::function::FnOnce<()>>::call_once::{shim:vtable#0}
[INFO] [stdout]   10: <std::sys::thread::unix::Thread>::new::thread_start
[INFO] [stdout]   11: <unknown>
[INFO] [stdout]   12: clone
[INFO] [stdout] 
[INFO] [stdout] ---- tests::proton::run_and_kill_notepad stdout ----
[INFO] [stdout] Error: No such file or directory (os error 2)
[INFO] [stdout] 
[INFO] [stdout] Stack backtrace:
[INFO] [stdout]    0: <anyhow::Error as core::convert::From<core::io::error::Error>>::from
[INFO] [stdout]    1: <wincompatlib::wine::Wine as wincompatlib::wine::ext::run::WineRunExt>::run_args_with_env::<[&str; 1], [(&str, &str); 0], &str>
[INFO] [stdout]    2: <wincompatlib::tests::proton::run_and_kill_notepad::{closure#0} as core::ops::function::FnOnce<()>>::call_once
[INFO] [stdout]    3: serial_test::serial_code_lock::local_serial_core_with_return::<anyhow::Error>
[INFO] [stdout]    4: <wincompatlib::tests::proton::run_and_kill_notepad::{closure#0} as core::ops::function::FnOnce<()>>::call_once
[INFO] [stdout]    5: test::__rust_begin_short_backtrace::<core::result::Result<(), alloc::string::String>, fn() -> core::result::Result<(), alloc::string::String>>
[INFO] [stdout]    6: test::run_test::{closure#0}
[INFO] [stdout]    7: std::sys::backtrace::__rust_begin_short_backtrace::<test::run_test::{closure#1}, ()>
[INFO] [stdout]    8: <std::thread::lifecycle::spawn_unchecked<test::run_test::{closure#1}, ()>::{closure#1} as core::ops::function::FnOnce<()>>::call_once::{shim:vtable#0}
[INFO] [stdout]    9: <std::sys::thread::unix::Thread>::new::thread_start
[INFO] [stdout]   10: <unknown>
[INFO] [stdout]   11: clone
[INFO] [stdout] 
[INFO] [stdout] 
[INFO] [stdout] failures:
[INFO] [stdout]     tests::dxvk::apply_dxvk
[INFO] [stdout]     tests::fonts::install_all_fonts
[INFO] [stdout]     tests::proton::create_prefix
[INFO] [stdout]     tests::proton::proton_version
[INFO] [stdout]     tests::proton::run_and_kill_notepad
[INFO] [stdout]     tests::wine::create_prefix
[INFO] [stdout]     tests::wine::run_and_kill_notepad
[INFO] [stdout]     tests::wine::wine_version
[INFO] [stdout] 
[INFO] [stdout] test result: FAILED. 0 passed; 8 failed; 0 ignored; 0 measured; 0 filtered out; finished in 5.11s
[INFO] [stdout] 
[INFO] [stderr] error: test failed, to rerun pass `--lib`
[INFO] running `Command { std: "docker" "inspect" "a5eeccbd53cf621cdd0097091d29e9e43949c1451aaa2b729aaade3f29c100ad", kill_on_drop: false }`
[INFO] running `Command { std: "docker" "rm" "-f" "a5eeccbd53cf621cdd0097091d29e9e43949c1451aaa2b729aaade3f29c100ad", kill_on_drop: false }`
[INFO] [stdout] a5eeccbd53cf621cdd0097091d29e9e43949c1451aaa2b729aaade3f29c100ad
