[INFO] fetching crate wincode 0.6.3...
[INFO] testing wincode-0.6.3 against 1.99.0-beta.8+cargoflags=--release for beta-release-1.100-2
[INFO] extracting crate wincode 0.6.3 into /workspace/builds/worker-6-tc1/source
[INFO] started tweaking crates.io crate wincode 0.6.3
[INFO] finished tweaking crates.io crate wincode 0.6.3
[INFO] tweaked toml for crates.io crate wincode 0.6.3 written to /workspace/builds/worker-6-tc1/source/Cargo.toml
[INFO] validating manifest of crates.io crate wincode 0.6.3 on toolchain 1.99.0-beta.8
[INFO] running `Command { std: CARGO_HOME="/workspace/cargo-home" RUSTUP_HOME="/workspace/rustup-home" "/workspace/cargo-home/bin/cargo" "+1.99.0-beta.8" "metadata" "--manifest-path" "Cargo.toml" "--no-deps", kill_on_drop: false }`
[INFO] crate crates.io crate wincode 0.6.3 already has a lockfile, it will not be regenerated
[INFO] running `Command { std: CARGO_HOME="/workspace/cargo-home" RUSTUP_HOME="/workspace/rustup-home" "/workspace/cargo-home/bin/cargo" "+1.99.0-beta.8" "fetch" "--manifest-path" "Cargo.toml", kill_on_drop: false }`
[INFO] [stderr]     Updating crates.io index
[INFO] [stderr]  Downloading crates ...
[INFO] [stderr]   Downloaded pastey v0.2.2
[INFO] [stderr]   Downloaded rayon v1.11.0
[INFO] [stderr]   Downloaded wincode-derive v0.5.1
[INFO] [stderr]   Downloaded ecow v0.3.1
[INFO] [stderr]   Downloaded proptest-derive v0.8.0
[INFO] [stderr]   Downloaded clap v4.6.0
[INFO] running `Command { std: "docker" "create" "-v" "/var/lib/crater-agent-workspace/builds/worker-6-tc1/source:/opt/rustwide/workdir:ro,Z" "-v" "/var/lib/crater-agent-workspace/builds/worker-6-tc1/target:/opt/rustwide/target:rw,Z" "-v" "/var/lib/crater-agent-workspace/cargo-home:/opt/rustwide/cargo-home:ro,Z" "-v" "/var/lib/crater-agent-workspace/rustup-home:/opt/rustwide/rustup-home:ro,Z" "-m" "1610612736" "--network" "none" "ghcr.io/rust-lang/crates-build-env/linux@sha256:77db811e55d90add9212f6832c23229e3de5f1c1f9905e8cb07319ea15df73ac" "sleep" "infinity", kill_on_drop: false }`
[INFO] [stdout] abfb9d2fd08be57c8d2e95c1eb221689e1cabf724badcee6cd8693357c8bee26
[INFO] running `Command { std: "docker" "start" "abfb9d2fd08be57c8d2e95c1eb221689e1cabf724badcee6cd8693357c8bee26", kill_on_drop: false }`
[INFO] running `Command { std: "docker" "inspect" "abfb9d2fd08be57c8d2e95c1eb221689e1cabf724badcee6cd8693357c8bee26", kill_on_drop: false }`
[INFO] running `Command { std: "docker" "exec" "-e" "SOURCE_DIR=/opt/rustwide/workdir" "-e" "CARGO_HOME=/opt/rustwide/cargo-home" "-e" "RUSTUP_HOME=/opt/rustwide/rustup-home" "-e" "CARGO_TARGET_DIR=/opt/rustwide/target" "-w" "/opt/rustwide/workdir" "--user" "0:0" "abfb9d2fd08be57c8d2e95c1eb221689e1cabf724badcee6cd8693357c8bee26" "/opt/rustwide/cargo-home/bin/cargo" "+1.99.0-beta.8" "metadata" "--no-deps" "--format-version=1", kill_on_drop: false }`
[INFO] running `Command { std: "docker" "inspect" "abfb9d2fd08be57c8d2e95c1eb221689e1cabf724badcee6cd8693357c8bee26", kill_on_drop: false }`
[INFO] running `Command { std: "docker" "exec" "-e" "SOURCE_DIR=/opt/rustwide/workdir" "-e" "CARGO_HOME=/opt/rustwide/cargo-home" "-e" "RUSTUP_HOME=/opt/rustwide/rustup-home" "-e" "CARGO_TARGET_DIR=/opt/rustwide/target" "-e" "CARGO_INCREMENTAL=0" "-e" "RUST_BACKTRACE=full" "-e" "RUSTFLAGS=--cap-lints=warn" "-e" "RUSTDOCFLAGS=--cap-lints=warn" "-w" "/opt/rustwide/workdir" "--user" "0:0" "abfb9d2fd08be57c8d2e95c1eb221689e1cabf724badcee6cd8693357c8bee26" "/opt/rustwide/cargo-home/bin/cargo" "+1.99.0-beta.8" "build" "--frozen" "--message-format=json" "--release", kill_on_drop: false }`
[INFO] [stderr]    Compiling quote v1.0.47
[INFO] [stderr]    Compiling thiserror v2.0.18
[INFO] [stderr]    Compiling pastey v0.2.2
[INFO] [stderr]    Compiling syn v2.0.119
[INFO] [stderr]    Compiling wincode v0.6.3 (/opt/rustwide/workdir)
[INFO] [stderr]    Compiling thiserror-impl v2.0.18
[INFO] [stderr]     Finished `release` profile [optimized] target(s) in 7.50s
[INFO] running `Command { std: "docker" "inspect" "abfb9d2fd08be57c8d2e95c1eb221689e1cabf724badcee6cd8693357c8bee26", kill_on_drop: false }`
[INFO] running `Command { std: "docker" "exec" "-e" "SOURCE_DIR=/opt/rustwide/workdir" "-e" "CARGO_HOME=/opt/rustwide/cargo-home" "-e" "RUSTUP_HOME=/opt/rustwide/rustup-home" "-e" "CARGO_TARGET_DIR=/opt/rustwide/target" "-e" "CARGO_INCREMENTAL=0" "-e" "RUST_BACKTRACE=full" "-e" "RUSTFLAGS=--cap-lints=warn" "-e" "RUSTDOCFLAGS=--cap-lints=warn" "-w" "/opt/rustwide/workdir" "--user" "0:0" "abfb9d2fd08be57c8d2e95c1eb221689e1cabf724badcee6cd8693357c8bee26" "/opt/rustwide/cargo-home/bin/cargo" "+1.99.0-beta.8" "test" "--frozen" "--no-run" "--message-format=json" "--release", kill_on_drop: false }`
[INFO] [stderr]    Compiling serde_core v1.0.228
[INFO] [stderr]    Compiling libc v0.2.184
[INFO] [stderr]    Compiling zerocopy v0.8.48
[INFO] [stderr]    Compiling serde v1.0.228
[INFO] [stderr]    Compiling getrandom v0.3.4
[INFO] [stderr]    Compiling crossbeam-utils v0.8.21
[INFO] [stderr]    Compiling crossbeam-epoch v0.9.20
[INFO] [stderr]    Compiling syn v2.0.119
[INFO] [stderr]    Compiling num-traits v0.2.19
[INFO] [stderr]    Compiling getrandom v0.4.2
[INFO] [stderr]    Compiling rustix v1.1.4
[INFO] [stderr]    Compiling linux-raw-sys v0.12.1
[INFO] [stderr]    Compiling either v1.15.0
[INFO] [stderr]    Compiling bitflags v2.11.0
[INFO] [stderr]    Compiling regex-syntax v0.8.10
[INFO] [stderr]    Compiling once_cell v1.21.4
[INFO] [stderr]    Compiling crossbeam-deque v0.8.6
[INFO] [stderr]    Compiling plotters-backend v0.3.7
[INFO] [stderr]    Compiling feature-probe v0.1.1
[INFO] [stderr]    Compiling clap_builder v4.6.0
[INFO] [stderr]    Compiling wait-timeout v0.2.1
[INFO] [stderr]    Compiling rand_core v0.9.5
[INFO] [stderr]    Compiling plotters-svg v0.3.7
[INFO] [stderr]    Compiling bv v0.11.1
[INFO] [stderr]    Compiling rayon-core v1.13.0
[INFO] [stderr]    Compiling itertools v0.13.0
[INFO] [stderr]    Compiling bit-vec v0.8.0
[INFO] [stderr]    Compiling cast v0.3.0
[INFO] [stderr]    Compiling quick-error v1.2.3
[INFO] [stderr]    Compiling rayon v1.11.0
[INFO] [stderr]    Compiling serde_json v1.0.149
[INFO] [stderr]    Compiling regex-automata v0.4.14
[INFO] [stderr]    Compiling tempfile v3.27.0
[INFO] [stderr]    Compiling criterion-plot v0.6.0
[INFO] [stderr]    Compiling rusty-fork v0.3.1
[INFO] [stderr]    Compiling clap v4.6.0
[INFO] [stderr]    Compiling bit-set v0.8.0
[INFO] [stderr]    Compiling plotters v0.3.7
[INFO] [stderr]    Compiling rand_xorshift v0.4.0
[INFO] [stderr]    Compiling oorandom v11.1.5
[INFO] [stderr]    Compiling unarray v0.1.4
[INFO] [stderr]    Compiling anes v0.1.6
[INFO] [stderr]    Compiling regex v1.12.3
[INFO] [stderr]    Compiling indexmap v2.13.1
[INFO] [stderr]    Compiling zerocopy-derive v0.8.48
[INFO] [stderr]    Compiling serde_derive v1.0.228
[INFO] [stderr]    Compiling thiserror-impl v2.0.18
[INFO] [stderr]    Compiling proptest-derive v0.8.0
[INFO] [stderr]    Compiling uuid v1.23.1
[INFO] [stderr]    Compiling thiserror v2.0.18
[INFO] [stderr]    Compiling wincode v0.6.3 (/opt/rustwide/workdir)
[INFO] [stderr]    Compiling tinytemplate v1.2.1
[INFO] [stderr]    Compiling smallvec v1.16.0
[INFO] [stderr]    Compiling ecow v0.3.1
[INFO] [stderr]    Compiling bincode v1.3.3
[INFO] [stderr]    Compiling half v2.7.1
[INFO] [stderr]    Compiling ppv-lite86 v0.2.21
[INFO] [stderr]    Compiling ciborium-ll v0.2.2
[INFO] [stderr]    Compiling rand_chacha v0.9.0
[INFO] [stderr]    Compiling rand v0.9.2
[INFO] [stderr]    Compiling ciborium v0.2.2
[INFO] [stderr]    Compiling criterion v0.7.0
[INFO] [stderr]    Compiling proptest v1.11.0
[INFO] [stdout] warning: struct `NoBorrowReader` is never constructed
[INFO] [stdout]   --> src/io/test_util.rs:10:19
[INFO] [stdout]    |
[INFO] [stdout] 10 | pub(crate) struct NoBorrowReader<'a> {
[INFO] [stdout]    |                   ^^^^^^^^^^^^^^
[INFO] [stdout]    |
[INFO] [stdout]    = note: `#[warn(dead_code)]` (part of `#[warn(unused)]`) on by default
[INFO] [stdout] 
[INFO] [stdout] 
[INFO] [stdout] warning: associated function `new` is never used
[INFO] [stdout]   --> src/io/test_util.rs:15:19
[INFO] [stdout]    |
[INFO] [stdout] 14 | impl<'a> NoBorrowReader<'a> {
[INFO] [stdout]    | --------------------------- associated function in this implementation
[INFO] [stdout] 15 |     pub(crate) fn new(inner: &'a [u8]) -> Self {
[INFO] [stdout]    |                   ^^^
[INFO] [stdout] 
[INFO] [stdout] 
[INFO] [stderr]     Finished `release` profile [optimized] target(s) in 2m 22s
[INFO] running `Command { std: "docker" "inspect" "abfb9d2fd08be57c8d2e95c1eb221689e1cabf724badcee6cd8693357c8bee26", kill_on_drop: false }`
[INFO] running `Command { std: "docker" "exec" "-e" "SOURCE_DIR=/opt/rustwide/workdir" "-e" "CARGO_HOME=/opt/rustwide/cargo-home" "-e" "RUSTUP_HOME=/opt/rustwide/rustup-home" "-e" "CARGO_TARGET_DIR=/opt/rustwide/target" "-e" "CARGO_INCREMENTAL=0" "-e" "RUST_BACKTRACE=full" "-e" "RUSTFLAGS=--cap-lints=warn" "-e" "RUSTDOCFLAGS=--cap-lints=warn" "-w" "/opt/rustwide/workdir" "--user" "0:0" "abfb9d2fd08be57c8d2e95c1eb221689e1cabf724badcee6cd8693357c8bee26" "/opt/rustwide/cargo-home/bin/cargo" "+1.99.0-beta.8" "test" "--frozen" "--release", kill_on_drop: false }`
[INFO] [stderr] warning: struct `NoBorrowReader` is never constructed
[INFO] [stderr]   --> src/io/test_util.rs:10:19
[INFO] [stderr]    |
[INFO] [stderr] 10 | pub(crate) struct NoBorrowReader<'a> {
[INFO] [stderr]    |                   ^^^^^^^^^^^^^^
[INFO] [stderr]    |
[INFO] [stderr]    = note: `#[warn(dead_code)]` (part of `#[warn(unused)]`) on by default
[INFO] [stderr] 
[INFO] [stderr] warning: associated function `new` is never used
[INFO] [stderr]   --> src/io/test_util.rs:15:19
[INFO] [stderr]    |
[INFO] [stderr] 14 | impl<'a> NoBorrowReader<'a> {
[INFO] [stderr]    | --------------------------- associated function in this implementation
[INFO] [stderr] 15 |     pub(crate) fn new(inner: &'a [u8]) -> Self {
[INFO] [stderr]    |                   ^^^
[INFO] [stderr] 
[INFO] [stderr] warning: `wincode` (lib test) generated 2 warnings
[INFO] [stderr]     Finished `release` profile [optimized] target(s) in 0.15s
[INFO] [stderr]      Running unittests src/lib.rs (/opt/rustwide/target/release/deps/wincode-6181cc577bc2b696)
[INFO] [stdout] 
[INFO] [stdout] running 67 tests
[INFO] [stdout] test config::serde::tests::every_entrypoint_enforces_the_limit ... ok
[INFO] [stdout] test config::serde::tests::slice_and_generic_paths_agree_at_every_limit ... ok
[INFO] [stdout] test io::cursor::tests::cursor_as_trusted_for_remaining_advances_to_len ... ok
[INFO] [stdout] test io::cursor::tests::cursor_vec_trusted_write_zero_fills_gap ... ok
[INFO] [stdout] test io::cursor::tests::cursor_vec_finish_does_not_extend_len ... ok
[INFO] [stdout] test io::cursor::tests::cursor_vec_write_zero_fills_gap ... ok
[INFO] [stdout] test config::serde::tests::limit_larger_than_input_is_clamped ... ok
[INFO] [stdout] test io::cursor::tests::cursor_read_no_panic_no_ub_check ... ok
[INFO] [stdout] test io::cursor::tests::cursor_extremal_pos_max_zero_len_ok ... ok
[INFO] [stdout] test io::cursor::tests::cursor_write_existing_vec ... ok
[INFO] [stdout] test io::cursor::tests::cursor_write_partial_vec ... ok
[INFO] [stdout] test io::cursor::tests::cursor_write_trusted_oversized_vec ... ok
[INFO] [stdout] test io::cursor::tests::cursor_write_trusted_vec ... ok
[INFO] [stdout] test io::cursor::tests::cursor_write_trusted_grow_vec ... ok
[INFO] [stdout] test config::serde::tests::zero_copy_deserialization_honors_limit ... ok
[INFO] [stdout] test io::cursor::tests::cursor_write_existing_grow_vec ... ok
[INFO] [stdout] test io::cursor::tests::cursor_zero_len_ops_ok ... ok
[INFO] [stdout] test io::limit_reader::tests::exact_limit_succeeds ... ok
[INFO] [stdout] test io::limit_reader::tests::trusted_window_reserves_entire_window ... ok
[INFO] [stdout] test io::cursor::tests::uninit_slice_write_no_panic_no_ub_check ... ok
[INFO] [stdout] test io::cursor::tests::cursor_write_vec_new ... ok
[INFO] [stdout] test io::limit_reader::tests::cumulative_reads_respect_limit ... ok
[INFO] [stdout] test io::slice::tests::reader_take_scoped_input_too_large ... ok
[INFO] [stdout] test io::slice::tests::test_reader_copy_into_slice ... ok
[INFO] [stdout] test io::slice::tests::test_reader_copy_into_t ... ok
[INFO] [stdout] test config::serde::tests::configured_deserialization_limit_is_enforced ... ok
[INFO] [stdout] test io::slice::tests::test_reader_copy_into_uninit_slice ... ok
[INFO] [stdout] test io::cursor::tests::vec_write_no_panic_no_ub_check ... ok
[INFO] [stdout] test io::limit_reader::tests::error_reports_requested_size ... ok
[INFO] [stdout] test io::slice::tests::test_reader_take_scoped ... ok
[INFO] [stdout] test io::slice::tests::test_reader_copy_into_uninit_slice_input_too_large ... ok
[INFO] [stdout] test io::slice::tests::test_reader_copy_into_slice_input_too_large ... ok
[INFO] [stdout] test io::slice::tests::test_writer_write_input_too_large ... ok
[INFO] [stdout] test io::slice::tests::test_reader_copy_into_slice_t ... ok
[INFO] [stdout] test io::slice::tests::test_writer_write ... ok
[INFO] [stdout] test io::slice::tests::test_writer_write_t ... ok
[INFO] [stdout] test io::slice::tests::test_writer_write_slice_t ... ok
[INFO] [stdout] test io::std_read::tests::buf_reader_initializes_destination_before_reading ... ok
[INFO] [stdout] test io::std_read::tests::cursor_zero_sized_reads_past_end_succeed_without_advancing ... ok
[INFO] [stdout] test io::std_write::tests::cursor_mut_slice_trusted_writes_in_bounds ... ok
[INFO] [stdout] test io::std_write::tests::cursor_vec_trusted_append_with_spare_capacity ... ok
[INFO] [stdout] test io::std_write::tests::cursor_vec_trusted_overwrite_preserves_tail ... ok
[INFO] [stdout] test io::std_write::tests::cursor_vec_trusted_overwrite_then_extend ... ok
[INFO] [stdout] test io::std_write::tests::cursor_vec_trusted_zero_fills_gap ... ok
[INFO] [stdout] test io::std_write::tests::cursor_vec_writer_serialize_tuples ... ok
[INFO] [stdout] test io::vec::tests::test_writer_write_slice_t ... ok
[INFO] [stderr]    Doc-tests wincode
[INFO] [stdout] test io::vec::tests::vec_trusted_writer_does_not_extend_len_before_write ... ok
[INFO] [stdout] test io::vec::tests::vec_trusted_writer_extends_len_only_for_written_bytes ... ok
[INFO] [stdout] test io::std_read::tests::read_adapter_initializes_destination_before_reading ... ok
[INFO] [stdout] test io::std_write::tests::buf_writer_serialize_tuples ... ok
[INFO] [stdout] test io::vec::tests::vec_writer_trusted ... ok
[INFO] [stdout] test io::vec::tests::vec_writer_write_new ... ok
[INFO] [stdout] test len::tests::caps_at_representable_key_count ... ok
[INFO] [stdout] test schema::containers::tests::allows_duplicates_by_default ... ok
[INFO] [stdout] test schema::containers::tests::keyed_containers_customize_the_length_encoding ... ok
[INFO] [stdout] test schema::containers::tests::keyed_containers_encode_like_the_plain_schemas ... ok
[INFO] [stdout] test io::vec::tests::vec_writer_trusted_existing ... ok
[INFO] [stdout] test schema::containers::tests::strict_decoding_accepts_unique_keys ... ok
[INFO] [stdout] test io::vec::tests::vec_writer_write_existing ... ok
[INFO] [stdout] test io::std_write::tests::cursor_slice_trusted_out_of_bounds_errors ... ok
[INFO] [stdout] test io::std_write::tests::cursor_slice_writer_serialize_tuples ... ok
[INFO] [stdout] test io::std_write::tests::cursor_vec_trusted_does_not_extend_len_before_write ... ok
[INFO] [stdout] test io::std_write::tests::write_adapter_serialize_tuples ... ok
[INFO] [stdout] test io::vec::tests::test_writer_write_from_t ... ok
[INFO] [stdout] test schema::containers::tests::strict_sets_reject_duplicate_elements ... ok
[INFO] [stdout] test schema::containers::tests::strict_decoding_covers_dynamically_sized_keys ... ok
[INFO] [stdout] test schema::containers::tests::strict_maps_reject_duplicate_keys ... ok
[INFO] [stdout] 
[INFO] [stdout] test result: ok. 67 passed; 0 failed; 0 ignored; 0 measured; 0 filtered out; finished in 0.02s
[INFO] [stdout] 
[INFO] [stdout] 
[INFO] [stdout] running 67 tests
[INFO] [stdout] test src/io/cursor.rs - io::cursor::Cursor<&'_mutVec<u8>> (line 457) ... ok
[INFO] [stdout] test src/io/cursor.rs - io::cursor::Cursor (line 44) ... ok
[INFO] [stdout] test src/io/cursor.rs - io::cursor::Cursor<Vec<u8>> (line 485) ... ok
[INFO] [stdout] test src/config/serde.rs - config::serde::serialize (line 145) ... ok
[INFO] [stdout] test src/io/cursor.rs - io::cursor::Cursor (line 19) ... ok
[INFO] [stdout] test src/io/cursor.rs - io::cursor::Cursor<&'_mutVec<u8>> (line 445) ... ok
[INFO] [stdout] test src/config/serde.rs - config::serde::deserialize_exact (line 210) ... ok
[INFO] [stdout] test src/io/limit_reader.rs - io::limit_reader::LimitReader (line 29) ... ok
[INFO] [stdout] test src/io/mod.rs - io::Writer::by_ref (line 461) ... ok
[INFO] [stdout] test src/io/cursor.rs - io::cursor::Cursor<Vec<u8>> (line 496) ... ok
[INFO] [stdout] test src/io/mod.rs - io::Reader::by_ref (line 263) ... ok
[INFO] [stdout] test src/config/serde.rs - config::serde::deserialize (line 187) ... ok
[INFO] [stdout] test src/io/mod.rs - io::Reader::supports_borrow (line 107) ... ok
[INFO] [stdout] test src/io/std_write.rs - io::std_write::WriteAdapter (line 15) ... ok
[INFO] [stdout] test src/io/std_read.rs - io::std_read::ReadAdapter (line 16) ... ok
[INFO] [stdout] test src/io/vec.rs - io::vec::Vec<u8> (line 52) ... ok
[INFO] [stdout] test src/lib.rs - (line 112) ... ok
[INFO] [stdout] test src/io/vec.rs - io::vec::Vec<u8> (line 63) ... ok
[INFO] [stdout] test src/len.rs - len::FixIntLen (line 299) ... FAILED
[INFO] [stdout] test src/lib.rs - (line 134) ... ok
[INFO] [stdout] test src/lib.rs - (line 146) ... ok
[INFO] [stdout] test src/len.rs - len::BincodeLen (line 391) ... FAILED
[INFO] [stdout] test src/lib.rs - (line 165) ... ok
[INFO] [stdout] test src/lib.rs - (line 195) ... ok
[INFO] [stdout] test src/len.rs - len::UseIntLen (line 181) ... FAILED
[INFO] [stdout] test src/lib.rs - (line 15) ... ok
[INFO] [stdout] test src/lib.rs - (line 304) ... ok
[INFO] [stdout] test src/lib.rs - (line 264) ... ok
[INFO] [stdout] test src/lib.rs - (line 352) ... ok
[INFO] [stdout] test src/schema/adapter.rs - schema::adapter::Discard (line 247) ... ok
[INFO] [stdout] test src/lib.rs - (line 41) ... ok
[INFO] [stdout] test src/schema/adapter.rs - schema::adapter::DefaultOnEmptyRead (line 134) ... ok
[INFO] [stdout] test src/schema/containers.rs - schema::containers::FromIntoIterator (line 1150) ... ignored
[INFO] [stdout] test src/schema/adapter.rs - schema::adapter::DiscardSeq (line 358) ... ok
[INFO] [stdout] test src/schema/adapter.rs - schema::adapter::FromInto (line 38) ... ok
[INFO] [stdout] test src/lib.rs - (line 419) ... ok
[INFO] [stdout] test src/schema/containers.rs - schema::containers (line 28) ... ok
[INFO] [stdout] test src/schema/containers.rs - schema::containers (line 8) ... ok
[INFO] [stdout] test src/schema/containers.rs - schema::containers::HashMap (line 1015) ... ok
[INFO] [stdout] test src/schema/containers.rs - schema::containers::Box (line 127) ... ok
[INFO] [stdout] test src/schema/containers.rs - schema::containers::pod_wrapper (line 207) ... ok
[INFO] [stdout] test src/schema/containers.rs - schema::containers::decode_into_slice_t (line 1228) ... ok
[INFO] [stdout] test src/schema/containers.rs - schema::containers::encode_from_iter (line 1451) ... ok
[INFO] [stdout] test src/schema/int_encoding.rs - schema::int_encoding::VarInt (line 306) ... ok
[INFO] [stdout] test src/schema/containers.rs - schema::containers::decode_into_slice_t (line 1250) ... ok
[INFO] [stdout] test src/schema/containers.rs - schema::containers::encode_from_iter_prealloc_check (line 1403) ... ok
[INFO] [stdout] test src/schema/mod.rs - schema::TypeMeta::join_types (line 151) ... ok
[INFO] [stdout] test src/schema/int_encoding.rs - schema::int_encoding::VarInt (line 324) ... ok
[INFO] [stdout] test src/schema/mod.rs - schema (line 5) ... ok
[INFO] [stdout] test src/schema/mod.rs - schema::TypeMeta::join_types (line 163) ... ok
[INFO] [stdout] test src/schema/context.rs - schema::context::Len (line 16) ... ok
[INFO] [stdout] test src/schema/tag_encoding.rs - schema::tag_encoding::TagEncoding (line 19) - compile fail ... ok
[INFO] [stdout] test src/schema/mod.rs - schema::ZeroCopy::from_bytes (line 356) ... ok
[INFO] [stdout] test src/schema/mod.rs - schema::ZeroCopy::from_bytes_mut (line 387) ... ok
[INFO] [stdout] test src/schema/mod.rs - schema::TypeMeta::join_types (line 174) ... ok
[INFO] [stdout] test src/schema/containers.rs - schema::containers (line 59) ... ok
[INFO] [stdout] test src/schema/tag_encoding.rs - schema::tag_encoding::TagEncoding (line 50) ... ok
[INFO] [stdout] test src/serde.rs - serde::deserialize_exact (line 176) ... ok
[INFO] [stdout] test src/serde.rs - serde::deserialize (line 156) ... ok
[INFO] [stdout] test src/serde.rs - serde::deserialize_mut (line 225) ... ok
[INFO] [stdout] test src/serde.rs - serde::deserialize_mut (line 249) ... ok
[INFO] [stdout] test src/serde.rs - serde::Deserialize (line 32) ... ok
[INFO] [stdout] test src/serde.rs - serde::Deserialize (line 20) ... ok
[INFO] [stdout] test src/serde.rs - serde::deserialize_with_context (line 199) ... ok
[INFO] [stdout] test src/serde.rs - serde::Serialize (line 84) ... ok
[INFO] [stdout] test src/serde.rs - serde::Serialize (line 96) ... ok
[INFO] [stdout] test src/serde.rs - serde::serialize (line 311) ... ok
[INFO] [stdout] 
[INFO] [stdout] failures:
[INFO] [stdout] 
[INFO] [stdout] ---- src/len.rs - len::FixIntLen (line 299) stdout ----
[INFO] [stdout] error: cannot find derive macro `SchemaWrite` in this scope
[INFO] [stdout]    --> src/len.rs:305:10
[INFO] [stdout]     |
[INFO] [stdout] 305 | #[derive(SchemaWrite, SchemaRead)]
[INFO] [stdout]     |          ^^^^^^^^^^^
[INFO] [stdout]     |
[INFO] [stdout] note: `SchemaWrite` is a trait, not a derive macro
[INFO] [stdout]    --> src/schema/mod.rs:212:1
[INFO] [stdout]     |
[INFO] [stdout] 212 | pub unsafe trait SchemaWrite<C: ConfigCore> {
[INFO] [stdout]     | ^^^^^^^^^^^^^^^^^^^^^^^^^^^^^^^^^^^^^^^^^^^
[INFO] [stdout]     = help: consider implementing `SchemaWrite` for your type manually
[INFO] [stdout] 
[INFO] [stdout] error: cannot find derive macro `SchemaRead` in this scope
[INFO] [stdout]    --> src/len.rs:305:23
[INFO] [stdout]     |
[INFO] [stdout] 305 | #[derive(SchemaWrite, SchemaRead)]
[INFO] [stdout]     |                       ^^^^^^^^^^
[INFO] [stdout]     |
[INFO] [stdout] note: `SchemaRead` is a trait, not a derive macro
[INFO] [stdout]    --> src/schema/mod.rs:253:1
[INFO] [stdout]     |
[INFO] [stdout] 253 | pub unsafe trait SchemaRead<'de, C: ConfigCore> {
[INFO] [stdout]     | ^^^^^^^^^^^^^^^^^^^^^^^^^^^^^^^^^^^^^^^^^^^^^^^
[INFO] [stdout]     = help: consider implementing `SchemaRead` for your type manually
[INFO] [stdout] 
[INFO] [stdout] error: cannot find attribute `wincode` in this scope
[INFO] [stdout]    --> src/len.rs:307:7
[INFO] [stdout]     |
[INFO] [stdout] 307 |     #[wincode(with = "containers::Vec<u8, Max8Bytes>")]
[INFO] [stdout]     |       ^^^^^^^
[INFO] [stdout]     |
[INFO] [stdout] note: `wincode` is imported here, but it is a crate, not an attribute
[INFO] [stdout]    --> src/len.rs:299:1
[INFO] [stdout]     |
[INFO] [stdout] 299 | extern crate r#wincode;
[INFO] [stdout]     | ^^^^^^^^^^^^^^^^^^^^^^^
[INFO] [stdout] 
[INFO] [stdout] error[E0277]: the trait bound `OverrideLen: SchemaWrite<_>` is not satisfied
[INFO] [stdout]    --> src/len.rs:312:37
[INFO] [stdout]     |
[INFO] [stdout] 312 | let serialized = wincode::serialize(&data_ok).unwrap();
[INFO] [stdout]     |                  ------------------ ^^^^^^^^ unsatisfied trait bound
[INFO] [stdout]     |                  |
[INFO] [stdout]     |                  required by a bound introduced by this call
[INFO] [stdout]     |
[INFO] [stdout] help: the trait `SchemaWrite<Configuration<true, 4194304, UseIntLen<u64, 0>, LittleEndian, FixInt, u32, usize::MAX>>` is not implemented for `OverrideLen`
[INFO] [stdout]    --> src/len.rs:306:1
[INFO] [stdout]     |
[INFO] [stdout] 306 | struct OverrideLen {
[INFO] [stdout]     | ^^^^^^^^^^^^^^^^^^
[INFO] [stdout]     = help: the following other types implement trait `SchemaWrite<C>`:
[INFO] [stdout]               `&'a T` implements `SchemaWrite<C>`
[INFO] [stdout]               `()` implements `SchemaWrite<C>`
[INFO] [stdout]               `(A, B)` implements `SchemaWrite<Cfg>`
[INFO] [stdout]               `(A, B, C)` implements `SchemaWrite<Cfg>`
[INFO] [stdout]               `(A, B, C, D)` implements `SchemaWrite<Cfg>`
[INFO] [stdout]               `(A, B, C, D, E)` implements `SchemaWrite<Cfg>`
[INFO] [stdout]               `(A, B, C, D, E, F)` implements `SchemaWrite<Cfg>`
[INFO] [stdout]               `(A, B, C, D, E, F, G)` implements `SchemaWrite<Cfg>`
[INFO] [stdout]             and 90 others
[INFO] [stdout] note: required by a bound in `wincode::serialize`
[INFO] [stdout]    --> src/serde.rs:319:8
[INFO] [stdout]     |
[INFO] [stdout] 317 | pub fn serialize<T>(src: &T) -> WriteResult<Vec<u8>>
[INFO] [stdout]     |        --------- required by a bound in this function
[INFO] [stdout] 318 | where
[INFO] [stdout] 319 |     T: SchemaWrite<DefaultConfig, Src = T> + ?Sized,
[INFO] [stdout]     |        ^^^^^^^^^^^^^^^^^^^^^^^^^^^^^^^^^^^ required by this bound in `serialize`
[INFO] [stdout]     = note: the full name for the type has been written to '/tmp/rustdoctestXsz2kR/rust_out.long-type-8376630492587381740.txt'
[INFO] [stdout]     = note: consider using `--verbose` to print the full type name to the console
[INFO] [stdout] 
[INFO] [stdout] error[E0277]: the trait bound `OverrideLen: SchemaRead<'_, _>` is not satisfied
[INFO] [stdout]    --> src/len.rs:313:32
[INFO] [stdout]     |
[INFO] [stdout] 313 | assert!(wincode::deserialize::<OverrideLen>(&serialized).is_ok());
[INFO] [stdout]     |                                ^^^^^^^^^^^ unsatisfied trait bound
[INFO] [stdout]     |
[INFO] [stdout] help: the trait `SchemaRead<'_, Configuration<true, 4194304, UseIntLen<u64, 0>, LittleEndian, FixInt, u32, usize::MAX>>` is not implemented for `OverrideLen`
[INFO] [stdout]    --> src/len.rs:306:1
[INFO] [stdout]     |
[INFO] [stdout] 306 | struct OverrideLen {
[INFO] [stdout]     | ^^^^^^^^^^^^^^^^^^
[INFO] [stdout]     = help: the following other types implement trait `SchemaRead<'de, C>`:
[INFO] [stdout]               `&'de T` implements `SchemaRead<'de, C>`
[INFO] [stdout]               `&'de [T]` implements `SchemaRead<'de, C>`
[INFO] [stdout]               `&'de mut T` implements `SchemaRead<'de, C>`
[INFO] [stdout]               `&'de mut [T]` implements `SchemaRead<'de, C>`
[INFO] [stdout]               `&'de str` implements `SchemaRead<'de, C>`
[INFO] [stdout]               `()` implements `SchemaRead<'de, C>`
[INFO] [stdout]               `(A, B)` implements `SchemaRead<'de, Cfg>`
[INFO] [stdout]               `(A, B, C)` implements `SchemaRead<'de, Cfg>`
[INFO] [stdout]             and 92 others
[INFO] [stdout] note: required by a bound in `wincode::deserialize`
[INFO] [stdout]    --> src/serde.rs:167:8
[INFO] [stdout]     |
[INFO] [stdout] 165 | pub fn deserialize<'de, T>(src: &'de [u8]) -> ReadResult<T>
[INFO] [stdout]     |        ----------- required by a bound in this function
[INFO] [stdout] 166 | where
[INFO] [stdout] 167 |     T: SchemaRead<'de, DefaultConfig, Dst = T>,
[INFO] [stdout]     |        ^^^^^^^^^^^^^^^^^^^^^^^^^^^^^^^^^^^^^^^ required by this bound in `deserialize`
[INFO] [stdout]     = note: the full name for the type has been written to '/tmp/rustdoctestXsz2kR/rust_out.long-type-7699217465007933305.txt'
[INFO] [stdout]     = note: consider using `--verbose` to print the full type name to the console
[INFO] [stdout] 
[INFO] [stdout] error[E0277]: the trait bound `OverrideLen: SchemaWrite<_>` is not satisfied
[INFO] [stdout]    --> src/len.rs:316:28
[INFO] [stdout]     |
[INFO] [stdout] 316 | assert!(wincode::serialize(&data_err).is_err());
[INFO] [stdout]     |         ------------------ ^^^^^^^^^ unsatisfied trait bound
[INFO] [stdout]     |         |
[INFO] [stdout]     |         required by a bound introduced by this call
[INFO] [stdout]     |
[INFO] [stdout] help: the trait `SchemaWrite<Configuration<true, 4194304, UseIntLen<u64, 0>, LittleEndian, FixInt, u32, usize::MAX>>` is not implemented for `OverrideLen`
[INFO] [stdout]    --> src/len.rs:306:1
[INFO] [stdout]     |
[INFO] [stdout] 306 | struct OverrideLen {
[INFO] [stdout]     | ^^^^^^^^^^^^^^^^^^
[INFO] [stdout]     = help: the following other types implement trait `SchemaWrite<C>`:
[INFO] [stdout]               `&'a T` implements `SchemaWrite<C>`
[INFO] [stdout]               `()` implements `SchemaWrite<C>`
[INFO] [stdout]               `(A, B)` implements `SchemaWrite<Cfg>`
[INFO] [stdout]               `(A, B, C)` implements `SchemaWrite<Cfg>`
[INFO] [stdout]               `(A, B, C, D)` implements `SchemaWrite<Cfg>`
[INFO] [stdout]               `(A, B, C, D, E)` implements `SchemaWrite<Cfg>`
[INFO] [stdout]               `(A, B, C, D, E, F)` implements `SchemaWrite<Cfg>`
[INFO] [stdout]               `(A, B, C, D, E, F, G)` implements `SchemaWrite<Cfg>`
[INFO] [stdout]             and 90 others
[INFO] [stdout] note: required by a bound in `wincode::serialize`
[INFO] [stdout]    --> src/serde.rs:319:8
[INFO] [stdout]     |
[INFO] [stdout] 317 | pub fn serialize<T>(src: &T) -> WriteResult<Vec<u8>>
[INFO] [stdout]     |        --------- required by a bound in this function
[INFO] [stdout] 318 | where
[INFO] [stdout] 319 |     T: SchemaWrite<DefaultConfig, Src = T> + ?Sized,
[INFO] [stdout]     |        ^^^^^^^^^^^^^^^^^^^^^^^^^^^^^^^^^^^ required by this bound in `serialize`
[INFO] [stdout]     = note: the full name for the type has been written to '/tmp/rustdoctestXsz2kR/rust_out.long-type-8376630492587381740.txt'
[INFO] [stdout]     = note: consider using `--verbose` to print the full type name to the console
[INFO] [stdout] 
[INFO] [stdout] error[E0277]: the trait bound `OverrideLen: SchemaRead<'_, _>` is not satisfied
[INFO] [stdout]    --> src/len.rs:318:32
[INFO] [stdout]     |
[INFO] [stdout] 318 | assert!(wincode::deserialize::<OverrideLen>(&serialized).is_err());
[INFO] [stdout]     |                                ^^^^^^^^^^^ unsatisfied trait bound
[INFO] [stdout]     |
[INFO] [stdout] help: the trait `SchemaRead<'_, Configuration<true, 4194304, UseIntLen<u64, 0>, LittleEndian, FixInt, u32, usize::MAX>>` is not implemented for `OverrideLen`
[INFO] [stdout]    --> src/len.rs:306:1
[INFO] [stdout]     |
[INFO] [stdout] 306 | struct OverrideLen {
[INFO] [stdout]     | ^^^^^^^^^^^^^^^^^^
[INFO] [stdout]     = help: the following other types implement trait `SchemaRead<'de, C>`:
[INFO] [stdout]               `&'de T` implements `SchemaRead<'de, C>`
[INFO] [stdout]               `&'de [T]` implements `SchemaRead<'de, C>`
[INFO] [stdout]               `&'de mut T` implements `SchemaRead<'de, C>`
[INFO] [stdout]               `&'de mut [T]` implements `SchemaRead<'de, C>`
[INFO] [stdout]               `&'de str` implements `SchemaRead<'de, C>`
[INFO] [stdout]               `()` implements `SchemaRead<'de, C>`
[INFO] [stdout]               `(A, B)` implements `SchemaRead<'de, Cfg>`
[INFO] [stdout]               `(A, B, C)` implements `SchemaRead<'de, Cfg>`
[INFO] [stdout]             and 92 others
[INFO] [stdout] note: required by a bound in `wincode::deserialize`
[INFO] [stdout]    --> src/serde.rs:167:8
[INFO] [stdout]     |
[INFO] [stdout] 165 | pub fn deserialize<'de, T>(src: &'de [u8]) -> ReadResult<T>
[INFO] [stdout]     |        ----------- required by a bound in this function
[INFO] [stdout] 166 | where
[INFO] [stdout] 167 |     T: SchemaRead<'de, DefaultConfig, Dst = T>,
[INFO] [stdout]     |        ^^^^^^^^^^^^^^^^^^^^^^^^^^^^^^^^^^^^^^^ required by this bound in `deserialize`
[INFO] [stdout]     = note: the full name for the type has been written to '/tmp/rustdoctestXsz2kR/rust_out.long-type-6901509257341348497.txt'
[INFO] [stdout]     = note: consider using `--verbose` to print the full type name to the console
[INFO] [stdout] 
[INFO] [stdout] error: aborting due to 7 previous errors
[INFO] [stdout] 
[INFO] [stdout] For more information about this error, try `rustc --explain E0277`.
[INFO] [stdout] Couldn't compile the test.
[INFO] [stdout] ---- src/len.rs - len::BincodeLen (line 391) stdout ----
[INFO] [stdout] error: cannot find derive macro `SchemaWrite` in this scope
[INFO] [stdout]    --> src/len.rs:397:10
[INFO] [stdout]     |
[INFO] [stdout] 397 | #[derive(SchemaWrite, SchemaRead)]
[INFO] [stdout]     |          ^^^^^^^^^^^
[INFO] [stdout]     |
[INFO] [stdout] note: `SchemaWrite` is a trait, not a derive macro
[INFO] [stdout]    --> src/schema/mod.rs:212:1
[INFO] [stdout]     |
[INFO] [stdout] 212 | pub unsafe trait SchemaWrite<C: ConfigCore> {
[INFO] [stdout]     | ^^^^^^^^^^^^^^^^^^^^^^^^^^^^^^^^^^^^^^^^^^^
[INFO] [stdout]     = help: consider implementing `SchemaWrite` for your type manually
[INFO] [stdout] 
[INFO] [stdout] error: cannot find derive macro `SchemaRead` in this scope
[INFO] [stdout]    --> src/len.rs:397:23
[INFO] [stdout]     |
[INFO] [stdout] 397 | #[derive(SchemaWrite, SchemaRead)]
[INFO] [stdout]     |                       ^^^^^^^^^^
[INFO] [stdout]     |
[INFO] [stdout] note: `SchemaRead` is a trait, not a derive macro
[INFO] [stdout]    --> src/schema/mod.rs:253:1
[INFO] [stdout]     |
[INFO] [stdout] 253 | pub unsafe trait SchemaRead<'de, C: ConfigCore> {
[INFO] [stdout]     | ^^^^^^^^^^^^^^^^^^^^^^^^^^^^^^^^^^^^^^^^^^^^^^^
[INFO] [stdout]     = help: consider implementing `SchemaRead` for your type manually
[INFO] [stdout] 
[INFO] [stdout] error: cannot find attribute `wincode` in this scope
[INFO] [stdout]    --> src/len.rs:399:7
[INFO] [stdout]     |
[INFO] [stdout] 399 |     #[wincode(with = "containers::Vec<u8, Max8Bytes>")]
[INFO] [stdout]     |       ^^^^^^^
[INFO] [stdout]     |
[INFO] [stdout] note: `wincode` is imported here, but it is a crate, not an attribute
[INFO] [stdout]    --> src/len.rs:391:1
[INFO] [stdout]     |
[INFO] [stdout] 391 | extern crate r#wincode;
[INFO] [stdout]     | ^^^^^^^^^^^^^^^^^^^^^^^
[INFO] [stdout] 
[INFO] [stdout] error[E0277]: the trait bound `OverrideLen: SchemaWrite<_>` is not satisfied
[INFO] [stdout]    --> src/len.rs:404:37
[INFO] [stdout]     |
[INFO] [stdout] 404 | let serialized = wincode::serialize(&data_ok).unwrap();
[INFO] [stdout]     |                  ------------------ ^^^^^^^^ unsatisfied trait bound
[INFO] [stdout]     |                  |
[INFO] [stdout]     |                  required by a bound introduced by this call
[INFO] [stdout]     |
[INFO] [stdout] help: the trait `SchemaWrite<Configuration<true, 4194304, UseIntLen<u64, 0>, LittleEndian, FixInt, u32, usize::MAX>>` is not implemented for `OverrideLen`
[INFO] [stdout]    --> src/len.rs:398:1
[INFO] [stdout]     |
[INFO] [stdout] 398 | struct OverrideLen {
[INFO] [stdout]     | ^^^^^^^^^^^^^^^^^^
[INFO] [stdout]     = help: the following other types implement trait `SchemaWrite<C>`:
[INFO] [stdout]               `&'a T` implements `SchemaWrite<C>`
[INFO] [stdout]               `()` implements `SchemaWrite<C>`
[INFO] [stdout]               `(A, B)` implements `SchemaWrite<Cfg>`
[INFO] [stdout]               `(A, B, C)` implements `SchemaWrite<Cfg>`
[INFO] [stdout]               `(A, B, C, D)` implements `SchemaWrite<Cfg>`
[INFO] [stdout]               `(A, B, C, D, E)` implements `SchemaWrite<Cfg>`
[INFO] [stdout]               `(A, B, C, D, E, F)` implements `SchemaWrite<Cfg>`
[INFO] [stdout]               `(A, B, C, D, E, F, G)` implements `SchemaWrite<Cfg>`
[INFO] [stdout]             and 90 others
[INFO] [stdout] note: required by a bound in `wincode::serialize`
[INFO] [stdout]    --> src/serde.rs:319:8
[INFO] [stdout]     |
[INFO] [stdout] 317 | pub fn serialize<T>(src: &T) -> WriteResult<Vec<u8>>
[INFO] [stdout]     |        --------- required by a bound in this function
[INFO] [stdout] 318 | where
[INFO] [stdout] 319 |     T: SchemaWrite<DefaultConfig, Src = T> + ?Sized,
[INFO] [stdout]     |        ^^^^^^^^^^^^^^^^^^^^^^^^^^^^^^^^^^^ required by this bound in `serialize`
[INFO] [stdout]     = note: the full name for the type has been written to '/tmp/rustdoctestsmsSxF/rust_out.long-type-355161037313992386.txt'
[INFO] [stdout]     = note: consider using `--verbose` to print the full type name to the console
[INFO] [stdout] 
[INFO] [stdout] error[E0277]: the trait bound `OverrideLen: SchemaRead<'_, _>` is not satisfied
[INFO] [stdout]    --> src/len.rs:405:32
[INFO] [stdout]     |
[INFO] [stdout] 405 | assert!(wincode::deserialize::<OverrideLen>(&serialized).is_ok());
[INFO] [stdout]     |                                ^^^^^^^^^^^ unsatisfied trait bound
[INFO] [stdout]     |
[INFO] [stdout] help: the trait `SchemaRead<'_, Configuration<true, 4194304, UseIntLen<u64, 0>, LittleEndian, FixInt, u32, usize::MAX>>` is not implemented for `OverrideLen`
[INFO] [stdout]    --> src/len.rs:398:1
[INFO] [stdout]     |
[INFO] [stdout] 398 | struct OverrideLen {
[INFO] [stdout]     | ^^^^^^^^^^^^^^^^^^
[INFO] [stdout]     = help: the following other types implement trait `SchemaRead<'de, C>`:
[INFO] [stdout]               `&'de T` implements `SchemaRead<'de, C>`
[INFO] [stdout]               `&'de [T]` implements `SchemaRead<'de, C>`
[INFO] [stdout]               `&'de mut T` implements `SchemaRead<'de, C>`
[INFO] [stdout]               `&'de mut [T]` implements `SchemaRead<'de, C>`
[INFO] [stdout]               `&'de str` implements `SchemaRead<'de, C>`
[INFO] [stdout]               `()` implements `SchemaRead<'de, C>`
[INFO] [stdout]               `(A, B)` implements `SchemaRead<'de, Cfg>`
[INFO] [stdout]               `(A, B, C)` implements `SchemaRead<'de, Cfg>`
[INFO] [stdout]             and 92 others
[INFO] [stdout] note: required by a bound in `wincode::deserialize`
[INFO] [stdout]    --> src/serde.rs:167:8
[INFO] [stdout]     |
[INFO] [stdout] 165 | pub fn deserialize<'de, T>(src: &'de [u8]) -> ReadResult<T>
[INFO] [stdout]     |        ----------- required by a bound in this function
[INFO] [stdout] 166 | where
[INFO] [stdout] 167 |     T: SchemaRead<'de, DefaultConfig, Dst = T>,
[INFO] [stdout]     |        ^^^^^^^^^^^^^^^^^^^^^^^^^^^^^^^^^^^^^^^ required by this bound in `deserialize`
[INFO] [stdout]     = note: the full name for the type has been written to '/tmp/rustdoctestsmsSxF/rust_out.long-type-10073721990412203917.txt'
[INFO] [stdout]     = note: consider using `--verbose` to print the full type name to the console
[INFO] [stdout] 
[INFO] [stdout] error[E0277]: the trait bound `OverrideLen: SchemaWrite<_>` is not satisfied
[INFO] [stdout]    --> src/len.rs:408:28
[INFO] [stdout]     |
[INFO] [stdout] 408 | assert!(wincode::serialize(&data_err).is_err());
[INFO] [stdout]     |         ------------------ ^^^^^^^^^ unsatisfied trait bound
[INFO] [stdout]     |         |
[INFO] [stdout]     |         required by a bound introduced by this call
[INFO] [stdout]     |
[INFO] [stdout] help: the trait `SchemaWrite<Configuration<true, 4194304, UseIntLen<u64, 0>, LittleEndian, FixInt, u32, usize::MAX>>` is not implemented for `OverrideLen`
[INFO] [stdout]    --> src/len.rs:398:1
[INFO] [stdout]     |
[INFO] [stdout] 398 | struct OverrideLen {
[INFO] [stdout]     | ^^^^^^^^^^^^^^^^^^
[INFO] [stdout]     = help: the following other types implement trait `SchemaWrite<C>`:
[INFO] [stdout]               `&'a T` implements `SchemaWrite<C>`
[INFO] [stdout]               `()` implements `SchemaWrite<C>`
[INFO] [stdout]               `(A, B)` implements `SchemaWrite<Cfg>`
[INFO] [stdout]               `(A, B, C)` implements `SchemaWrite<Cfg>`
[INFO] [stdout]               `(A, B, C, D)` implements `SchemaWrite<Cfg>`
[INFO] [stdout]               `(A, B, C, D, E)` implements `SchemaWrite<Cfg>`
[INFO] [stdout]               `(A, B, C, D, E, F)` implements `SchemaWrite<Cfg>`
[INFO] [stdout]               `(A, B, C, D, E, F, G)` implements `SchemaWrite<Cfg>`
[INFO] [stdout]             and 90 others
[INFO] [stdout] note: required by a bound in `wincode::serialize`
[INFO] [stdout]    --> src/serde.rs:319:8
[INFO] [stdout]     |
[INFO] [stdout] 317 | pub fn serialize<T>(src: &T) -> WriteResult<Vec<u8>>
[INFO] [stdout]     |        --------- required by a bound in this function
[INFO] [stdout] 318 | where
[INFO] [stdout] 319 |     T: SchemaWrite<DefaultConfig, Src = T> + ?Sized,
[INFO] [stdout]     |        ^^^^^^^^^^^^^^^^^^^^^^^^^^^^^^^^^^^ required by this bound in `serialize`
[INFO] [stdout]     = note: the full name for the type has been written to '/tmp/rustdoctestsmsSxF/rust_out.long-type-355161037313992386.txt'
[INFO] [stdout]     = note: consider using `--verbose` to print the full type name to the console
[INFO] [stdout] 
[INFO] [stdout] error[E0277]: the trait bound `OverrideLen: SchemaRead<'_, _>` is not satisfied
[INFO] [stdout]    --> src/len.rs:410:32
[INFO] [stdout]     |
[INFO] [stdout] 410 | assert!(wincode::deserialize::<OverrideLen>(&serialized).is_err());
[INFO] [stdout]     |                                ^^^^^^^^^^^ unsatisfied trait bound
[INFO] [stdout]     |
[INFO] [stdout] help: the trait `SchemaRead<'_, Configuration<true, 4194304, UseIntLen<u64, 0>, LittleEndian, FixInt, u32, usize::MAX>>` is not implemented for `OverrideLen`
[INFO] [stdout]    --> src/len.rs:398:1
[INFO] [stdout]     |
[INFO] [stdout] 398 | struct OverrideLen {
[INFO] [stdout]     | ^^^^^^^^^^^^^^^^^^
[INFO] [stdout]     = help: the following other types implement trait `SchemaRead<'de, C>`:
[INFO] [stdout]               `&'de T` implements `SchemaRead<'de, C>`
[INFO] [stdout]               `&'de [T]` implements `SchemaRead<'de, C>`
[INFO] [stdout]               `&'de mut T` implements `SchemaRead<'de, C>`
[INFO] [stdout]               `&'de mut [T]` implements `SchemaRead<'de, C>`
[INFO] [stdout]               `&'de str` implements `SchemaRead<'de, C>`
[INFO] [stdout]               `()` implements `SchemaRead<'de, C>`
[INFO] [stdout]               `(A, B)` implements `SchemaRead<'de, Cfg>`
[INFO] [stdout]               `(A, B, C)` implements `SchemaRead<'de, Cfg>`
[INFO] [stdout]             and 92 others
[INFO] [stdout] note: required by a bound in `wincode::deserialize`
[INFO] [stdout]    --> src/serde.rs:167:8
[INFO] [stdout]     |
[INFO] [stdout] 165 | pub fn deserialize<'de, T>(src: &'de [u8]) -> ReadResult<T>
[INFO] [stdout]     |        ----------- required by a bound in this function
[INFO] [stdout] 166 | where
[INFO] [stdout] 167 |     T: SchemaRead<'de, DefaultConfig, Dst = T>,
[INFO] [stdout]     |        ^^^^^^^^^^^^^^^^^^^^^^^^^^^^^^^^^^^^^^^ required by this bound in `deserialize`
[INFO] [stdout]     = note: the full name for the type has been written to '/tmp/rustdoctestsmsSxF/rust_out.long-type-17174836911713188560.txt'
[INFO] [stdout]     = note: consider using `--verbose` to print the full type name to the console
[INFO] [stdout] 
[INFO] [stdout] error: aborting due to 7 previous errors
[INFO] [stdout] 
[INFO] [stdout] For more information about this error, try `rustc --explain E0277`.
[INFO] [stdout] Couldn't compile the test.
[INFO] [stdout] ---- src/len.rs - len::UseIntLen (line 181) stdout ----
[INFO] [stdout] error: cannot find derive macro `SchemaWrite` in this scope
[INFO] [stdout]    --> src/len.rs:187:10
[INFO] [stdout]     |
[INFO] [stdout] 187 | #[derive(SchemaWrite, SchemaRead)]
[INFO] [stdout]     |          ^^^^^^^^^^^
[INFO] [stdout]     |
[INFO] [stdout] note: `SchemaWrite` is a trait, not a derive macro
[INFO] [stdout]    --> src/schema/mod.rs:212:1
[INFO] [stdout]     |
[INFO] [stdout] 212 | pub unsafe trait SchemaWrite<C: ConfigCore> {
[INFO] [stdout]     | ^^^^^^^^^^^^^^^^^^^^^^^^^^^^^^^^^^^^^^^^^^^
[INFO] [stdout]     = help: consider implementing `SchemaWrite` for your type manually
[INFO] [stdout] 
[INFO] [stdout] error: cannot find derive macro `SchemaRead` in this scope
[INFO] [stdout]    --> src/len.rs:187:23
[INFO] [stdout]     |
[INFO] [stdout] 187 | #[derive(SchemaWrite, SchemaRead)]
[INFO] [stdout]     |                       ^^^^^^^^^^
[INFO] [stdout]     |
[INFO] [stdout] note: `SchemaRead` is a trait, not a derive macro
[INFO] [stdout]    --> src/schema/mod.rs:253:1
[INFO] [stdout]     |
[INFO] [stdout] 253 | pub unsafe trait SchemaRead<'de, C: ConfigCore> {
[INFO] [stdout]     | ^^^^^^^^^^^^^^^^^^^^^^^^^^^^^^^^^^^^^^^^^^^^^^^
[INFO] [stdout]     = help: consider implementing `SchemaRead` for your type manually
[INFO] [stdout] 
[INFO] [stdout] error: cannot find attribute `wincode` in this scope
[INFO] [stdout]    --> src/len.rs:189:7
[INFO] [stdout]     |
[INFO] [stdout] 189 |     #[wincode(with = "containers::Vec<u8, Max8Bytes>")]
[INFO] [stdout]     |       ^^^^^^^
[INFO] [stdout]     |
[INFO] [stdout] note: `wincode` is imported here, but it is a crate, not an attribute
[INFO] [stdout]    --> src/len.rs:181:1
[INFO] [stdout]     |
[INFO] [stdout] 181 | extern crate r#wincode;
[INFO] [stdout]     | ^^^^^^^^^^^^^^^^^^^^^^^
[INFO] [stdout] 
[INFO] [stdout] error[E0277]: the trait bound `OverrideLen: SchemaWrite<_>` is not satisfied
[INFO] [stdout]    --> src/len.rs:194:37
[INFO] [stdout]     |
[INFO] [stdout] 194 | let serialized = wincode::serialize(&data_ok).unwrap();
[INFO] [stdout]     |                  ------------------ ^^^^^^^^ unsatisfied trait bound
[INFO] [stdout]     |                  |
[INFO] [stdout]     |                  required by a bound introduced by this call
[INFO] [stdout]     |
[INFO] [stdout] help: the trait `SchemaWrite<Configuration<true, 4194304, UseIntLen<u64, 0>, LittleEndian, FixInt, u32, usize::MAX>>` is not implemented for `OverrideLen`
[INFO] [stdout]    --> src/len.rs:188:1
[INFO] [stdout]     |
[INFO] [stdout] 188 | struct OverrideLen {
[INFO] [stdout]     | ^^^^^^^^^^^^^^^^^^
[INFO] [stdout]     = help: the following other types implement trait `SchemaWrite<C>`:
[INFO] [stdout]               `&'a T` implements `SchemaWrite<C>`
[INFO] [stdout]               `()` implements `SchemaWrite<C>`
[INFO] [stdout]               `(A, B)` implements `SchemaWrite<Cfg>`
[INFO] [stdout]               `(A, B, C)` implements `SchemaWrite<Cfg>`
[INFO] [stdout]               `(A, B, C, D)` implements `SchemaWrite<Cfg>`
[INFO] [stdout]               `(A, B, C, D, E)` implements `SchemaWrite<Cfg>`
[INFO] [stdout]               `(A, B, C, D, E, F)` implements `SchemaWrite<Cfg>`
[INFO] [stdout]               `(A, B, C, D, E, F, G)` implements `SchemaWrite<Cfg>`
[INFO] [stdout]             and 90 others
[INFO] [stdout] note: required by a bound in `wincode::serialize`
[INFO] [stdout]    --> src/serde.rs:319:8
[INFO] [stdout]     |
[INFO] [stdout] 317 | pub fn serialize<T>(src: &T) -> WriteResult<Vec<u8>>
[INFO] [stdout]     |        --------- required by a bound in this function
[INFO] [stdout] 318 | where
[INFO] [stdout] 319 |     T: SchemaWrite<DefaultConfig, Src = T> + ?Sized,
[INFO] [stdout]     |        ^^^^^^^^^^^^^^^^^^^^^^^^^^^^^^^^^^^ required by this bound in `serialize`
[INFO] [stdout]     = note: the full name for the type has been written to '/tmp/rustdoctest2yYQHZ/rust_out.long-type-2248243868473191368.txt'
[INFO] [stdout]     = note: consider using `--verbose` to print the full type name to the console
[INFO] [stdout] 
[INFO] [stdout] error[E0277]: the trait bound `OverrideLen: SchemaRead<'_, _>` is not satisfied
[INFO] [stdout]    --> src/len.rs:195:32
[INFO] [stdout]     |
[INFO] [stdout] 195 | assert!(wincode::deserialize::<OverrideLen>(&serialized).is_ok());
[INFO] [stdout]     |                                ^^^^^^^^^^^ unsatisfied trait bound
[INFO] [stdout]     |
[INFO] [stdout] help: the trait `SchemaRead<'_, Configuration<true, 4194304, UseIntLen<u64, 0>, LittleEndian, FixInt, u32, usize::MAX>>` is not implemented for `OverrideLen`
[INFO] [stdout]    --> src/len.rs:188:1
[INFO] [stdout]     |
[INFO] [stdout] 188 | struct OverrideLen {
[INFO] [stdout]     | ^^^^^^^^^^^^^^^^^^
[INFO] [stdout]     = help: the following other types implement trait `SchemaRead<'de, C>`:
[INFO] [stdout]               `&'de T` implements `SchemaRead<'de, C>`
[INFO] [stdout]               `&'de [T]` implements `SchemaRead<'de, C>`
[INFO] [stdout]               `&'de mut T` implements `SchemaRead<'de, C>`
[INFO] [stdout]               `&'de mut [T]` implements `SchemaRead<'de, C>`
[INFO] [stdout]               `&'de str` implements `SchemaRead<'de, C>`
[INFO] [stdout]               `()` implements `SchemaRead<'de, C>`
[INFO] [stdout]               `(A, B)` implements `SchemaRead<'de, Cfg>`
[INFO] [stdout]               `(A, B, C)` implements `SchemaRead<'de, Cfg>`
[INFO] [stdout]             and 92 others
[INFO] [stdout] note: required by a bound in `wincode::deserialize`
[INFO] [stdout]    --> src/serde.rs:167:8
[INFO] [stdout]     |
[INFO] [stdout] 165 | pub fn deserialize<'de, T>(src: &'de [u8]) -> ReadResult<T>
[INFO] [stdout]     |        ----------- required by a bound in this function
[INFO] [stdout] 166 | where
[INFO] [stdout] 167 |     T: SchemaRead<'de, DefaultConfig, Dst = T>,
[INFO] [stdout]     |        ^^^^^^^^^^^^^^^^^^^^^^^^^^^^^^^^^^^^^^^ required by this bound in `deserialize`
[INFO] [stdout]     = note: the full name for the type has been written to '/tmp/rustdoctest2yYQHZ/rust_out.long-type-6420714694461819037.txt'
[INFO] [stdout]     = note: consider using `--verbose` to print the full type name to the console
[INFO] [stdout] 
[INFO] [stdout] error[E0277]: the trait bound `OverrideLen: SchemaWrite<_>` is not satisfied
[INFO] [stdout]    --> src/len.rs:198:28
[INFO] [stdout]     |
[INFO] [stdout] 198 | assert!(wincode::serialize(&data_err).is_err());
[INFO] [stdout]     |         ------------------ ^^^^^^^^^ unsatisfied trait bound
[INFO] [stdout]     |         |
[INFO] [stdout]     |         required by a bound introduced by this call
[INFO] [stdout]     |
[INFO] [stdout] help: the trait `SchemaWrite<Configuration<true, 4194304, UseIntLen<u64, 0>, LittleEndian, FixInt, u32, usize::MAX>>` is not implemented for `OverrideLen`
[INFO] [stdout]    --> src/len.rs:188:1
[INFO] [stdout]     |
[INFO] [stdout] 188 | struct OverrideLen {
[INFO] [stdout]     | ^^^^^^^^^^^^^^^^^^
[INFO] [stdout]     = help: the following other types implement trait `SchemaWrite<C>`:
[INFO] [stdout]               `&'a T` implements `SchemaWrite<C>`
[INFO] [stdout]               `()` implements `SchemaWrite<C>`
[INFO] [stdout]               `(A, B)` implements `SchemaWrite<Cfg>`
[INFO] [stdout]               `(A, B, C)` implements `SchemaWrite<Cfg>`
[INFO] [stdout]               `(A, B, C, D)` implements `SchemaWrite<Cfg>`
[INFO] [stdout]               `(A, B, C, D, E)` implements `SchemaWrite<Cfg>`
[INFO] [stdout]               `(A, B, C, D, E, F)` implements `SchemaWrite<Cfg>`
[INFO] [stdout]               `(A, B, C, D, E, F, G)` implements `SchemaWrite<Cfg>`
[INFO] [stdout]             and 90 others
[INFO] [stdout] note: required by a bound in `wincode::serialize`
[INFO] [stdout]    --> src/serde.rs:319:8
[INFO] [stdout]     |
[INFO] [stdout] 317 | pub fn serialize<T>(src: &T) -> WriteResult<Vec<u8>>
[INFO] [stdout]     |        --------- required by a bound in this function
[INFO] [stdout] 318 | where
[INFO] [stdout] 319 |     T: SchemaWrite<DefaultConfig, Src = T> + ?Sized,
[INFO] [stdout]     |        ^^^^^^^^^^^^^^^^^^^^^^^^^^^^^^^^^^^ required by this bound in `serialize`
[INFO] [stdout]     = note: the full name for the type has been written to '/tmp/rustdoctest2yYQHZ/rust_out.long-type-2248243868473191368.txt'
[INFO] [stdout]     = note: consider using `--verbose` to print the full type name to the console
[INFO] [stdout] 
[INFO] [stdout] error[E0277]: the trait bound `OverrideLen: SchemaRead<'_, _>` is not satisfied
[INFO] [stdout]    --> src/len.rs:200:32
[INFO] [stdout]     |
[INFO] [stdout] 200 | assert!(wincode::deserialize::<OverrideLen>(&serialized).is_err());
[INFO] [stdout]     |                                ^^^^^^^^^^^ unsatisfied trait bound
[INFO] [stdout]     |
[INFO] [stdout] help: the trait `SchemaRead<'_, Configuration<true, 4194304, UseIntLen<u64, 0>, LittleEndian, FixInt, u32, usize::MAX>>` is not implemented for `OverrideLen`
[INFO] [stdout]    --> src/len.rs:188:1
[INFO] [stdout]     |
[INFO] [stdout] 188 | struct OverrideLen {
[INFO] [stdout]     | ^^^^^^^^^^^^^^^^^^
[INFO] [stdout]     = help: the following other types implement trait `SchemaRead<'de, C>`:
[INFO] [stdout]               `&'de T` implements `SchemaRead<'de, C>`
[INFO] [stdout]               `&'de [T]` implements `SchemaRead<'de, C>`
[INFO] [stdout]               `&'de mut T` implements `SchemaRead<'de, C>`
[INFO] [stdout]               `&'de mut [T]` implements `SchemaRead<'de, C>`
[INFO] [stdout]               `&'de str` implements `SchemaRead<'de, C>`
[INFO] [stdout]               `()` implements `SchemaRead<'de, C>`
[INFO] [stdout]               `(A, B)` implements `SchemaRead<'de, Cfg>`
[INFO] [stdout]               `(A, B, C)` implements `SchemaRead<'de, Cfg>`
[INFO] [stdout]             and 92 others
[INFO] [stdout] note: required by a bound in `wincode::deserialize`
[INFO] [stdout]    --> src/serde.rs:167:8
[INFO] [stdout]     |
[INFO] [stdout] 165 | pub fn deserialize<'de, T>(src: &'de [u8]) -> ReadResult<T>
[INFO] [stdout]     |        ----------- required by a bound in this function
[INFO] [stdout] 166 | where
[INFO] [stdout] 167 |     T: SchemaRead<'de, DefaultConfig, Dst = T>,
[INFO] [stdout]     |        ^^^^^^^^^^^^^^^^^^^^^^^^^^^^^^^^^^^^^^^ required by this bound in `deserialize`
[INFO] [stdout]     = note: the full name for the type has been written to '/tmp/rustdoctest2yYQHZ/rust_out.long-type-15629398107433240554.txt'
[INFO] [stdout]     = note: consider using `--verbose` to print the full type name to the console
[INFO] [stdout] 
[INFO] [stdout] error: aborting due to 7 previous errors
[INFO] [stdout] 
[INFO] [stdout] For more information about this error, try `rustc --explain E0277`.
[INFO] [stdout] Couldn't compile the test.
[INFO] [stdout] 
[INFO] [stdout] failures:
[INFO] [stdout]     src/len.rs - len::BincodeLen (line 391)
[INFO] [stdout]     src/len.rs - len::FixIntLen (line 299)
[INFO] [stdout]     src/len.rs - len::UseIntLen (line 181)
[INFO] [stdout] 
[INFO] [stdout] test result: FAILED. 63 passed; 3 failed; 1 ignored; 0 measured; 0 filtered out; finished in 5.73s
[INFO] [stdout] 
[INFO] [stdout] all doctests ran in 6.06s; merged doctests compilation took 0.32s
[INFO] [stderr] error: doctest failed, to rerun pass `--doc`
[INFO] running `Command { std: "docker" "inspect" "abfb9d2fd08be57c8d2e95c1eb221689e1cabf724badcee6cd8693357c8bee26", kill_on_drop: false }`
[INFO] running `Command { std: "docker" "rm" "-f" "abfb9d2fd08be57c8d2e95c1eb221689e1cabf724badcee6cd8693357c8bee26", kill_on_drop: false }`
[INFO] [stdout] abfb9d2fd08be57c8d2e95c1eb221689e1cabf724badcee6cd8693357c8bee26
