[INFO] fetching crate win-shared-os-owned-handle 0.1.0...
[INFO] testing win-shared-os-owned-handle-0.1.0 against 1.100.0-beta.1+cargoflags=--release for beta-release-1.100-2
[INFO] extracting crate win-shared-os-owned-handle 0.1.0 into /workspace/builds/worker-5-tc2/source
[INFO] started tweaking crates.io crate win-shared-os-owned-handle 0.1.0
[INFO] finished tweaking crates.io crate win-shared-os-owned-handle 0.1.0
[INFO] tweaked toml for crates.io crate win-shared-os-owned-handle 0.1.0 written to /workspace/builds/worker-5-tc2/source/Cargo.toml
[INFO] validating manifest of crates.io crate win-shared-os-owned-handle 0.1.0 on toolchain 1.100.0-beta.1
[INFO] running `Command { std: CARGO_HOME="/workspace/cargo-home" RUSTUP_HOME="/workspace/rustup-home" "/workspace/cargo-home/bin/cargo" "+1.100.0-beta.1" "metadata" "--manifest-path" "Cargo.toml" "--no-deps", kill_on_drop: false }`
[INFO] crate crates.io crate win-shared-os-owned-handle 0.1.0 already has a lockfile, it will not be regenerated
[INFO] running `Command { std: CARGO_HOME="/workspace/cargo-home" RUSTUP_HOME="/workspace/rustup-home" "/workspace/cargo-home/bin/cargo" "+1.100.0-beta.1" "fetch" "--manifest-path" "Cargo.toml", kill_on_drop: false }`
[INFO] [stderr] warning: `package.homepage` is redundant with `package.repository`
[INFO] [stderr]   --> Cargo.toml:17:12
[INFO] [stderr]    |
[INFO] [stderr] 17 | homepage = "https://github.com/MikeGrier/windows-threadpool-sys"
[INFO] [stderr]    |            ^^^^^^^^^^^^^^^^^^^^^^^^^^^^^^^^^^^^^^^^^^^^^^^^^^^^^
[INFO] [stderr] ...
[INFO] [stderr] 21 | repository = "https://github.com/MikeGrier/windows-threadpool-sys"
[INFO] [stderr]    |              -----------------------------------------------------
[INFO] [stderr]    |
[INFO] [stderr]    = note: `cargo::redundant_homepage` is set to `warn` by default
[INFO] [stderr] help: consider removing `package.homepage`
[INFO] [stderr] warning: `win-shared-os-owned-handle` (manifest) generated 1 warning
[INFO] running `Command { std: "docker" "create" "-v" "/var/lib/crater-agent-workspace/builds/worker-5-tc2/source:/opt/rustwide/workdir:ro,Z" "-v" "/var/lib/crater-agent-workspace/builds/worker-5-tc2/target:/opt/rustwide/target:rw,Z" "-v" "/var/lib/crater-agent-workspace/cargo-home:/opt/rustwide/cargo-home:ro,Z" "-v" "/var/lib/crater-agent-workspace/rustup-home:/opt/rustwide/rustup-home:ro,Z" "-m" "1610612736" "--network" "none" "ghcr.io/rust-lang/crates-build-env/linux@sha256:77db811e55d90add9212f6832c23229e3de5f1c1f9905e8cb07319ea15df73ac" "sleep" "infinity", kill_on_drop: false }`
[INFO] [stdout] f24b3cde0a337bea5060e459af01cca646332731c6652d5a4afe2034967419fe
[INFO] running `Command { std: "docker" "start" "f24b3cde0a337bea5060e459af01cca646332731c6652d5a4afe2034967419fe", kill_on_drop: false }`
[INFO] running `Command { std: "docker" "inspect" "f24b3cde0a337bea5060e459af01cca646332731c6652d5a4afe2034967419fe", kill_on_drop: false }`
[INFO] running `Command { std: "docker" "exec" "-e" "SOURCE_DIR=/opt/rustwide/workdir" "-e" "CARGO_HOME=/opt/rustwide/cargo-home" "-e" "RUSTUP_HOME=/opt/rustwide/rustup-home" "-e" "CARGO_TARGET_DIR=/opt/rustwide/target" "-w" "/opt/rustwide/workdir" "--user" "0:0" "f24b3cde0a337bea5060e459af01cca646332731c6652d5a4afe2034967419fe" "/opt/rustwide/cargo-home/bin/cargo" "+1.100.0-beta.1" "metadata" "--no-deps" "--format-version=1", kill_on_drop: false }`
[INFO] running `Command { std: "docker" "inspect" "f24b3cde0a337bea5060e459af01cca646332731c6652d5a4afe2034967419fe", kill_on_drop: false }`
[INFO] running `Command { std: "docker" "exec" "-e" "SOURCE_DIR=/opt/rustwide/workdir" "-e" "CARGO_HOME=/opt/rustwide/cargo-home" "-e" "RUSTUP_HOME=/opt/rustwide/rustup-home" "-e" "CARGO_TARGET_DIR=/opt/rustwide/target" "-e" "CARGO_INCREMENTAL=0" "-e" "RUST_BACKTRACE=full" "-e" "RUSTFLAGS=--cap-lints=warn" "-e" "RUSTDOCFLAGS=--cap-lints=warn" "-w" "/opt/rustwide/workdir" "--user" "0:0" "f24b3cde0a337bea5060e459af01cca646332731c6652d5a4afe2034967419fe" "/opt/rustwide/cargo-home/bin/cargo" "+1.100.0-beta.1" "build" "--frozen" "--message-format=json" "--release", kill_on_drop: false }`
[INFO] [stderr] warning: `package.homepage` is redundant with `package.repository`
[INFO] [stderr]   --> Cargo.toml:17:12
[INFO] [stderr]    |
[INFO] [stderr] 17 | homepage = "https://github.com/MikeGrier/windows-threadpool-sys"
[INFO] [stderr]    |            ^^^^^^^^^^^^^^^^^^^^^^^^^^^^^^^^^^^^^^^^^^^^^^^^^^^^^
[INFO] [stderr] ...
[INFO] [stderr] 21 | repository = "https://github.com/MikeGrier/windows-threadpool-sys"
[INFO] [stderr]    |              -----------------------------------------------------
[INFO] [stderr]    |
[INFO] [stderr]    = note: `cargo::redundant_homepage` is set to `warn` by default
[INFO] [stderr] help: consider removing `package.homepage`
[INFO] [stderr] warning: `win-shared-os-owned-handle` (manifest) generated 1 warning
[INFO] [stderr]    Compiling win-shared-os-owned-handle v0.1.0 (/opt/rustwide/workdir)
[INFO] [stderr]     Finished `release` profile [optimized] target(s) in 0.56s
[INFO] running `Command { std: "docker" "inspect" "f24b3cde0a337bea5060e459af01cca646332731c6652d5a4afe2034967419fe", kill_on_drop: false }`
[INFO] running `Command { std: "docker" "exec" "-e" "SOURCE_DIR=/opt/rustwide/workdir" "-e" "CARGO_HOME=/opt/rustwide/cargo-home" "-e" "RUSTUP_HOME=/opt/rustwide/rustup-home" "-e" "CARGO_TARGET_DIR=/opt/rustwide/target" "-e" "CARGO_INCREMENTAL=0" "-e" "RUST_BACKTRACE=full" "-e" "RUSTFLAGS=--cap-lints=warn" "-e" "RUSTDOCFLAGS=--cap-lints=warn" "-w" "/opt/rustwide/workdir" "--user" "0:0" "f24b3cde0a337bea5060e459af01cca646332731c6652d5a4afe2034967419fe" "/opt/rustwide/cargo-home/bin/cargo" "+1.100.0-beta.1" "test" "--frozen" "--no-run" "--message-format=json" "--release", kill_on_drop: false }`
[INFO] [stderr] warning: `package.homepage` is redundant with `package.repository`
[INFO] [stderr]   --> Cargo.toml:17:12
[INFO] [stderr]    |
[INFO] [stderr] 17 | homepage = "https://github.com/MikeGrier/windows-threadpool-sys"
[INFO] [stderr]    |            ^^^^^^^^^^^^^^^^^^^^^^^^^^^^^^^^^^^^^^^^^^^^^^^^^^^^^
[INFO] [stderr] ...
[INFO] [stderr] 21 | repository = "https://github.com/MikeGrier/windows-threadpool-sys"
[INFO] [stderr]    |              -----------------------------------------------------
[INFO] [stderr]    |
[INFO] [stderr]    = note: `cargo::redundant_homepage` is set to `warn` by default
[INFO] [stderr] help: consider removing `package.homepage`
[INFO] [stderr] warning: `win-shared-os-owned-handle` (manifest) generated 1 warning
[INFO] [stderr]    Compiling win-shared-os-owned-handle v0.1.0 (/opt/rustwide/workdir)
[INFO] [stderr]     Finished `release` profile [optimized] target(s) in 0.21s
[INFO] running `Command { std: "docker" "inspect" "f24b3cde0a337bea5060e459af01cca646332731c6652d5a4afe2034967419fe", kill_on_drop: false }`
[INFO] running `Command { std: "docker" "exec" "-e" "SOURCE_DIR=/opt/rustwide/workdir" "-e" "CARGO_HOME=/opt/rustwide/cargo-home" "-e" "RUSTUP_HOME=/opt/rustwide/rustup-home" "-e" "CARGO_TARGET_DIR=/opt/rustwide/target" "-e" "CARGO_INCREMENTAL=0" "-e" "RUST_BACKTRACE=full" "-e" "RUSTFLAGS=--cap-lints=warn" "-e" "RUSTDOCFLAGS=--cap-lints=warn" "-w" "/opt/rustwide/workdir" "--user" "0:0" "f24b3cde0a337bea5060e459af01cca646332731c6652d5a4afe2034967419fe" "/opt/rustwide/cargo-home/bin/cargo" "+1.100.0-beta.1" "test" "--frozen" "--release", kill_on_drop: false }`
[INFO] [stderr] warning: `package.homepage` is redundant with `package.repository`
[INFO] [stderr]   --> Cargo.toml:17:12
[INFO] [stderr]    |
[INFO] [stderr] 17 | homepage = "https://github.com/MikeGrier/windows-threadpool-sys"
[INFO] [stderr]    |            ^^^^^^^^^^^^^^^^^^^^^^^^^^^^^^^^^^^^^^^^^^^^^^^^^^^^^
[INFO] [stderr] ...
[INFO] [stderr] 21 | repository = "https://github.com/MikeGrier/windows-threadpool-sys"
[INFO] [stderr]    |              -----------------------------------------------------
[INFO] [stderr]    |
[INFO] [stderr]    = note: `cargo::redundant_homepage` is set to `warn` by default
[INFO] [stderr] help: consider removing `package.homepage`
[INFO] [stderr] warning: `win-shared-os-owned-handle` (manifest) generated 1 warning
[INFO] [stderr]     Finished `release` profile [optimized] target(s) in 0.03s
[INFO] [stderr]      Running unittests src/lib.rs (/opt/rustwide/target/release/build/win-shared-os-owned-handle/ebe7dfe12154f052/out/win_shared_os_owned_handle-ebe7dfe12154f052)
[INFO] [stdout] 
[INFO] [stdout] running 0 tests
[INFO] [stdout] 
[INFO] [stdout] test result: ok. 0 passed; 0 failed; 0 ignored; 0 measured; 0 filtered out; finished in 0.00s
[INFO] [stdout] 
[INFO] [stderr]    Doc-tests win_shared_os_owned_handle
[INFO] [stdout] 
[INFO] [stdout] running 1 test
[INFO] [stdout] test src/lib.rs - (line 34) ... FAILED
[INFO] [stdout] 
[INFO] [stdout] failures:
[INFO] [stdout] 
[INFO] [stdout] ---- src/lib.rs - (line 34) stdout ----
[INFO] [stdout] error[E0433]: cannot find `windows` in `os`
[INFO] [stdout]   --> src/lib.rs:37:14
[INFO] [stdout]    |
[INFO] [stdout] 37 | use std::os::windows::io::{AsHandle, AsRawHandle};
[INFO] [stdout]    |              ^^^^^^^ could not find `windows` in `os`
[INFO] [stdout]    |
[INFO] [stdout] note: found an item that was configured out
[INFO] [stdout]   --> /rustc/e3feeb59cd1bdd011a2bfcc0747b55125d9b8527/library/std/src/os/mod.rs:62:4
[INFO] [stdout]    |
[INFO] [stdout]    = note: the item is gated behind the `windows` feature
[INFO] [stdout] 
[INFO] [stdout] error[E0432]: unresolved import `win_shared_os_owned_handle::SharedHandle`
[INFO] [stdout]   --> src/lib.rs:39:5
[INFO] [stdout]    |
[INFO] [stdout] 39 | use win_shared_os_owned_handle::SharedHandle;
[INFO] [stdout]    |     ^^^^^^^^^^^^^^^^^^^^^^^^^^^^------------
[INFO] [stdout]    |                                 |
[INFO] [stderr] error: doctest failed, to rerun pass `--doc`
[INFO] [stdout]    |                                 no `SharedHandle` in the root
[INFO] [stdout] 
[INFO] [stdout] error: aborting due to 2 previous errors
[INFO] [stdout] 
[INFO] [stdout] Some errors have detailed explanations: E0432, E0433.
[INFO] [stdout] For more information about an error, try `rustc --explain E0432`.
[INFO] [stdout] Couldn't compile the test.
[INFO] [stdout] 
[INFO] [stdout] failures:
[INFO] [stdout]     src/lib.rs - (line 34)
[INFO] [stdout] 
[INFO] [stdout] test result: FAILED. 0 passed; 1 failed; 0 ignored; 0 measured; 0 filtered out; finished in 0.11s
[INFO] [stdout] 
[INFO] [stdout] all doctests ran in 0.34s; merged doctests compilation took 0.23s
[INFO] running `Command { std: "docker" "inspect" "f24b3cde0a337bea5060e459af01cca646332731c6652d5a4afe2034967419fe", kill_on_drop: false }`
[INFO] running `Command { std: "docker" "rm" "-f" "f24b3cde0a337bea5060e459af01cca646332731c6652d5a4afe2034967419fe", kill_on_drop: false }`
[INFO] [stdout] f24b3cde0a337bea5060e459af01cca646332731c6652d5a4afe2034967419fe
