[INFO] fetching crate win-desktop-utils 0.5.7...
[INFO] testing win-desktop-utils-0.5.7 against 1.100.0-beta.1+cargoflags=--release for beta-release-1.100-2
[INFO] extracting crate win-desktop-utils 0.5.7 into /workspace/builds/worker-2-tc2/source
[INFO] started tweaking crates.io crate win-desktop-utils 0.5.7
[INFO] removed 0 missing examples
[INFO] removed 0 missing tests
[INFO] finished tweaking crates.io crate win-desktop-utils 0.5.7
[INFO] tweaked toml for crates.io crate win-desktop-utils 0.5.7 written to /workspace/builds/worker-2-tc2/source/Cargo.toml
[INFO] validating manifest of crates.io crate win-desktop-utils 0.5.7 on toolchain 1.100.0-beta.1
[INFO] running `Command { std: CARGO_HOME="/workspace/cargo-home" RUSTUP_HOME="/workspace/rustup-home" "/workspace/cargo-home/bin/cargo" "+1.100.0-beta.1" "metadata" "--manifest-path" "Cargo.toml" "--no-deps", kill_on_drop: false }`
[INFO] crate crates.io crate win-desktop-utils 0.5.7 already has a lockfile, it will not be regenerated
[INFO] running `Command { std: CARGO_HOME="/workspace/cargo-home" RUSTUP_HOME="/workspace/rustup-home" "/workspace/cargo-home/bin/cargo" "+1.100.0-beta.1" "fetch" "--manifest-path" "Cargo.toml", kill_on_drop: false }`
[INFO] [stderr] warning: `package.homepage` is redundant with `package.repository`
[INFO] [stderr]   --> Cargo.toml:79:12
[INFO] [stderr]    |
[INFO] [stderr] 79 | homepage = "https://github.com/funwithcthulhu/win-desktop-utils"
[INFO] [stderr]    |            ^^^^^^^^^^^^^^^^^^^^^^^^^^^^^^^^^^^^^^^^^^^^^^^^^^^^^
[INFO] [stderr] ...
[INFO] [stderr] 84 | repository = "https://github.com/funwithcthulhu/win-desktop-utils"
[INFO] [stderr]    |              -----------------------------------------------------
[INFO] [stderr]    |
[INFO] [stderr]    = note: `cargo::redundant_homepage` is set to `warn` by default
[INFO] [stderr] help: consider removing `package.homepage`
[INFO] [stderr] warning: `win-desktop-utils` (manifest) generated 1 warning
[INFO] running `Command { std: "docker" "create" "-v" "/var/lib/crater-agent-workspace/builds/worker-2-tc2/source:/opt/rustwide/workdir:ro,Z" "-v" "/var/lib/crater-agent-workspace/builds/worker-2-tc2/target:/opt/rustwide/target:rw,Z" "-v" "/var/lib/crater-agent-workspace/cargo-home:/opt/rustwide/cargo-home:ro,Z" "-v" "/var/lib/crater-agent-workspace/rustup-home:/opt/rustwide/rustup-home:ro,Z" "-m" "1610612736" "--network" "none" "ghcr.io/rust-lang/crates-build-env/linux@sha256:77db811e55d90add9212f6832c23229e3de5f1c1f9905e8cb07319ea15df73ac" "sleep" "infinity", kill_on_drop: false }`
[INFO] [stdout] a77ef8853e4c179da13a218bee287b5e537a99cf94c2860eb8b5e1d5bf81e716
[INFO] running `Command { std: "docker" "start" "a77ef8853e4c179da13a218bee287b5e537a99cf94c2860eb8b5e1d5bf81e716", kill_on_drop: false }`
[INFO] running `Command { std: "docker" "inspect" "a77ef8853e4c179da13a218bee287b5e537a99cf94c2860eb8b5e1d5bf81e716", kill_on_drop: false }`
[INFO] running `Command { std: "docker" "exec" "-e" "SOURCE_DIR=/opt/rustwide/workdir" "-e" "CARGO_HOME=/opt/rustwide/cargo-home" "-e" "RUSTUP_HOME=/opt/rustwide/rustup-home" "-e" "CARGO_TARGET_DIR=/opt/rustwide/target" "-w" "/opt/rustwide/workdir" "--user" "0:0" "a77ef8853e4c179da13a218bee287b5e537a99cf94c2860eb8b5e1d5bf81e716" "/opt/rustwide/cargo-home/bin/cargo" "+1.100.0-beta.1" "metadata" "--no-deps" "--format-version=1", kill_on_drop: false }`
[INFO] running `Command { std: "docker" "inspect" "a77ef8853e4c179da13a218bee287b5e537a99cf94c2860eb8b5e1d5bf81e716", kill_on_drop: false }`
[INFO] running `Command { std: "docker" "exec" "-e" "SOURCE_DIR=/opt/rustwide/workdir" "-e" "CARGO_HOME=/opt/rustwide/cargo-home" "-e" "RUSTUP_HOME=/opt/rustwide/rustup-home" "-e" "CARGO_TARGET_DIR=/opt/rustwide/target" "-e" "CARGO_INCREMENTAL=0" "-e" "RUST_BACKTRACE=full" "-e" "RUSTFLAGS=--cap-lints=warn" "-e" "RUSTDOCFLAGS=--cap-lints=warn" "-w" "/opt/rustwide/workdir" "--user" "0:0" "a77ef8853e4c179da13a218bee287b5e537a99cf94c2860eb8b5e1d5bf81e716" "/opt/rustwide/cargo-home/bin/cargo" "+1.100.0-beta.1" "build" "--frozen" "--message-format=json" "--release", kill_on_drop: false }`
[INFO] [stderr] warning: `package.homepage` is redundant with `package.repository`
[INFO] [stderr]   --> Cargo.toml:79:12
[INFO] [stderr]    |
[INFO] [stderr] 79 | homepage = "https://github.com/funwithcthulhu/win-desktop-utils"
[INFO] [stderr]    |            ^^^^^^^^^^^^^^^^^^^^^^^^^^^^^^^^^^^^^^^^^^^^^^^^^^^^^
[INFO] [stderr] ...
[INFO] [stderr] 84 | repository = "https://github.com/funwithcthulhu/win-desktop-utils"
[INFO] [stderr]    |              -----------------------------------------------------
[INFO] [stderr]    |
[INFO] [stderr]    = note: `cargo::redundant_homepage` is set to `warn` by default
[INFO] [stderr] help: consider removing `package.homepage`
[INFO] [stderr] warning: `win-desktop-utils` (manifest) generated 1 warning
[INFO] [stderr]    Compiling win-desktop-utils v0.5.7 (/opt/rustwide/workdir)
[INFO] [stderr]     Finished `release` profile [optimized] target(s) in 0.22s
[INFO] running `Command { std: "docker" "inspect" "a77ef8853e4c179da13a218bee287b5e537a99cf94c2860eb8b5e1d5bf81e716", kill_on_drop: false }`
[INFO] running `Command { std: "docker" "exec" "-e" "SOURCE_DIR=/opt/rustwide/workdir" "-e" "CARGO_HOME=/opt/rustwide/cargo-home" "-e" "RUSTUP_HOME=/opt/rustwide/rustup-home" "-e" "CARGO_TARGET_DIR=/opt/rustwide/target" "-e" "CARGO_INCREMENTAL=0" "-e" "RUST_BACKTRACE=full" "-e" "RUSTFLAGS=--cap-lints=warn" "-e" "RUSTDOCFLAGS=--cap-lints=warn" "-w" "/opt/rustwide/workdir" "--user" "0:0" "a77ef8853e4c179da13a218bee287b5e537a99cf94c2860eb8b5e1d5bf81e716" "/opt/rustwide/cargo-home/bin/cargo" "+1.100.0-beta.1" "test" "--frozen" "--no-run" "--message-format=json" "--release", kill_on_drop: false }`
[INFO] [stderr] warning: `package.homepage` is redundant with `package.repository`
[INFO] [stderr]   --> Cargo.toml:79:12
[INFO] [stderr]    |
[INFO] [stderr] 79 | homepage = "https://github.com/funwithcthulhu/win-desktop-utils"
[INFO] [stderr]    |            ^^^^^^^^^^^^^^^^^^^^^^^^^^^^^^^^^^^^^^^^^^^^^^^^^^^^^
[INFO] [stderr] ...
[INFO] [stderr] 84 | repository = "https://github.com/funwithcthulhu/win-desktop-utils"
[INFO] [stderr]    |              -----------------------------------------------------
[INFO] [stderr]    |
[INFO] [stderr]    = note: `cargo::redundant_homepage` is set to `warn` by default
[INFO] [stderr] help: consider removing `package.homepage`
[INFO] [stderr] warning: `win-desktop-utils` (manifest) generated 1 warning
[INFO] [stderr]    Compiling win-desktop-utils v0.5.7 (/opt/rustwide/workdir)
[INFO] [stderr]     Finished `release` profile [optimized] target(s) in 1.07s
[INFO] running `Command { std: "docker" "inspect" "a77ef8853e4c179da13a218bee287b5e537a99cf94c2860eb8b5e1d5bf81e716", kill_on_drop: false }`
[INFO] running `Command { std: "docker" "exec" "-e" "SOURCE_DIR=/opt/rustwide/workdir" "-e" "CARGO_HOME=/opt/rustwide/cargo-home" "-e" "RUSTUP_HOME=/opt/rustwide/rustup-home" "-e" "CARGO_TARGET_DIR=/opt/rustwide/target" "-e" "CARGO_INCREMENTAL=0" "-e" "RUST_BACKTRACE=full" "-e" "RUSTFLAGS=--cap-lints=warn" "-e" "RUSTDOCFLAGS=--cap-lints=warn" "-w" "/opt/rustwide/workdir" "--user" "0:0" "a77ef8853e4c179da13a218bee287b5e537a99cf94c2860eb8b5e1d5bf81e716" "/opt/rustwide/cargo-home/bin/cargo" "+1.100.0-beta.1" "test" "--frozen" "--release", kill_on_drop: false }`
[INFO] [stderr] warning: `package.homepage` is redundant with `package.repository`
[INFO] [stderr]   --> Cargo.toml:79:12
[INFO] [stderr]    |
[INFO] [stderr] 79 | homepage = "https://github.com/funwithcthulhu/win-desktop-utils"
[INFO] [stderr]    |            ^^^^^^^^^^^^^^^^^^^^^^^^^^^^^^^^^^^^^^^^^^^^^^^^^^^^^
[INFO] [stderr] ...
[INFO] [stderr] 84 | repository = "https://github.com/funwithcthulhu/win-desktop-utils"
[INFO] [stderr]    |              -----------------------------------------------------
[INFO] [stderr]    |
[INFO] [stderr]    = note: `cargo::redundant_homepage` is set to `warn` by default
[INFO] [stderr] help: consider removing `package.homepage`
[INFO] [stderr] warning: `win-desktop-utils` (manifest) generated 1 warning
[INFO] [stderr]     Finished `release` profile [optimized] target(s) in 0.03s
[INFO] [stderr]      Running unittests src/lib.rs (/opt/rustwide/target/release/build/win-desktop-utils/49013f84798cfd1b/out/win_desktop_utils-49013f84798cfd1b)
[INFO] [stdout] 
[INFO] [stdout] running 3 tests
[INFO] [stdout] test unsupported::tests::shortcut_options_builder_sets_values_on_non_windows ... ok
[INFO] [stderr]      Running tests/api_validation.rs (/opt/rustwide/target/release/build/win-desktop-utils/80fdf4fcbd5eca15/out/api_validation-80fdf4fcbd5eca15)
[INFO] [stdout] test unsupported::tests::desktop_app_keeps_identity_available_on_non_windows ... ok
[INFO] [stdout] test unsupported::tests::path_helpers_return_unsupported_on_non_windows ... ok
[INFO] [stdout] 
[INFO] [stdout] test result: ok. 3 passed; 0 failed; 0 ignored; 0 measured; 0 filtered out; finished in 0.00s
[INFO] [stdout] 
[INFO] [stdout] 
[INFO] [stdout] running 55 tests
[INFO] [stdout] test create_shortcut_creates_lnk_file ... FAILED
[INFO] [stdout] test create_shortcut_rejects_relative_target_path ... FAILED
[INFO] [stdout] test empty_recycle_bin_for_root_rejects_relative_path ... FAILED
[INFO] [stdout] test create_shortcut_rejects_relative_shortcut_path ... FAILED
[INFO] [stdout] test create_shortcut_rejects_empty_shortcut_path ... FAILED
[INFO] [stdout] test empty_recycle_bin_for_root_rejects_empty_path ... FAILED
[INFO] [stdout] test create_shortcut_rejects_output_parent_that_is_file ... FAILED
[INFO] [stdout] test create_url_shortcut_rejects_wrong_extension ... FAILED
[INFO] [stdout] test empty_recycle_bin_for_root_rejects_nul_bytes_in_path ... FAILED
[INFO] [stdout] test create_shortcut_rejects_wrong_extension ... FAILED
[INFO] [stdout] test create_url_shortcut_rejects_output_parent_that_is_file ... FAILED
[INFO] [stdout] test create_url_shortcut_rejects_nul_bytes_in_url ... FAILED
[INFO] [stdout] test create_shortcut_rejects_nul_bytes_in_target_path ... FAILED
[INFO] [stdout] test create_url_shortcut_rejects_line_breaks ... FAILED
[INFO] [stdout] test create_url_shortcut_rejects_empty_url ... FAILED
[INFO] [stdout] test move_paths_to_recycle_bin_rejects_empty_collection ... FAILED
[INFO] [stdout] test create_shortcut_rejects_nul_bytes_in_shortcut_path ... FAILED
[INFO] [stdout] test open_containing_folder_rejects_missing_path ... FAILED
[INFO] [stdout] test open_containing_folder_rejects_nul_bytes_in_path ... FAILED
[INFO] [stdout] test open_url_rejects_whitespace_only ... FAILED
[INFO] [stdout] test open_with_default_rejects_empty_path ... FAILED
[INFO] [stdout] test open_url_rejects_empty_string ... FAILED
[INFO] [stdout] test move_paths_to_recycle_bin_rejects_empty_path ... FAILED
[INFO] [stdout] test move_to_recycle_bin_rejects_empty_path ... FAILED
[INFO] [stdout] test open_with_verb_rejects_missing_path ... FAILED
[INFO] [stdout] test open_with_verb_rejects_nul_bytes_in_path ... FAILED
[INFO] [stdout] test open_with_default_rejects_missing_path ... FAILED
[INFO] [stdout] test reveal_in_explorer_rejects_missing_path ... FAILED
[INFO] [stdout] test open_with_verb_rejects_empty_path ... FAILED
[INFO] [stdout] test move_paths_to_recycle_bin_rejects_missing_absolute_path ... FAILED
[INFO] [stdout] test open_containing_folder_rejects_empty_path ... FAILED
[INFO] [stdout] test move_paths_to_recycle_bin_rejects_relative_path ... FAILED
[INFO] [stdout] test move_to_recycle_bin_rejects_missing_absolute_path ... FAILED
[INFO] [stdout] test open_url_rejects_nul_bytes ... FAILED
[INFO] [stdout] test single_instance_rejects_backslashes_in_app_id ... FAILED
[INFO] [stdout] test reveal_in_explorer_rejects_nul_bytes_in_path ... FAILED
[INFO] [stdout] test open_with_verb_rejects_empty_verb ... FAILED
[INFO] [stdout] test move_to_recycle_bin_rejects_nul_bytes_in_path ... FAILED
[INFO] [stdout] test reveal_in_explorer_rejects_empty_path ... FAILED
[INFO] [stdout] test run_with_verb_rejects_empty_verb ... FAILED
[INFO] [stdout] test move_paths_to_recycle_bin_rejects_nul_bytes_in_path ... FAILED
[INFO] [stdout] test open_with_default_rejects_nul_bytes_in_path ... FAILED
[INFO] [stdout] test single_instance_can_be_acquired_again_after_guard_is_dropped ... FAILED
[INFO] [stdout] test single_instance_rejects_nul_bytes_in_app_id ... FAILED
[INFO] [stdout] test single_instance_returns_none_when_same_app_id_is_acquired_twice ... FAILED
[INFO] [stdout] test run_as_admin_rejects_empty_executable ... FAILED
[INFO] [stdout] test open_containing_folder_rejects_drive_root_without_parent ... FAILED
[INFO] [stdout] test single_instance_with_options_allows_global_scope ... FAILED
[INFO] [stdout] test single_instance_with_scope_allows_global_scope ... FAILED
[INFO] [stdout] test single_instance_scopes_do_not_conflict_with_each_other ... FAILED
[INFO] [stdout] test move_to_recycle_bin_rejects_relative_path ... FAILED
[INFO] [stdout] test single_instance_rejects_empty_app_id ... FAILED
[INFO] [stdout] test run_with_verb_rejects_nul_bytes_in_arguments ... FAILED
[INFO] [stdout] test run_with_verb_rejects_nul_bytes_in_executable ... FAILED
[INFO] [stdout] test open_with_verb_rejects_nul_bytes_in_verb ... FAILED
[INFO] [stdout] 
[INFO] [stdout] failures:
[INFO] [stdout] 
[INFO] [stdout] ---- create_shortcut_creates_lnk_file stdout ----
[INFO] [stdout] 
[INFO] [stdout] thread 'create_shortcut_creates_lnk_file' (624) panicked at tests/api_validation.rs:319:47:
[INFO] [stdout] called `Result::unwrap()` on an `Err` value: Unsupported("win-desktop-utils operation requires Windows")
[INFO] [stdout] stack backtrace:
[INFO] [stdout]    0:     0x6006c27fe001 - <<std[617be2ca0a6fd877]::sys::backtrace::BacktraceLock>::print::DisplayBacktrace as core[a373ad73a504971]::fmt::Display>::fmt
[INFO] [stdout]    1:     0x6006c281245a - core[a373ad73a504971]::fmt::write
[INFO] [stdout]    2:     0x6006c280221c - <alloc[2e1b2a31b91974c5]::vec::Vec<u8> as core[a373ad73a504971]::io::write::Write>::write_fmt
[INFO] [stdout]    3:     0x6006c27d9c96 - std[617be2ca0a6fd877]::panicking::default_hook::{closure#0}
[INFO] [stdout]    4:     0x6006c27f63d9 - std[617be2ca0a6fd877]::panicking::default_hook
[INFO] [stdout]    5:     0x6006c27924c0 - test[aada8e7e76ba119b]::test_main_inner::{closure#0}
[INFO] [stdout]    6:     0x6006c27f6592 - std[617be2ca0a6fd877]::panicking::panic_with_hook
[INFO] [stdout]    7:     0x6006c27d9d42 - std[617be2ca0a6fd877]::panicking::panic_handler::{closure#0}
[INFO] [stdout]    8:     0x6006c27d29a9 - std[617be2ca0a6fd877]::sys::backtrace::__rust_end_short_backtrace::<std[617be2ca0a6fd877]::panicking::panic_handler::{closure#0}, !>
[INFO] [stdout]    9:     0x6006c27da94d - __rustc[ea4f61d10b84890b]::rust_begin_unwind
[INFO] [stdout]   10:     0x6006c2812b8c - core[a373ad73a504971]::panicking::panic_fmt
[INFO] [stdout]   11:     0x6006c2812962 - core[a373ad73a504971]::result::unwrap_failed
[INFO] [stdout]   12:     0x6006c278479a - <api_validation[c840bc60fdfb6953]::create_shortcut_creates_lnk_file::{closure#0} as core[a373ad73a504971]::ops::function::FnOnce<()>>::call_once
[INFO] [stdout]   13:     0x6006c278590b - test[aada8e7e76ba119b]::__rust_begin_short_backtrace::<core[a373ad73a504971]::result::Result<(), alloc[2e1b2a31b91974c5]::string::String>, fn() -> core[a373ad73a504971]::result::Result<(), alloc[2e1b2a31b91974c5]::string::String>>
[INFO] [stdout]   14:     0x6006c2792ae5 - test[aada8e7e76ba119b]::run_test::{closure#0}
[INFO] [stdout]   15:     0x6006c278c3d4 - std[617be2ca0a6fd877]::sys::backtrace::__rust_begin_short_backtrace::<test[aada8e7e76ba119b]::run_test::{closure#1}, ()>
[INFO] [stdout]   16:     0x6006c2795b72 - <std[617be2ca0a6fd877]::thread::lifecycle::spawn_unchecked<test[aada8e7e76ba119b]::run_test::{closure#1}, ()>::{closure#1} as core[a373ad73a504971]::ops::function::FnOnce<()>>::call_once::{shim:vtable#0}
[INFO] [stdout]   17:     0x6006c27fd67f - <std[617be2ca0a6fd877]::sys::thread::unix::Thread>::new::thread_start
[INFO] [stdout]   18:     0x7a127ba33dfa - <unknown>
[INFO] [stdout]   19:     0x7a127bac73d4 - clone
[INFO] [stdout]   20:                0x0 - <unknown>
[INFO] [stdout] 
[INFO] [stdout] ---- create_shortcut_rejects_relative_target_path stdout ----
[INFO] [stdout] 
[INFO] [stdout] thread 'create_shortcut_rejects_relative_target_path' (630) panicked at tests/api_validation.rs:269:5:
[INFO] [stdout] assertion failed: matches!(result, Err(Error::PathNotAbsolute))
[INFO] [stdout] stack backtrace:
[INFO] [stdout]    0:     0x6006c27fe001 - <<std[617be2ca0a6fd877]::sys::backtrace::BacktraceLock>::print::DisplayBacktrace as core[a373ad73a504971]::fmt::Display>::fmt
[INFO] [stdout]    1:     0x6006c281245a - core[a373ad73a504971]::fmt::write
[INFO] [stdout]    2:     0x6006c280221c - <alloc[2e1b2a31b91974c5]::vec::Vec<u8> as core[a373ad73a504971]::io::write::Write>::write_fmt
[INFO] [stdout]    3:     0x6006c27d9c96 - std[617be2ca0a6fd877]::panicking::default_hook::{closure#0}
[INFO] [stdout]    4:     0x6006c27f63d9 - std[617be2ca0a6fd877]::panicking::default_hook
[INFO] [stdout]    5:     0x6006c27924c0 - test[aada8e7e76ba119b]::test_main_inner::{closure#0}
[INFO] [stdout]    6:     0x6006c27f6592 - std[617be2ca0a6fd877]::panicking::panic_with_hook
[INFO] [stdout]    7:     0x6006c27d9d74 - std[617be2ca0a6fd877]::panicking::panic_handler::{closure#0}
[INFO] [stdout]    8:     0x6006c27d29a9 - std[617be2ca0a6fd877]::sys::backtrace::__rust_end_short_backtrace::<std[617be2ca0a6fd877]::panicking::panic_handler::{closure#0}, !>
[INFO] [stdout]    9:     0x6006c27da94d - __rustc[ea4f61d10b84890b]::rust_begin_unwind
[INFO] [stdout]   10:     0x6006c2812b8c - core[a373ad73a504971]::panicking::panic_fmt
[INFO] [stdout]   11:     0x6006c2812b52 - core[a373ad73a504971]::panicking::panic
[INFO] [stdout]   12:     0x6006c2784e0b - <api_validation[c840bc60fdfb6953]::create_shortcut_rejects_relative_target_path::{closure#0} as core[a373ad73a504971]::ops::function::FnOnce<()>>::call_once
[INFO] [stdout]   13:     0x6006c278590b - test[aada8e7e76ba119b]::__rust_begin_short_backtrace::<core[a373ad73a504971]::result::Result<(), alloc[2e1b2a31b91974c5]::string::String>, fn() -> core[a373ad73a504971]::result::Result<(), alloc[2e1b2a31b91974c5]::string::String>>
[INFO] [stdout]   14:     0x6006c2792ae5 - test[aada8e7e76ba119b]::run_test::{closure#0}
[INFO] [stdout]   15:     0x6006c278c3d4 - std[617be2ca0a6fd877]::sys::backtrace::__rust_begin_short_backtrace::<test[aada8e7e76ba119b]::run_test::{closure#1}, ()>
[INFO] [stdout]   16:     0x6006c2795b72 - <std[617be2ca0a6fd877]::thread::lifecycle::spawn_unchecked<test[aada8e7e76ba119b]::run_test::{closure#1}, ()>::{closure#1} as core[a373ad73a504971]::ops::function::FnOnce<()>>::call_once::{shim:vtable#0}
[INFO] [stdout]   17:     0x6006c27fd67f - <std[617be2ca0a6fd877]::sys::thread::unix::Thread>::new::thread_start
[INFO] [stdout]   18:     0x7a127ba33dfa - <unknown>
[INFO] [stdout]   19:     0x7a127bac73d4 - clone
[INFO] [stdout]   20:                0x0 - <unknown>
[INFO] [stdout] 
[INFO] [stdout] ---- empty_recycle_bin_for_root_rejects_relative_path stdout ----
[INFO] [stdout] 
[INFO] [stdout] thread 'empty_recycle_bin_for_root_rejects_relative_path' (639) panicked at tests/api_validation.rs:200:5:
[INFO] [stdout] assertion failed: matches!(result, Err(Error::PathNotAbsolute))
[INFO] [stdout] stack backtrace:
[INFO] [stdout]    0:     0x6006c27fe001 - <<std[617be2ca0a6fd877]::sys::backtrace::BacktraceLock>::print::DisplayBacktrace as core[a373ad73a504971]::fmt::Display>::fmt
[INFO] [stdout]    1:     0x6006c281245a - core[a373ad73a504971]::fmt::write
[INFO] [stdout]    2:     0x6006c280221c - <alloc[2e1b2a31b91974c5]::vec::Vec<u8> as core[a373ad73a504971]::io::write::Write>::write_fmt
[INFO] [stdout]    3:     0x6006c27d9c96 - std[617be2ca0a6fd877]::panicking::default_hook::{closure#0}
[INFO] [stdout]    4:     0x6006c27f63d9 - std[617be2ca0a6fd877]::panicking::default_hook
[INFO] [stdout]    5:     0x6006c27924c0 - test[aada8e7e76ba119b]::test_main_inner::{closure#0}
[INFO] [stdout]    6:     0x6006c27f6592 - std[617be2ca0a6fd877]::panicking::panic_with_hook
[INFO] [stdout]    7:     0x6006c27d9d74 - std[617be2ca0a6fd877]::panicking::panic_handler::{closure#0}
[INFO] [stdout]    8:     0x6006c27d29a9 - std[617be2ca0a6fd877]::sys::backtrace::__rust_end_short_backtrace::<std[617be2ca0a6fd877]::panicking::panic_handler::{closure#0}, !>
[INFO] [stdout]    9:     0x6006c27da94d - __rustc[ea4f61d10b84890b]::rust_begin_unwind
[INFO] [stdout]   10:     0x6006c2812b8c - core[a373ad73a504971]::panicking::panic_fmt
[INFO] [stdout]   11:     0x6006c2812b52 - core[a373ad73a504971]::panicking::panic
[INFO] [stdout]   12:     0x6006c27839d0 - api_validation[c840bc60fdfb6953]::empty_recycle_bin_for_root_rejects_relative_path
[INFO] [stdout]   13:     0x6006c27850c6 - <api_validation[c840bc60fdfb6953]::empty_recycle_bin_for_root_rejects_relative_path::{closure#0} as core[a373ad73a504971]::ops::function::FnOnce<()>>::call_once
[INFO] [stdout]   14:     0x6006c278590b - test[aada8e7e76ba119b]::__rust_begin_short_backtrace::<core[a373ad73a504971]::result::Result<(), alloc[2e1b2a31b91974c5]::string::String>, fn() -> core[a373ad73a504971]::result::Result<(), alloc[2e1b2a31b91974c5]::string::String>>
[INFO] [stdout]   15:     0x6006c2792ae5 - test[aada8e7e76ba119b]::run_test::{closure#0}
[INFO] [stdout]   16:     0x6006c278c3d4 - std[617be2ca0a6fd877]::sys::backtrace::__rust_begin_short_backtrace::<test[aada8e7e76ba119b]::run_test::{closure#1}, ()>
[INFO] [stdout]   17:     0x6006c2795b72 - <std[617be2ca0a6fd877]::thread::lifecycle::spawn_unchecked<test[aada8e7e76ba119b]::run_test::{closure#1}, ()>::{closure#1} as core[a373ad73a504971]::ops::function::FnOnce<()>>::call_once::{shim:vtable#0}
[INFO] [stdout]   18:     0x6006c27fd67f - <std[617be2ca0a6fd877]::sys::thread::unix::Thread>::new::thread_start
[INFO] [stdout]   19:     0x7a127ba33dfa - <unknown>
[INFO] [stdout]   20:     0x7a127bac73d4 - clone
[INFO] [stdout]   21:                0x0 - <unknown>
[INFO] [stdout] 
[INFO] [stdout] ---- create_shortcut_rejects_relative_shortcut_path stdout ----
[INFO] [stdout] 
[INFO] [stdout] thread 'create_shortcut_rejects_relative_shortcut_path' (629) panicked at tests/api_validation.rs:253:5:
[INFO] [stdout] assertion failed: matches!(result, Err(Error::PathNotAbsolute))
[INFO] [stdout] stack backtrace:
[INFO] [stdout]    0:     0x6006c27fe001 - <<std[617be2ca0a6fd877]::sys::backtrace::BacktraceLock>::print::DisplayBacktrace as core[a373ad73a504971]::fmt::Display>::fmt
[INFO] [stdout]    1:     0x6006c281245a - core[a373ad73a504971]::fmt::write
[INFO] [stdout]    2:     0x6006c280221c - <alloc[2e1b2a31b91974c5]::vec::Vec<u8> as core[a373ad73a504971]::io::write::Write>::write_fmt
[INFO] [stdout]    3:     0x6006c27d9c96 - std[617be2ca0a6fd877]::panicking::default_hook::{closure#0}
[INFO] [stdout]    4:     0x6006c27f63d9 - std[617be2ca0a6fd877]::panicking::default_hook
[INFO] [stdout]    5:     0x6006c27924c0 - test[aada8e7e76ba119b]::test_main_inner::{closure#0}
[INFO] [stdout]    6:     0x6006c27f6592 - std[617be2ca0a6fd877]::panicking::panic_with_hook
[INFO] [stdout]    7:     0x6006c27d9d74 - std[617be2ca0a6fd877]::panicking::panic_handler::{closure#0}
[INFO] [stdout]    8:     0x6006c27d29a9 - std[617be2ca0a6fd877]::sys::backtrace::__rust_end_short_backtrace::<std[617be2ca0a6fd877]::panicking::panic_handler::{closure#0}, !>
[INFO] [stdout]    9:     0x6006c27da94d - __rustc[ea4f61d10b84890b]::rust_begin_unwind
[INFO] [stdout]   10:     0x6006c2812b8c - core[a373ad73a504971]::panicking::panic_fmt
[INFO] [stdout]   11:     0x6006c2812b52 - core[a373ad73a504971]::panicking::panic
[INFO] [stdout]   12:     0x6006c27837e4 - api_validation[c840bc60fdfb6953]::create_shortcut_rejects_relative_shortcut_path
[INFO] [stdout]   13:     0x6006c2784f96 - <api_validation[c840bc60fdfb6953]::create_shortcut_rejects_relative_shortcut_path::{closure#0} as core[a373ad73a504971]::ops::function::FnOnce<()>>::call_once
[INFO] [stdout]   14:     0x6006c278590b - test[aada8e7e76ba119b]::__rust_begin_short_backtrace::<core[a373ad73a504971]::result::Result<(), alloc[2e1b2a31b91974c5]::string::String>, fn() -> core[a373ad73a504971]::result::Result<(), alloc[2e1b2a31b91974c5]::string::String>>
[INFO] [stdout]   15:     0x6006c2792ae5 - test[aada8e7e76ba119b]::run_test::{closure#0}
[INFO] [stdout]   16:     0x6006c278c3d4 - std[617be2ca0a6fd877]::sys::backtrace::__rust_begin_short_backtrace::<test[aada8e7e76ba119b]::run_test::{closure#1}, ()>
[INFO] [stdout]   17:     0x6006c2795b72 - <std[617be2ca0a6fd877]::thread::lifecycle::spawn_unchecked<test[aada8e7e76ba119b]::run_test::{closure#1}, ()>::{closure#1} as core[a373ad73a504971]::ops::function::FnOnce<()>>::call_once::{shim:vtable#0}
[INFO] [stdout]   18:     0x6006c27fd67f - <std[617be2ca0a6fd877]::sys::thread::unix::Thread>::new::thread_start
[INFO] [stdout]   19:     0x7a127ba33dfa - <unknown>
[INFO] [stdout]   20:     0x7a127bac73d4 - clone
[INFO] [stdout]   21:                0x0 - <unknown>
[INFO] [stdout] 
[INFO] [stdout] ---- create_shortcut_rejects_empty_shortcut_path stdout ----
[INFO] [stdout] 
[INFO] [stdout] thread 'create_shortcut_rejects_empty_shortcut_path' (625) panicked at tests/api_validation.rs:235:5:
[INFO] [stdout] assertion failed: matches!(result, Err(Error::InvalidInput(_)))
[INFO] [stdout] stack backtrace:
[INFO] [stdout]    0:     0x6006c27fe001 - <<std[617be2ca0a6fd877]::sys::backtrace::BacktraceLock>::print::DisplayBacktrace as core[a373ad73a504971]::fmt::Display>::fmt
[INFO] [stdout]    1:     0x6006c281245a - core[a373ad73a504971]::fmt::write
[INFO] [stdout]    2:     0x6006c280221c - <alloc[2e1b2a31b91974c5]::vec::Vec<u8> as core[a373ad73a504971]::io::write::Write>::write_fmt
[INFO] [stdout]    3:     0x6006c27d9c96 - std[617be2ca0a6fd877]::panicking::default_hook::{closure#0}
[INFO] [stdout]    4:     0x6006c27f63d9 - std[617be2ca0a6fd877]::panicking::default_hook
[INFO] [stdout]    5:     0x6006c27924c0 - test[aada8e7e76ba119b]::test_main_inner::{closure#0}
[INFO] [stdout]    6:     0x6006c27f6592 - std[617be2ca0a6fd877]::panicking::panic_with_hook
[INFO] [stdout]    7:     0x6006c27d9d74 - std[617be2ca0a6fd877]::panicking::panic_handler::{closure#0}
[INFO] [stdout]    8:     0x6006c27d29a9 - std[617be2ca0a6fd877]::sys::backtrace::__rust_end_short_backtrace::<std[617be2ca0a6fd877]::panicking::panic_handler::{closure#0}, !>
[INFO] [stdout]    9:     0x6006c27da94d - __rustc[ea4f61d10b84890b]::rust_begin_unwind
[INFO] [stdout]   10:     0x6006c2812b8c - core[a373ad73a504971]::panicking::panic_fmt
[INFO] [stdout]   11:     0x6006c2812b52 - core[a373ad73a504971]::panicking::panic
[INFO] [stdout]   12:     0x6006c2783694 - api_validation[c840bc60fdfb6953]::create_shortcut_rejects_empty_shortcut_path
[INFO] [stdout]   13:     0x6006c2784c46 - <api_validation[c840bc60fdfb6953]::create_shortcut_rejects_empty_shortcut_path::{closure#0} as core[a373ad73a504971]::ops::function::FnOnce<()>>::call_once
[INFO] [stdout]   14:     0x6006c278590b - test[aada8e7e76ba119b]::__rust_begin_short_backtrace::<core[a373ad73a504971]::result::Result<(), alloc[2e1b2a31b91974c5]::string::String>, fn() -> core[a373ad73a504971]::result::Result<(), alloc[2e1b2a31b91974c5]::string::String>>
[INFO] [stdout]   15:     0x6006c2792ae5 - test[aada8e7e76ba119b]::run_test::{closure#0}
[INFO] [stdout]   16:     0x6006c278c3d4 - std[617be2ca0a6fd877]::sys::backtrace::__rust_begin_short_backtrace::<test[aada8e7e76ba119b]::run_test::{closure#1}, ()>
[INFO] [stdout]   17:     0x6006c2795b72 - <std[617be2ca0a6fd877]::thread::lifecycle::spawn_unchecked<test[aada8e7e76ba119b]::run_test::{closure#1}, ()>::{closure#1} as core[a373ad73a504971]::ops::function::FnOnce<()>>::call_once::{shim:vtable#0}
[INFO] [stdout]   18:     0x6006c27fd67f - <std[617be2ca0a6fd877]::sys::thread::unix::Thread>::new::thread_start
[INFO] [stdout]   19:     0x7a127ba33dfa - <unknown>
[INFO] [stdout]   20:     0x7a127bac73d4 - clone
[INFO] [stdout]   21:                0x0 - <unknown>
[INFO] [stdout] 
[INFO] [stdout] ---- empty_recycle_bin_for_root_rejects_empty_path stdout ----
[INFO] [stdout] 
[INFO] [stdout] thread 'empty_recycle_bin_for_root_rejects_empty_path' (637) panicked at tests/api_validation.rs:188:5:
[INFO] [stdout] assertion failed: matches!(result, Err(Error::InvalidInput(_)))
[INFO] [stdout] stack backtrace:
[INFO] [stdout]    0:     0x6006c27fe001 - <<std[617be2ca0a6fd877]::sys::backtrace::BacktraceLock>::print::DisplayBacktrace as core[a373ad73a504971]::fmt::Display>::fmt
[INFO] [stdout]    1:     0x6006c281245a - core[a373ad73a504971]::fmt::write
[INFO] [stdout]    2:     0x6006c280221c - <alloc[2e1b2a31b91974c5]::vec::Vec<u8> as core[a373ad73a504971]::io::write::Write>::write_fmt
[INFO] [stdout]    3:     0x6006c27d9c96 - std[617be2ca0a6fd877]::panicking::default_hook::{closure#0}
[INFO] [stdout]    4:     0x6006c27f63d9 - std[617be2ca0a6fd877]::panicking::default_hook
[INFO] [stdout]    5:     0x6006c27924c0 - test[aada8e7e76ba119b]::test_main_inner::{closure#0}
[INFO] [stdout]    6:     0x6006c27f6592 - std[617be2ca0a6fd877]::panicking::panic_with_hook
[INFO] [stdout]    7:     0x6006c27d9d74 - std[617be2ca0a6fd877]::panicking::panic_handler::{closure#0}
[INFO] [stdout]    8:     0x6006c27d29a9 - std[617be2ca0a6fd877]::sys::backtrace::__rust_end_short_backtrace::<std[617be2ca0a6fd877]::panicking::panic_handler::{closure#0}, !>
[INFO] [stdout]    9:     0x6006c27da94d - __rustc[ea4f61d10b84890b]::rust_begin_unwind
[INFO] [stdout]   10:     0x6006c2812b8c - core[a373ad73a504971]::panicking::panic_fmt
[INFO] [stdout]   11:     0x6006c2812b52 - core[a373ad73a504971]::panicking::panic
[INFO] [stdout]   12:     0x6006c278374a - api_validation[c840bc60fdfb6953]::empty_recycle_bin_for_root_rejects_empty_path
[INFO] [stdout]   13:     0x6006c2784f56 - <api_validation[c840bc60fdfb6953]::empty_recycle_bin_for_root_rejects_empty_path::{closure#0} as core[a373ad73a504971]::ops::function::FnOnce<()>>::call_once
[INFO] [stdout]   14:     0x6006c278590b - test[aada8e7e76ba119b]::__rust_begin_short_backtrace::<core[a373ad73a504971]::result::Result<(), alloc[2e1b2a31b91974c5]::string::String>, fn() -> core[a373ad73a504971]::result::Result<(), alloc[2e1b2a31b91974c5]::string::String>>
[INFO] [stdout]   15:     0x6006c2792ae5 - test[aada8e7e76ba119b]::run_test::{closure#0}
[INFO] [stdout]   16:     0x6006c278c3d4 - std[617be2ca0a6fd877]::sys::backtrace::__rust_begin_short_backtrace::<test[aada8e7e76ba119b]::run_test::{closure#1}, ()>
[INFO] [stdout]   17:     0x6006c2795b72 - <std[617be2ca0a6fd877]::thread::lifecycle::spawn_unchecked<test[aada8e7e76ba119b]::run_test::{closure#1}, ()>::{closure#1} as core[a373ad73a504971]::ops::function::FnOnce<()>>::call_once::{shim:vtable#0}
[INFO] [stdout]   18:     0x6006c27fd67f - <std[617be2ca0a6fd877]::sys::thread::unix::Thread>::new::thread_start
[INFO] [stdout]   19:     0x7a127ba33dfa - <unknown>
[INFO] [stdout]   20:     0x7a127bac73d4 - clone
[INFO] [stdout]   21:                0x0 - <unknown>
[INFO] [stdout] 
[INFO] [stdout] ---- create_shortcut_rejects_output_parent_that_is_file stdout ----
[INFO] [stdout] 
[INFO] [stdout] thread 'create_shortcut_rejects_output_parent_that_is_file' (628) panicked at tests/api_validation.rs:297:5:
[INFO] [stdout] assertion failed: matches!(result, Err(Error::InvalidInput(_)))
[INFO] [stdout] stack backtrace:
[INFO] [stdout]    0:     0x6006c27fe001 - <<std[617be2ca0a6fd877]::sys::backtrace::BacktraceLock>::print::DisplayBacktrace as core[a373ad73a504971]::fmt::Display>::fmt
[INFO] [stdout]    1:     0x6006c281245a - core[a373ad73a504971]::fmt::write
[INFO] [stdout]    2:     0x6006c280221c - <alloc[2e1b2a31b91974c5]::vec::Vec<u8> as core[a373ad73a504971]::io::write::Write>::write_fmt
[INFO] [stdout]    3:     0x6006c27d9c96 - std[617be2ca0a6fd877]::panicking::default_hook::{closure#0}
[INFO] [stdout]    4:     0x6006c27f63d9 - std[617be2ca0a6fd877]::panicking::default_hook
[INFO] [stdout]    5:     0x6006c27924c0 - test[aada8e7e76ba119b]::test_main_inner::{closure#0}
[INFO] [stdout]    6:     0x6006c27f6592 - std[617be2ca0a6fd877]::panicking::panic_with_hook
[INFO] [stdout]    7:     0x6006c27d9d74 - std[617be2ca0a6fd877]::panicking::panic_handler::{closure#0}
[INFO] [stdout]    8:     0x6006c27d29a9 - std[617be2ca0a6fd877]::sys::backtrace::__rust_end_short_backtrace::<std[617be2ca0a6fd877]::panicking::panic_handler::{closure#0}, !>
[INFO] [stdout]    9:     0x6006c27da94d - __rustc[ea4f61d10b84890b]::rust_begin_unwind
[INFO] [stdout]   10:     0x6006c2812b8c - core[a373ad73a504971]::panicking::panic_fmt
[INFO] [stdout]   11:     0x6006c2812b52 - core[a373ad73a504971]::panicking::panic
[INFO] [stdout]   12:     0x6006c2785420 - <api_validation[c840bc60fdfb6953]::create_shortcut_rejects_output_parent_that_is_file::{closure#0} as core[a373ad73a504971]::ops::function::FnOnce<()>>::call_once
[INFO] [stdout]   13:     0x6006c278590b - test[aada8e7e76ba119b]::__rust_begin_short_backtrace::<core[a373ad73a504971]::result::Result<(), alloc[2e1b2a31b91974c5]::string::String>, fn() -> core[a373ad73a504971]::result::Result<(), alloc[2e1b2a31b91974c5]::string::String>>
[INFO] [stdout]   14:     0x6006c2792ae5 - test[aada8e7e76ba119b]::run_test::{closure#0}
[INFO] [stdout]   15:     0x6006c278c3d4 - std[617be2ca0a6fd877]::sys::backtrace::__rust_begin_short_backtrace::<test[aada8e7e76ba119b]::run_test::{closure#1}, ()>
[INFO] [stdout]   16:     0x6006c2795b72 - <std[617be2ca0a6fd877]::thread::lifecycle::spawn_unchecked<test[aada8e7e76ba119b]::run_test::{closure#1}, ()>::{closure#1} as core[a373ad73a504971]::ops::function::FnOnce<()>>::call_once::{shim:vtable#0}
[INFO] [stdout]   17:     0x6006c27fd67f - <std[617be2ca0a6fd877]::sys::thread::unix::Thread>::new::thread_start
[INFO] [stdout]   18:     0x7a127ba33dfa - <unknown>
[INFO] [stdout]   19:     0x7a127bac73d4 - clone
[INFO] [stdout]   20:                0x0 - <unknown>
[INFO] [stdout] 
[INFO] [stdout] ---- create_url_shortcut_rejects_wrong_extension stdout ----
[INFO] [stdout] 
[INFO] [stdout] thread 'create_url_shortcut_rejects_wrong_extension' (636) panicked at tests/api_validation.rs:329:5:
[INFO] [stdout] assertion failed: matches!(result, Err(Error::InvalidInput(_)))
[INFO] [stdout] stack backtrace:
[INFO] [stdout]    0:     0x6006c27fe001 - <<std[617be2ca0a6fd877]::sys::backtrace::BacktraceLock>::print::DisplayBacktrace as core[a373ad73a504971]::fmt::Display>::fmt
[INFO] [stdout]    1:     0x6006c281245a - core[a373ad73a504971]::fmt::write
[INFO] [stdout]    2:     0x6006c280221c - <alloc[2e1b2a31b91974c5]::vec::Vec<u8> as core[a373ad73a504971]::io::write::Write>::write_fmt
[INFO] [stdout]    3:     0x6006c27d9c96 - std[617be2ca0a6fd877]::panicking::default_hook::{closure#0}
[INFO] [stdout]    4:     0x6006c27f63d9 - std[617be2ca0a6fd877]::panicking::default_hook
[INFO] [stdout]    5:     0x6006c27924c0 - test[aada8e7e76ba119b]::test_main_inner::{closure#0}
[INFO] [stdout]    6:     0x6006c27f6592 - std[617be2ca0a6fd877]::panicking::panic_with_hook
[INFO] [stdout]    7:     0x6006c27d9d74 - std[617be2ca0a6fd877]::panicking::panic_handler::{closure#0}
[INFO] [stdout]    8:     0x6006c27d29a9 - std[617be2ca0a6fd877]::sys::backtrace::__rust_end_short_backtrace::<std[617be2ca0a6fd877]::panicking::panic_handler::{closure#0}, !>
[INFO] [stdout]    9:     0x6006c27da94d - __rustc[ea4f61d10b84890b]::rust_begin_unwind
[INFO] [stdout]   10:     0x6006c2812b8c - core[a373ad73a504971]::panicking::panic_fmt
[INFO] [stdout]   11:     0x6006c2812b52 - core[a373ad73a504971]::panicking::panic
[INFO] [stdout]   12:     0x6006c2784cf5 - <api_validation[c840bc60fdfb6953]::create_url_shortcut_rejects_wrong_extension::{closure#0} as core[a373ad73a504971]::ops::function::FnOnce<()>>::call_once
[INFO] [stdout]   13:     0x6006c278590b - test[aada8e7e76ba119b]::__rust_begin_short_backtrace::<core[a373ad73a504971]::result::Result<(), alloc[2e1b2a31b91974c5]::string::String>, fn() -> core[a373ad73a504971]::result::Result<(), alloc[2e1b2a31b91974c5]::string::String>>
[INFO] [stdout]   14:     0x6006c2792ae5 - test[aada8e7e76ba119b]::run_test::{closure#0}
[INFO] [stdout]   15:     0x6006c278c3d4 - std[617be2ca0a6fd877]::sys::backtrace::__rust_begin_short_backtrace::<test[aada8e7e76ba119b]::run_test::{closure#1}, ()>
[INFO] [stdout]   16:     0x6006c2795b72 - <std[617be2ca0a6fd877]::thread::lifecycle::spawn_unchecked<test[aada8e7e76ba119b]::run_test::{closure#1}, ()>::{closure#1} as core[a373ad73a504971]::ops::function::FnOnce<()>>::call_once::{shim:vtable#0}
[INFO] [stdout]   17:     0x6006c27fd67f - <std[617be2ca0a6fd877]::sys::thread::unix::Thread>::new::thread_start
[INFO] [stdout]   18:     0x7a127ba33dfa - <unknown>
[INFO] [stdout]   19:     0x7a127bac73d4 - clone
[INFO] [stdout]   20:                0x0 - <unknown>
[INFO] [stdout] 
[INFO] [stdout] ---- empty_recycle_bin_for_root_rejects_nul_bytes_in_path stdout ----
[INFO] [stdout] 
[INFO] [stdout] thread 'empty_recycle_bin_for_root_rejects_nul_bytes_in_path' (638) panicked at tests/api_validation.rs:194:5:
[INFO] [stdout] assertion failed: matches!(result, Err(Error::InvalidInput(_)))
[INFO] [stdout] stack backtrace:
[INFO] [stdout]    0:     0x6006c27fe001 - <<std[617be2ca0a6fd877]::sys::backtrace::BacktraceLock>::print::DisplayBacktrace as core[a373ad73a504971]::fmt::Display>::fmt
[INFO] [stdout]    1:     0x6006c281245a - core[a373ad73a504971]::fmt::write
[INFO] [stdout]    2:     0x6006c280221c - <alloc[2e1b2a31b91974c5]::vec::Vec<u8> as core[a373ad73a504971]::io::write::Write>::write_fmt
[INFO] [stdout]    3:     0x6006c27d9c96 - std[617be2ca0a6fd877]::panicking::default_hook::{closure#0}
[INFO] [stdout]    4:     0x6006c27f63d9 - std[617be2ca0a6fd877]::panicking::default_hook
[INFO] [stdout]    5:     0x6006c27924c0 - test[aada8e7e76ba119b]::test_main_inner::{closure#0}
[INFO] [stdout]    6:     0x6006c27f6592 - std[617be2ca0a6fd877]::panicking::panic_with_hook
[INFO] [stdout]    7:     0x6006c27d9d74 - std[617be2ca0a6fd877]::panicking::panic_handler::{closure#0}
[INFO] [stdout]    8:     0x6006c27d29a9 - std[617be2ca0a6fd877]::sys::backtrace::__rust_end_short_backtrace::<std[617be2ca0a6fd877]::panicking::panic_handler::{closure#0}, !>
[INFO] [stdout]    9:     0x6006c27da94d - __rustc[ea4f61d10b84890b]::rust_begin_unwind
[INFO] [stdout]   10:     0x6006c2812b8c - core[a373ad73a504971]::panicking::panic_fmt
[INFO] [stdout]   11:     0x6006c2812b52 - core[a373ad73a504971]::panicking::panic
[INFO] [stdout]   12:     0x6006c2783bd0 - api_validation[c840bc60fdfb6953]::empty_recycle_bin_for_root_rejects_nul_bytes_in_path
[INFO] [stdout]   13:     0x6006c278559e - <api_validation[c840bc60fdfb6953]::empty_recycle_bin_for_root_rejects_nul_bytes_in_path::{closure#0} as core[a373ad73a504971]::ops::function::FnOnce<()>>::call_once
[INFO] [stdout]   14:     0x6006c278590b - test[aada8e7e76ba119b]::__rust_begin_short_backtrace::<core[a373ad73a504971]::result::Result<(), alloc[2e1b2a31b91974c5]::string::String>, fn() -> core[a373ad73a504971]::result::Result<(), alloc[2e1b2a31b91974c5]::string::String>>
[INFO] [stdout]   15:     0x6006c2792ae5 - test[aada8e7e76ba119b]::run_test::{closure#0}
[INFO] [stdout]   16:     0x6006c278c3d4 - std[617be2ca0a6fd877]::sys::backtrace::__rust_begin_short_backtrace::<test[aada8e7e76ba119b]::run_test::{closure#1}, ()>
[INFO] [stdout]   17:     0x6006c2795b72 - <std[617be2ca0a6fd877]::thread::lifecycle::spawn_unchecked<test[aada8e7e76ba119b]::run_test::{closure#1}, ()>::{closure#1} as core[a373ad73a504971]::ops::function::FnOnce<()>>::call_once::{shim:vtable#0}
[INFO] [stdout]   18:     0x6006c27fd67f - <std[617be2ca0a6fd877]::sys::thread::unix::Thread>::new::thread_start
[INFO] [stdout]   19:     0x7a127ba33dfa - <unknown>
[INFO] [stdout]   20:     0x7a127bac73d4 - clone
[INFO] [stdout]   21:                0x0 - <unknown>
[INFO] [stdout] 
[INFO] [stdout] ---- create_shortcut_rejects_wrong_extension stdout ----
[INFO] [stdout] 
[INFO] [stdout] thread 'create_shortcut_rejects_wrong_extension' (631) panicked at tests/api_validation.rs:261:5:
[INFO] [stdout] assertion failed: matches!(result, Err(Error::InvalidInput(_)))
[INFO] [stdout] stack backtrace:
[INFO] [stdout]    0:     0x6006c27fe001 - <<std[617be2ca0a6fd877]::sys::backtrace::BacktraceLock>::print::DisplayBacktrace as core[a373ad73a504971]::fmt::Display>::fmt
[INFO] [stdout]    1:     0x6006c281245a - core[a373ad73a504971]::fmt::write
[INFO] [stdout]    2:     0x6006c280221c - <alloc[2e1b2a31b91974c5]::vec::Vec<u8> as core[a373ad73a504971]::io::write::Write>::write_fmt
[INFO] [stdout]    3:     0x6006c27d9c96 - std[617be2ca0a6fd877]::panicking::default_hook::{closure#0}
[INFO] [stdout]    4:     0x6006c27f63d9 - std[617be2ca0a6fd877]::panicking::default_hook
[INFO] [stdout]    5:     0x6006c27924c0 - test[aada8e7e76ba119b]::test_main_inner::{closure#0}
[INFO] [stdout]    6:     0x6006c27f6592 - std[617be2ca0a6fd877]::panicking::panic_with_hook
[INFO] [stdout]    7:     0x6006c27d9d74 - std[617be2ca0a6fd877]::panicking::panic_handler::{closure#0}
[INFO] [stdout]    8:     0x6006c27d29a9 - std[617be2ca0a6fd877]::sys::backtrace::__rust_end_short_backtrace::<std[617be2ca0a6fd877]::panicking::panic_handler::{closure#0}, !>
[INFO] [stdout]    9:     0x6006c27da94d - __rustc[ea4f61d10b84890b]::rust_begin_unwind
[INFO] [stdout]   10:     0x6006c2812b8c - core[a373ad73a504971]::panicking::panic_fmt
[INFO] [stdout]   11:     0x6006c2812b52 - core[a373ad73a504971]::panicking::panic
[INFO] [stdout]   12:     0x6006c2784b0b - <api_validation[c840bc60fdfb6953]::create_shortcut_rejects_wrong_extension::{closure#0} as core[a373ad73a504971]::ops::function::FnOnce<()>>::call_once
[INFO] [stdout]   13:     0x6006c278590b - test[aada8e7e76ba119b]::__rust_begin_short_backtrace::<core[a373ad73a504971]::result::Result<(), alloc[2e1b2a31b91974c5]::string::String>, fn() -> core[a373ad73a504971]::result::Result<(), alloc[2e1b2a31b91974c5]::string::String>>
[INFO] [stdout]   14:     0x6006c2792ae5 - test[aada8e7e76ba119b]::run_test::{closure#0}
[INFO] [stdout]   15:     0x6006c278c3d4 - std[617be2ca0a6fd877]::sys::backtrace::__rust_begin_short_backtrace::<test[aada8e7e76ba119b]::run_test::{closure#1}, ()>
[INFO] [stdout]   16:     0x6006c2795b72 - <std[617be2ca0a6fd877]::thread::lifecycle::spawn_unchecked<test[aada8e7e76ba119b]::run_test::{closure#1}, ()>::{closure#1} as core[a373ad73a504971]::ops::function::FnOnce<()>>::call_once::{shim:vtable#0}
[INFO] [stdout]   17:     0x6006c27fd67f - <std[617be2ca0a6fd877]::sys::thread::unix::Thread>::new::thread_start
[INFO] [stdout]   18:     0x7a127ba33dfa - <unknown>
[INFO] [stdout]   19:     0x7a127bac73d4 - clone
[INFO] [stdout]   20:                0x0 - <unknown>
[INFO] [stdout] 
[INFO] [stdout] ---- create_url_shortcut_rejects_output_parent_that_is_file stdout ----
[INFO] [stdout] 
[INFO] [stdout] thread 'create_url_shortcut_rejects_output_parent_that_is_file' (635) panicked at tests/api_validation.rs:369:5:
[INFO] [stdout] assertion failed: matches!(result, Err(Error::InvalidInput(_)))
[INFO] [stdout] stack backtrace:
[INFO] [stdout]    0:     0x6006c27fe001 - <<std[617be2ca0a6fd877]::sys::backtrace::BacktraceLock>::print::DisplayBacktrace as core[a373ad73a504971]::fmt::Display>::fmt
[INFO] [stdout]    1:     0x6006c281245a - core[a373ad73a504971]::fmt::write
[INFO] [stdout]    2:     0x6006c280221c - <alloc[2e1b2a31b91974c5]::vec::Vec<u8> as core[a373ad73a504971]::io::write::Write>::write_fmt
[INFO] [stdout]    3:     0x6006c27d9c96 - std[617be2ca0a6fd877]::panicking::default_hook::{closure#0}
[INFO] [stdout]    4:     0x6006c27f63d9 - std[617be2ca0a6fd877]::panicking::default_hook
[INFO] [stdout]    5:     0x6006c27924c0 - test[aada8e7e76ba119b]::test_main_inner::{closure#0}
[INFO] [stdout]    6:     0x6006c27f6592 - std[617be2ca0a6fd877]::panicking::panic_with_hook
[INFO] [stdout]    7:     0x6006c27d9d74 - std[617be2ca0a6fd877]::panicking::panic_handler::{closure#0}
[INFO] [stdout]    8:     0x6006c27d29a9 - std[617be2ca0a6fd877]::sys::backtrace::__rust_end_short_backtrace::<std[617be2ca0a6fd877]::panicking::panic_handler::{closure#0}, !>
[INFO] [stdout]    9:     0x6006c27da94d - __rustc[ea4f61d10b84890b]::rust_begin_unwind
[INFO] [stdout]   10:     0x6006c2812b8c - core[a373ad73a504971]::panicking::panic_fmt
[INFO] [stdout]   11:     0x6006c2812b52 - core[a373ad73a504971]::panicking::panic
[INFO] [stdout]   12:     0x6006c2785757 - <api_validation[c840bc60fdfb6953]::create_url_shortcut_rejects_output_parent_that_is_file::{closure#0} as core[a373ad73a504971]::ops::function::FnOnce<()>>::call_once
[INFO] [stdout]   13:     0x6006c278590b - test[aada8e7e76ba119b]::__rust_begin_short_backtrace::<core[a373ad73a504971]::result::Result<(), alloc[2e1b2a31b91974c5]::string::String>, fn() -> core[a373ad73a504971]::result::Result<(), alloc[2e1b2a31b91974c5]::string::String>>
[INFO] [stdout]   14:     0x6006c2792ae5 - test[aada8e7e76ba119b]::run_test::{closure#0}
[INFO] [stdout]   15:     0x6006c278c3d4 - std[617be2ca0a6fd877]::sys::backtrace::__rust_begin_short_backtrace::<test[aada8e7e76ba119b]::run_test::{closure#1}, ()>
[INFO] [stdout]   16:     0x6006c2795b72 - <std[617be2ca0a6fd877]::thread::lifecycle::spawn_unchecked<test[aada8e7e76ba119b]::run_test::{closure#1}, ()>::{closure#1} as core[a373ad73a504971]::ops::function::FnOnce<()>>::call_once::{shim:vtable#0}
[INFO] [stdout]   17:     0x6006c27fd67f - <std[617be2ca0a6fd877]::sys::thread::unix::Thread>::new::thread_start
[INFO] [stdout]   18:     0x7a127ba33dfa - <unknown>
[INFO] [stdout]   19:     0x7a127bac73d4 - clone
[INFO] [stdout]   20:                0x0 - <unknown>
[INFO] [stdout] 
[INFO] [stdout] ---- create_url_shortcut_rejects_nul_bytes_in_url stdout ----
[INFO] [stdout] 
[INFO] [stdout] thread 'create_url_shortcut_rejects_nul_bytes_in_url' (634) panicked at tests/api_validation.rs:343:5:
[INFO] [stdout] assertion failed: matches!(result, Err(Error::InvalidInput(_)))
[INFO] [stdout] stack backtrace:
[INFO] [stdout]    0:     0x6006c27fe001 - <<std[617be2ca0a6fd877]::sys::backtrace::BacktraceLock>::print::DisplayBacktrace as core[a373ad73a504971]::fmt::Display>::fmt
[INFO] [stdout]    1:     0x6006c281245a - core[a373ad73a504971]::fmt::write
[INFO] [stdout]    2:     0x6006c280221c - <alloc[2e1b2a31b91974c5]::vec::Vec<u8> as core[a373ad73a504971]::io::write::Write>::write_fmt
[INFO] [stdout]    3:     0x6006c27d9c96 - std[617be2ca0a6fd877]::panicking::default_hook::{closure#0}
[INFO] [stdout]    4:     0x6006c27f63d9 - std[617be2ca0a6fd877]::panicking::default_hook
[INFO] [stdout]    5:     0x6006c27924c0 - test[aada8e7e76ba119b]::test_main_inner::{closure#0}
[INFO] [stdout]    6:     0x6006c27f6592 - std[617be2ca0a6fd877]::panicking::panic_with_hook
[INFO] [stdout]    7:     0x6006c27d9d74 - std[617be2ca0a6fd877]::panicking::panic_handler::{closure#0}
[INFO] [stdout]    8:     0x6006c27d29a9 - std[617be2ca0a6fd877]::sys::backtrace::__rust_end_short_backtrace::<std[617be2ca0a6fd877]::panicking::panic_handler::{closure#0}, !>
[INFO] [stdout]    9:     0x6006c27da94d - __rustc[ea4f61d10b84890b]::rust_begin_unwind
[INFO] [stdout]   10:     0x6006c2812b8c - core[a373ad73a504971]::panicking::panic_fmt
[INFO] [stdout]   11:     0x6006c2812b52 - core[a373ad73a504971]::panicking::panic
[INFO] [stdout]   12:     0x6006c2784ef5 - <api_validation[c840bc60fdfb6953]::create_url_shortcut_rejects_nul_bytes_in_url::{closure#0} as core[a373ad73a504971]::ops::function::FnOnce<()>>::call_once
[INFO] [stdout]   13:     0x6006c278590b - test[aada8e7e76ba119b]::__rust_begin_short_backtrace::<core[a373ad73a504971]::result::Result<(), alloc[2e1b2a31b91974c5]::string::String>, fn() -> core[a373ad73a504971]::result::Result<(), alloc[2e1b2a31b91974c5]::string::String>>
[INFO] [stdout]   14:     0x6006c2792ae5 - test[aada8e7e76ba119b]::run_test::{closure#0}
[INFO] [stdout]   15:     0x6006c278c3d4 - std[617be2ca0a6fd877]::sys::backtrace::__rust_begin_short_backtrace::<test[aada8e7e76ba119b]::run_test::{closure#1}, ()>
[INFO] [stdout]   16:     0x6006c2795b72 - <std[617be2ca0a6fd877]::thread::lifecycle::spawn_unchecked<test[aada8e7e76ba119b]::run_test::{closure#1}, ()>::{closure#1} as core[a373ad73a504971]::ops::function::FnOnce<()>>::call_once::{shim:vtable#0}
[INFO] [stdout]   17:     0x6006c27fd67f - <std[617be2ca0a6fd877]::sys::thread::unix::Thread>::new::thread_start
[INFO] [stdout]   18:     0x7a127ba33dfa - <unknown>
[INFO] [stdout]   19:     0x7a127bac73d4 - clone
[INFO] [stdout]   20:                0x0 - <unknown>
[INFO] [stdout] 
[INFO] [stdout] ---- create_shortcut_rejects_nul_bytes_in_target_path stdout ----
[INFO] [stdout] 
[INFO] [stdout] thread 'create_shortcut_rejects_nul_bytes_in_target_path' (627) panicked at tests/api_validation.rs:277:5:
[INFO] [stdout] assertion failed: matches!(result, Err(Error::InvalidInput(_)))
[INFO] [stdout] stack backtrace:
[INFO] [stdout]    0:     0x6006c27fe001 - <<std[617be2ca0a6fd877]::sys::backtrace::BacktraceLock>::print::DisplayBacktrace as core[a373ad73a504971]::fmt::Display>::fmt
[INFO] [stdout]    1:     0x6006c281245a - core[a373ad73a504971]::fmt::write
[INFO] [stdout]    2:     0x6006c280221c - <alloc[2e1b2a31b91974c5]::vec::Vec<u8> as core[a373ad73a504971]::io::write::Write>::write_fmt
[INFO] [stdout]    3:     0x6006c27d9c96 - std[617be2ca0a6fd877]::panicking::default_hook::{closure#0}
[INFO] [stdout]    4:     0x6006c27f63d9 - std[617be2ca0a6fd877]::panicking::default_hook
[INFO] [stdout]    5:     0x6006c27924c0 - test[aada8e7e76ba119b]::test_main_inner::{closure#0}
[INFO] [stdout]    6:     0x6006c27f6592 - std[617be2ca0a6fd877]::panicking::panic_with_hook
[INFO] [stdout]    7:     0x6006c27d9d74 - std[617be2ca0a6fd877]::panicking::panic_handler::{closure#0}
[INFO] [stdout]    8:     0x6006c27d29a9 - std[617be2ca0a6fd877]::sys::backtrace::__rust_end_short_backtrace::<std[617be2ca0a6fd877]::panicking::panic_handler::{closure#0}, !>
[INFO] [stdout]    9:     0x6006c27da94d - __rustc[ea4f61d10b84890b]::rust_begin_unwind
[INFO] [stdout]   10:     0x6006c2812b8c - core[a373ad73a504971]::panicking::panic_fmt
[INFO] [stdout]   11:     0x6006c2812b52 - core[a373ad73a504971]::panicking::panic
[INFO] [stdout]   12:     0x6006c2785077 - <api_validation[c840bc60fdfb6953]::create_shortcut_rejects_nul_bytes_in_target_path::{closure#0} as core[a373ad73a504971]::ops::function::FnOnce<()>>::call_once
[INFO] [stdout]   13:     0x6006c278590b - test[aada8e7e76ba119b]::__rust_begin_short_backtrace::<core[a373ad73a504971]::result::Result<(), alloc[2e1b2a31b91974c5]::string::String>, fn() -> core[a373ad73a504971]::result::Result<(), alloc[2e1b2a31b91974c5]::string::String>>
[INFO] [stdout]   14:     0x6006c2792ae5 - test[aada8e7e76ba119b]::run_test::{closure#0}
[INFO] [stdout]   15:     0x6006c278c3d4 - std[617be2ca0a6fd877]::sys::backtrace::__rust_begin_short_backtrace::<test[aada8e7e76ba119b]::run_test::{closure#1}, ()>
[INFO] [stdout]   16:     0x6006c2795b72 - <std[617be2ca0a6fd877]::thread::lifecycle::spawn_unchecked<test[aada8e7e76ba119b]::run_test::{closure#1}, ()>::{closure#1} as core[a373ad73a504971]::ops::function::FnOnce<()>>::call_once::{shim:vtable#0}
[INFO] [stdout]   17:     0x6006c27fd67f - <std[617be2ca0a6fd877]::sys::thread::unix::Thread>::new::thread_start
[INFO] [stdout]   18:     0x7a127ba33dfa - <unknown>
[INFO] [stdout]   19:     0x7a127bac73d4 - clone
[INFO] [stdout]   20:                0x0 - <unknown>
[INFO] [stdout] 
[INFO] [stdout] ---- create_url_shortcut_rejects_line_breaks stdout ----
[INFO] [stdout] 
[INFO] [stdout] thread 'create_url_shortcut_rejects_line_breaks' (633) panicked at tests/api_validation.rs:350:5:
[INFO] [stdout] assertion failed: matches!(result, Err(Error::InvalidInput(_)))
[INFO] [stdout] stack backtrace:
[INFO] [stdout]    0:     0x6006c27fe001 - <<std[617be2ca0a6fd877]::sys::backtrace::BacktraceLock>::print::DisplayBacktrace as core[a373ad73a504971]::fmt::Display>::fmt
[INFO] [stdout]    1:     0x6006c281245a - core[a373ad73a504971]::fmt::write
[INFO] [stdout]    2:     0x6006c280221c - <alloc[2e1b2a31b91974c5]::vec::Vec<u8> as core[a373ad73a504971]::io::write::Write>::write_fmt
[INFO] [stdout]    3:     0x6006c27d9c96 - std[617be2ca0a6fd877]::panicking::default_hook::{closure#0}
[INFO] [stdout]    4:     0x6006c27f63d9 - std[617be2ca0a6fd877]::panicking::default_hook
[INFO] [stdout]    5:     0x6006c27924c0 - test[aada8e7e76ba119b]::test_main_inner::{closure#0}
[INFO] [stdout]    6:     0x6006c27f6592 - std[617be2ca0a6fd877]::panicking::panic_with_hook
[INFO] [stdout]    7:     0x6006c27d9d74 - std[617be2ca0a6fd877]::panicking::panic_handler::{closure#0}
[INFO] [stdout]    8:     0x6006c27d29a9 - std[617be2ca0a6fd877]::sys::backtrace::__rust_end_short_backtrace::<std[617be2ca0a6fd877]::panicking::panic_handler::{closure#0}, !>
[INFO] [stdout]    9:     0x6006c27da94d - __rustc[ea4f61d10b84890b]::rust_begin_unwind
[INFO] [stdout]   10:     0x6006c2812b8c - core[a373ad73a504971]::panicking::panic_fmt
[INFO] [stdout]   11:     0x6006c2812b52 - core[a373ad73a504971]::panicking::panic
[INFO] [stdout]   12:     0x6006c2784bf5 - <api_validation[c840bc60fdfb6953]::create_url_shortcut_rejects_line_breaks::{closure#0} as core[a373ad73a504971]::ops::function::FnOnce<()>>::call_once
[INFO] [stdout]   13:     0x6006c278590b - test[aada8e7e76ba119b]::__rust_begin_short_backtrace::<core[a373ad73a504971]::result::Result<(), alloc[2e1b2a31b91974c5]::string::String>, fn() -> core[a373ad73a504971]::result::Result<(), alloc[2e1b2a31b91974c5]::string::String>>
[INFO] [stdout]   14:     0x6006c2792ae5 - test[aada8e7e76ba119b]::run_test::{closure#0}
[INFO] [stdout]   15:     0x6006c278c3d4 - std[617be2ca0a6fd877]::sys::backtrace::__rust_begin_short_backtrace::<test[aada8e7e76ba119b]::run_test::{closure#1}, ()>
[INFO] [stdout]   16:     0x6006c2795b72 - <std[617be2ca0a6fd877]::thread::lifecycle::spawn_unchecked<test[aada8e7e76ba119b]::run_test::{closure#1}, ()>::{closure#1} as core[a373ad73a504971]::ops::function::FnOnce<()>>::call_once::{shim:vtable#0}
[INFO] [stdout]   17:     0x6006c27fd67f - <std[617be2ca0a6fd877]::sys::thread::unix::Thread>::new::thread_start
[INFO] [stdout]   18:     0x7a127ba33dfa - <unknown>
[INFO] [stdout]   19:     0x7a127bac73d4 - clone
[INFO] [stdout]   20:                0x0 - <unknown>
[INFO] [stdout] 
[INFO] [stdout] ---- create_url_shortcut_rejects_empty_url stdout ----
[INFO] [stdout] 
[INFO] [stdout] thread 'create_url_shortcut_rejects_empty_url' (632) panicked at tests/api_validation.rs:336:5:
[INFO] [stdout] assertion failed: matches!(result, Err(Error::InvalidInput(_)))
[INFO] [stdout] stack backtrace:
[INFO] [stdout]    0:     0x6006c27fe001 - <<std[617be2ca0a6fd877]::sys::backtrace::BacktraceLock>::print::DisplayBacktrace as core[a373ad73a504971]::fmt::Display>::fmt
[INFO] [stdout]    1:     0x6006c281245a - core[a373ad73a504971]::fmt::write
[INFO] [stdout]    2:     0x6006c280221c - <alloc[2e1b2a31b91974c5]::vec::Vec<u8> as core[a373ad73a504971]::io::write::Write>::write_fmt
[INFO] [stdout]    3:     0x6006c27d9c96 - std[617be2ca0a6fd877]::panicking::default_hook::{closure#0}
[INFO] [stdout]    4:     0x6006c27f63d9 - std[617be2ca0a6fd877]::panicking::default_hook
[INFO] [stdout]    5:     0x6006c27924c0 - test[aada8e7e76ba119b]::test_main_inner::{closure#0}
[INFO] [stdout]    6:     0x6006c27f6592 - std[617be2ca0a6fd877]::panicking::panic_with_hook
[INFO] [stdout]    7:     0x6006c27d9d74 - std[617be2ca0a6fd877]::panicking::panic_handler::{closure#0}
[INFO] [stdout]    8:     0x6006c27d29a9 - std[617be2ca0a6fd877]::sys::backtrace::__rust_end_short_backtrace::<std[617be2ca0a6fd877]::panicking::panic_handler::{closure#0}, !>
[INFO] [stdout]    9:     0x6006c27da94d - __rustc[ea4f61d10b84890b]::rust_begin_unwind
[INFO] [stdout]   10:     0x6006c2812b8c - core[a373ad73a504971]::panicking::panic_fmt
[INFO] [stdout]   11:     0x6006c2812b52 - core[a373ad73a504971]::panicking::panic
[INFO] [stdout]   12:     0x6006c2784a05 - <api_validation[c840bc60fdfb6953]::create_url_shortcut_rejects_empty_url::{closure#0} as core[a373ad73a504971]::ops::function::FnOnce<()>>::call_once
[INFO] [stdout]   13:     0x6006c278590b - test[aada8e7e76ba119b]::__rust_begin_short_backtrace::<core[a373ad73a504971]::result::Result<(), alloc[2e1b2a31b91974c5]::string::String>, fn() -> core[a373ad73a504971]::result::Result<(), alloc[2e1b2a31b91974c5]::string::String>>
[INFO] [stdout]   14:     0x6006c2792ae5 - test[aada8e7e76ba119b]::run_test::{closure#0}
[INFO] [stdout]   15:     0x6006c278c3d4 - std[617be2ca0a6fd877]::sys::backtrace::__rust_begin_short_backtrace::<test[aada8e7e76ba119b]::run_test::{closure#1}, ()>
[INFO] [stdout]   16:     0x6006c2795b72 - <std[617be2ca0a6fd877]::thread::lifecycle::spawn_unchecked<test[aada8e7e76ba119b]::run_test::{closure#1}, ()>::{closure#1} as core[a373ad73a504971]::ops::function::FnOnce<()>>::call_once::{shim:vtable#0}
[INFO] [stdout]   17:     0x6006c27fd67f - <std[617be2ca0a6fd877]::sys::thread::unix::Thread>::new::thread_start
[INFO] [stdout]   18:     0x7a127ba33dfa - <unknown>
[INFO] [stdout]   19:     0x7a127bac73d4 - clone
[INFO] [stdout]   20:                0x0 - <unknown>
[INFO] [stdout] 
[INFO] [stdout] ---- move_paths_to_recycle_bin_rejects_empty_collection stdout ----
[INFO] [stdout] 
[INFO] [stdout] thread 'move_paths_to_recycle_bin_rejects_empty_collection' (640) panicked at tests/api_validation.rs:157:5:
[INFO] [stdout] assertion failed: matches!(result, Err(Error::InvalidInput(_)))
[INFO] [stdout] stack backtrace:
[INFO] [stdout]    0:     0x6006c27fe001 - <<std[617be2ca0a6fd877]::sys::backtrace::BacktraceLock>::print::DisplayBacktrace as core[a373ad73a504971]::fmt::Display>::fmt
[INFO] [stdout]    1:     0x6006c281245a - core[a373ad73a504971]::fmt::write
[INFO] [stdout]    2:     0x6006c280221c - <alloc[2e1b2a31b91974c5]::vec::Vec<u8> as core[a373ad73a504971]::io::write::Write>::write_fmt
[INFO] [stdout]    3:     0x6006c27d9c96 - std[617be2ca0a6fd877]::panicking::default_hook::{closure#0}
[INFO] [stdout]    4:     0x6006c27f63d9 - std[617be2ca0a6fd877]::panicking::default_hook
[INFO] [stdout]    5:     0x6006c27924c0 - test[aada8e7e76ba119b]::test_main_inner::{closure#0}
[INFO] [stdout]    6:     0x6006c27f6592 - std[617be2ca0a6fd877]::panicking::panic_with_hook
[INFO] [stdout]    7:     0x6006c27d9d74 - std[617be2ca0a6fd877]::panicking::panic_handler::{closure#0}
[INFO] [stdout]    8:     0x6006c27d29a9 - std[617be2ca0a6fd877]::sys::backtrace::__rust_end_short_backtrace::<std[617be2ca0a6fd877]::panicking::panic_handler::{closure#0}, !>
[INFO] [stdout]    9:     0x6006c27da94d - __rustc[ea4f61d10b84890b]::rust_begin_unwind
[INFO] [stdout]   10:     0x6006c2812b8c - core[a373ad73a504971]::panicking::panic_fmt
[INFO] [stdout]   11:     0x6006c2812b52 - core[a373ad73a504971]::panicking::panic
[INFO] [stdout]   12:     0x6006c278558a - <api_validation[c840bc60fdfb6953]::move_paths_to_recycle_bin_rejects_empty_collection::{closure#0} as core[a373ad73a504971]::ops::function::FnOnce<()>>::call_once
[INFO] [stdout]   13:     0x6006c278590b - test[aada8e7e76ba119b]::__rust_begin_short_backtrace::<core[a373ad73a504971]::result::Result<(), alloc[2e1b2a31b91974c5]::string::String>, fn() -> core[a373ad73a504971]::result::Result<(), alloc[2e1b2a31b91974c5]::string::String>>
[INFO] [stdout]   14:     0x6006c2792ae5 - test[aada8e7e76ba119b]::run_test::{closure#0}
[INFO] [stdout]   15:     0x6006c278c3d4 - std[617be2ca0a6fd877]::sys::backtrace::__rust_begin_short_backtrace::<test[aada8e7e76ba119b]::run_test::{closure#1}, ()>
[INFO] [stdout]   16:     0x6006c2795b72 - <std[617be2ca0a6fd877]::thread::lifecycle::spawn_unchecked<test[aada8e7e76ba119b]::run_test::{closure#1}, ()>::{closure#1} as core[a373ad73a504971]::ops::function::FnOnce<()>>::call_once::{shim:vtable#0}
[INFO] [stdout]   17:     0x6006c27fd67f - <std[617be2ca0a6fd877]::sys::thread::unix::Thread>::new::thread_start
[INFO] [stdout]   18:     0x7a127ba33dfa - <unknown>
[INFO] [stdout]   19:     0x7a127bac73d4 - clone
[INFO] [stdout]   20:                0x0 - <unknown>
[INFO] [stdout] 
[INFO] [stdout] ---- create_shortcut_rejects_nul_bytes_in_shortcut_path stdout ----
[INFO] [stdout] 
[INFO] [stdout] thread 'create_shortcut_rejects_nul_bytes_in_shortcut_path' (626) panicked at tests/api_validation.rs:246:5:
[INFO] [stdout] assertion failed: matches!(result, Err(Error::InvalidInput(_)))
[INFO] [stdout] stack backtrace:
[INFO] [stdout]    0:     0x6006c27fe001 - <<std[617be2ca0a6fd877]::sys::backtrace::BacktraceLock>::print::DisplayBacktrace as core[a373ad73a504971]::fmt::Display>::fmt
[INFO] [stdout]    1:     0x6006c281245a - core[a373ad73a504971]::fmt::write
[INFO] [stdout]    2:     0x6006c280221c - <alloc[2e1b2a31b91974c5]::vec::Vec<u8> as core[a373ad73a504971]::io::write::Write>::write_fmt
[INFO] [stdout]    3:     0x6006c27d9c96 - std[617be2ca0a6fd877]::panicking::default_hook::{closure#0}
[INFO] [stdout]    4:     0x6006c27f63d9 - std[617be2ca0a6fd877]::panicking::default_hook
[INFO] [stdout]    5:     0x6006c27924c0 - test[aada8e7e76ba119b]::test_main_inner::{closure#0}
[INFO] [stdout]    6:     0x6006c27f6592 - std[617be2ca0a6fd877]::panicking::panic_with_hook
[INFO] [stdout]    7:     0x6006c27d9d74 - std[617be2ca0a6fd877]::panicking::panic_handler::{closure#0}
[INFO] [stdout]    8:     0x6006c27d29a9 - std[617be2ca0a6fd877]::sys::backtrace::__rust_end_short_backtrace::<std[617be2ca0a6fd877]::panicking::panic_handler::{closure#0}, !>
[INFO] [stdout]    9:     0x6006c27da94d - __rustc[ea4f61d10b84890b]::rust_begin_unwind
[INFO] [stdout]   10:     0x6006c2812b8c - core[a373ad73a504971]::panicking::panic_fmt
[INFO] [stdout]   11:     0x6006c2812b52 - core[a373ad73a504971]::panicking::panic
[INFO] [stdout]   12:     0x6006c27851d4 - <api_validation[c840bc60fdfb6953]::create_shortcut_rejects_nul_bytes_in_shortcut_path::{closure#0} as core[a373ad73a504971]::ops::function::FnOnce<()>>::call_once
[INFO] [stdout]   13:     0x6006c278590b - test[aada8e7e76ba119b]::__rust_begin_short_backtrace::<core[a373ad73a504971]::result::Result<(), alloc[2e1b2a31b91974c5]::string::String>, fn() -> core[a373ad73a504971]::result::Result<(), alloc[2e1b2a31b91974c5]::string::String>>
[INFO] [stdout]   14:     0x6006c2792ae5 - test[aada8e7e76ba119b]::run_test::{closure#0}
[INFO] [stdout]   15:     0x6006c278c3d4 - std[617be2ca0a6fd877]::sys::backtrace::__rust_begin_short_backtrace::<test[aada8e7e76ba119b]::run_test::{closure#1}, ()>
[INFO] [stdout]   16:     0x6006c2795b72 - <std[617be2ca0a6fd877]::thread::lifecycle::spawn_unchecked<test[aada8e7e76ba119b]::run_test::{closure#1}, ()>::{closure#1} as core[a373ad73a504971]::ops::function::FnOnce<()>>::call_once::{shim:vtable#0}
[INFO] [stdout]   17:     0x6006c27fd67f - <std[617be2ca0a6fd877]::sys::thread::unix::Thread>::new::thread_start
[INFO] [stdout]   18:     0x7a127ba33dfa - <unknown>
[INFO] [stdout]   19:     0x7a127bac73d4 - clone
[INFO] [stdout]   20:                0x0 - <unknown>
[INFO] [stdout] 
[INFO] [stdout] ---- open_containing_folder_rejects_missing_path stdout ----
[INFO] [stdout] 
[INFO] [stdout] thread 'open_containing_folder_rejects_missing_path' (651) panicked at tests/api_validation.rs:88:5:
[INFO] [stdout] assertion failed: matches!(result, Err(Error::PathDoesNotExist))
[INFO] [stdout] stack backtrace:
[INFO] [stdout]    0:     0x6006c27fe001 - <<std[617be2ca0a6fd877]::sys::backtrace::BacktraceLock>::print::DisplayBacktrace as core[a373ad73a504971]::fmt::Display>::fmt
[INFO] [stdout]    1:     0x6006c281245a - core[a373ad73a504971]::fmt::write
[INFO] [stdout]    2:     0x6006c280221c - <alloc[2e1b2a31b91974c5]::vec::Vec<u8> as core[a373ad73a504971]::io::write::Write>::write_fmt
[INFO] [stdout]    3:     0x6006c27d9c96 - std[617be2ca0a6fd877]::panicking::default_hook::{closure#0}
[INFO] [stdout]    4:     0x6006c27f63d9 - std[617be2ca0a6fd877]::panicking::default_hook
[INFO] [stdout]    5:     0x6006c27924c0 - test[aada8e7e76ba119b]::test_main_inner::{closure#0}
[INFO] [stdout]    6:     0x6006c27f6592 - std[617be2ca0a6fd877]::panicking::panic_with_hook
[INFO] [stdout]    7:     0x6006c27d9d74 - std[617be2ca0a6fd877]::panicking::panic_handler::{closure#0}
[INFO] [stdout]    8:     0x6006c27d29a9 - std[617be2ca0a6fd877]::sys::backtrace::__rust_end_short_backtrace::<std[617be2ca0a6fd877]::panicking::panic_handler::{closure#0}, !>
[INFO] [stdout]    9:     0x6006c27da94d - __rustc[ea4f61d10b84890b]::rust_begin_unwind
[INFO] [stdout]   10:     0x6006c2812b8c - core[a373ad73a504971]::panicking::panic_fmt
[INFO] [stdout]   11:     0x6006c2812b52 - core[a373ad73a504971]::panicking::panic
[INFO] [stdout]   12:     0x6006c27836d0 - api_validation[c840bc60fdfb6953]::open_containing_folder_rejects_missing_path
[INFO] [stdout]   13:     0x6006c2784d1e - <api_validation[c840bc60fdfb6953]::open_containing_folder_rejects_missing_path::{closure#0} as core[a373ad73a504971]::ops::function::FnOnce<()>>::call_once
[INFO] [stdout]   14:     0x6006c278590b - test[aada8e7e76ba119b]::__rust_begin_short_backtrace::<core[a373ad73a504971]::result::Result<(), alloc[2e1b2a31b91974c5]::string::String>, fn() -> core[a373ad73a504971]::result::Result<(), alloc[2e1b2a31b91974c5]::string::String>>
[INFO] [stdout]   15:     0x6006c2792ae5 - test[aada8e7e76ba119b]::run_test::{closure#0}
[INFO] [stdout]   16:     0x6006c278c3d4 - std[617be2ca0a6fd877]::sys::backtrace::__rust_begin_short_backtrace::<test[aada8e7e76ba119b]::run_test::{closure#1}, ()>
[INFO] [stdout]   17:     0x6006c2795b72 - <std[617be2ca0a6fd877]::thread::lifecycle::spawn_unchecked<test[aada8e7e76ba119b]::run_test::{closure#1}, ()>::{closure#1} as core[a373ad73a504971]::ops::function::FnOnce<()>>::call_once::{shim:vtable#0}
[INFO] [stdout]   18:     0x6006c27fd67f - <std[617be2ca0a6fd877]::sys::thread::unix::Thread>::new::thread_start
[INFO] [stdout]   19:     0x7a127ba33dfa - <unknown>
[INFO] [stdout]   20:     0x7a127bac73d4 - clone
[INFO] [stdout]   21:                0x0 - <unknown>
[INFO] [stdout] 
[INFO] [stdout] ---- open_containing_folder_rejects_nul_bytes_in_path stdout ----
[INFO] [stdout] 
[INFO] [stdout] thread 'open_containing_folder_rejects_nul_bytes_in_path' (652) panicked at tests/api_validation.rs:75:5:
[INFO] [stdout] assertion failed: matches!(result, Err(Error::InvalidInput(_)))
[INFO] [stdout] stack backtrace:
[INFO] [stdout]    0:     0x6006c27fe001 - <<std[617be2ca0a6fd877]::sys::backtrace::BacktraceLock>::print::DisplayBacktrace as core[a373ad73a504971]::fmt::Display>::fmt
[INFO] [stdout]    1:     0x6006c281245a - core[a373ad73a504971]::fmt::write
[INFO] [stdout]    2:     0x6006c280221c - <alloc[2e1b2a31b91974c5]::vec::Vec<u8> as core[a373ad73a504971]::io::write::Write>::write_fmt
[INFO] [stdout]    3:     0x6006c27d9c96 - std[617be2ca0a6fd877]::panicking::default_hook::{closure#0}
[INFO] [stdout]    4:     0x6006c27f63d9 - std[617be2ca0a6fd877]::panicking::default_hook
[INFO] [stdout]    5:     0x6006c27924c0 - test[aada8e7e76ba119b]::test_main_inner::{closure#0}
[INFO] [stdout]    6:     0x6006c27f6592 - std[617be2ca0a6fd877]::panicking::panic_with_hook
[INFO] [stdout]    7:     0x6006c27d9d74 - std[617be2ca0a6fd877]::panicking::panic_handler::{closure#0}
[INFO] [stdout]    8:     0x6006c27d29a9 - std[617be2ca0a6fd877]::sys::backtrace::__rust_end_short_backtrace::<std[617be2ca0a6fd877]::panicking::panic_handler::{closure#0}, !>
[INFO] [stdout]    9:     0x6006c27da94d - __rustc[ea4f61d10b84890b]::rust_begin_unwind
[INFO] [stdout]   10:     0x6006c2812b8c - core[a373ad73a504971]::panicking::panic_fmt
[INFO] [stdout]   11:     0x6006c2812b52 - core[a373ad73a504971]::panicking::panic
[INFO] [stdout]   12:     0x6006c27839f0 - api_validation[c840bc60fdfb6953]::open_containing_folder_rejects_nul_bytes_in_path
[INFO] [stdout]   13:     0x6006c27850ce - <api_validation[c840bc60fdfb6953]::open_containing_folder_rejects_nul_bytes_in_path::{closure#0} as core[a373ad73a504971]::ops::function::FnOnce<()>>::call_once
[INFO] [stdout]   14:     0x6006c278590b - test[aada8e7e76ba119b]::__rust_begin_short_backtrace::<core[a373ad73a504971]::result::Result<(), alloc[2e1b2a31b91974c5]::string::String>, fn() -> core[a373ad73a504971]::result::Result<(), alloc[2e1b2a31b91974c5]::string::String>>
[INFO] [stdout]   15:     0x6006c2792ae5 - test[aada8e7e76ba119b]::run_test::{closure#0}
[INFO] [stdout]   16:     0x6006c278c3d4 - std[617be2ca0a6fd877]::sys::backtrace::__rust_begin_short_backtrace::<test[aada8e7e76ba119b]::run_test::{closure#1}, ()>
[INFO] [stdout]   17:     0x6006c2795b72 - <std[617be2ca0a6fd877]::thread::lifecycle::spawn_unchecked<test[aada8e7e76ba119b]::run_test::{closure#1}, ()>::{closure#1} as core[a373ad73a504971]::ops::function::FnOnce<()>>::call_once::{shim:vtable#0}
[INFO] [stdout]   18:     0x6006c27fd67f - <std[617be2ca0a6fd877]::sys::thread::unix::Thread>::new::thread_start
[INFO] [stdout]   19:     0x7a127ba33dfa - <unknown>
[INFO] [stdout]   20:     0x7a127bac73d4 - clone
[INFO] [stdout]   21:                0x0 - <unknown>
[INFO] [stdout] 
[INFO] [stdout] ---- open_url_rejects_whitespace_only stdout ----
[INFO] [stdout] 
[INFO] [stdout] thread 'open_url_rejects_whitespace_only' (655) panicked at tests/api_validation.rs:100:5:
[INFO] [stdout] assertion failed: matches!(result, Err(Error::InvalidInput(_)))
[INFO] [stdout] stack backtrace:
[INFO] [stdout]    0:     0x6006c27fe001 - <<std[617be2ca0a6fd877]::sys::backtrace::BacktraceLock>::print::DisplayBacktrace as core[a373ad73a504971]::fmt::Display>::fmt
[INFO] [stdout]    1:     0x6006c281245a - core[a373ad73a504971]::fmt::write
[INFO] [stdout]    2:     0x6006c280221c - <alloc[2e1b2a31b91974c5]::vec::Vec<u8> as core[a373ad73a504971]::io::write::Write>::write_fmt
[INFO] [stdout]    3:     0x6006c27d9c96 - std[617be2ca0a6fd877]::panicking::default_hook::{closure#0}
[INFO] [stdout]    4:     0x6006c27f63d9 - std[617be2ca0a6fd877]::panicking::default_hook
[INFO] [stdout]    5:     0x6006c27924c0 - test[aada8e7e76ba119b]::test_main_inner::{closure#0}
[INFO] [stdout]    6:     0x6006c27f6592 - std[617be2ca0a6fd877]::panicking::panic_with_hook
[INFO] [stdout]    7:     0x6006c27d9d74 - std[617be2ca0a6fd877]::panicking::panic_handler::{closure#0}
[INFO] [stdout]    8:     0x6006c27d29a9 - std[617be2ca0a6fd877]::sys::backtrace::__rust_end_short_backtrace::<std[617be2ca0a6fd877]::panicking::panic_handler::{closure#0}, !>
[INFO] [stdout]    9:     0x6006c27da94d - __rustc[ea4f61d10b84890b]::rust_begin_unwind
[INFO] [stdout]   10:     0x6006c2812b8c - core[a373ad73a504971]::panicking::panic_fmt
[INFO] [stdout]   11:     0x6006c2812b52 - core[a373ad73a504971]::panicking::panic
[INFO] [stdout]   12:     0x6006c278490a - <api_validation[c840bc60fdfb6953]::open_url_rejects_whitespace_only::{closure#0} as core[a373ad73a504971]::ops::function::FnOnce<()>>::call_once
[INFO] [stdout]   13:     0x6006c278590b - test[aada8e7e76ba119b]::__rust_begin_short_backtrace::<core[a373ad73a504971]::result::Result<(), alloc[2e1b2a31b91974c5]::string::String>, fn() -> core[a373ad73a504971]::result::Result<(), alloc[2e1b2a31b91974c5]::string::String>>
[INFO] [stdout]   14:     0x6006c2792ae5 - test[aada8e7e76ba119b]::run_test::{closure#0}
[INFO] [stdout]   15:     0x6006c278c3d4 - std[617be2ca0a6fd877]::sys::backtrace::__rust_begin_short_backtrace::<test[aada8e7e76ba119b]::run_test::{closure#1}, ()>
[INFO] [stdout]   16:     0x6006c2795b72 - <std[617be2ca0a6fd877]::thread::lifecycle::spawn_unchecked<test[aada8e7e76ba119b]::run_test::{closure#1}, ()>::{closure#1} as core[a373ad73a504971]::ops::function::FnOnce<()>>::call_once::{shim:vtable#0}
[INFO] [stdout]   17:     0x6006c27fd67f - <std[617be2ca0a6fd877]::sys::thread::unix::Thread>::new::thread_start
[INFO] [stdout]   18:     0x7a127ba33dfa - <unknown>
[INFO] [stdout]   19:     0x7a127bac73d4 - clone
[INFO] [stdout]   20:                0x0 - <unknown>
[INFO] [stdout] 
[INFO] [stdout] ---- open_with_default_rejects_empty_path stdout ----
[INFO] [stdout] 
[INFO] [stdout] thread 'open_with_default_rejects_empty_path' (656) panicked at tests/api_validation.rs:19:5:
[INFO] [stdout] assertion failed: matches!(result, Err(Error::InvalidInput(_)))
[INFO] [stdout] stack backtrace:
[INFO] [stdout]    0:     0x6006c27fe001 - <<std[617be2ca0a6fd877]::sys::backtrace::BacktraceLock>::print::DisplayBacktrace as core[a373ad73a504971]::fmt::Display>::fmt
[INFO] [stdout]    1:     0x6006c281245a - core[a373ad73a504971]::fmt::write
[INFO] [stdout]    2:     0x6006c280221c - <alloc[2e1b2a31b91974c5]::vec::Vec<u8> as core[a373ad73a504971]::io::write::Write>::write_fmt
[INFO] [stdout]    3:     0x6006c27d9c96 - std[617be2ca0a6fd877]::panicking::default_hook::{closure#0}
[INFO] [stdout]    4:     0x6006c27f63d9 - std[617be2ca0a6fd877]::panicking::default_hook
[INFO] [stdout]    5:     0x6006c27924c0 - test[aada8e7e76ba119b]::test_main_inner::{closure#0}
[INFO] [stdout]    6:     0x6006c27f6592 - std[617be2ca0a6fd877]::panicking::panic_with_hook
[INFO] [stdout]    7:     0x6006c27d9d74 - std[617be2ca0a6fd877]::panicking::panic_handler::{closure#0}
[INFO] [stdout]    8:     0x6006c27d29a9 - std[617be2ca0a6fd877]::sys::backtrace::__rust_end_short_backtrace::<std[617be2ca0a6fd877]::panicking::panic_handler::{closure#0}, !>
[INFO] [stdout]    9:     0x6006c27da94d - __rustc[ea4f61d10b84890b]::rust_begin_unwind
[INFO] [stdout]   10:     0x6006c2812b8c - core[a373ad73a504971]::panicking::panic_fmt
[INFO] [stdout]   11:     0x6006c2812b52 - core[a373ad73a504971]::panicking::panic
[INFO] [stdout]   12:     0x6006c278351a - api_validation[c840bc60fdfb6953]::open_with_default_rejects_empty_path
[INFO] [stdout]   13:     0x6006c2784936 - <api_validation[c840bc60fdfb6953]::open_with_default_rejects_empty_path::{closure#0} as core[a373ad73a504971]::ops::function::FnOnce<()>>::call_once
[INFO] [stdout]   14:     0x6006c278590b - test[aada8e7e76ba119b]::__rust_begin_short_backtrace::<core[a373ad73a504971]::result::Result<(), alloc[2e1b2a31b91974c5]::string::String>, fn() -> core[a373ad73a504971]::result::Result<(), alloc[2e1b2a31b91974c5]::string::String>>
[INFO] [stdout]   15:     0x6006c2792ae5 - test[aada8e7e76ba119b]::run_test::{closure#0}
[INFO] [stdout]   16:     0x6006c278c3d4 - std[617be2ca0a6fd877]::sys::backtrace::__rust_begin_short_backtrace::<test[aada8e7e76ba119b]::run_test::{closure#1}, ()>
[INFO] [stdout]   17:     0x6006c2795b72 - <std[617be2ca0a6fd877]::thread::lifecycle::spawn_unchecked<test[aada8e7e76ba119b]::run_test::{closure#1}, ()>::{closure#1} as core[a373ad73a504971]::ops::function::FnOnce<()>>::call_once::{shim:vtable#0}
[INFO] [stdout]   18:     0x6006c27fd67f - <std[617be2ca0a6fd877]::sys::thread::unix::Thread>::new::thread_start
[INFO] [stdout]   19:     0x7a127ba33dfa - <unknown>
[INFO] [stdout]   20:     0x7a127bac73d4 - clone
[INFO] [stdout]   21:                0x0 - <unknown>
[INFO] [stdout] 
[INFO] [stdout] ---- open_url_rejects_empty_string stdout ----
[INFO] [stdout] 
[INFO] [stdout] thread 'open_url_rejects_empty_string' (653) panicked at tests/api_validation.rs:94:5:
[INFO] [stdout] assertion failed: matches!(result, Err(Error::InvalidInput(_)))
[INFO] [stdout] stack backtrace:
[INFO] [stdout]    0:     0x6006c27fe001 - <<std[617be2ca0a6fd877]::sys::backtrace::BacktraceLock>::print::DisplayBacktrace as core[a373ad73a504971]::fmt::Display>::fmt
[INFO] [stdout]    1:     0x6006c281245a - core[a373ad73a504971]::fmt::write
[INFO] [stdout]    2:     0x6006c280221c - <alloc[2e1b2a31b91974c5]::vec::Vec<u8> as core[a373ad73a504971]::io::write::Write>::write_fmt
[INFO] [stdout]    3:     0x6006c27d9c96 - std[617be2ca0a6fd877]::panicking::default_hook::{closure#0}
[INFO] [stdout]    4:     0x6006c27f63d9 - std[617be2ca0a6fd877]::panicking::default_hook
[INFO] [stdout]    5:     0x6006c27924c0 - test[aada8e7e76ba119b]::test_main_inner::{closure#0}
[INFO] [stdout]    6:     0x6006c27f6592 - std[617be2ca0a6fd877]::panicking::panic_with_hook
[INFO] [stdout]    7:     0x6006c27d9d74 - std[617be2ca0a6fd877]::panicking::panic_handler::{closure#0}
[INFO] [stdout]    8:     0x6006c27d29a9 - std[617be2ca0a6fd877]::sys::backtrace::__rust_end_short_backtrace::<std[617be2ca0a6fd877]::panicking::panic_handler::{closure#0}, !>
[INFO] [stdout]    9:     0x6006c27da94d - __rustc[ea4f61d10b84890b]::rust_begin_unwind
[INFO] [stdout]   10:     0x6006c2812b8c - core[a373ad73a504971]::panicking::panic_fmt
[INFO] [stdout]   11:     0x6006c2812b52 - core[a373ad73a504971]::panicking::panic
[INFO] [stdout]   12:     0x6006c27842da - <api_validation[c840bc60fdfb6953]::open_url_rejects_empty_string::{closure#0} as core[a373ad73a504971]::ops::function::FnOnce<()>>::call_once
[INFO] [stdout]   13:     0x6006c278590b - test[aada8e7e76ba119b]::__rust_begin_short_backtrace::<core[a373ad73a504971]::result::Result<(), alloc[2e1b2a31b91974c5]::string::String>, fn() -> core[a373ad73a504971]::result::Result<(), alloc[2e1b2a31b91974c5]::string::String>>
[INFO] [stdout]   14:     0x6006c2792ae5 - test[aada8e7e76ba119b]::run_test::{closure#0}
[INFO] [stdout]   15:     0x6006c278c3d4 - std[617be2ca0a6fd877]::sys::backtrace::__rust_begin_short_backtrace::<test[aada8e7e76ba119b]::run_test::{closure#1}, ()>
[INFO] [stdout]   16:     0x6006c2795b72 - <std[617be2ca0a6fd877]::thread::lifecycle::spawn_unchecked<test[aada8e7e76ba119b]::run_test::{closure#1}, ()>::{closure#1} as core[a373ad73a504971]::ops::function::FnOnce<()>>::call_once::{shim:vtable#0}
[INFO] [stdout]   17:     0x6006c27fd67f - <std[617be2ca0a6fd877]::sys::thread::unix::Thread>::new::thread_start
[INFO] [stdout]   18:     0x7a127ba33dfa - <unknown>
[INFO] [stdout]   19:     0x7a127bac73d4 - clone
[INFO] [stdout]   20:                0x0 - <unknown>
[INFO] [stdout] 
[INFO] [stdout] ---- move_paths_to_recycle_bin_rejects_empty_path stdout ----
[INFO] [stdout] 
[INFO] [stdout] thread 'move_paths_to_recycle_bin_rejects_empty_path' (641) panicked at tests/api_validation.rs:163:5:
[INFO] [stdout] assertion failed: matches!(result, Err(Error::InvalidInput(_)))
[INFO] [stdout] stack backtrace:
[INFO] [stdout]    0:     0x6006c27fe001 - <<std[617be2ca0a6fd877]::sys::backtrace::BacktraceLock>::print::DisplayBacktrace as core[a373ad73a504971]::fmt::Display>::fmt
[INFO] [stdout]    1:     0x6006c281245a - core[a373ad73a504971]::fmt::write
[INFO] [stdout]    2:     0x6006c280221c - <alloc[2e1b2a31b91974c5]::vec::Vec<u8> as core[a373ad73a504971]::io::write::Write>::write_fmt
[INFO] [stdout]    3:     0x6006c27d9c96 - std[617be2ca0a6fd877]::panicking::default_hook::{closure#0}
[INFO] [stdout]    4:     0x6006c27f63d9 - std[617be2ca0a6fd877]::panicking::default_hook
[INFO] [stdout]    5:     0x6006c27924c0 - test[aada8e7e76ba119b]::test_main_inner::{closure#0}
[INFO] [stdout]    6:     0x6006c27f6592 - std[617be2ca0a6fd877]::panicking::panic_with_hook
[INFO] [stdout]    7:     0x6006c27d9d74 - std[617be2ca0a6fd877]::panicking::panic_handler::{closure#0}
[INFO] [stdout]    8:     0x6006c27d29a9 - std[617be2ca0a6fd877]::sys::backtrace::__rust_end_short_backtrace::<std[617be2ca0a6fd877]::panicking::panic_handler::{closure#0}, !>
[INFO] [stdout]    9:     0x6006c27da94d - __rustc[ea4f61d10b84890b]::rust_begin_unwind
[INFO] [stdout]   10:     0x6006c2812b8c - core[a373ad73a504971]::panicking::panic_fmt
[INFO] [stdout]   11:     0x6006c2812b52 - core[a373ad73a504971]::panicking::panic
[INFO] [stdout]   12:     0x6006c2784f3a - <api_validation[c840bc60fdfb6953]::move_paths_to_recycle_bin_rejects_empty_path::{closure#0} as core[a373ad73a504971]::ops::function::FnOnce<()>>::call_once
[INFO] [stdout]   13:     0x6006c278590b - test[aada8e7e76ba119b]::__rust_begin_short_backtrace::<core[a373ad73a504971]::result::Result<(), alloc[2e1b2a31b91974c5]::string::String>, fn() -> core[a373ad73a504971]::result::Result<(), alloc[2e1b2a31b91974c5]::string::String>>
[INFO] [stdout]   14:     0x6006c2792ae5 - test[aada8e7e76ba119b]::run_test::{closure#0}
[INFO] [stdout]   15:     0x6006c278c3d4 - std[617be2ca0a6fd877]::sys::backtrace::__rust_begin_short_backtrace::<test[aada8e7e76ba119b]::run_test::{closure#1}, ()>
[INFO] [stdout]   16:     0x6006c2795b72 - <std[617be2ca0a6fd877]::thread::lifecycle::spawn_unchecked<test[aada8e7e76ba119b]::run_test::{closure#1}, ()>::{closure#1} as core[a373ad73a504971]::ops::function::FnOnce<()>>::call_once::{shim:vtable#0}
[INFO] [stdout]   17:     0x6006c27fd67f - <std[617be2ca0a6fd877]::sys::thread::unix::Thread>::new::thread_start
[INFO] [stdout]   18:     0x7a127ba33dfa - <unknown>
[INFO] [stdout]   19:     0x7a127bac73d4 - clone
[INFO] [stdout]   20:                0x0 - <unknown>
[INFO] [stdout] 
[INFO] [stdout] ---- move_to_recycle_bin_rejects_empty_path stdout ----
[INFO] [stdout] 
[INFO] [stdout] thread 'move_to_recycle_bin_rejects_empty_path' (645) panicked at tests/api_validation.rs:131:5:
[INFO] [stdout] assertion failed: matches!(result, Err(Error::InvalidInput(_)))
[INFO] [stdout] stack backtrace:
[INFO] [stdout]    0:     0x6006c27fe001 - <<std[617be2ca0a6fd877]::sys::backtrace::BacktraceLock>::print::DisplayBacktrace as core[a373ad73a504971]::fmt::Display>::fmt
[INFO] [stdout]    1:     0x6006c281245a - core[a373ad73a504971]::fmt::write
[INFO] [stdout]    2:     0x6006c280221c - <alloc[2e1b2a31b91974c5]::vec::Vec<u8> as core[a373ad73a504971]::io::write::Write>::write_fmt
[INFO] [stdout]    3:     0x6006c27d9c96 - std[617be2ca0a6fd877]::panicking::default_hook::{closure#0}
[INFO] [stdout]    4:     0x6006c27f63d9 - std[617be2ca0a6fd877]::panicking::default_hook
[INFO] [stdout]    5:     0x6006c27924c0 - test[aada8e7e76ba119b]::test_main_inner::{closure#0}
[INFO] [stdout]    6:     0x6006c27f6592 - std[617be2ca0a6fd877]::panicking::panic_with_hook
[INFO] [stdout]    7:     0x6006c27d9d74 - std[617be2ca0a6fd877]::panicking::panic_handler::{closure#0}
[INFO] [stdout]    8:     0x6006c27d29a9 - std[617be2ca0a6fd877]::sys::backtrace::__rust_end_short_backtrace::<std[617be2ca0a6fd877]::panicking::panic_handler::{closure#0}, !>
[INFO] [stdout]    9:     0x6006c27da94d - __rustc[ea4f61d10b84890b]::rust_begin_unwind
[INFO] [stdout]   10:     0x6006c2812b8c - core[a373ad73a504971]::panicking::panic_fmt
[INFO] [stdout]   11:     0x6006c2812b52 - core[a373ad73a504971]::panicking::panic
[INFO] [stdout]   12:     0x6006c278357a - api_validation[c840bc60fdfb6953]::move_to_recycle_bin_rejects_empty_path
[INFO] [stdout]   13:     0x6006c2784a3e - <api_validation[c840bc60fdfb6953]::move_to_recycle_bin_rejects_empty_path::{closure#0} as core[a373ad73a504971]::ops::function::FnOnce<()>>::call_once
[INFO] [stdout]   14:     0x6006c278590b - test[aada8e7e76ba119b]::__rust_begin_short_backtrace::<core[a373ad73a504971]::result::Result<(), alloc[2e1b2a31b91974c5]::string::String>, fn() -> core[a373ad73a504971]::result::Result<(), alloc[2e1b2a31b91974c5]::string::String>>
[INFO] [stdout]   15:     0x6006c2792ae5 - test[aada8e7e76ba119b]::run_test::{closure#0}
[INFO] [stdout]   16:     0x6006c278c3d4 - std[617be2ca0a6fd877]::sys::backtrace::__rust_begin_short_backtrace::<test[aada8e7e76ba119b]::run_test::{closure#1}, ()>
[INFO] [stdout]   17:     0x6006c2795b72 - <std[617be2ca0a6fd877]::thread::lifecycle::spawn_unchecked<test[aada8e7e76ba119b]::run_test::{closure#1}, ()>::{closure#1} as core[a373ad73a504971]::ops::function::FnOnce<()>>::call_once::{shim:vtable#0}
[INFO] [stdout]   18:     0x6006c27fd67f - <std[617be2ca0a6fd877]::sys::thread::unix::Thread>::new::thread_start
[INFO] [stdout]   19:     0x7a127ba33dfa - <unknown>
[INFO] [stdout]   20:     0x7a127bac73d4 - clone
[INFO] [stdout]   21:                0x0 - <unknown>
[INFO] [stdout] 
[INFO] [stdout] ---- open_with_verb_rejects_missing_path stdout ----
[INFO] [stdout] 
[INFO] [stdout] thread 'open_with_verb_rejects_missing_path' (661) panicked at tests/api_validation.rs:63:5:
[INFO] [stdout] assertion failed: matches!(result, Err(Error::PathDoesNotExist))
[INFO] [stdout] stack backtrace:
[INFO] [stdout]    0:     0x6006c27fe001 - <<std[617be2ca0a6fd877]::sys::backtrace::BacktraceLock>::print::DisplayBacktrace as core[a373ad73a504971]::fmt::Display>::fmt
[INFO] [stdout]    1:     0x6006c281245a - core[a373ad73a504971]::fmt::write
[INFO] [stdout]    2:     0x6006c280221c - <alloc[2e1b2a31b91974c5]::vec::Vec<u8> as core[a373ad73a504971]::io::write::Write>::write_fmt
[INFO] [stdout]    3:     0x6006c27d9c96 - std[617be2ca0a6fd877]::panicking::default_hook::{closure#0}
[INFO] [stdout]    4:     0x6006c27f63d9 - std[617be2ca0a6fd877]::panicking::default_hook
[INFO] [stdout]    5:     0x6006c27924c0 - test[aada8e7e76ba119b]::test_main_inner::{closure#0}
[INFO] [stdout]    6:     0x6006c27f6592 - std[617be2ca0a6fd877]::panicking::panic_with_hook
[INFO] [stdout]    7:     0x6006c27d9d74 - std[617be2ca0a6fd877]::panicking::panic_handler::{closure#0}
[INFO] [stdout]    8:     0x6006c27d29a9 - std[617be2ca0a6fd877]::sys::backtrace::__rust_end_short_backtrace::<std[617be2ca0a6fd877]::panicking::panic_handler::{closure#0}, !>
[INFO] [stdout]    9:     0x6006c27da94d - __rustc[ea4f61d10b84890b]::rust_begin_unwind
[INFO] [stdout]   10:     0x6006c2812b8c - core[a373ad73a504971]::panicking::panic_fmt
[INFO] [stdout]   11:     0x6006c2812b52 - core[a373ad73a504971]::panicking::panic
[INFO] [stdout]   12:     0x6006c2783500 - api_validation[c840bc60fdfb6953]::open_with_verb_rejects_missing_path
[INFO] [stderr] error: test failed, to rerun pass `--test api_validation`
[INFO] [stdout]   13:     0x6006c278492e - <api_validation[c840bc60fdfb6953]::open_with_verb_rejects_missing_path::{closure#0} as core[a373ad73a504971]::ops::function::FnOnce<()>>::call_once
[INFO] [stdout]   14:     0x6006c278590b - test[aada8e7e76ba119b]::__rust_begin_short_backtrace::<core[a373ad73a504971]::result::Result<(), alloc[2e1b2a31b91974c5]::string::String>, fn() -> core[a373ad73a504971]::result::Result<(), alloc[2e1b2a31b91974c5]::string::String>>
[INFO] [stdout]   15:     0x6006c2792ae5 - test[aada8e7e76ba119b]::run_test::{closure#0}
[INFO] [stdout]   16:     0x6006c278c3d4 - std[617be2ca0a6fd877]::sys::backtrace::__rust_begin_short_backtrace::<test[aada8e7e76ba119b]::run_test::{closure#1}, ()>
[INFO] [stdout]   17:     0x6006c2795b72 - <std[617be2ca0a6fd877]::thread::lifecycle::spawn_unchecked<test[aada8e7e76ba119b]::run_test::{closure#1}, ()>::{closure#1} as core[a373ad73a504971]::ops::function::FnOnce<()>>::call_once::{shim:vtable#0}
[INFO] [stdout]   18:     0x6006c27fd67f - <std[617be2ca0a6fd877]::sys::thread::unix::Thread>::new::thread_start
[INFO] [stdout]   19:     0x7a127ba33dfa - <unknown>
[INFO] [stdout]   20:     0x7a127bac73d4 - clone
[INFO] [stdout]   21:                0x0 - <unknown>
[INFO] [stdout] 
[INFO] [stdout] ---- open_with_verb_rejects_nul_bytes_in_path stdout ----
[INFO] [stdout] 
[INFO] [stdout] thread 'open_with_verb_rejects_nul_bytes_in_path' (662) panicked at tests/api_validation.rs:56:5:
[INFO] [stdout] assertion failed: matches!(result, Err(Error::InvalidInput(_)))
[INFO] [stdout] stack backtrace:
[INFO] [stdout]    0:     0x6006c27fe001 - <<std[617be2ca0a6fd877]::sys::backtrace::BacktraceLock>::print::DisplayBacktrace as core[a373ad73a504971]::fmt::Display>::fmt
[INFO] [stdout]    1:     0x6006c281245a - core[a373ad73a504971]::fmt::write
[INFO] [stdout]    2:     0x6006c280221c - <alloc[2e1b2a31b91974c5]::vec::Vec<u8> as core[a373ad73a504971]::io::write::Write>::write_fmt
[INFO] [stdout]    3:     0x6006c27d9c96 - std[617be2ca0a6fd877]::panicking::default_hook::{closure#0}
[INFO] [stdout]    4:     0x6006c27f63d9 - std[617be2ca0a6fd877]::panicking::default_hook
[INFO] [stdout]    5:     0x6006c27924c0 - test[aada8e7e76ba119b]::test_main_inner::{closure#0}
[INFO] [stdout]    6:     0x6006c27f6592 - std[617be2ca0a6fd877]::panicking::panic_with_hook
[INFO] [stdout]    7:     0x6006c27d9d74 - std[617be2ca0a6fd877]::panicking::panic_handler::{closure#0}
[INFO] [stdout]    8:     0x6006c27d29a9 - std[617be2ca0a6fd877]::sys::backtrace::__rust_end_short_backtrace::<std[617be2ca0a6fd877]::panicking::panic_handler::{closure#0}, !>
[INFO] [stdout]    9:     0x6006c27da94d - __rustc[ea4f61d10b84890b]::rust_begin_unwind
[INFO] [stdout]   10:     0x6006c2812b8c - core[a373ad73a504971]::panicking::panic_fmt
[INFO] [stdout]   11:     0x6006c2812b52 - core[a373ad73a504971]::panicking::panic
[INFO] [stdout]   12:     0x6006c27835e0 - api_validation[c840bc60fdfb6953]::open_with_verb_rejects_nul_bytes_in_path
[INFO] [stdout]   13:     0x6006c2784c26 - <api_validation[c840bc60fdfb6953]::open_with_verb_rejects_nul_bytes_in_path::{closure#0} as core[a373ad73a504971]::ops::function::FnOnce<()>>::call_once
[INFO] [stdout]   14:     0x6006c278590b - test[aada8e7e76ba119b]::__rust_begin_short_backtrace::<core[a373ad73a504971]::result::Result<(), alloc[2e1b2a31b91974c5]::string::String>, fn() -> core[a373ad73a504971]::result::Result<(), alloc[2e1b2a31b91974c5]::string::String>>
[INFO] [stdout]   15:     0x6006c2792ae5 - test[aada8e7e76ba119b]::run_test::{closure#0}
[INFO] [stdout]   16:     0x6006c278c3d4 - std[617be2ca0a6fd877]::sys::backtrace::__rust_begin_short_backtrace::<test[aada8e7e76ba119b]::run_test::{closure#1}, ()>
[INFO] [stdout]   17:     0x6006c2795b72 - <std[617be2ca0a6fd877]::thread::lifecycle::spawn_unchecked<test[aada8e7e76ba119b]::run_test::{closure#1}, ()>::{closure#1} as core[a373ad73a504971]::ops::function::FnOnce<()>>::call_once::{shim:vtable#0}
[INFO] [stdout]   18:     0x6006c27fd67f - <std[617be2ca0a6fd877]::sys::thread::unix::Thread>::new::thread_start
[INFO] [stdout]   19:     0x7a127ba33dfa - <unknown>
[INFO] [stdout]   20:     0x7a127bac73d4 - clone
[INFO] [stdout]   21:                0x0 - <unknown>
[INFO] [stdout] 
[INFO] [stdout] ---- open_with_default_rejects_missing_path stdout ----
[INFO] [stdout] 
[INFO] [stdout] thread 'open_with_default_rejects_missing_path' (657) panicked at tests/api_validation.rs:32:5:
[INFO] [stdout] assertion failed: matches!(result, Err(Error::PathDoesNotExist))
[INFO] [stdout] stack backtrace:
[INFO] [stdout]    0:     0x6006c27fe001 - <<std[617be2ca0a6fd877]::sys::backtrace::BacktraceLock>::print::DisplayBacktrace as core[a373ad73a504971]::fmt::Display>::fmt
[INFO] [stdout]    1:     0x6006c281245a - core[a373ad73a504971]::fmt::write
[INFO] [stdout]    2:     0x6006c280221c - <alloc[2e1b2a31b91974c5]::vec::Vec<u8> as core[a373ad73a504971]::io::write::Write>::write_fmt
[INFO] [stdout]    3:     0x6006c27d9c96 - std[617be2ca0a6fd877]::panicking::default_hook::{closure#0}
[INFO] [stdout]    4:     0x6006c27f63d9 - std[617be2ca0a6fd877]::panicking::default_hook
[INFO] [stdout]    5:     0x6006c27924c0 - test[aada8e7e76ba119b]::test_main_inner::{closure#0}
[INFO] [stdout]    6:     0x6006c27f6592 - std[617be2ca0a6fd877]::panicking::panic_with_hook
[INFO] [stdout]    7:     0x6006c27d9d74 - std[617be2ca0a6fd877]::panicking::panic_handler::{closure#0}
[INFO] [stdout]    8:     0x6006c27d29a9 - std[617be2ca0a6fd877]::sys::backtrace::__rust_end_short_backtrace::<std[617be2ca0a6fd877]::panicking::panic_handler::{closure#0}, !>
[INFO] [stdout]    9:     0x6006c27da94d - __rustc[ea4f61d10b84890b]::rust_begin_unwind
[INFO] [stdout]   10:     0x6006c2812b8c - core[a373ad73a504971]::panicking::panic_fmt
[INFO] [stdout]   11:     0x6006c2812b52 - core[a373ad73a504971]::panicking::panic
[INFO] [stdout]   12:     0x6006c27835a0 - api_validation[c840bc60fdfb6953]::open_with_default_rejects_missing_path
[INFO] [stdout]   13:     0x6006c2784a46 - <api_validation[c840bc60fdfb6953]::open_with_default_rejects_missing_path::{closure#0} as core[a373ad73a504971]::ops::function::FnOnce<()>>::call_once
[INFO] [stdout]   14:     0x6006c278590b - test[aada8e7e76ba119b]::__rust_begin_short_backtrace::<core[a373ad73a504971]::result::Result<(), alloc[2e1b2a31b91974c5]::string::String>, fn() -> core[a373ad73a504971]::result::Result<(), alloc[2e1b2a31b91974c5]::string::String>>
[INFO] [stdout]   15:     0x6006c2792ae5 - test[aada8e7e76ba119b]::run_test::{closure#0}
[INFO] [stdout]   16:     0x6006c278c3d4 - std[617be2ca0a6fd877]::sys::backtrace::__rust_begin_short_backtrace::<test[aada8e7e76ba119b]::run_test::{closure#1}, ()>
[INFO] [stdout]   17:     0x6006c2795b72 - <std[617be2ca0a6fd877]::thread::lifecycle::spawn_unchecked<test[aada8e7e76ba119b]::run_test::{closure#1}, ()>::{closure#1} as core[a373ad73a504971]::ops::function::FnOnce<()>>::call_once::{shim:vtable#0}
[INFO] [stdout]   18:     0x6006c27fd67f - <std[617be2ca0a6fd877]::sys::thread::unix::Thread>::new::thread_start
[INFO] [stdout]   19:     0x7a127ba33dfa - <unknown>
[INFO] [stdout]   20:     0x7a127bac73d4 - clone
[INFO] [stdout]   21:                0x0 - <unknown>
[INFO] [stdout] 
[INFO] [stdout] ---- reveal_in_explorer_rejects_missing_path stdout ----
[INFO] [stdout] 
[INFO] [stdout] thread 'reveal_in_explorer_rejects_missing_path' (665) panicked at tests/api_validation.rs:125:5:
[INFO] [stdout] assertion failed: matches!(result, Err(Error::PathDoesNotExist))
[INFO] [stdout] stack backtrace:
[INFO] [stdout]    0:     0x6006c27fe001 - <<std[617be2ca0a6fd877]::sys::backtrace::BacktraceLock>::print::DisplayBacktrace as core[a373ad73a504971]::fmt::Display>::fmt
[INFO] [stdout]    1:     0x6006c281245a - core[a373ad73a504971]::fmt::write
[INFO] [stdout]    2:     0x6006c280221c - <alloc[2e1b2a31b91974c5]::vec::Vec<u8> as core[a373ad73a504971]::io::write::Write>::write_fmt
[INFO] [stdout]    3:     0x6006c27d9c96 - std[617be2ca0a6fd877]::panicking::default_hook::{closure#0}
[INFO] [stdout]    4:     0x6006c27f63d9 - std[617be2ca0a6fd877]::panicking::default_hook
[INFO] [stdout]    5:     0x6006c27924c0 - test[aada8e7e76ba119b]::test_main_inner::{closure#0}
[INFO] [stdout]    6:     0x6006c27f6592 - std[617be2ca0a6fd877]::panicking::panic_with_hook
[INFO] [stdout]    7:     0x6006c27d9d74 - std[617be2ca0a6fd877]::panicking::panic_handler::{closure#0}
[INFO] [stdout]    8:     0x6006c27d29a9 - std[617be2ca0a6fd877]::sys::backtrace::__rust_end_short_backtrace::<std[617be2ca0a6fd877]::panicking::panic_handler::{closure#0}, !>
[INFO] [stdout]    9:     0x6006c27da94d - __rustc[ea4f61d10b84890b]::rust_begin_unwind
[INFO] [stdout]   10:     0x6006c2812b8c - core[a373ad73a504971]::panicking::panic_fmt
[INFO] [stdout]   11:     0x6006c2812b52 - core[a373ad73a504971]::panicking::panic
[INFO] [stdout]   12:     0x6006c27835c0 - api_validation[c840bc60fdfb6953]::reveal_in_explorer_rejects_missing_path
[INFO] [stdout]   13:     0x6006c2784c1e - <api_validation[c840bc60fdfb6953]::reveal_in_explorer_rejects_missing_path::{closure#0} as core[a373ad73a504971]::ops::function::FnOnce<()>>::call_once
[INFO] [stdout]   14:     0x6006c278590b - test[aada8e7e76ba119b]::__rust_begin_short_backtrace::<core[a373ad73a504971]::result::Result<(), alloc[2e1b2a31b91974c5]::string::String>, fn() -> core[a373ad73a504971]::result::Result<(), alloc[2e1b2a31b91974c5]::string::String>>
[INFO] [stdout]   15:     0x6006c2792ae5 - test[aada8e7e76ba119b]::run_test::{closure#0}
[INFO] [stdout]   16:     0x6006c278c3d4 - std[617be2ca0a6fd877]::sys::backtrace::__rust_begin_short_backtrace::<test[aada8e7e76ba119b]::run_test::{closure#1}, ()>
[INFO] [stdout]   17:     0x6006c2795b72 - <std[617be2ca0a6fd877]::thread::lifecycle::spawn_unchecked<test[aada8e7e76ba119b]::run_test::{closure#1}, ()>::{closure#1} as core[a373ad73a504971]::ops::function::FnOnce<()>>::call_once::{shim:vtable#0}
[INFO] [stdout]   18:     0x6006c27fd67f - <std[617be2ca0a6fd877]::sys::thread::unix::Thread>::new::thread_start
[INFO] [stdout]   19:     0x7a127ba33dfa - <unknown>
[INFO] [stdout]   20:     0x7a127bac73d4 - clone
[INFO] [stdout]   21:                0x0 - <unknown>
[INFO] [stdout] 
[INFO] [stdout] ---- open_with_verb_rejects_empty_path stdout ----
[INFO] [stdout] 
[INFO] [stdout] thread 'open_with_verb_rejects_empty_path' (659) panicked at tests/api_validation.rs:50:5:
[INFO] [stdout] assertion failed: matches!(result, Err(Error::InvalidInput(_)))
[INFO] [stdout] stack backtrace:
[INFO] [stdout]    0:     0x6006c27fe001 - <<std[617be2ca0a6fd877]::sys::backtrace::BacktraceLock>::print::DisplayBacktrace as core[a373ad73a504971]::fmt::Display>::fmt
[INFO] [stdout]    1:     0x6006c281245a - core[a373ad73a504971]::fmt::write
[INFO] [stdout]    2:     0x6006c280221c - <alloc[2e1b2a31b91974c5]::vec::Vec<u8> as core[a373ad73a504971]::io::write::Write>::write_fmt
[INFO] [stdout]    3:     0x6006c27d9c96 - std[617be2ca0a6fd877]::panicking::default_hook::{closure#0}
[INFO] [stdout]    4:     0x6006c27f63d9 - std[617be2ca0a6fd877]::panicking::default_hook
[INFO] [stdout]    5:     0x6006c27924c0 - test[aada8e7e76ba119b]::test_main_inner::{closure#0}
[INFO] [stdout]    6:     0x6006c27f6592 - std[617be2ca0a6fd877]::panicking::panic_with_hook
[INFO] [stdout]    7:     0x6006c27d9d74 - std[617be2ca0a6fd877]::panicking::panic_handler::{closure#0}
[INFO] [stdout]    8:     0x6006c27d29a9 - std[617be2ca0a6fd877]::sys::backtrace::__rust_end_short_backtrace::<std[617be2ca0a6fd877]::panicking::panic_handler::{closure#0}, !>
[INFO] [stdout]    9:     0x6006c27da94d - __rustc[ea4f61d10b84890b]::rust_begin_unwind
[INFO] [stdout]   10:     0x6006c2812b8c - core[a373ad73a504971]::panicking::panic_fmt
[INFO] [stdout]   11:     0x6006c2812b52 - core[a373ad73a504971]::panicking::panic
[INFO] [stdout]   12:     0x6006c27834ba - api_validation[c840bc60fdfb6953]::open_with_verb_rejects_empty_path
[INFO] [stdout]   13:     0x6006c278491e - <api_validation[c840bc60fdfb6953]::open_with_verb_rejects_empty_path::{closure#0} as core[a373ad73a504971]::ops::function::FnOnce<()>>::call_once
[INFO] [stdout]   14:     0x6006c278590b - test[aada8e7e76ba119b]::__rust_begin_short_backtrace::<core[a373ad73a504971]::result::Result<(), alloc[2e1b2a31b91974c5]::string::String>, fn() -> core[a373ad73a504971]::result::Result<(), alloc[2e1b2a31b91974c5]::string::String>>
[INFO] [stdout]   15:     0x6006c2792ae5 - test[aada8e7e76ba119b]::run_test::{closure#0}
[INFO] [stdout]   16:     0x6006c278c3d4 - std[617be2ca0a6fd877]::sys::backtrace::__rust_begin_short_backtrace::<test[aada8e7e76ba119b]::run_test::{closure#1}, ()>
[INFO] [stdout]   17:     0x6006c2795b72 - <std[617be2ca0a6fd877]::thread::lifecycle::spawn_unchecked<test[aada8e7e76ba119b]::run_test::{closure#1}, ()>::{closure#1} as core[a373ad73a504971]::ops::function::FnOnce<()>>::call_once::{shim:vtable#0}
[INFO] [stdout]   18:     0x6006c27fd67f - <std[617be2ca0a6fd877]::sys::thread::unix::Thread>::new::thread_start
[INFO] [stdout]   19:     0x7a127ba33dfa - <unknown>
[INFO] [stdout]   20:     0x7a127bac73d4 - clone
[INFO] [stdout]   21:                0x0 - <unknown>
[INFO] [stdout] 
[INFO] [stdout] ---- move_paths_to_recycle_bin_rejects_missing_absolute_path stdout ----
[INFO] [stdout] 
[INFO] [stdout] thread 'move_paths_to_recycle_bin_rejects_missing_absolute_path' (642) panicked at tests/api_validation.rs:182:5:
[INFO] [stdout] assertion failed: matches!(result, Err(Error::PathDoesNotExist))
[INFO] [stdout] stack backtrace:
[INFO] [stdout]    0:     0x6006c27fe001 - <<std[617be2ca0a6fd877]::sys::backtrace::BacktraceLock>::print::DisplayBacktrace as core[a373ad73a504971]::fmt::Display>::fmt
[INFO] [stdout]    1:     0x6006c281245a - core[a373ad73a504971]::fmt::write
[INFO] [stdout]    2:     0x6006c280221c - <alloc[2e1b2a31b91974c5]::vec::Vec<u8> as core[a373ad73a504971]::io::write::Write>::write_fmt
[INFO] [stdout]    3:     0x6006c27d9c96 - std[617be2ca0a6fd877]::panicking::default_hook::{closure#0}
[INFO] [stdout]    4:     0x6006c27f63d9 - std[617be2ca0a6fd877]::panicking::default_hook
[INFO] [stdout]    5:     0x6006c27924c0 - test[aada8e7e76ba119b]::test_main_inner::{closure#0}
[INFO] [stdout]    6:     0x6006c27f6592 - std[617be2ca0a6fd877]::panicking::panic_with_hook
[INFO] [stdout]    7:     0x6006c27d9d74 - std[617be2ca0a6fd877]::panicking::panic_handler::{closure#0}
[INFO] [stdout]    8:     0x6006c27d29a9 - std[617be2ca0a6fd877]::sys::backtrace::__rust_end_short_backtrace::<std[617be2ca0a6fd877]::panicking::panic_handler::{closure#0}, !>
[INFO] [stdout]    9:     0x6006c27da94d - __rustc[ea4f61d10b84890b]::rust_begin_unwind
[INFO] [stdout]   10:     0x6006c2812b8c - core[a373ad73a504971]::panicking::panic_fmt
[INFO] [stdout]   11:     0x6006c2812b52 - core[a373ad73a504971]::panicking::panic
[INFO] [stdout]   12:     0x6006c2783d80 - api_validation[c840bc60fdfb6953]::move_paths_to_recycle_bin_rejects_missing_absolute_path
[INFO] [stdout]   13:     0x6006c2785896 - <api_validation[c840bc60fdfb6953]::move_paths_to_recycle_bin_rejects_missing_absolute_path::{closure#0} as core[a373ad73a504971]::ops::function::FnOnce<()>>::call_once
[INFO] [stdout]   14:     0x6006c278590b - test[aada8e7e76ba119b]::__rust_begin_short_backtrace::<core[a373ad73a504971]::result::Result<(), alloc[2e1b2a31b91974c5]::string::String>, fn() -> core[a373ad73a504971]::result::Result<(), alloc[2e1b2a31b91974c5]::string::String>>
[INFO] [stdout]   15:     0x6006c2792ae5 - test[aada8e7e76ba119b]::run_test::{closure#0}
[INFO] [stdout]   16:     0x6006c278c3d4 - std[617be2ca0a6fd877]::sys::backtrace::__rust_begin_short_backtrace::<test[aada8e7e76ba119b]::run_test::{closure#1}, ()>
[INFO] [stdout]   17:     0x6006c2795b72 - <std[617be2ca0a6fd877]::thread::lifecycle::spawn_unchecked<test[aada8e7e76ba119b]::run_test::{closure#1}, ()>::{closure#1} as core[a373ad73a504971]::ops::function::FnOnce<()>>::call_once::{shim:vtable#0}
[INFO] [stdout]   18:     0x6006c27fd67f - <std[617be2ca0a6fd877]::sys::thread::unix::Thread>::new::thread_start
[INFO] [stdout]   19:     0x7a127ba33dfa - <unknown>
[INFO] [stdout]   20:     0x7a127bac73d4 - clone
[INFO] [stdout]   21:                0x0 - <unknown>
[INFO] [stdout] 
[INFO] [stdout] ---- open_containing_folder_rejects_empty_path stdout ----
[INFO] [stdout] 
[INFO] [stdout] thread 'open_containing_folder_rejects_empty_path' (650) panicked at tests/api_validation.rs:69:5:
[INFO] [stdout] assertion failed: matches!(result, Err(Error::InvalidInput(_)))
[INFO] [stdout] stack backtrace:
[INFO] [stdout]    0:     0x6006c27fe001 - <<std[617be2ca0a6fd877]::sys::backtrace::BacktraceLock>::print::DisplayBacktrace as core[a373ad73a504971]::fmt::Display>::fmt
[INFO] [stdout]    1:     0x6006c281245a - core[a373ad73a504971]::fmt::write
[INFO] [stdout]    2:     0x6006c280221c - <alloc[2e1b2a31b91974c5]::vec::Vec<u8> as core[a373ad73a504971]::io::write::Write>::write_fmt
[INFO] [stdout]    3:     0x6006c27d9c96 - std[617be2ca0a6fd877]::panicking::default_hook::{closure#0}
[INFO] [stdout]    4:     0x6006c27f63d9 - std[617be2ca0a6fd877]::panicking::default_hook
[INFO] [stdout]    5:     0x6006c27924c0 - test[aada8e7e76ba119b]::test_main_inner::{closure#0}
[INFO] [stdout]    6:     0x6006c27f6592 - std[617be2ca0a6fd877]::panicking::panic_with_hook
[INFO] [stdout]    7:     0x6006c27d9d74 - std[617be2ca0a6fd877]::panicking::panic_handler::{closure#0}
[INFO] [stdout]    8:     0x6006c27d29a9 - std[617be2ca0a6fd877]::sys::backtrace::__rust_end_short_backtrace::<std[617be2ca0a6fd877]::panicking::panic_handler::{closure#0}, !>
[INFO] [stdout]    9:     0x6006c27da94d - __rustc[ea4f61d10b84890b]::rust_begin_unwind
[INFO] [stdout]   10:     0x6006c2812b8c - core[a373ad73a504971]::panicking::panic_fmt
[INFO] [stdout]   11:     0x6006c2812b52 - core[a373ad73a504971]::panicking::panic
[INFO] [stdout]   12:     0x6006c278363a - api_validation[c840bc60fdfb6953]::open_containing_folder_rejects_empty_path
[INFO] [stdout]   13:     0x6006c2784c3e - <api_validation[c840bc60fdfb6953]::open_containing_folder_rejects_empty_path::{closure#0} as core[a373ad73a504971]::ops::function::FnOnce<()>>::call_once
[INFO] [stdout]   14:     0x6006c278590b - test[aada8e7e76ba119b]::__rust_begin_short_backtrace::<core[a373ad73a504971]::result::Result<(), alloc[2e1b2a31b91974c5]::string::String>, fn() -> core[a373ad73a504971]::result::Result<(), alloc[2e1b2a31b91974c5]::string::String>>
[INFO] [stdout]   15:     0x6006c2792ae5 - test[aada8e7e76ba119b]::run_test::{closure#0}
[INFO] [stdout]   16:     0x6006c278c3d4 - std[617be2ca0a6fd877]::sys::backtrace::__rust_begin_short_backtrace::<test[aada8e7e76ba119b]::run_test::{closure#1}, ()>
[INFO] [stdout]   17:     0x6006c2795b72 - <std[617be2ca0a6fd877]::thread::lifecycle::spawn_unchecked<test[aada8e7e76ba119b]::run_test::{closure#1}, ()>::{closure#1} as core[a373ad73a504971]::ops::function::FnOnce<()>>::call_once::{shim:vtable#0}
[INFO] [stdout]   18:     0x6006c27fd67f - <std[617be2ca0a6fd877]::sys::thread::unix::Thread>::new::thread_start
[INFO] [stdout]   19:     0x7a127ba33dfa - <unknown>
[INFO] [stdout]   20:     0x7a127bac73d4 - clone
[INFO] [stdout]   21:                0x0 - <unknown>
[INFO] [stdout] 
[INFO] [stdout] ---- move_paths_to_recycle_bin_rejects_relative_path stdout ----
[INFO] [stdout] 
[INFO] [stdout] thread 'move_paths_to_recycle_bin_rejects_relative_path' (644) panicked at tests/api_validation.rs:175:5:
[INFO] [stdout] assertion failed: matches!(result, Err(Error::PathNotAbsolute))
[INFO] [stdout] stack backtrace:
[INFO] [stdout]    0:     0x6006c27fe001 - <<std[617be2ca0a6fd877]::sys::backtrace::BacktraceLock>::print::DisplayBacktrace as core[a373ad73a504971]::fmt::Display>::fmt
[INFO] [stdout]    1:     0x6006c281245a - core[a373ad73a504971]::fmt::write
[INFO] [stdout]    2:     0x6006c280221c - <alloc[2e1b2a31b91974c5]::vec::Vec<u8> as core[a373ad73a504971]::io::write::Write>::write_fmt
[INFO] [stdout]    3:     0x6006c27d9c96 - std[617be2ca0a6fd877]::panicking::default_hook::{closure#0}
[INFO] [stdout]    4:     0x6006c27f63d9 - std[617be2ca0a6fd877]::panicking::default_hook
[INFO] [stdout]    5:     0x6006c27924c0 - test[aada8e7e76ba119b]::test_main_inner::{closure#0}
[INFO] [stdout]    6:     0x6006c27f6592 - std[617be2ca0a6fd877]::panicking::panic_with_hook
[INFO] [stdout]    7:     0x6006c27d9d74 - std[617be2ca0a6fd877]::panicking::panic_handler::{closure#0}
[INFO] [stdout]    8:     0x6006c27d29a9 - std[617be2ca0a6fd877]::sys::backtrace::__rust_end_short_backtrace::<std[617be2ca0a6fd877]::panicking::panic_handler::{closure#0}, !>
[INFO] [stdout]    9:     0x6006c27da94d - __rustc[ea4f61d10b84890b]::rust_begin_unwind
[INFO] [stdout]   10:     0x6006c2812b8c - core[a373ad73a504971]::panicking::panic_fmt
[INFO] [stdout]   11:     0x6006c2812b52 - core[a373ad73a504971]::panicking::panic
[INFO] [stdout]   12:     0x6006c27839b0 - api_validation[c840bc60fdfb6953]::move_paths_to_recycle_bin_rejects_relative_path
[INFO] [stdout]   13:     0x6006c2784fa6 - <api_validation[c840bc60fdfb6953]::move_paths_to_recycle_bin_rejects_relative_path::{closure#0} as core[a373ad73a504971]::ops::function::FnOnce<()>>::call_once
[INFO] [stdout]   14:     0x6006c278590b - test[aada8e7e76ba119b]::__rust_begin_short_backtrace::<core[a373ad73a504971]::result::Result<(), alloc[2e1b2a31b91974c5]::string::String>, fn() -> core[a373ad73a504971]::result::Result<(), alloc[2e1b2a31b91974c5]::string::String>>
[INFO] [stdout]   15:     0x6006c2792ae5 - test[aada8e7e76ba119b]::run_test::{closure#0}
[INFO] [stdout]   16:     0x6006c278c3d4 - std[617be2ca0a6fd877]::sys::backtrace::__rust_begin_short_backtrace::<test[aada8e7e76ba119b]::run_test::{closure#1}, ()>
[INFO] [stdout]   17:     0x6006c2795b72 - <std[617be2ca0a6fd877]::thread::lifecycle::spawn_unchecked<test[aada8e7e76ba119b]::run_test::{closure#1}, ()>::{closure#1} as core[a373ad73a504971]::ops::function::FnOnce<()>>::call_once::{shim:vtable#0}
[INFO] [stdout]   18:     0x6006c27fd67f - <std[617be2ca0a6fd877]::sys::thread::unix::Thread>::new::thread_start
[INFO] [stdout]   19:     0x7a127ba33dfa - <unknown>
[INFO] [stdout]   20:     0x7a127bac73d4 - clone
[INFO] [stdout]   21:                0x0 - <unknown>
[INFO] [stdout] 
[INFO] [stdout] ---- move_to_recycle_bin_rejects_missing_absolute_path stdout ----
[INFO] [stdout] 
[INFO] [stdout] thread 'move_to_recycle_bin_rejects_missing_absolute_path' (646) panicked at tests/api_validation.rs:150:5:
[INFO] [stdout] assertion failed: matches!(result, Err(Error::PathDoesNotExist))
[INFO] [stdout] stack backtrace:
[INFO] [stdout]    0:     0x6006c27fe001 - <<std[617be2ca0a6fd877]::sys::backtrace::BacktraceLock>::print::DisplayBacktrace as core[a373ad73a504971]::fmt::Display>::fmt
[INFO] [stdout]    1:     0x6006c281245a - core[a373ad73a504971]::fmt::write
[INFO] [stdout]    2:     0x6006c280221c - <alloc[2e1b2a31b91974c5]::vec::Vec<u8> as core[a373ad73a504971]::io::write::Write>::write_fmt
[INFO] [stdout]    3:     0x6006c27d9c96 - std[617be2ca0a6fd877]::panicking::default_hook::{closure#0}
[INFO] [stdout]    4:     0x6006c27f63d9 - std[617be2ca0a6fd877]::panicking::default_hook
[INFO] [stdout]    5:     0x6006c27924c0 - test[aada8e7e76ba119b]::test_main_inner::{closure#0}
[INFO] [stdout]    6:     0x6006c27f6592 - std[617be2ca0a6fd877]::panicking::panic_with_hook
[INFO] [stdout]    7:     0x6006c27d9d74 - std[617be2ca0a6fd877]::panicking::panic_handler::{closure#0}
[INFO] [stdout]    8:     0x6006c27d29a9 - std[617be2ca0a6fd877]::sys::backtrace::__rust_end_short_backtrace::<std[617be2ca0a6fd877]::panicking::panic_handler::{closure#0}, !>
[INFO] [stdout]    9:     0x6006c27da94d - __rustc[ea4f61d10b84890b]::rust_begin_unwind
[INFO] [stdout]   10:     0x6006c2812b8c - core[a373ad73a504971]::panicking::panic_fmt
[INFO] [stdout]   11:     0x6006c2812b52 - core[a373ad73a504971]::panicking::panic
[INFO] [stdout]   12:     0x6006c2783b90 - api_validation[c840bc60fdfb6953]::move_to_recycle_bin_rejects_missing_absolute_path
[INFO] [stdout]   13:     0x6006c27850de - <api_validation[c840bc60fdfb6953]::move_to_recycle_bin_rejects_missing_absolute_path::{closure#0} as core[a373ad73a504971]::ops::function::FnOnce<()>>::call_once
[INFO] [stdout]   14:     0x6006c278590b - test[aada8e7e76ba119b]::__rust_begin_short_backtrace::<core[a373ad73a504971]::result::Result<(), alloc[2e1b2a31b91974c5]::string::String>, fn() -> core[a373ad73a504971]::result::Result<(), alloc[2e1b2a31b91974c5]::string::String>>
[INFO] [stdout]   15:     0x6006c2792ae5 - test[aada8e7e76ba119b]::run_test::{closure#0}
[INFO] [stdout]   16:     0x6006c278c3d4 - std[617be2ca0a6fd877]::sys::backtrace::__rust_begin_short_backtrace::<test[aada8e7e76ba119b]::run_test::{closure#1}, ()>
[INFO] [stdout]   17:     0x6006c2795b72 - <std[617be2ca0a6fd877]::thread::lifecycle::spawn_unchecked<test[aada8e7e76ba119b]::run_test::{closure#1}, ()>::{closure#1} as core[a373ad73a504971]::ops::function::FnOnce<()>>::call_once::{shim:vtable#0}
[INFO] [stdout]   18:     0x6006c27fd67f - <std[617be2ca0a6fd877]::sys::thread::unix::Thread>::new::thread_start
[INFO] [stdout]   19:     0x7a127ba33dfa - <unknown>
[INFO] [stdout]   20:     0x7a127bac73d4 - clone
[INFO] [stdout]   21:                0x0 - <unknown>
[INFO] [stdout] 
[INFO] [stdout] ---- open_url_rejects_nul_bytes stdout ----
[INFO] [stdout] 
[INFO] [stdout] thread 'open_url_rejects_nul_bytes' (654) panicked at tests/api_validation.rs:106:5:
[INFO] [stdout] assertion failed: matches!(result, Err(Error::InvalidInput(_)))
[INFO] [stdout] stack backtrace:
[INFO] [stdout]    0:     0x6006c27fe001 - <<std[617be2ca0a6fd877]::sys::backtrace::BacktraceLock>::print::DisplayBacktrace as core[a373ad73a504971]::fmt::Display>::fmt
[INFO] [stdout]    1:     0x6006c281245a - core[a373ad73a504971]::fmt::write
[INFO] [stdout]    2:     0x6006c280221c - <alloc[2e1b2a31b91974c5]::vec::Vec<u8> as core[a373ad73a504971]::io::write::Write>::write_fmt
[INFO] [stdout]    3:     0x6006c27d9c96 - std[617be2ca0a6fd877]::panicking::default_hook::{closure#0}
[INFO] [stdout]    4:     0x6006c27f63d9 - std[617be2ca0a6fd877]::panicking::default_hook
[INFO] [stdout]    5:     0x6006c27924c0 - test[aada8e7e76ba119b]::test_main_inner::{closure#0}
[INFO] [stdout]    6:     0x6006c27f6592 - std[617be2ca0a6fd877]::panicking::panic_with_hook
[INFO] [stdout]    7:     0x6006c27d9d74 - std[617be2ca0a6fd877]::panicking::panic_handler::{closure#0}
[INFO] [stdout]    8:     0x6006c27d29a9 - std[617be2ca0a6fd877]::sys::backtrace::__rust_end_short_backtrace::<std[617be2ca0a6fd877]::panicking::panic_handler::{closure#0}, !>
[INFO] [stdout]    9:     0x6006c27da94d - __rustc[ea4f61d10b84890b]::rust_begin_unwind
[INFO] [stdout]   10:     0x6006c2812b8c - core[a373ad73a504971]::panicking::panic_fmt
[INFO] [stdout]   11:     0x6006c2812b52 - core[a373ad73a504971]::panicking::panic
[INFO] [stdout]   12:     0x6006c27842ba - <api_validation[c840bc60fdfb6953]::open_url_rejects_nul_bytes::{closure#0} as core[a373ad73a504971]::ops::function::FnOnce<()>>::call_once
[INFO] [stdout]   13:     0x6006c278590b - test[aada8e7e76ba119b]::__rust_begin_short_backtrace::<core[a373ad73a504971]::result::Result<(), alloc[2e1b2a31b91974c5]::string::String>, fn() -> core[a373ad73a504971]::result::Result<(), alloc[2e1b2a31b91974c5]::string::String>>
[INFO] [stdout]   14:     0x6006c2792ae5 - test[aada8e7e76ba119b]::run_test::{closure#0}
[INFO] [stdout]   15:     0x6006c278c3d4 - std[617be2ca0a6fd877]::sys::backtrace::__rust_begin_short_backtrace::<test[aada8e7e76ba119b]::run_test::{closure#1}, ()>
[INFO] [stdout]   16:     0x6006c2795b72 - <std[617be2ca0a6fd877]::thread::lifecycle::spawn_unchecked<test[aada8e7e76ba119b]::run_test::{closure#1}, ()>::{closure#1} as core[a373ad73a504971]::ops::function::FnOnce<()>>::call_once::{shim:vtable#0}
[INFO] [stdout]   17:     0x6006c27fd67f - <std[617be2ca0a6fd877]::sys::thread::unix::Thread>::new::thread_start
[INFO] [stdout]   18:     0x7a127ba33dfa - <unknown>
[INFO] [stdout]   19:     0x7a127bac73d4 - clone
[INFO] [stdout]   20:                0x0 - <unknown>
[INFO] [stdout] 
[INFO] [stdout] ---- single_instance_rejects_backslashes_in_app_id stdout ----
[INFO] [stdout] 
[INFO] [stdout] thread 'single_instance_rejects_backslashes_in_app_id' (672) panicked at tests/api_validation.rs:381:5:
[INFO] [stdout] assertion failed: matches!(result, Err(Error::InvalidInput(_)))
[INFO] [stdout] stack backtrace:
[INFO] [stdout]    0:     0x6006c27fe001 - <<std[617be2ca0a6fd877]::sys::backtrace::BacktraceLock>::print::DisplayBacktrace as core[a373ad73a504971]::fmt::Display>::fmt
[INFO] [stdout]    1:     0x6006c281245a - core[a373ad73a504971]::fmt::write
[INFO] [stdout]    2:     0x6006c280221c - <alloc[2e1b2a31b91974c5]::vec::Vec<u8> as core[a373ad73a504971]::io::write::Write>::write_fmt
[INFO] [stdout]    3:     0x6006c27d9c96 - std[617be2ca0a6fd877]::panicking::default_hook::{closure#0}
[INFO] [stdout]    4:     0x6006c27f63d9 - std[617be2ca0a6fd877]::panicking::default_hook
[INFO] [stdout]    5:     0x6006c27924c0 - test[aada8e7e76ba119b]::test_main_inner::{closure#0}
[INFO] [stdout]    6:     0x6006c27f6592 - std[617be2ca0a6fd877]::panicking::panic_with_hook
[INFO] [stdout]    7:     0x6006c27d9d74 - std[617be2ca0a6fd877]::panicking::panic_handler::{closure#0}
[INFO] [stdout]    8:     0x6006c27d29a9 - std[617be2ca0a6fd877]::sys::backtrace::__rust_end_short_backtrace::<std[617be2ca0a6fd877]::panicking::panic_handler::{closure#0}, !>
[INFO] [stdout]    9:     0x6006c27da94d - __rustc[ea4f61d10b84890b]::rust_begin_unwind
[INFO] [stdout]   10:     0x6006c2812b8c - core[a373ad73a504971]::panicking::panic_fmt
[INFO] [stdout]   11:     0x6006c2812b52 - core[a373ad73a504971]::panicking::panic
[INFO] [stdout]   12:     0x6006c2784f8a - <api_validation[c840bc60fdfb6953]::single_instance_rejects_backslashes_in_app_id::{closure#0} as core[a373ad73a504971]::ops::function::FnOnce<()>>::call_once
[INFO] [stdout]   13:     0x6006c278590b - test[aada8e7e76ba119b]::__rust_begin_short_backtrace::<core[a373ad73a504971]::result::Result<(), alloc[2e1b2a31b91974c5]::string::String>, fn() -> core[a373ad73a504971]::result::Result<(), alloc[2e1b2a31b91974c5]::string::String>>
[INFO] [stdout]   14:     0x6006c2792ae5 - test[aada8e7e76ba119b]::run_test::{closure#0}
[INFO] [stdout]   15:     0x6006c278c3d4 - std[617be2ca0a6fd877]::sys::backtrace::__rust_begin_short_backtrace::<test[aada8e7e76ba119b]::run_test::{closure#1}, ()>
[INFO] [stdout]   16:     0x6006c2795b72 - <std[617be2ca0a6fd877]::thread::lifecycle::spawn_unchecked<test[aada8e7e76ba119b]::run_test::{closure#1}, ()>::{closure#1} as core[a373ad73a504971]::ops::function::FnOnce<()>>::call_once::{shim:vtable#0}
[INFO] [stdout]   17:     0x6006c27fd67f - <std[617be2ca0a6fd877]::sys::thread::unix::Thread>::new::thread_start
[INFO] [stdout]   18:     0x7a127ba33dfa - <unknown>
[INFO] [stdout]   19:     0x7a127bac73d4 - clone
[INFO] [stdout]   20:                0x0 - <unknown>
[INFO] [stdout] 
[INFO] [stdout] ---- reveal_in_explorer_rejects_nul_bytes_in_path stdout ----
[INFO] [stdout] 
[INFO] [stdout] thread 'reveal_in_explorer_rejects_nul_bytes_in_path' (666) panicked at tests/api_validation.rs:118:5:
[INFO] [stdout] assertion failed: matches!(result, Err(Error::InvalidInput(_)))
[INFO] [stdout] stack backtrace:
[INFO] [stdout]    0:     0x6006c27fe001 - <<std[617be2ca0a6fd877]::sys::backtrace::BacktraceLock>::print::DisplayBacktrace as core[a373ad73a504971]::fmt::Display>::fmt
[INFO] [stdout]    1:     0x6006c281245a - core[a373ad73a504971]::fmt::write
[INFO] [stdout]    2:     0x6006c280221c - <alloc[2e1b2a31b91974c5]::vec::Vec<u8> as core[a373ad73a504971]::io::write::Write>::write_fmt
[INFO] [stdout]    3:     0x6006c27d9c96 - std[617be2ca0a6fd877]::panicking::default_hook::{closure#0}
[INFO] [stdout]    4:     0x6006c27f63d9 - std[617be2ca0a6fd877]::panicking::default_hook
[INFO] [stdout]    5:     0x6006c27924c0 - test[aada8e7e76ba119b]::test_main_inner::{closure#0}
[INFO] [stdout]    6:     0x6006c27f6592 - std[617be2ca0a6fd877]::panicking::panic_with_hook
[INFO] [stdout]    7:     0x6006c27d9d74 - std[617be2ca0a6fd877]::panicking::panic_handler::{closure#0}
[INFO] [stdout]    8:     0x6006c27d29a9 - std[617be2ca0a6fd877]::sys::backtrace::__rust_end_short_backtrace::<std[617be2ca0a6fd877]::panicking::panic_handler::{closure#0}, !>
[INFO] [stdout]    9:     0x6006c27da94d - __rustc[ea4f61d10b84890b]::rust_begin_unwind
[INFO] [stdout]   10:     0x6006c2812b8c - core[a373ad73a504971]::panicking::panic_fmt
[INFO] [stdout]   11:     0x6006c2812b52 - core[a373ad73a504971]::panicking::panic
[INFO] [stdout]   12:     0x6006c2783710 - api_validation[c840bc60fdfb6953]::reveal_in_explorer_rejects_nul_bytes_in_path
[INFO] [stdout]   13:     0x6006c2784f46 - <api_validation[c840bc60fdfb6953]::reveal_in_explorer_rejects_nul_bytes_in_path::{closure#0} as core[a373ad73a504971]::ops::function::FnOnce<()>>::call_once
[INFO] [stdout]   14:     0x6006c278590b - test[aada8e7e76ba119b]::__rust_begin_short_backtrace::<core[a373ad73a504971]::result::Result<(), alloc[2e1b2a31b91974c5]::string::String>, fn() -> core[a373ad73a504971]::result::Result<(), alloc[2e1b2a31b91974c5]::string::String>>
[INFO] [stdout]   15:     0x6006c2792ae5 - test[aada8e7e76ba119b]::run_test::{closure#0}
[INFO] [stdout]   16:     0x6006c278c3d4 - std[617be2ca0a6fd877]::sys::backtrace::__rust_begin_short_backtrace::<test[aada8e7e76ba119b]::run_test::{closure#1}, ()>
[INFO] [stdout]   17:     0x6006c2795b72 - <std[617be2ca0a6fd877]::thread::lifecycle::spawn_unchecked<test[aada8e7e76ba119b]::run_test::{closure#1}, ()>::{closure#1} as core[a373ad73a504971]::ops::function::FnOnce<()>>::call_once::{shim:vtable#0}
[INFO] [stdout]   18:     0x6006c27fd67f - <std[617be2ca0a6fd877]::sys::thread::unix::Thread>::new::thread_start
[INFO] [stdout]   19:     0x7a127ba33dfa - <unknown>
[INFO] [stdout]   20:     0x7a127bac73d4 - clone
[INFO] [stdout]   21:                0x0 - <unknown>
[INFO] [stdout] 
[INFO] [stdout] ---- open_with_verb_rejects_empty_verb stdout ----
[INFO] [stdout] 
[INFO] [stdout] thread 'open_with_verb_rejects_empty_verb' (660) panicked at tests/api_validation.rs:38:5:
[INFO] [stdout] assertion failed: matches!(result, Err(Error::InvalidInput(_)))
[INFO] [stdout] stack backtrace:
[INFO] [stdout]    0:     0x6006c27fe001 - <<std[617be2ca0a6fd877]::sys::backtrace::BacktraceLock>::print::DisplayBacktrace as core[a373ad73a504971]::fmt::Display>::fmt
[INFO] [stdout]    1:     0x6006c281245a - core[a373ad73a504971]::fmt::write
[INFO] [stdout]    2:     0x6006c280221c - <alloc[2e1b2a31b91974c5]::vec::Vec<u8> as core[a373ad73a504971]::io::write::Write>::write_fmt
[INFO] [stdout]    3:     0x6006c27d9c96 - std[617be2ca0a6fd877]::panicking::default_hook::{closure#0}
[INFO] [stdout]    4:     0x6006c27f63d9 - std[617be2ca0a6fd877]::panicking::default_hook
[INFO] [stdout]    5:     0x6006c27924c0 - test[aada8e7e76ba119b]::test_main_inner::{closure#0}
[INFO] [stdout]    6:     0x6006c27f6592 - std[617be2ca0a6fd877]::panicking::panic_with_hook
[INFO] [stdout]    7:     0x6006c27d9d74 - std[617be2ca0a6fd877]::panicking::panic_handler::{closure#0}
[INFO] [stdout]    8:     0x6006c27d29a9 - std[617be2ca0a6fd877]::sys::backtrace::__rust_end_short_backtrace::<std[617be2ca0a6fd877]::panicking::panic_handler::{closure#0}, !>
[INFO] [stdout]    9:     0x6006c27da94d - __rustc[ea4f61d10b84890b]::rust_begin_unwind
[INFO] [stdout]   10:     0x6006c2812b8c - core[a373ad73a504971]::panicking::panic_fmt
[INFO] [stdout]   11:     0x6006c2812b52 - core[a373ad73a504971]::panicking::panic
[INFO] [stdout]   12:     0x6006c27834da - api_validation[c840bc60fdfb6953]::open_with_verb_rejects_empty_verb
[INFO] [stdout]   13:     0x6006c2784926 - <api_validation[c840bc60fdfb6953]::open_with_verb_rejects_empty_verb::{closure#0} as core[a373ad73a504971]::ops::function::FnOnce<()>>::call_once
[INFO] [stdout]   14:     0x6006c278590b - test[aada8e7e76ba119b]::__rust_begin_short_backtrace::<core[a373ad73a504971]::result::Result<(), alloc[2e1b2a31b91974c5]::string::String>, fn() -> core[a373ad73a504971]::result::Result<(), alloc[2e1b2a31b91974c5]::string::String>>
[INFO] [stdout]   15:     0x6006c2792ae5 - test[aada8e7e76ba119b]::run_test::{closure#0}
[INFO] [stdout]   16:     0x6006c278c3d4 - std[617be2ca0a6fd877]::sys::backtrace::__rust_begin_short_backtrace::<test[aada8e7e76ba119b]::run_test::{closure#1}, ()>
[INFO] [stdout]   17:     0x6006c2795b72 - <std[617be2ca0a6fd877]::thread::lifecycle::spawn_unchecked<test[aada8e7e76ba119b]::run_test::{closure#1}, ()>::{closure#1} as core[a373ad73a504971]::ops::function::FnOnce<()>>::call_once::{shim:vtable#0}
[INFO] [stdout]   18:     0x6006c27fd67f - <std[617be2ca0a6fd877]::sys::thread::unix::Thread>::new::thread_start
[INFO] [stdout]   19:     0x7a127ba33dfa - <unknown>
[INFO] [stdout]   20:     0x7a127bac73d4 - clone
[INFO] [stdout]   21:                0x0 - <unknown>
[INFO] [stdout] 
[INFO] [stdout] ---- move_to_recycle_bin_rejects_nul_bytes_in_path stdout ----
[INFO] [stdout] 
[INFO] [stdout] thread 'move_to_recycle_bin_rejects_nul_bytes_in_path' (647) panicked at tests/api_validation.rs:137:5:
[INFO] [stdout] assertion failed: matches!(result, Err(Error::InvalidInput(_)))
[INFO] [stdout] stack backtrace:
[INFO] [stdout]    0:     0x6006c27fe001 - <<std[617be2ca0a6fd877]::sys::backtrace::BacktraceLock>::print::DisplayBacktrace as core[a373ad73a504971]::fmt::Display>::fmt
[INFO] [stdout]    1:     0x6006c281245a - core[a373ad73a504971]::fmt::write
[INFO] [stdout]    2:     0x6006c280221c - <alloc[2e1b2a31b91974c5]::vec::Vec<u8> as core[a373ad73a504971]::io::write::Write>::write_fmt
[INFO] [stdout]    3:     0x6006c27d9c96 - std[617be2ca0a6fd877]::panicking::default_hook::{closure#0}
[INFO] [stdout]    4:     0x6006c27f63d9 - std[617be2ca0a6fd877]::panicking::default_hook
[INFO] [stdout]    5:     0x6006c27924c0 - test[aada8e7e76ba119b]::test_main_inner::{closure#0}
[INFO] [stdout]    6:     0x6006c27f6592 - std[617be2ca0a6fd877]::panicking::panic_with_hook
[INFO] [stdout]    7:     0x6006c27d9d74 - std[617be2ca0a6fd877]::panicking::panic_handler::{closure#0}
[INFO] [stdout]    8:     0x6006c27d29a9 - std[617be2ca0a6fd877]::sys::backtrace::__rust_end_short_backtrace::<std[617be2ca0a6fd877]::panicking::panic_handler::{closure#0}, !>
[INFO] [stdout]    9:     0x6006c27da94d - __rustc[ea4f61d10b84890b]::rust_begin_unwind
[INFO] [stdout]   10:     0x6006c2812b8c - core[a373ad73a504971]::panicking::panic_fmt
[INFO] [stdout]   11:     0x6006c2812b52 - core[a373ad73a504971]::panicking::panic
[INFO] [stdout]   12:     0x6006c2783770 - api_validation[c840bc60fdfb6953]::move_to_recycle_bin_rejects_nul_bytes_in_path
[INFO] [stdout]   13:     0x6006c2784f5e - <api_validation[c840bc60fdfb6953]::move_to_recycle_bin_rejects_nul_bytes_in_path::{closure#0} as core[a373ad73a504971]::ops::function::FnOnce<()>>::call_once
[INFO] [stdout]   14:     0x6006c278590b - test[aada8e7e76ba119b]::__rust_begin_short_backtrace::<core[a373ad73a504971]::result::Result<(), alloc[2e1b2a31b91974c5]::string::String>, fn() -> core[a373ad73a504971]::result::Result<(), alloc[2e1b2a31b91974c5]::string::String>>
[INFO] [stdout]   15:     0x6006c2792ae5 - test[aada8e7e76ba119b]::run_test::{closure#0}
[INFO] [stdout]   16:     0x6006c278c3d4 - std[617be2ca0a6fd877]::sys::backtrace::__rust_begin_short_backtrace::<test[aada8e7e76ba119b]::run_test::{closure#1}, ()>
[INFO] [stdout]   17:     0x6006c2795b72 - <std[617be2ca0a6fd877]::thread::lifecycle::spawn_unchecked<test[aada8e7e76ba119b]::run_test::{closure#1}, ()>::{closure#1} as core[a373ad73a504971]::ops::function::FnOnce<()>>::call_once::{shim:vtable#0}
[INFO] [stdout]   18:     0x6006c27fd67f - <std[617be2ca0a6fd877]::sys::thread::unix::Thread>::new::thread_start
[INFO] [stdout]   19:     0x7a127ba33dfa - <unknown>
[INFO] [stdout]   20:     0x7a127bac73d4 - clone
[INFO] [stdout]   21:                0x0 - <unknown>
[INFO] [stdout] 
[INFO] [stdout] ---- reveal_in_explorer_rejects_empty_path stdout ----
[INFO] [stdout] 
[INFO] [stdout] thread 'reveal_in_explorer_rejects_empty_path' (664) panicked at tests/api_validation.rs:112:5:
[INFO] [stdout] assertion failed: matches!(result, Err(Error::InvalidInput(_)))
[INFO] [stdout] stack backtrace:
[INFO] [stdout]    0:     0x6006c27fe001 - <<std[617be2ca0a6fd877]::sys::backtrace::BacktraceLock>::print::DisplayBacktrace as core[a373ad73a504971]::fmt::Display>::fmt
[INFO] [stdout]    1:     0x6006c281245a - core[a373ad73a504971]::fmt::write
[INFO] [stdout]    2:     0x6006c280221c - <alloc[2e1b2a31b91974c5]::vec::Vec<u8> as core[a373ad73a504971]::io::write::Write>::write_fmt
[INFO] [stdout]    3:     0x6006c27d9c96 - std[617be2ca0a6fd877]::panicking::default_hook::{closure#0}
[INFO] [stdout]    4:     0x6006c27f63d9 - std[617be2ca0a6fd877]::panicking::default_hook
[INFO] [stdout]    5:     0x6006c27924c0 - test[aada8e7e76ba119b]::test_main_inner::{closure#0}
[INFO] [stdout]    6:     0x6006c27f6592 - std[617be2ca0a6fd877]::panicking::panic_with_hook
[INFO] [stdout]    7:     0x6006c27d9d74 - std[617be2ca0a6fd877]::panicking::panic_handler::{closure#0}
[INFO] [stdout]    8:     0x6006c27d29a9 - std[617be2ca0a6fd877]::sys::backtrace::__rust_end_short_backtrace::<std[617be2ca0a6fd877]::panicking::panic_handler::{closure#0}, !>
[INFO] [stdout]    9:     0x6006c27da94d - __rustc[ea4f61d10b84890b]::rust_begin_unwind
[INFO] [stdout]   10:     0x6006c2812b8c - core[a373ad73a504971]::panicking::panic_fmt
[INFO] [stdout]   11:     0x6006c2812b52 - core[a373ad73a504971]::panicking::panic
[INFO] [stdout]   12:     0x6006c278353a - api_validation[c840bc60fdfb6953]::reveal_in_explorer_rejects_empty_path
[INFO] [stdout]   13:     0x6006c2784a2e - <api_validation[c840bc60fdfb6953]::reveal_in_explorer_rejects_empty_path::{closure#0} as core[a373ad73a504971]::ops::function::FnOnce<()>>::call_once
[INFO] [stdout]   14:     0x6006c278590b - test[aada8e7e76ba119b]::__rust_begin_short_backtrace::<core[a373ad73a504971]::result::Result<(), alloc[2e1b2a31b91974c5]::string::String>, fn() -> core[a373ad73a504971]::result::Result<(), alloc[2e1b2a31b91974c5]::string::String>>
[INFO] [stdout]   15:     0x6006c2792ae5 - test[aada8e7e76ba119b]::run_test::{closure#0}
[INFO] [stdout]   16:     0x6006c278c3d4 - std[617be2ca0a6fd877]::sys::backtrace::__rust_begin_short_backtrace::<test[aada8e7e76ba119b]::run_test::{closure#1}, ()>
[INFO] [stdout]   17:     0x6006c2795b72 - <std[617be2ca0a6fd877]::thread::lifecycle::spawn_unchecked<test[aada8e7e76ba119b]::run_test::{closure#1}, ()>::{closure#1} as core[a373ad73a504971]::ops::function::FnOnce<()>>::call_once::{shim:vtable#0}
[INFO] [stdout]   18:     0x6006c27fd67f - <std[617be2ca0a6fd877]::sys::thread::unix::Thread>::new::thread_start
[INFO] [stdout]   19:     0x7a127ba33dfa - <unknown>
[INFO] [stdout]   20:     0x7a127bac73d4 - clone
[INFO] [stdout]   21:                0x0 - <unknown>
[INFO] [stdout] 
[INFO] [stdout] ---- run_with_verb_rejects_empty_verb stdout ----
[INFO] [stdout] 
[INFO] [stdout] thread 'run_with_verb_rejects_empty_verb' (668) panicked at tests/api_validation.rs:214:5:
[INFO] [stdout] assertion failed: matches!(result, Err(Error::InvalidInput(_)))
[INFO] [stdout] stack backtrace:
[INFO] [stdout]    0:     0x6006c27fe001 - <<std[617be2ca0a6fd877]::sys::backtrace::BacktraceLock>::print::DisplayBacktrace as core[a373ad73a504971]::fmt::Display>::fmt
[INFO] [stdout]    1:     0x6006c281245a - core[a373ad73a504971]::fmt::write
[INFO] [stdout]    2:     0x6006c280221c - <alloc[2e1b2a31b91974c5]::vec::Vec<u8> as core[a373ad73a504971]::io::write::Write>::write_fmt
[INFO] [stdout]    3:     0x6006c27d9c96 - std[617be2ca0a6fd877]::panicking::default_hook::{closure#0}
[INFO] [stdout]    4:     0x6006c27f63d9 - std[617be2ca0a6fd877]::panicking::default_hook
[INFO] [stdout]    5:     0x6006c27924c0 - test[aada8e7e76ba119b]::test_main_inner::{closure#0}
[INFO] [stdout]    6:     0x6006c27f6592 - std[617be2ca0a6fd877]::panicking::panic_with_hook
[INFO] [stdout]    7:     0x6006c27d9d74 - std[617be2ca0a6fd877]::panicking::panic_handler::{closure#0}
[INFO] [stdout]    8:     0x6006c27d29a9 - std[617be2ca0a6fd877]::sys::backtrace::__rust_end_short_backtrace::<std[617be2ca0a6fd877]::panicking::panic_handler::{closure#0}, !>
[INFO] [stdout]    9:     0x6006c27da94d - __rustc[ea4f61d10b84890b]::rust_begin_unwind
[INFO] [stdout]   10:     0x6006c2812b8c - core[a373ad73a504971]::panicking::panic_fmt
[INFO] [stdout]   11:     0x6006c2812b52 - core[a373ad73a504971]::panicking::panic
[INFO] [stdout]   12:     0x6006c278349a - api_validation[c840bc60fdfb6953]::run_with_verb_rejects_empty_verb
[INFO] [stdout]   13:     0x6006c2784916 - <api_validation[c840bc60fdfb6953]::run_with_verb_rejects_empty_verb::{closure#0} as core[a373ad73a504971]::ops::function::FnOnce<()>>::call_once
[INFO] [stdout]   14:     0x6006c278590b - test[aada8e7e76ba119b]::__rust_begin_short_backtrace::<core[a373ad73a504971]::result::Result<(), alloc[2e1b2a31b91974c5]::string::String>, fn() -> core[a373ad73a504971]::result::Result<(), alloc[2e1b2a31b91974c5]::string::String>>
[INFO] [stdout]   15:     0x6006c2792ae5 - test[aada8e7e76ba119b]::run_test::{closure#0}
[INFO] [stdout]   16:     0x6006c278c3d4 - std[617be2ca0a6fd877]::sys::backtrace::__rust_begin_short_backtrace::<test[aada8e7e76ba119b]::run_test::{closure#1}, ()>
[INFO] [stdout]   17:     0x6006c2795b72 - <std[617be2ca0a6fd877]::thread::lifecycle::spawn_unchecked<test[aada8e7e76ba119b]::run_test::{closure#1}, ()>::{closure#1} as core[a373ad73a504971]::ops::function::FnOnce<()>>::call_once::{shim:vtable#0}
[INFO] [stdout]   18:     0x6006c27fd67f - <std[617be2ca0a6fd877]::sys::thread::unix::Thread>::new::thread_start
[INFO] [stdout]   19:     0x7a127ba33dfa - <unknown>
[INFO] [stdout]   20:     0x7a127bac73d4 - clone
[INFO] [stdout]   21:                0x0 - <unknown>
[INFO] [stdout] 
[INFO] [stdout] ---- move_paths_to_recycle_bin_rejects_nul_bytes_in_path stdout ----
[INFO] [stdout] 
[INFO] [stdout] thread 'move_paths_to_recycle_bin_rejects_nul_bytes_in_path' (643) panicked at tests/api_validation.rs:169:5:
[INFO] [stdout] assertion failed: matches!(result, Err(Error::InvalidInput(_)))
[INFO] [stdout] stack backtrace:
[INFO] [stdout]    0:     0x6006c27fe001 - <<std[617be2ca0a6fd877]::sys::backtrace::BacktraceLock>::print::DisplayBacktrace as core[a373ad73a504971]::fmt::Display>::fmt
[INFO] [stdout]    1:     0x6006c281245a - core[a373ad73a504971]::fmt::write
[INFO] [stdout]    2:     0x6006c280221c - <alloc[2e1b2a31b91974c5]::vec::Vec<u8> as core[a373ad73a504971]::io::write::Write>::write_fmt
[INFO] [stdout]    3:     0x6006c27d9c96 - std[617be2ca0a6fd877]::panicking::default_hook::{closure#0}
[INFO] [stdout]    4:     0x6006c27f63d9 - std[617be2ca0a6fd877]::panicking::default_hook
[INFO] [stdout]    5:     0x6006c27924c0 - test[aada8e7e76ba119b]::test_main_inner::{closure#0}
[INFO] [stdout]    6:     0x6006c27f6592 - std[617be2ca0a6fd877]::panicking::panic_with_hook
[INFO] [stdout]    7:     0x6006c27d9d74 - std[617be2ca0a6fd877]::panicking::panic_handler::{closure#0}
[INFO] [stdout]    8:     0x6006c27d29a9 - std[617be2ca0a6fd877]::sys::backtrace::__rust_end_short_backtrace::<std[617be2ca0a6fd877]::panicking::panic_handler::{closure#0}, !>
[INFO] [stdout]    9:     0x6006c27da94d - __rustc[ea4f61d10b84890b]::rust_begin_unwind
[INFO] [stdout]   10:     0x6006c2812b8c - core[a373ad73a504971]::panicking::panic_fmt
[INFO] [stdout]   11:     0x6006c2812b52 - core[a373ad73a504971]::panicking::panic
[INFO] [stdout]   12:     0x6006c2783bb0 - api_validation[c840bc60fdfb6953]::move_paths_to_recycle_bin_rejects_nul_bytes_in_path
[INFO] [stdout]   13:     0x6006c2785596 - <api_validation[c840bc60fdfb6953]::move_paths_to_recycle_bin_rejects_nul_bytes_in_path::{closure#0} as core[a373ad73a504971]::ops::function::FnOnce<()>>::call_once
[INFO] [stdout]   14:     0x6006c278590b - test[aada8e7e76ba119b]::__rust_begin_short_backtrace::<core[a373ad73a504971]::result::Result<(), alloc[2e1b2a31b91974c5]::string::String>, fn() -> core[a373ad73a504971]::result::Result<(), alloc[2e1b2a31b91974c5]::string::String>>
[INFO] [stdout]   15:     0x6006c2792ae5 - test[aada8e7e76ba119b]::run_test::{closure#0}
[INFO] [stdout]   16:     0x6006c278c3d4 - std[617be2ca0a6fd877]::sys::backtrace::__rust_begin_short_backtrace::<test[aada8e7e76ba119b]::run_test::{closure#1}, ()>
[INFO] [stdout]   17:     0x6006c2795b72 - <std[617be2ca0a6fd877]::thread::lifecycle::spawn_unchecked<test[aada8e7e76ba119b]::run_test::{closure#1}, ()>::{closure#1} as core[a373ad73a504971]::ops::function::FnOnce<()>>::call_once::{shim:vtable#0}
[INFO] [stdout]   18:     0x6006c27fd67f - <std[617be2ca0a6fd877]::sys::thread::unix::Thread>::new::thread_start
[INFO] [stdout]   19:     0x7a127ba33dfa - <unknown>
[INFO] [stdout]   20:     0x7a127bac73d4 - clone
[INFO] [stdout]   21:                0x0 - <unknown>
[INFO] [stdout] 
[INFO] [stdout] ---- open_with_default_rejects_nul_bytes_in_path stdout ----
[INFO] [stdout] 
[INFO] [stdout] thread 'open_with_default_rejects_nul_bytes_in_path' (658) panicked at tests/api_validation.rs:25:5:
[INFO] [stdout] assertion failed: matches!(result, Err(Error::InvalidInput(_)))
[INFO] [stdout] stack backtrace:
[INFO] [stdout]    0:     0x6006c27fe001 - <<std[617be2ca0a6fd877]::sys::backtrace::BacktraceLock>::print::DisplayBacktrace as core[a373ad73a504971]::fmt::Display>::fmt
[INFO] [stdout]    1:     0x6006c281245a - core[a373ad73a504971]::fmt::write
[INFO] [stdout]    2:     0x6006c280221c - <alloc[2e1b2a31b91974c5]::vec::Vec<u8> as core[a373ad73a504971]::io::write::Write>::write_fmt
[INFO] [stdout]    3:     0x6006c27d9c96 - std[617be2ca0a6fd877]::panicking::default_hook::{closure#0}
[INFO] [stdout]    4:     0x6006c27f63d9 - std[617be2ca0a6fd877]::panicking::default_hook
[INFO] [stdout]    5:     0x6006c27924c0 - test[aada8e7e76ba119b]::test_main_inner::{closure#0}
[INFO] [stdout]    6:     0x6006c27f6592 - std[617be2ca0a6fd877]::panicking::panic_with_hook
[INFO] [stdout]    7:     0x6006c27d9d74 - std[617be2ca0a6fd877]::panicking::panic_handler::{closure#0}
[INFO] [stdout]    8:     0x6006c27d29a9 - std[617be2ca0a6fd877]::sys::backtrace::__rust_end_short_backtrace::<std[617be2ca0a6fd877]::panicking::panic_handler::{closure#0}, !>
[INFO] [stdout]    9:     0x6006c27da94d - __rustc[ea4f61d10b84890b]::rust_begin_unwind
[INFO] [stdout]   10:     0x6006c2812b8c - core[a373ad73a504971]::panicking::panic_fmt
[INFO] [stdout]   11:     0x6006c2812b52 - core[a373ad73a504971]::panicking::panic
[INFO] [stdout]   12:     0x6006c27836f0 - api_validation[c840bc60fdfb6953]::open_with_default_rejects_nul_bytes_in_path
[INFO] [stdout]   13:     0x6006c2784d26 - <api_validation[c840bc60fdfb6953]::open_with_default_rejects_nul_bytes_in_path::{closure#0} as core[a373ad73a504971]::ops::function::FnOnce<()>>::call_once
[INFO] [stdout]   14:     0x6006c278590b - test[aada8e7e76ba119b]::__rust_begin_short_backtrace::<core[a373ad73a504971]::result::Result<(), alloc[2e1b2a31b91974c5]::string::String>, fn() -> core[a373ad73a504971]::result::Result<(), alloc[2e1b2a31b91974c5]::string::String>>
[INFO] [stdout]   15:     0x6006c2792ae5 - test[aada8e7e76ba119b]::run_test::{closure#0}
[INFO] [stdout]   16:     0x6006c278c3d4 - std[617be2ca0a6fd877]::sys::backtrace::__rust_begin_short_backtrace::<test[aada8e7e76ba119b]::run_test::{closure#1}, ()>
[INFO] [stdout]   17:     0x6006c2795b72 - <std[617be2ca0a6fd877]::thread::lifecycle::spawn_unchecked<test[aada8e7e76ba119b]::run_test::{closure#1}, ()>::{closure#1} as core[a373ad73a504971]::ops::function::FnOnce<()>>::call_once::{shim:vtable#0}
[INFO] [stdout]   18:     0x6006c27fd67f - <std[617be2ca0a6fd877]::sys::thread::unix::Thread>::new::thread_start
[INFO] [stdout]   19:     0x7a127ba33dfa - <unknown>
[INFO] [stdout]   20:     0x7a127bac73d4 - clone
[INFO] [stdout]   21:                0x0 - <unknown>
[INFO] [stdout] 
[INFO] [stdout] ---- single_instance_can_be_acquired_again_after_guard_is_dropped stdout ----
[INFO] [stdout] 
[INFO] [stdout] thread 'single_instance_can_be_acquired_again_after_guard_is_dropped' (671) panicked at tests/api_validation.rs:476:46:
[INFO] [stdout] called `Result::unwrap()` on an `Err` value: Unsupported("win-desktop-utils operation requires Windows")
[INFO] [stdout] stack backtrace:
[INFO] [stdout]    0:     0x6006c27fe001 - <<std[617be2ca0a6fd877]::sys::backtrace::BacktraceLock>::print::DisplayBacktrace as core[a373ad73a504971]::fmt::Display>::fmt
[INFO] [stdout]    1:     0x6006c281245a - core[a373ad73a504971]::fmt::write
[INFO] [stdout]    2:     0x6006c280221c - <alloc[2e1b2a31b91974c5]::vec::Vec<u8> as core[a373ad73a504971]::io::write::Write>::write_fmt
[INFO] [stdout]    3:     0x6006c27d9c96 - std[617be2ca0a6fd877]::panicking::default_hook::{closure#0}
[INFO] [stdout]    4:     0x6006c27f63d9 - std[617be2ca0a6fd877]::panicking::default_hook
[INFO] [stdout]    5:     0x6006c27924c0 - test[aada8e7e76ba119b]::test_main_inner::{closure#0}
[INFO] [stdout]    6:     0x6006c27f6592 - std[617be2ca0a6fd877]::panicking::panic_with_hook
[INFO] [stdout]    7:     0x6006c27d9d42 - std[617be2ca0a6fd877]::panicking::panic_handler::{closure#0}
[INFO] [stdout]    8:     0x6006c27d29a9 - std[617be2ca0a6fd877]::sys::backtrace::__rust_end_short_backtrace::<std[617be2ca0a6fd877]::panicking::panic_handler::{closure#0}, !>
[INFO] [stdout]    9:     0x6006c27da94d - __rustc[ea4f61d10b84890b]::rust_begin_unwind
[INFO] [stdout]   10:     0x6006c2812b8c - core[a373ad73a504971]::panicking::panic_fmt
[INFO] [stdout]   11:     0x6006c2812962 - core[a373ad73a504971]::result::unwrap_failed
[INFO] [stdout]   12:     0x6006c2783e8d - api_validation[c840bc60fdfb6953]::single_instance_can_be_acquired_again_after_guard_is_dropped
[INFO] [stdout]   13:     0x6006c27858a6 - <api_validation[c840bc60fdfb6953]::single_instance_can_be_acquired_again_after_guard_is_dropped::{closure#0} as core[a373ad73a504971]::ops::function::FnOnce<()>>::call_once
[INFO] [stdout]   14:     0x6006c278590b - test[aada8e7e76ba119b]::__rust_begin_short_backtrace::<core[a373ad73a504971]::result::Result<(), alloc[2e1b2a31b91974c5]::string::String>, fn() -> core[a373ad73a504971]::result::Result<(), alloc[2e1b2a31b91974c5]::string::String>>
[INFO] [stdout]   15:     0x6006c2792ae5 - test[aada8e7e76ba119b]::run_test::{closure#0}
[INFO] [stdout]   16:     0x6006c278c3d4 - std[617be2ca0a6fd877]::sys::backtrace::__rust_begin_short_backtrace::<test[aada8e7e76ba119b]::run_test::{closure#1}, ()>
[INFO] [stdout]   17:     0x6006c2795b72 - <std[617be2ca0a6fd877]::thread::lifecycle::spawn_unchecked<test[aada8e7e76ba119b]::run_test::{closure#1}, ()>::{closure#1} as core[a373ad73a504971]::ops::function::FnOnce<()>>::call_once::{shim:vtable#0}
[INFO] [stdout]   18:     0x6006c27fd67f - <std[617be2ca0a6fd877]::sys::thread::unix::Thread>::new::thread_start
[INFO] [stdout]   19:     0x7a127ba33dfa - <unknown>
[INFO] [stdout]   20:     0x7a127bac73d4 - clone
[INFO] [stdout]   21:                0x0 - <unknown>
[INFO] [stdout] 
[INFO] [stdout] ---- single_instance_rejects_nul_bytes_in_app_id stdout ----
[INFO] [stdout] 
[INFO] [stdout] thread 'single_instance_rejects_nul_bytes_in_app_id' (674) panicked at tests/api_validation.rs:387:5:
[INFO] [stdout] assertion failed: matches!(result, Err(Error::InvalidInput(_)))
[INFO] [stdout] stack backtrace:
[INFO] [stdout]    0:     0x6006c27fe001 - <<std[617be2ca0a6fd877]::sys::backtrace::BacktraceLock>::print::DisplayBacktrace as core[a373ad73a504971]::fmt::Display>::fmt
[INFO] [stdout]    1:     0x6006c281245a - core[a373ad73a504971]::fmt::write
[INFO] [stdout]    2:     0x6006c280221c - <alloc[2e1b2a31b91974c5]::vec::Vec<u8> as core[a373ad73a504971]::io::write::Write>::write_fmt
[INFO] [stdout]    3:     0x6006c27d9c96 - std[617be2ca0a6fd877]::panicking::default_hook::{closure#0}
[INFO] [stdout]    4:     0x6006c27f63d9 - std[617be2ca0a6fd877]::panicking::default_hook
[INFO] [stdout]    5:     0x6006c27924c0 - test[aada8e7e76ba119b]::test_main_inner::{closure#0}
[INFO] [stdout]    6:     0x6006c27f6592 - std[617be2ca0a6fd877]::panicking::panic_with_hook
[INFO] [stdout]    7:     0x6006c27d9d74 - std[617be2ca0a6fd877]::panicking::panic_handler::{closure#0}
[INFO] [stdout]    8:     0x6006c27d29a9 - std[617be2ca0a6fd877]::sys::backtrace::__rust_end_short_backtrace::<std[617be2ca0a6fd877]::panicking::panic_handler::{closure#0}, !>
[INFO] [stdout]    9:     0x6006c27da94d - __rustc[ea4f61d10b84890b]::rust_begin_unwind
[INFO] [stdout]   10:     0x6006c2812b8c - core[a373ad73a504971]::panicking::panic_fmt
[INFO] [stdout]   11:     0x6006c2812b52 - core[a373ad73a504971]::panicking::panic
[INFO] [stdout]   12:     0x6006c2784d4a - <api_validation[c840bc60fdfb6953]::single_instance_rejects_nul_bytes_in_app_id::{closure#0} as core[a373ad73a504971]::ops::function::FnOnce<()>>::call_once
[INFO] [stdout]   13:     0x6006c278590b - test[aada8e7e76ba119b]::__rust_begin_short_backtrace::<core[a373ad73a504971]::result::Result<(), alloc[2e1b2a31b91974c5]::string::String>, fn() -> core[a373ad73a504971]::result::Result<(), alloc[2e1b2a31b91974c5]::string::String>>
[INFO] [stdout]   14:     0x6006c2792ae5 - test[aada8e7e76ba119b]::run_test::{closure#0}
[INFO] [stdout]   15:     0x6006c278c3d4 - std[617be2ca0a6fd877]::sys::backtrace::__rust_begin_short_backtrace::<test[aada8e7e76ba119b]::run_test::{closure#1}, ()>
[INFO] [stdout]   16:     0x6006c2795b72 - <std[617be2ca0a6fd877]::thread::lifecycle::spawn_unchecked<test[aada8e7e76ba119b]::run_test::{closure#1}, ()>::{closure#1} as core[a373ad73a504971]::ops::function::FnOnce<()>>::call_once::{shim:vtable#0}
[INFO] [stdout]   17:     0x6006c27fd67f - <std[617be2ca0a6fd877]::sys::thread::unix::Thread>::new::thread_start
[INFO] [stdout]   18:     0x7a127ba33dfa - <unknown>
[INFO] [stdout]   19:     0x7a127bac73d4 - clone
[INFO] [stdout]   20:                0x0 - <unknown>
[INFO] [stdout] 
[INFO] [stdout] ---- single_instance_returns_none_when_same_app_id_is_acquired_twice stdout ----
[INFO] [stdout] 
[INFO] [stdout] thread 'single_instance_returns_none_when_same_app_id_is_acquired_twice' (675) panicked at tests/api_validation.rs:456:42:
[INFO] [stdout] called `Result::unwrap()` on an `Err` value: Unsupported("win-desktop-utils operation requires Windows")
[INFO] [stdout] stack backtrace:
[INFO] [stdout]    0:     0x6006c27fe001 - <<std[617be2ca0a6fd877]::sys::backtrace::BacktraceLock>::print::DisplayBacktrace as core[a373ad73a504971]::fmt::Display>::fmt
[INFO] [stdout]    1:     0x6006c281245a - core[a373ad73a504971]::fmt::write
[INFO] [stdout]    2:     0x6006c280221c - <alloc[2e1b2a31b91974c5]::vec::Vec<u8> as core[a373ad73a504971]::io::write::Write>::write_fmt
[INFO] [stdout]    3:     0x6006c27d9c96 - std[617be2ca0a6fd877]::panicking::default_hook::{closure#0}
[INFO] [stdout]    4:     0x6006c27f63d9 - std[617be2ca0a6fd877]::panicking::default_hook
[INFO] [stdout]    5:     0x6006c27924c0 - test[aada8e7e76ba119b]::test_main_inner::{closure#0}
[INFO] [stdout]    6:     0x6006c27f6592 - std[617be2ca0a6fd877]::panicking::panic_with_hook
[INFO] [stdout]    7:     0x6006c27d9d42 - std[617be2ca0a6fd877]::panicking::panic_handler::{closure#0}
[INFO] [stdout]    8:     0x6006c27d29a9 - std[617be2ca0a6fd877]::sys::backtrace::__rust_end_short_backtrace::<std[617be2ca0a6fd877]::panicking::panic_handler::{closure#0}, !>
[INFO] [stdout]    9:     0x6006c27da94d - __rustc[ea4f61d10b84890b]::rust_begin_unwind
[INFO] [stdout]   10:     0x6006c2812b8c - core[a373ad73a504971]::panicking::panic_fmt
[INFO] [stdout]   11:     0x6006c2812962 - core[a373ad73a504971]::result::unwrap_failed
[INFO] [stdout]   12:     0x6006c278401d - api_validation[c840bc60fdfb6953]::single_instance_returns_none_when_same_app_id_is_acquired_twice
[INFO] [stdout]   13:     0x6006c27858ae - <api_validation[c840bc60fdfb6953]::single_instance_returns_none_when_same_app_id_is_acquired_twice::{closure#0} as core[a373ad73a504971]::ops::function::FnOnce<()>>::call_once
[INFO] [stdout]   14:     0x6006c278590b - test[aada8e7e76ba119b]::__rust_begin_short_backtrace::<core[a373ad73a504971]::result::Result<(), alloc[2e1b2a31b91974c5]::string::String>, fn() -> core[a373ad73a504971]::result::Result<(), alloc[2e1b2a31b91974c5]::string::String>>
[INFO] [stdout]   15:     0x6006c2792ae5 - test[aada8e7e76ba119b]::run_test::{closure#0}
[INFO] [stdout]   16:     0x6006c278c3d4 - std[617be2ca0a6fd877]::sys::backtrace::__rust_begin_short_backtrace::<test[aada8e7e76ba119b]::run_test::{closure#1}, ()>
[INFO] [stdout]   17:     0x6006c2795b72 - <std[617be2ca0a6fd877]::thread::lifecycle::spawn_unchecked<test[aada8e7e76ba119b]::run_test::{closure#1}, ()>::{closure#1} as core[a373ad73a504971]::ops::function::FnOnce<()>>::call_once::{shim:vtable#0}
[INFO] [stdout]   18:     0x6006c27fd67f - <std[617be2ca0a6fd877]::sys::thread::unix::Thread>::new::thread_start
[INFO] [stdout]   19:     0x7a127ba33dfa - <unknown>
[INFO] [stdout]   20:     0x7a127bac73d4 - clone
[INFO] [stdout]   21:                0x0 - <unknown>
[INFO] [stdout] 
[INFO] [stdout] ---- run_as_admin_rejects_empty_executable stdout ----
[INFO] [stdout] 
[INFO] [stdout] thread 'run_as_admin_rejects_empty_executable' (667) panicked at tests/api_validation.rs:207:5:
[INFO] [stdout] assertion failed: matches!(result, Err(Error::InvalidInput(_)))
[INFO] [stdout] stack backtrace:
[INFO] [stdout]    0:     0x6006c27fe001 - <<std[617be2ca0a6fd877]::sys::backtrace::BacktraceLock>::print::DisplayBacktrace as core[a373ad73a504971]::fmt::Display>::fmt
[INFO] [stdout]    1:     0x6006c281245a - core[a373ad73a504971]::fmt::write
[INFO] [stdout]    2:     0x6006c280221c - <alloc[2e1b2a31b91974c5]::vec::Vec<u8> as core[a373ad73a504971]::io::write::Write>::write_fmt
[INFO] [stdout]    3:     0x6006c27d9c96 - std[617be2ca0a6fd877]::panicking::default_hook::{closure#0}
[INFO] [stdout]    4:     0x6006c27f63d9 - std[617be2ca0a6fd877]::panicking::default_hook
[INFO] [stdout]    5:     0x6006c27924c0 - test[aada8e7e76ba119b]::test_main_inner::{closure#0}
[INFO] [stdout]    6:     0x6006c27f6592 - std[617be2ca0a6fd877]::panicking::panic_with_hook
[INFO] [stdout]    7:     0x6006c27d9d74 - std[617be2ca0a6fd877]::panicking::panic_handler::{closure#0}
[INFO] [stdout]    8:     0x6006c27d29a9 - std[617be2ca0a6fd877]::sys::backtrace::__rust_end_short_backtrace::<std[617be2ca0a6fd877]::panicking::panic_handler::{closure#0}, !>
[INFO] [stdout]    9:     0x6006c27da94d - __rustc[ea4f61d10b84890b]::rust_begin_unwind
[INFO] [stdout]   10:     0x6006c2812b8c - core[a373ad73a504971]::panicking::panic_fmt
[INFO] [stdout]   11:     0x6006c2812b52 - core[a373ad73a504971]::panicking::panic
[INFO] [stdout]   12:     0x6006c278355a - api_validation[c840bc60fdfb6953]::run_as_admin_rejects_empty_executable
[INFO] [stdout]   13:     0x6006c2784a36 - <api_validation[c840bc60fdfb6953]::run_as_admin_rejects_empty_executable::{closure#0} as core[a373ad73a504971]::ops::function::FnOnce<()>>::call_once
[INFO] [stdout]   14:     0x6006c278590b - test[aada8e7e76ba119b]::__rust_begin_short_backtrace::<core[a373ad73a504971]::result::Result<(), alloc[2e1b2a31b91974c5]::string::String>, fn() -> core[a373ad73a504971]::result::Result<(), alloc[2e1b2a31b91974c5]::string::String>>
[INFO] [stdout]   15:     0x6006c2792ae5 - test[aada8e7e76ba119b]::run_test::{closure#0}
[INFO] [stdout]   16:     0x6006c278c3d4 - std[617be2ca0a6fd877]::sys::backtrace::__rust_begin_short_backtrace::<test[aada8e7e76ba119b]::run_test::{closure#1}, ()>
[INFO] [stdout]   17:     0x6006c2795b72 - <std[617be2ca0a6fd877]::thread::lifecycle::spawn_unchecked<test[aada8e7e76ba119b]::run_test::{closure#1}, ()>::{closure#1} as core[a373ad73a504971]::ops::function::FnOnce<()>>::call_once::{shim:vtable#0}
[INFO] [stdout]   18:     0x6006c27fd67f - <std[617be2ca0a6fd877]::sys::thread::unix::Thread>::new::thread_start
[INFO] [stdout]   19:     0x7a127ba33dfa - <unknown>
[INFO] [stdout]   20:     0x7a127bac73d4 - clone
[INFO] [stdout]   21:                0x0 - <unknown>
[INFO] [stdout] 
[INFO] [stdout] ---- open_containing_folder_rejects_drive_root_without_parent stdout ----
[INFO] [stdout] 
[INFO] [stdout] thread 'open_containing_folder_rejects_drive_root_without_parent' (649) panicked at tests/api_validation.rs:81:5:
[INFO] [stdout] assertion failed: matches!(result, Err(Error::InvalidInput(_)))
[INFO] [stdout] stack backtrace:
[INFO] [stdout]    0:     0x6006c27fe001 - <<std[617be2ca0a6fd877]::sys::backtrace::BacktraceLock>::print::DisplayBacktrace as core[a373ad73a504971]::fmt::Display>::fmt
[INFO] [stdout]    1:     0x6006c281245a - core[a373ad73a504971]::fmt::write
[INFO] [stdout]    2:     0x6006c280221c - <alloc[2e1b2a31b91974c5]::vec::Vec<u8> as core[a373ad73a504971]::io::write::Write>::write_fmt
[INFO] [stdout]    3:     0x6006c27d9c96 - std[617be2ca0a6fd877]::panicking::default_hook::{closure#0}
[INFO] [stdout]    4:     0x6006c27f63d9 - std[617be2ca0a6fd877]::panicking::default_hook
[INFO] [stdout]    5:     0x6006c27924c0 - test[aada8e7e76ba119b]::test_main_inner::{closure#0}
[INFO] [stdout]    6:     0x6006c27f6592 - std[617be2ca0a6fd877]::panicking::panic_with_hook
[INFO] [stdout]    7:     0x6006c27d9d74 - std[617be2ca0a6fd877]::panicking::panic_handler::{closure#0}
[INFO] [stdout]    8:     0x6006c27d29a9 - std[617be2ca0a6fd877]::sys::backtrace::__rust_end_short_backtrace::<std[617be2ca0a6fd877]::panicking::panic_handler::{closure#0}, !>
[INFO] [stdout]    9:     0x6006c27da94d - __rustc[ea4f61d10b84890b]::rust_begin_unwind
[INFO] [stdout]   10:     0x6006c2812b8c - core[a373ad73a504971]::panicking::panic_fmt
[INFO] [stdout]   11:     0x6006c2812b52 - core[a373ad73a504971]::panicking::panic
[INFO] [stdout]   12:     0x6006c2783d9a - api_validation[c840bc60fdfb6953]::open_containing_folder_rejects_drive_root_without_parent
[INFO] [stdout]   13:     0x6006c278589e - <api_validation[c840bc60fdfb6953]::open_containing_folder_rejects_drive_root_without_parent::{closure#0} as core[a373ad73a504971]::ops::function::FnOnce<()>>::call_once
[INFO] [stdout]   14:     0x6006c278590b - test[aada8e7e76ba119b]::__rust_begin_short_backtrace::<core[a373ad73a504971]::result::Result<(), alloc[2e1b2a31b91974c5]::string::String>, fn() -> core[a373ad73a504971]::result::Result<(), alloc[2e1b2a31b91974c5]::string::String>>
[INFO] [stdout]   15:     0x6006c2792ae5 - test[aada8e7e76ba119b]::run_test::{closure#0}
[INFO] [stdout]   16:     0x6006c278c3d4 - std[617be2ca0a6fd877]::sys::backtrace::__rust_begin_short_backtrace::<test[aada8e7e76ba119b]::run_test::{closure#1}, ()>
[INFO] [stdout]   17:     0x6006c2795b72 - <std[617be2ca0a6fd877]::thread::lifecycle::spawn_unchecked<test[aada8e7e76ba119b]::run_test::{closure#1}, ()>::{closure#1} as core[a373ad73a504971]::ops::function::FnOnce<()>>::call_once::{shim:vtable#0}
[INFO] [stdout]   18:     0x6006c27fd67f - <std[617be2ca0a6fd877]::sys::thread::unix::Thread>::new::thread_start
[INFO] [stdout]   19:     0x7a127ba33dfa - <unknown>
[INFO] [stdout]   20:     0x7a127bac73d4 - clone
[INFO] [stdout]   21:                0x0 - <unknown>
[INFO] [stdout] 
[INFO] [stdout] ---- single_instance_with_options_allows_global_scope stdout ----
[INFO] [stdout] 
[INFO] [stdout] thread 'single_instance_with_options_allows_global_scope' (677) panicked at tests/api_validation.rs:422:56:
[INFO] [stdout] called `Result::unwrap()` on an `Err` value: Unsupported("win-desktop-utils operation requires Windows")
[INFO] [stdout] stack backtrace:
[INFO] [stdout]    0:     0x6006c27fe001 - <<std[617be2ca0a6fd877]::sys::backtrace::BacktraceLock>::print::DisplayBacktrace as core[a373ad73a504971]::fmt::Display>::fmt
[INFO] [stdout]    1:     0x6006c281245a - core[a373ad73a504971]::fmt::write
[INFO] [stdout]    2:     0x6006c280221c - <alloc[2e1b2a31b91974c5]::vec::Vec<u8> as core[a373ad73a504971]::io::write::Write>::write_fmt
[INFO] [stdout]    3:     0x6006c27d9c96 - std[617be2ca0a6fd877]::panicking::default_hook::{closure#0}
[INFO] [stdout]    4:     0x6006c27f63d9 - std[617be2ca0a6fd877]::panicking::default_hook
[INFO] [stdout]    5:     0x6006c27924c0 - test[aada8e7e76ba119b]::test_main_inner::{closure#0}
[INFO] [stdout]    6:     0x6006c27f6592 - std[617be2ca0a6fd877]::panicking::panic_with_hook
[INFO] [stdout]    7:     0x6006c27d9d42 - std[617be2ca0a6fd877]::panicking::panic_handler::{closure#0}
[INFO] [stdout]    8:     0x6006c27d29a9 - std[617be2ca0a6fd877]::sys::backtrace::__rust_end_short_backtrace::<std[617be2ca0a6fd877]::panicking::panic_handler::{closure#0}, !>
[INFO] [stdout]    9:     0x6006c27da94d - __rustc[ea4f61d10b84890b]::rust_begin_unwind
[INFO] [stdout]   10:     0x6006c2812b8c - core[a373ad73a504971]::panicking::panic_fmt
[INFO] [stdout]   11:     0x6006c2812962 - core[a373ad73a504971]::result::unwrap_failed
[INFO] [stdout]   12:     0x6006c2783ad6 - api_validation[c840bc60fdfb6953]::single_instance_with_options_allows_global_scope
[INFO] [stdout]   13:     0x6006c27850d6 - <api_validation[c840bc60fdfb6953]::single_instance_with_options_allows_global_scope::{closure#0} as core[a373ad73a504971]::ops::function::FnOnce<()>>::call_once
[INFO] [stdout]   14:     0x6006c278590b - test[aada8e7e76ba119b]::__rust_begin_short_backtrace::<core[a373ad73a504971]::result::Result<(), alloc[2e1b2a31b91974c5]::string::String>, fn() -> core[a373ad73a504971]::result::Result<(), alloc[2e1b2a31b91974c5]::string::String>>
[INFO] [stdout]   15:     0x6006c2792ae5 - test[aada8e7e76ba119b]::run_test::{closure#0}
[INFO] [stdout]   16:     0x6006c278c3d4 - std[617be2ca0a6fd877]::sys::backtrace::__rust_begin_short_backtrace::<test[aada8e7e76ba119b]::run_test::{closure#1}, ()>
[INFO] [stdout]   17:     0x6006c2795b72 - <std[617be2ca0a6fd877]::thread::lifecycle::spawn_unchecked<test[aada8e7e76ba119b]::run_test::{closure#1}, ()>::{closure#1} as core[a373ad73a504971]::ops::function::FnOnce<()>>::call_once::{shim:vtable#0}
[INFO] [stdout]   18:     0x6006c27fd67f - <std[617be2ca0a6fd877]::sys::thread::unix::Thread>::new::thread_start
[INFO] [stdout]   19:     0x7a127ba33dfa - <unknown>
[INFO] [stdout]   20:     0x7a127bac73d4 - clone
[INFO] [stdout]   21:                0x0 - <unknown>
[INFO] [stdout] 
[INFO] [stdout] ---- single_instance_with_scope_allows_global_scope stdout ----
[INFO] [stdout] 
[INFO] [stdout] thread 'single_instance_with_scope_allows_global_scope' (678) panicked at tests/api_validation.rs:402:76:
[INFO] [stdout] called `Result::unwrap()` on an `Err` value: Unsupported("win-desktop-utils operation requires Windows")
[INFO] [stdout] stack backtrace:
[INFO] [stdout]    0:     0x6006c27fe001 - <<std[617be2ca0a6fd877]::sys::backtrace::BacktraceLock>::print::DisplayBacktrace as core[a373ad73a504971]::fmt::Display>::fmt
[INFO] [stdout]    1:     0x6006c281245a - core[a373ad73a504971]::fmt::write
[INFO] [stdout]    2:     0x6006c280221c - <alloc[2e1b2a31b91974c5]::vec::Vec<u8> as core[a373ad73a504971]::io::write::Write>::write_fmt
[INFO] [stdout]    3:     0x6006c27d9c96 - std[617be2ca0a6fd877]::panicking::default_hook::{closure#0}
[INFO] [stdout]    4:     0x6006c27f63d9 - std[617be2ca0a6fd877]::panicking::default_hook
[INFO] [stdout]    5:     0x6006c27924c0 - test[aada8e7e76ba119b]::test_main_inner::{closure#0}
[INFO] [stdout]    6:     0x6006c27f6592 - std[617be2ca0a6fd877]::panicking::panic_with_hook
[INFO] [stdout]    7:     0x6006c27d9d42 - std[617be2ca0a6fd877]::panicking::panic_handler::{closure#0}
[INFO] [stdout]    8:     0x6006c27d29a9 - std[617be2ca0a6fd877]::sys::backtrace::__rust_end_short_backtrace::<std[617be2ca0a6fd877]::panicking::panic_handler::{closure#0}, !>
[INFO] [stdout]    9:     0x6006c27da94d - __rustc[ea4f61d10b84890b]::rust_begin_unwind
[INFO] [stdout]   10:     0x6006c2812b8c - core[a373ad73a504971]::panicking::panic_fmt
[INFO] [stdout]   11:     0x6006c2812962 - core[a373ad73a504971]::result::unwrap_failed
[INFO] [stdout]   12:     0x6006c27838ed - api_validation[c840bc60fdfb6953]::single_instance_with_scope_allows_global_scope
[INFO] [stdout]   13:     0x6006c2784f9e - <api_validation[c840bc60fdfb6953]::single_instance_with_scope_allows_global_scope::{closure#0} as core[a373ad73a504971]::ops::function::FnOnce<()>>::call_once
[INFO] [stdout]   14:     0x6006c278590b - test[aada8e7e76ba119b]::__rust_begin_short_backtrace::<core[a373ad73a504971]::result::Result<(), alloc[2e1b2a31b91974c5]::string::String>, fn() -> core[a373ad73a504971]::result::Result<(), alloc[2e1b2a31b91974c5]::string::String>>
[INFO] [stdout]   15:     0x6006c2792ae5 - test[aada8e7e76ba119b]::run_test::{closure#0}
[INFO] [stdout]   16:     0x6006c278c3d4 - std[617be2ca0a6fd877]::sys::backtrace::__rust_begin_short_backtrace::<test[aada8e7e76ba119b]::run_test::{closure#1}, ()>
[INFO] [stdout]   17:     0x6006c2795b72 - <std[617be2ca0a6fd877]::thread::lifecycle::spawn_unchecked<test[aada8e7e76ba119b]::run_test::{closure#1}, ()>::{closure#1} as core[a373ad73a504971]::ops::function::FnOnce<()>>::call_once::{shim:vtable#0}
[INFO] [stdout]   18:     0x6006c27fd67f - <std[617be2ca0a6fd877]::sys::thread::unix::Thread>::new::thread_start
[INFO] [stdout]   19:     0x7a127ba33dfa - <unknown>
[INFO] [stdout]   20:     0x7a127bac73d4 - clone
[INFO] [stdout]   21:                0x0 - <unknown>
[INFO] [stdout] 
[INFO] [stdout] ---- single_instance_scopes_do_not_conflict_with_each_other stdout ----
[INFO] [stdout] 
[INFO] [stdout] thread 'single_instance_scopes_do_not_conflict_with_each_other' (676) panicked at tests/api_validation.rs:441:84:
[INFO] [stdout] called `Result::unwrap()` on an `Err` value: Unsupported("win-desktop-utils operation requires Windows")
[INFO] [stdout] stack backtrace:
[INFO] [stdout]    0:     0x6006c27fe001 - <<std[617be2ca0a6fd877]::sys::backtrace::BacktraceLock>::print::DisplayBacktrace as core[a373ad73a504971]::fmt::Display>::fmt
[INFO] [stdout]    1:     0x6006c281245a - core[a373ad73a504971]::fmt::write
[INFO] [stdout]    2:     0x6006c280221c - <alloc[2e1b2a31b91974c5]::vec::Vec<u8> as core[a373ad73a504971]::io::write::Write>::write_fmt
[INFO] [stdout]    3:     0x6006c27d9c96 - std[617be2ca0a6fd877]::panicking::default_hook::{closure#0}
[INFO] [stdout]    4:     0x6006c27f63d9 - std[617be2ca0a6fd877]::panicking::default_hook
[INFO] [stdout]    5:     0x6006c27924c0 - test[aada8e7e76ba119b]::test_main_inner::{closure#0}
[INFO] [stdout]    6:     0x6006c27f6592 - std[617be2ca0a6fd877]::panicking::panic_with_hook
[INFO] [stdout]    7:     0x6006c27d9d42 - std[617be2ca0a6fd877]::panicking::panic_handler::{closure#0}
[INFO] [stdout]    8:     0x6006c27d29a9 - std[617be2ca0a6fd877]::sys::backtrace::__rust_end_short_backtrace::<std[617be2ca0a6fd877]::panicking::panic_handler::{closure#0}, !>
[INFO] [stdout]    9:     0x6006c27da94d - __rustc[ea4f61d10b84890b]::rust_begin_unwind
[INFO] [stdout]   10:     0x6006c2812b8c - core[a373ad73a504971]::panicking::panic_fmt
[INFO] [stdout]   11:     0x6006c2812962 - core[a373ad73a504971]::result::unwrap_failed
[INFO] [stdout]   12:     0x6006c2783cbd - api_validation[c840bc60fdfb6953]::single_instance_scopes_do_not_conflict_with_each_other
[INFO] [stdout]   13:     0x6006c278588e - <api_validation[c840bc60fdfb6953]::single_instance_scopes_do_not_conflict_with_each_other::{closure#0} as core[a373ad73a504971]::ops::function::FnOnce<()>>::call_once
[INFO] [stdout]   14:     0x6006c278590b - test[aada8e7e76ba119b]::__rust_begin_short_backtrace::<core[a373ad73a504971]::result::Result<(), alloc[2e1b2a31b91974c5]::string::String>, fn() -> core[a373ad73a504971]::result::Result<(), alloc[2e1b2a31b91974c5]::string::String>>
[INFO] [stdout]   15:     0x6006c2792ae5 - test[aada8e7e76ba119b]::run_test::{closure#0}
[INFO] [stdout]   16:     0x6006c278c3d4 - std[617be2ca0a6fd877]::sys::backtrace::__rust_begin_short_backtrace::<test[aada8e7e76ba119b]::run_test::{closure#1}, ()>
[INFO] [stdout]   17:     0x6006c2795b72 - <std[617be2ca0a6fd877]::thread::lifecycle::spawn_unchecked<test[aada8e7e76ba119b]::run_test::{closure#1}, ()>::{closure#1} as core[a373ad73a504971]::ops::function::FnOnce<()>>::call_once::{shim:vtable#0}
[INFO] [stdout]   18:     0x6006c27fd67f - <std[617be2ca0a6fd877]::sys::thread::unix::Thread>::new::thread_start
[INFO] [stdout]   19:     0x7a127ba33dfa - <unknown>
[INFO] [stdout]   20:     0x7a127bac73d4 - clone
[INFO] [stdout]   21:                0x0 - <unknown>
[INFO] [stdout] 
[INFO] [stdout] ---- move_to_recycle_bin_rejects_relative_path stdout ----
[INFO] [stdout] 
[INFO] [stdout] thread 'move_to_recycle_bin_rejects_relative_path' (648) panicked at tests/api_validation.rs:143:5:
[INFO] [stdout] assertion failed: matches!(result, Err(Error::PathNotAbsolute))
[INFO] [stdout] stack backtrace:
[INFO] [stdout]    0:     0x6006c27fe001 - <<std[617be2ca0a6fd877]::sys::backtrace::BacktraceLock>::print::DisplayBacktrace as core[a373ad73a504971]::fmt::Display>::fmt
[INFO] [stdout]    1:     0x6006c281245a - core[a373ad73a504971]::fmt::write
[INFO] [stdout]    2:     0x6006c280221c - <alloc[2e1b2a31b91974c5]::vec::Vec<u8> as core[a373ad73a504971]::io::write::Write>::write_fmt
[INFO] [stdout]    3:     0x6006c27d9c96 - std[617be2ca0a6fd877]::panicking::default_hook::{closure#0}
[INFO] [stdout]    4:     0x6006c27f63d9 - std[617be2ca0a6fd877]::panicking::default_hook
[INFO] [stdout]    5:     0x6006c27924c0 - test[aada8e7e76ba119b]::test_main_inner::{closure#0}
[INFO] [stdout]    6:     0x6006c27f6592 - std[617be2ca0a6fd877]::panicking::panic_with_hook
[INFO] [stdout]    7:     0x6006c27d9d74 - std[617be2ca0a6fd877]::panicking::panic_handler::{closure#0}
[INFO] [stdout]    8:     0x6006c27d29a9 - std[617be2ca0a6fd877]::sys::backtrace::__rust_end_short_backtrace::<std[617be2ca0a6fd877]::panicking::panic_handler::{closure#0}, !>
[INFO] [stdout]    9:     0x6006c27da94d - __rustc[ea4f61d10b84890b]::rust_begin_unwind
[INFO] [stdout]   10:     0x6006c2812b8c - core[a373ad73a504971]::panicking::panic_fmt
[INFO] [stdout]   11:     0x6006c2812b52 - core[a373ad73a504971]::panicking::panic
[INFO] [stdout]   12:     0x6006c2783620 - api_validation[c840bc60fdfb6953]::move_to_recycle_bin_rejects_relative_path
[INFO] [stdout]   13:     0x6006c2784c36 - <api_validation[c840bc60fdfb6953]::move_to_recycle_bin_rejects_relative_path::{closure#0} as core[a373ad73a504971]::ops::function::FnOnce<()>>::call_once
[INFO] [stdout]   14:     0x6006c278590b - test[aada8e7e76ba119b]::__rust_begin_short_backtrace::<core[a373ad73a504971]::result::Result<(), alloc[2e1b2a31b91974c5]::string::String>, fn() -> core[a373ad73a504971]::result::Result<(), alloc[2e1b2a31b91974c5]::string::String>>
[INFO] [stdout]   15:     0x6006c2792ae5 - test[aada8e7e76ba119b]::run_test::{closure#0}
[INFO] [stdout]   16:     0x6006c278c3d4 - std[617be2ca0a6fd877]::sys::backtrace::__rust_begin_short_backtrace::<test[aada8e7e76ba119b]::run_test::{closure#1}, ()>
[INFO] [stdout]   17:     0x6006c2795b72 - <std[617be2ca0a6fd877]::thread::lifecycle::spawn_unchecked<test[aada8e7e76ba119b]::run_test::{closure#1}, ()>::{closure#1} as core[a373ad73a504971]::ops::function::FnOnce<()>>::call_once::{shim:vtable#0}
[INFO] [stdout]   18:     0x6006c27fd67f - <std[617be2ca0a6fd877]::sys::thread::unix::Thread>::new::thread_start
[INFO] [stdout]   19:     0x7a127ba33dfa - <unknown>
[INFO] [stdout]   20:     0x7a127bac73d4 - clone
[INFO] [stdout]   21:                0x0 - <unknown>
[INFO] [stdout] 
[INFO] [stdout] ---- single_instance_rejects_empty_app_id stdout ----
[INFO] [stdout] 
[INFO] [stdout] thread 'single_instance_rejects_empty_app_id' (673) panicked at tests/api_validation.rs:375:5:
[INFO] [stdout] assertion failed: matches!(result, Err(Error::InvalidInput(_)))
[INFO] [stdout] stack backtrace:
[INFO] [stdout]    0:     0x6006c27fe001 - <<std[617be2ca0a6fd877]::sys::backtrace::BacktraceLock>::print::DisplayBacktrace as core[a373ad73a504971]::fmt::Display>::fmt
[INFO] [stdout]    1:     0x6006c281245a - core[a373ad73a504971]::fmt::write
[INFO] [stdout]    2:     0x6006c280221c - <alloc[2e1b2a31b91974c5]::vec::Vec<u8> as core[a373ad73a504971]::io::write::Write>::write_fmt
[INFO] [stdout]    3:     0x6006c27d9c96 - std[617be2ca0a6fd877]::panicking::default_hook::{closure#0}
[INFO] [stdout]    4:     0x6006c27f63d9 - std[617be2ca0a6fd877]::panicking::default_hook
[INFO] [stdout]    5:     0x6006c27924c0 - test[aada8e7e76ba119b]::test_main_inner::{closure#0}
[INFO] [stdout]    6:     0x6006c27f6592 - std[617be2ca0a6fd877]::panicking::panic_with_hook
[INFO] [stdout]    7:     0x6006c27d9d74 - std[617be2ca0a6fd877]::panicking::panic_handler::{closure#0}
[INFO] [stdout]    8:     0x6006c27d29a9 - std[617be2ca0a6fd877]::sys::backtrace::__rust_end_short_backtrace::<std[617be2ca0a6fd877]::panicking::panic_handler::{closure#0}, !>
[INFO] [stdout]    9:     0x6006c27da94d - __rustc[ea4f61d10b84890b]::rust_begin_unwind
[INFO] [stdout]   10:     0x6006c2812b8c - core[a373ad73a504971]::panicking::panic_fmt
[INFO] [stdout]   11:     0x6006c2812b52 - core[a373ad73a504971]::panicking::panic
[INFO] [stdout]   12:     0x6006c278495a - <api_validation[c840bc60fdfb6953]::single_instance_rejects_empty_app_id::{closure#0} as core[a373ad73a504971]::ops::function::FnOnce<()>>::call_once
[INFO] [stdout]   13:     0x6006c278590b - test[aada8e7e76ba119b]::__rust_begin_short_backtrace::<core[a373ad73a504971]::result::Result<(), alloc[2e1b2a31b91974c5]::string::String>, fn() -> core[a373ad73a504971]::result::Result<(), alloc[2e1b2a31b91974c5]::string::String>>
[INFO] [stdout]   14:     0x6006c2792ae5 - test[aada8e7e76ba119b]::run_test::{closure#0}
[INFO] [stdout]   15:     0x6006c278c3d4 - std[617be2ca0a6fd877]::sys::backtrace::__rust_begin_short_backtrace::<test[aada8e7e76ba119b]::run_test::{closure#1}, ()>
[INFO] [stdout]   16:     0x6006c2795b72 - <std[617be2ca0a6fd877]::thread::lifecycle::spawn_unchecked<test[aada8e7e76ba119b]::run_test::{closure#1}, ()>::{closure#1} as core[a373ad73a504971]::ops::function::FnOnce<()>>::call_once::{shim:vtable#0}
[INFO] [stdout]   17:     0x6006c27fd67f - <std[617be2ca0a6fd877]::sys::thread::unix::Thread>::new::thread_start
[INFO] [stdout]   18:     0x7a127ba33dfa - <unknown>
[INFO] [stdout]   19:     0x7a127bac73d4 - clone
[INFO] [stdout]   20:                0x0 - <unknown>
[INFO] [stdout] 
[INFO] [stdout] ---- run_with_verb_rejects_nul_bytes_in_arguments stdout ----
[INFO] [stdout] 
[INFO] [stdout] thread 'run_with_verb_rejects_nul_bytes_in_arguments' (669) panicked at tests/api_validation.rs:228:5:
[INFO] [stdout] assertion failed: matches!(result, Err(Error::InvalidInput(_)))
[INFO] [stdout] stack backtrace:
[INFO] [stdout]    0:     0x6006c27fe001 - <<std[617be2ca0a6fd877]::sys::backtrace::BacktraceLock>::print::DisplayBacktrace as core[a373ad73a504971]::fmt::Display>::fmt
[INFO] [stdout]    1:     0x6006c281245a - core[a373ad73a504971]::fmt::write
[INFO] [stdout]    2:     0x6006c280221c - <alloc[2e1b2a31b91974c5]::vec::Vec<u8> as core[a373ad73a504971]::io::write::Write>::write_fmt
[INFO] [stdout]    3:     0x6006c27d9c96 - std[617be2ca0a6fd877]::panicking::default_hook::{closure#0}
[INFO] [stdout]    4:     0x6006c27f63d9 - std[617be2ca0a6fd877]::panicking::default_hook
[INFO] [stdout]    5:     0x6006c27924c0 - test[aada8e7e76ba119b]::test_main_inner::{closure#0}
[INFO] [stdout]    6:     0x6006c27f6592 - std[617be2ca0a6fd877]::panicking::panic_with_hook
[INFO] [stdout]    7:     0x6006c27d9d74 - std[617be2ca0a6fd877]::panicking::panic_handler::{closure#0}
[INFO] [stdout]    8:     0x6006c27d29a9 - std[617be2ca0a6fd877]::sys::backtrace::__rust_end_short_backtrace::<std[617be2ca0a6fd877]::panicking::panic_handler::{closure#0}, !>
[INFO] [stdout]    9:     0x6006c27da94d - __rustc[ea4f61d10b84890b]::rust_begin_unwind
[INFO] [stdout]   10:     0x6006c2812b8c - core[a373ad73a504971]::panicking::panic_fmt
[INFO] [stdout]   11:     0x6006c2812b52 - core[a373ad73a504971]::panicking::panic
[INFO] [stdout]   12:     0x6006c2783730 - api_validation[c840bc60fdfb6953]::run_with_verb_rejects_nul_bytes_in_arguments
[INFO] [stdout]   13:     0x6006c2784f4e - <api_validation[c840bc60fdfb6953]::run_with_verb_rejects_nul_bytes_in_arguments::{closure#0} as core[a373ad73a504971]::ops::function::FnOnce<()>>::call_once
[INFO] [stdout]   14:     0x6006c278590b - test[aada8e7e76ba119b]::__rust_begin_short_backtrace::<core[a373ad73a504971]::result::Result<(), alloc[2e1b2a31b91974c5]::string::String>, fn() -> core[a373ad73a504971]::result::Result<(), alloc[2e1b2a31b91974c5]::string::String>>
[INFO] [stdout]   15:     0x6006c2792ae5 - test[aada8e7e76ba119b]::run_test::{closure#0}
[INFO] [stdout]   16:     0x6006c278c3d4 - std[617be2ca0a6fd877]::sys::backtrace::__rust_begin_short_backtrace::<test[aada8e7e76ba119b]::run_test::{closure#1}, ()>
[INFO] [stdout]   17:     0x6006c2795b72 - <std[617be2ca0a6fd877]::thread::lifecycle::spawn_unchecked<test[aada8e7e76ba119b]::run_test::{closure#1}, ()>::{closure#1} as core[a373ad73a504971]::ops::function::FnOnce<()>>::call_once::{shim:vtable#0}
[INFO] [stdout]   18:     0x6006c27fd67f - <std[617be2ca0a6fd877]::sys::thread::unix::Thread>::new::thread_start
[INFO] [stdout]   19:     0x7a127ba33dfa - <unknown>
[INFO] [stdout]   20:     0x7a127bac73d4 - clone
[INFO] [stdout]   21:                0x0 - <unknown>
[INFO] [stdout] 
[INFO] [stdout] ---- run_with_verb_rejects_nul_bytes_in_executable stdout ----
[INFO] [stdout] 
[INFO] [stdout] thread 'run_with_verb_rejects_nul_bytes_in_executable' (670) panicked at tests/api_validation.rs:221:5:
[INFO] [stdout] assertion failed: matches!(result, Err(Error::InvalidInput(_)))
[INFO] [stdout] stack backtrace:
[INFO] [stdout]    0:     0x6006c27fe001 - <<std[617be2ca0a6fd877]::sys::backtrace::BacktraceLock>::print::DisplayBacktrace as core[a373ad73a504971]::fmt::Display>::fmt
[INFO] [stdout]    1:     0x6006c281245a - core[a373ad73a504971]::fmt::write
[INFO] [stdout]    2:     0x6006c280221c - <alloc[2e1b2a31b91974c5]::vec::Vec<u8> as core[a373ad73a504971]::io::write::Write>::write_fmt
[INFO] [stdout]    3:     0x6006c27d9c96 - std[617be2ca0a6fd877]::panicking::default_hook::{closure#0}
[INFO] [stdout]    4:     0x6006c27f63d9 - std[617be2ca0a6fd877]::panicking::default_hook
[INFO] [stdout]    5:     0x6006c27924c0 - test[aada8e7e76ba119b]::test_main_inner::{closure#0}
[INFO] [stdout]    6:     0x6006c27f6592 - std[617be2ca0a6fd877]::panicking::panic_with_hook
[INFO] [stdout]    7:     0x6006c27d9d74 - std[617be2ca0a6fd877]::panicking::panic_handler::{closure#0}
[INFO] [stdout]    8:     0x6006c27d29a9 - std[617be2ca0a6fd877]::sys::backtrace::__rust_end_short_backtrace::<std[617be2ca0a6fd877]::panicking::panic_handler::{closure#0}, !>
[INFO] [stdout]    9:     0x6006c27da94d - __rustc[ea4f61d10b84890b]::rust_begin_unwind
[INFO] [stdout]   10:     0x6006c2812b8c - core[a373ad73a504971]::panicking::panic_fmt
[INFO] [stdout]   11:     0x6006c2812b52 - core[a373ad73a504971]::panicking::panic
[INFO] [stdout]   12:     0x6006c278378a - api_validation[c840bc60fdfb6953]::run_with_verb_rejects_nul_bytes_in_executable
[INFO] [stdout]   13:     0x6006c2784f66 - <api_validation[c840bc60fdfb6953]::run_with_verb_rejects_nul_bytes_in_executable::{closure#0} as core[a373ad73a504971]::ops::function::FnOnce<()>>::call_once
[INFO] [stdout]   14:     0x6006c278590b - test[aada8e7e76ba119b]::__rust_begin_short_backtrace::<core[a373ad73a504971]::result::Result<(), alloc[2e1b2a31b91974c5]::string::String>, fn() -> core[a373ad73a504971]::result::Result<(), alloc[2e1b2a31b91974c5]::string::String>>
[INFO] [stdout]   15:     0x6006c2792ae5 - test[aada8e7e76ba119b]::run_test::{closure#0}
[INFO] [stdout]   16:     0x6006c278c3d4 - std[617be2ca0a6fd877]::sys::backtrace::__rust_begin_short_backtrace::<test[aada8e7e76ba119b]::run_test::{closure#1}, ()>
[INFO] [stdout]   17:     0x6006c2795b72 - <std[617be2ca0a6fd877]::thread::lifecycle::spawn_unchecked<test[aada8e7e76ba119b]::run_test::{closure#1}, ()>::{closure#1} as core[a373ad73a504971]::ops::function::FnOnce<()>>::call_once::{shim:vtable#0}
[INFO] [stdout]   18:     0x6006c27fd67f - <std[617be2ca0a6fd877]::sys::thread::unix::Thread>::new::thread_start
[INFO] [stdout]   19:     0x7a127ba33dfa - <unknown>
[INFO] [stdout]   20:     0x7a127bac73d4 - clone
[INFO] [stdout]   21:                0x0 - <unknown>
[INFO] [stdout] 
[INFO] [stdout] ---- open_with_verb_rejects_nul_bytes_in_verb stdout ----
[INFO] [stdout] 
[INFO] [stdout] thread 'open_with_verb_rejects_nul_bytes_in_verb' (663) panicked at tests/api_validation.rs:44:5:
[INFO] [stdout] assertion failed: matches!(result, Err(Error::InvalidInput(_)))
[INFO] [stdout] stack backtrace:
[INFO] [stdout]    0:     0x6006c27fe001 - <<std[617be2ca0a6fd877]::sys::backtrace::BacktraceLock>::print::DisplayBacktrace as core[a373ad73a504971]::fmt::Display>::fmt
[INFO] [stdout]    1:     0x6006c281245a - core[a373ad73a504971]::fmt::write
[INFO] [stdout]    2:     0x6006c280221c - <alloc[2e1b2a31b91974c5]::vec::Vec<u8> as core[a373ad73a504971]::io::write::Write>::write_fmt
[INFO] [stdout]    3:     0x6006c27d9c96 - std[617be2ca0a6fd877]::panicking::default_hook::{closure#0}
[INFO] [stdout]    4:     0x6006c27f63d9 - std[617be2ca0a6fd877]::panicking::default_hook
[INFO] [stdout]    5:     0x6006c27924c0 - test[aada8e7e76ba119b]::test_main_inner::{closure#0}
[INFO] [stdout]    6:     0x6006c27f6592 - std[617be2ca0a6fd877]::panicking::panic_with_hook
[INFO] [stdout]    7:     0x6006c27d9d74 - std[617be2ca0a6fd877]::panicking::panic_handler::{closure#0}
[INFO] [stdout]    8:     0x6006c27d29a9 - std[617be2ca0a6fd877]::sys::backtrace::__rust_end_short_backtrace::<std[617be2ca0a6fd877]::panicking::panic_handler::{closure#0}, !>
[INFO] [stdout]    9:     0x6006c27da94d - __rustc[ea4f61d10b84890b]::rust_begin_unwind
[INFO] [stdout]   10:     0x6006c2812b8c - core[a373ad73a504971]::panicking::panic_fmt
[INFO] [stdout]   11:     0x6006c2812b52 - core[a373ad73a504971]::panicking::panic
[INFO] [stdout]   12:     0x6006c27835fa - api_validation[c840bc60fdfb6953]::open_with_verb_rejects_nul_bytes_in_verb
[INFO] [stdout]   13:     0x6006c2784c2e - <api_validation[c840bc60fdfb6953]::open_with_verb_rejects_nul_bytes_in_verb::{closure#0} as core[a373ad73a504971]::ops::function::FnOnce<()>>::call_once
[INFO] [stdout]   14:     0x6006c278590b - test[aada8e7e76ba119b]::__rust_begin_short_backtrace::<core[a373ad73a504971]::result::Result<(), alloc[2e1b2a31b91974c5]::string::String>, fn() -> core[a373ad73a504971]::result::Result<(), alloc[2e1b2a31b91974c5]::string::String>>
[INFO] [stdout]   15:     0x6006c2792ae5 - test[aada8e7e76ba119b]::run_test::{closure#0}
[INFO] [stdout]   16:     0x6006c278c3d4 - std[617be2ca0a6fd877]::sys::backtrace::__rust_begin_short_backtrace::<test[aada8e7e76ba119b]::run_test::{closure#1}, ()>
[INFO] [stdout]   17:     0x6006c2795b72 - <std[617be2ca0a6fd877]::thread::lifecycle::spawn_unchecked<test[aada8e7e76ba119b]::run_test::{closure#1}, ()>::{closure#1} as core[a373ad73a504971]::ops::function::FnOnce<()>>::call_once::{shim:vtable#0}
[INFO] [stdout]   18:     0x6006c27fd67f - <std[617be2ca0a6fd877]::sys::thread::unix::Thread>::new::thread_start
[INFO] [stdout]   19:     0x7a127ba33dfa - <unknown>
[INFO] [stdout]   20:     0x7a127bac73d4 - clone
[INFO] [stdout]   21:                0x0 - <unknown>
[INFO] [stdout] 
[INFO] [stdout] 
[INFO] [stdout] failures:
[INFO] [stdout]     create_shortcut_creates_lnk_file
[INFO] [stdout]     create_shortcut_rejects_empty_shortcut_path
[INFO] [stdout]     create_shortcut_rejects_nul_bytes_in_shortcut_path
[INFO] [stdout]     create_shortcut_rejects_nul_bytes_in_target_path
[INFO] [stdout]     create_shortcut_rejects_output_parent_that_is_file
[INFO] [stdout]     create_shortcut_rejects_relative_shortcut_path
[INFO] [stdout]     create_shortcut_rejects_relative_target_path
[INFO] [stdout]     create_shortcut_rejects_wrong_extension
[INFO] [stdout]     create_url_shortcut_rejects_empty_url
[INFO] [stdout]     create_url_shortcut_rejects_line_breaks
[INFO] [stdout]     create_url_shortcut_rejects_nul_bytes_in_url
[INFO] [stdout]     create_url_shortcut_rejects_output_parent_that_is_file
[INFO] [stdout]     create_url_shortcut_rejects_wrong_extension
[INFO] [stdout]     empty_recycle_bin_for_root_rejects_empty_path
[INFO] [stdout]     empty_recycle_bin_for_root_rejects_nul_bytes_in_path
[INFO] [stdout]     empty_recycle_bin_for_root_rejects_relative_path
[INFO] [stdout]     move_paths_to_recycle_bin_rejects_empty_collection
[INFO] [stdout]     move_paths_to_recycle_bin_rejects_empty_path
[INFO] [stdout]     move_paths_to_recycle_bin_rejects_missing_absolute_path
[INFO] [stdout]     move_paths_to_recycle_bin_rejects_nul_bytes_in_path
[INFO] [stdout]     move_paths_to_recycle_bin_rejects_relative_path
[INFO] [stdout]     move_to_recycle_bin_rejects_empty_path
[INFO] [stdout]     move_to_recycle_bin_rejects_missing_absolute_path
[INFO] [stdout]     move_to_recycle_bin_rejects_nul_bytes_in_path
[INFO] [stdout]     move_to_recycle_bin_rejects_relative_path
[INFO] [stdout]     open_containing_folder_rejects_drive_root_without_parent
[INFO] [stdout]     open_containing_folder_rejects_empty_path
[INFO] [stdout]     open_containing_folder_rejects_missing_path
[INFO] [stdout]     open_containing_folder_rejects_nul_bytes_in_path
[INFO] [stdout]     open_url_rejects_empty_string
[INFO] [stdout]     open_url_rejects_nul_bytes
[INFO] [stdout]     open_url_rejects_whitespace_only
[INFO] [stdout]     open_with_default_rejects_empty_path
[INFO] [stdout]     open_with_default_rejects_missing_path
[INFO] [stdout]     open_with_default_rejects_nul_bytes_in_path
[INFO] [stdout]     open_with_verb_rejects_empty_path
[INFO] [stdout]     open_with_verb_rejects_empty_verb
[INFO] [stdout]     open_with_verb_rejects_missing_path
[INFO] [stdout]     open_with_verb_rejects_nul_bytes_in_path
[INFO] [stdout]     open_with_verb_rejects_nul_bytes_in_verb
[INFO] [stdout]     reveal_in_explorer_rejects_empty_path
[INFO] [stdout]     reveal_in_explorer_rejects_missing_path
[INFO] [stdout]     reveal_in_explorer_rejects_nul_bytes_in_path
[INFO] [stdout]     run_as_admin_rejects_empty_executable
[INFO] [stdout]     run_with_verb_rejects_empty_verb
[INFO] [stdout]     run_with_verb_rejects_nul_bytes_in_arguments
[INFO] [stdout]     run_with_verb_rejects_nul_bytes_in_executable
[INFO] [stdout]     single_instance_can_be_acquired_again_after_guard_is_dropped
[INFO] [stdout]     single_instance_rejects_backslashes_in_app_id
[INFO] [stdout]     single_instance_rejects_empty_app_id
[INFO] [stdout]     single_instance_rejects_nul_bytes_in_app_id
[INFO] [stdout]     single_instance_returns_none_when_same_app_id_is_acquired_twice
[INFO] [stdout]     single_instance_scopes_do_not_conflict_with_each_other
[INFO] [stdout]     single_instance_with_options_allows_global_scope
[INFO] [stdout]     single_instance_with_scope_allows_global_scope
[INFO] [stdout] 
[INFO] [stdout] test result: FAILED. 0 passed; 55 failed; 0 ignored; 0 measured; 0 filtered out; finished in 0.02s
[INFO] [stdout] 
[INFO] running `Command { std: "docker" "inspect" "a77ef8853e4c179da13a218bee287b5e537a99cf94c2860eb8b5e1d5bf81e716", kill_on_drop: false }`
[INFO] running `Command { std: "docker" "rm" "-f" "a77ef8853e4c179da13a218bee287b5e537a99cf94c2860eb8b5e1d5bf81e716", kill_on_drop: false }`
[INFO] [stdout] a77ef8853e4c179da13a218bee287b5e537a99cf94c2860eb8b5e1d5bf81e716
