[INFO] fetching crate wild-doc-client-lib 0.3.4...
[INFO] testing wild-doc-client-lib-0.3.4 against 1.99.0-beta.8+cargoflags=--release for beta-release-1.100-2
[INFO] extracting crate wild-doc-client-lib 0.3.4 into /workspace/builds/worker-4-tc1/source
[INFO] started tweaking crates.io crate wild-doc-client-lib 0.3.4
[INFO] finished tweaking crates.io crate wild-doc-client-lib 0.3.4
[INFO] tweaked toml for crates.io crate wild-doc-client-lib 0.3.4 written to /workspace/builds/worker-4-tc1/source/Cargo.toml
[INFO] validating manifest of crates.io crate wild-doc-client-lib 0.3.4 on toolchain 1.99.0-beta.8
[INFO] running `Command { std: CARGO_HOME="/workspace/cargo-home" RUSTUP_HOME="/workspace/rustup-home" "/workspace/cargo-home/bin/cargo" "+1.99.0-beta.8" "metadata" "--manifest-path" "Cargo.toml" "--no-deps", kill_on_drop: false }`
[INFO] running `Command { std: CARGO_HOME="/workspace/cargo-home" RUSTUP_HOME="/workspace/rustup-home" "/workspace/cargo-home/bin/cargo" "+1.99.0-beta.8" "generate-lockfile" "--manifest-path" "Cargo.toml", kill_on_drop: false }`
[INFO] [stderr]     Updating crates.io index
[INFO] [stderr]      Locking 12 packages to highest compatible versions
[INFO] [stderr]       Adding hashbrown v0.14.5 (available: v0.17.1)
[INFO] running `Command { std: CARGO_HOME="/workspace/cargo-home" RUSTUP_HOME="/workspace/rustup-home" "/workspace/cargo-home/bin/cargo" "+1.99.0-beta.8" "fetch" "--manifest-path" "Cargo.toml", kill_on_drop: false }`
[INFO] [stderr]  Downloading crates ...
[INFO] [stderr]   Downloaded hashbrown v0.14.5
[INFO] [stderr]   Downloaded zerocopy-derive v0.8.63
[INFO] [stderr]   Downloaded zerocopy v0.8.63
[INFO] running `Command { std: "docker" "create" "-v" "/var/lib/crater-agent-workspace/builds/worker-4-tc1/source:/opt/rustwide/workdir:ro,Z" "-v" "/var/lib/crater-agent-workspace/builds/worker-4-tc1/target:/opt/rustwide/target:rw,Z" "-v" "/var/lib/crater-agent-workspace/cargo-home:/opt/rustwide/cargo-home:ro,Z" "-v" "/var/lib/crater-agent-workspace/rustup-home:/opt/rustwide/rustup-home:ro,Z" "-m" "1610612736" "--network" "none" "ghcr.io/rust-lang/crates-build-env/linux@sha256:77db811e55d90add9212f6832c23229e3de5f1c1f9905e8cb07319ea15df73ac" "sleep" "infinity", kill_on_drop: false }`
[INFO] [stdout] affbe5562018a5bc6fd9fa58ee99f5355845ae5f09450b3c8fc4440fff2676d4
[INFO] running `Command { std: "docker" "start" "affbe5562018a5bc6fd9fa58ee99f5355845ae5f09450b3c8fc4440fff2676d4", kill_on_drop: false }`
[INFO] running `Command { std: "docker" "inspect" "affbe5562018a5bc6fd9fa58ee99f5355845ae5f09450b3c8fc4440fff2676d4", kill_on_drop: false }`
[INFO] running `Command { std: "docker" "exec" "-e" "SOURCE_DIR=/opt/rustwide/workdir" "-e" "CARGO_HOME=/opt/rustwide/cargo-home" "-e" "RUSTUP_HOME=/opt/rustwide/rustup-home" "-e" "CARGO_TARGET_DIR=/opt/rustwide/target" "-w" "/opt/rustwide/workdir" "--user" "0:0" "affbe5562018a5bc6fd9fa58ee99f5355845ae5f09450b3c8fc4440fff2676d4" "/opt/rustwide/cargo-home/bin/cargo" "+1.99.0-beta.8" "metadata" "--no-deps" "--format-version=1", kill_on_drop: false }`
[INFO] running `Command { std: "docker" "inspect" "affbe5562018a5bc6fd9fa58ee99f5355845ae5f09450b3c8fc4440fff2676d4", kill_on_drop: false }`
[INFO] running `Command { std: "docker" "exec" "-e" "SOURCE_DIR=/opt/rustwide/workdir" "-e" "CARGO_HOME=/opt/rustwide/cargo-home" "-e" "RUSTUP_HOME=/opt/rustwide/rustup-home" "-e" "CARGO_TARGET_DIR=/opt/rustwide/target" "-e" "CARGO_INCREMENTAL=0" "-e" "RUST_BACKTRACE=full" "-e" "RUSTFLAGS=--cap-lints=warn" "-e" "RUSTDOCFLAGS=--cap-lints=warn" "-w" "/opt/rustwide/workdir" "--user" "0:0" "affbe5562018a5bc6fd9fa58ee99f5355845ae5f09450b3c8fc4440fff2676d4" "/opt/rustwide/cargo-home/bin/cargo" "+1.99.0-beta.8" "build" "--frozen" "--message-format=json" "--release", kill_on_drop: false }`
[INFO] [stderr]    Compiling zerocopy v0.8.63
[INFO] [stderr]    Compiling ahash v0.8.12
[INFO] [stderr]    Compiling once_cell v1.21.4
[INFO] [stderr]    Compiling allocator-api2 v0.2.21
[INFO] [stderr]    Compiling hashbrown v0.14.5
[INFO] [stderr]    Compiling wild-doc-client-lib v0.3.4 (/opt/rustwide/workdir)
[INFO] [stderr]     Finished `release` profile [optimized] target(s) in 6.86s
[INFO] running `Command { std: "docker" "inspect" "affbe5562018a5bc6fd9fa58ee99f5355845ae5f09450b3c8fc4440fff2676d4", kill_on_drop: false }`
[INFO] running `Command { std: "docker" "exec" "-e" "SOURCE_DIR=/opt/rustwide/workdir" "-e" "CARGO_HOME=/opt/rustwide/cargo-home" "-e" "RUSTUP_HOME=/opt/rustwide/rustup-home" "-e" "CARGO_TARGET_DIR=/opt/rustwide/target" "-e" "CARGO_INCREMENTAL=0" "-e" "RUST_BACKTRACE=full" "-e" "RUSTFLAGS=--cap-lints=warn" "-e" "RUSTDOCFLAGS=--cap-lints=warn" "-w" "/opt/rustwide/workdir" "--user" "0:0" "affbe5562018a5bc6fd9fa58ee99f5355845ae5f09450b3c8fc4440fff2676d4" "/opt/rustwide/cargo-home/bin/cargo" "+1.99.0-beta.8" "test" "--frozen" "--no-run" "--message-format=json" "--release", kill_on_drop: false }`
[INFO] [stderr]    Compiling wild-doc-client-lib v0.3.4 (/opt/rustwide/workdir)
[INFO] [stderr]     Finished `release` profile [optimized] target(s) in 0.86s
[INFO] running `Command { std: "docker" "inspect" "affbe5562018a5bc6fd9fa58ee99f5355845ae5f09450b3c8fc4440fff2676d4", kill_on_drop: false }`
[INFO] running `Command { std: "docker" "exec" "-e" "SOURCE_DIR=/opt/rustwide/workdir" "-e" "CARGO_HOME=/opt/rustwide/cargo-home" "-e" "RUSTUP_HOME=/opt/rustwide/rustup-home" "-e" "CARGO_TARGET_DIR=/opt/rustwide/target" "-e" "CARGO_INCREMENTAL=0" "-e" "RUST_BACKTRACE=full" "-e" "RUSTFLAGS=--cap-lints=warn" "-e" "RUSTDOCFLAGS=--cap-lints=warn" "-w" "/opt/rustwide/workdir" "--user" "0:0" "affbe5562018a5bc6fd9fa58ee99f5355845ae5f09450b3c8fc4440fff2676d4" "/opt/rustwide/cargo-home/bin/cargo" "+1.99.0-beta.8" "test" "--frozen" "--release", kill_on_drop: false }`
[INFO] [stderr]     Finished `release` profile [optimized] target(s) in 0.05s
[INFO] [stderr]      Running unittests src/lib.rs (/opt/rustwide/target/release/deps/wild_doc_client_lib-cc58a1172231e6b6)
[INFO] [stdout] 
[INFO] [stdout] running 1 test
[INFO] [stderr] error: test failed, to rerun pass `--lib`
[INFO] [stdout] test tests::it_works ... FAILED
[INFO] [stdout] 
[INFO] [stdout] failures:
[INFO] [stdout] 
[INFO] [stdout] ---- tests::it_works stdout ----
[INFO] [stdout] 
[INFO] [stdout] thread 'tests::it_works' (234) panicked at src/lib.rs:29:65:
[INFO] [stdout] failed to connect server: Os { code: 111, kind: ConnectionRefused, message: "Connection refused" }
[INFO] [stdout] stack backtrace:
[INFO] [stdout]    0:     0x60da35c89471 - <<std[70759c8f55707aa4]::sys::backtrace::BacktraceLock>::print::DisplayBacktrace as core[df12db4294e9bfd3]::fmt::Display>::fmt
[INFO] [stdout]    1:     0x60da35c9e41a - core[df12db4294e9bfd3]::fmt::write
[INFO] [stdout]    2:     0x60da35c8dd4c - <alloc[2182bb758b4b3781]::vec::Vec<u8> as core[df12db4294e9bfd3]::io::write::Write>::write_fmt
[INFO] [stdout]    3:     0x60da35c650d6 - std[70759c8f55707aa4]::panicking::default_hook::{closure#0}
[INFO] [stdout]    4:     0x60da35c816b9 - std[70759c8f55707aa4]::panicking::default_hook
[INFO] [stdout]    5:     0x60da35c1d620 - test[9d35eded1c95d3be]::test_main_inner::<test[9d35eded1c95d3be]::test_main_static::{closure#0}>::{closure#0}
[INFO] [stdout]    6:     0x60da35c81872 - std[70759c8f55707aa4]::panicking::panic_with_hook
[INFO] [stdout]    7:     0x60da35c65182 - std[70759c8f55707aa4]::panicking::panic_handler::{closure#0}
[INFO] [stdout]    8:     0x60da35c5de59 - std[70759c8f55707aa4]::sys::backtrace::__rust_end_short_backtrace::<std[70759c8f55707aa4]::panicking::panic_handler::{closure#0}, !>
[INFO] [stdout]    9:     0x60da35c65f6d - __rustc[8fa7c3cbc660c2b3]::rust_begin_unwind
[INFO] [stdout]   10:     0x60da35c9eb4c - core[df12db4294e9bfd3]::panicking::panic_fmt
[INFO] [stdout]   11:     0x60da35c9e922 - core[df12db4294e9bfd3]::result::unwrap_failed
[INFO] [stdout]   12:     0x60da35c0cdcc - <wild_doc_client_lib[247dc5cafa95d285]::WildDocClient>::new::<&str>
[INFO] [stdout]   13:     0x60da35c0fdaa - wild_doc_client_lib[247dc5cafa95d285]::tests::it_works
[INFO] [stdout]   14:     0x60da35c0e509 - <wild_doc_client_lib[247dc5cafa95d285]::tests::it_works::{closure#0} as core[df12db4294e9bfd3]::ops::function::FnOnce<()>>::call_once
[INFO] [stdout]   15:     0x60da35c1090b - test[9d35eded1c95d3be]::__rust_begin_short_backtrace::<core[df12db4294e9bfd3]::result::Result<(), alloc[2182bb758b4b3781]::string::String>, fn() -> core[df12db4294e9bfd3]::result::Result<(), alloc[2182bb758b4b3781]::string::String>>
[INFO] [stdout]   16:     0x60da35c1df75 - test[9d35eded1c95d3be]::run_test::{closure#0}
[INFO] [stdout]   17:     0x60da35c17834 - std[70759c8f55707aa4]::sys::backtrace::__rust_begin_short_backtrace::<test[9d35eded1c95d3be]::run_test::{closure#1}, ()>
[INFO] [stdout]   18:     0x60da35c210d2 - <std[70759c8f55707aa4]::thread::lifecycle::spawn_unchecked<test[9d35eded1c95d3be]::run_test::{closure#1}, ()>::{closure#1} as core[df12db4294e9bfd3]::ops::function::FnOnce<()>>::call_once::{shim:vtable#0}
[INFO] [stdout]   19:     0x60da35c88829 - <std[70759c8f55707aa4]::sys::thread::unix::Thread>::new::thread_start
[INFO] [stdout]   20:     0x70d41059cdfa - <unknown>
[INFO] [stdout]   21:     0x70d4106303d4 - clone
[INFO] [stdout]   22:                0x0 - <unknown>
[INFO] [stdout] 
[INFO] [stdout] 
[INFO] [stdout] failures:
[INFO] [stdout]     tests::it_works
[INFO] [stdout] 
[INFO] [stdout] test result: FAILED. 0 passed; 1 failed; 0 ignored; 0 measured; 0 filtered out; finished in 0.01s
[INFO] [stdout] 
[INFO] running `Command { std: "docker" "inspect" "affbe5562018a5bc6fd9fa58ee99f5355845ae5f09450b3c8fc4440fff2676d4", kill_on_drop: false }`
[INFO] running `Command { std: "docker" "rm" "-f" "affbe5562018a5bc6fd9fa58ee99f5355845ae5f09450b3c8fc4440fff2676d4", kill_on_drop: false }`
[INFO] [stdout] affbe5562018a5bc6fd9fa58ee99f5355845ae5f09450b3c8fc4440fff2676d4
