[INFO] fetching crate wifi-densepose-aether 0.3.0...
[INFO] testing wifi-densepose-aether-0.3.0 against 1.100.0-beta.1+cargoflags=--release for beta-release-1.100-2
[INFO] extracting crate wifi-densepose-aether 0.3.0 into /workspace/builds/worker-2-tc2/source
[INFO] started tweaking crates.io crate wifi-densepose-aether 0.3.0
[INFO] removed 0 missing tests
[INFO] finished tweaking crates.io crate wifi-densepose-aether 0.3.0
[INFO] tweaked toml for crates.io crate wifi-densepose-aether 0.3.0 written to /workspace/builds/worker-2-tc2/source/Cargo.toml
[INFO] validating manifest of crates.io crate wifi-densepose-aether 0.3.0 on toolchain 1.100.0-beta.1
[INFO] running `Command { std: CARGO_HOME="/workspace/cargo-home" RUSTUP_HOME="/workspace/rustup-home" "/workspace/cargo-home/bin/cargo" "+1.100.0-beta.1" "metadata" "--manifest-path" "Cargo.toml" "--no-deps", kill_on_drop: false }`
[INFO] crate crates.io crate wifi-densepose-aether 0.3.0 already has a lockfile, it will not be regenerated
[INFO] running `Command { std: CARGO_HOME="/workspace/cargo-home" RUSTUP_HOME="/workspace/rustup-home" "/workspace/cargo-home/bin/cargo" "+1.100.0-beta.1" "fetch" "--manifest-path" "Cargo.toml", kill_on_drop: false }`
[INFO] running `Command { std: "docker" "create" "-v" "/var/lib/crater-agent-workspace/builds/worker-2-tc2/source:/opt/rustwide/workdir:ro,Z" "-v" "/var/lib/crater-agent-workspace/builds/worker-2-tc2/target:/opt/rustwide/target:rw,Z" "-v" "/var/lib/crater-agent-workspace/cargo-home:/opt/rustwide/cargo-home:ro,Z" "-v" "/var/lib/crater-agent-workspace/rustup-home:/opt/rustwide/rustup-home:ro,Z" "-m" "1610612736" "--network" "none" "ghcr.io/rust-lang/crates-build-env/linux@sha256:77db811e55d90add9212f6832c23229e3de5f1c1f9905e8cb07319ea15df73ac" "sleep" "infinity", kill_on_drop: false }`
[INFO] [stdout] 668deac223b14dfea327f46c752f249212c78a785ff8acf34466f697e0798bc9
[INFO] running `Command { std: "docker" "start" "668deac223b14dfea327f46c752f249212c78a785ff8acf34466f697e0798bc9", kill_on_drop: false }`
[INFO] running `Command { std: "docker" "inspect" "668deac223b14dfea327f46c752f249212c78a785ff8acf34466f697e0798bc9", kill_on_drop: false }`
[INFO] running `Command { std: "docker" "exec" "-e" "SOURCE_DIR=/opt/rustwide/workdir" "-e" "CARGO_HOME=/opt/rustwide/cargo-home" "-e" "RUSTUP_HOME=/opt/rustwide/rustup-home" "-e" "CARGO_TARGET_DIR=/opt/rustwide/target" "-w" "/opt/rustwide/workdir" "--user" "0:0" "668deac223b14dfea327f46c752f249212c78a785ff8acf34466f697e0798bc9" "/opt/rustwide/cargo-home/bin/cargo" "+1.100.0-beta.1" "metadata" "--no-deps" "--format-version=1", kill_on_drop: false }`
[INFO] running `Command { std: "docker" "inspect" "668deac223b14dfea327f46c752f249212c78a785ff8acf34466f697e0798bc9", kill_on_drop: false }`
[INFO] running `Command { std: "docker" "exec" "-e" "SOURCE_DIR=/opt/rustwide/workdir" "-e" "CARGO_HOME=/opt/rustwide/cargo-home" "-e" "RUSTUP_HOME=/opt/rustwide/rustup-home" "-e" "CARGO_TARGET_DIR=/opt/rustwide/target" "-e" "CARGO_INCREMENTAL=0" "-e" "RUST_BACKTRACE=full" "-e" "RUSTFLAGS=--cap-lints=warn" "-e" "RUSTDOCFLAGS=--cap-lints=warn" "-w" "/opt/rustwide/workdir" "--user" "0:0" "668deac223b14dfea327f46c752f249212c78a785ff8acf34466f697e0798bc9" "/opt/rustwide/cargo-home/bin/cargo" "+1.100.0-beta.1" "build" "--frozen" "--message-format=json" "--release", kill_on_drop: false }`
[INFO] [stderr]    Compiling wifi-densepose-aether v0.3.0 (/opt/rustwide/workdir)
[INFO] [stderr]     Finished `release` profile [optimized] target(s) in 2.69s
[INFO] running `Command { std: "docker" "inspect" "668deac223b14dfea327f46c752f249212c78a785ff8acf34466f697e0798bc9", kill_on_drop: false }`
[INFO] running `Command { std: "docker" "exec" "-e" "SOURCE_DIR=/opt/rustwide/workdir" "-e" "CARGO_HOME=/opt/rustwide/cargo-home" "-e" "RUSTUP_HOME=/opt/rustwide/rustup-home" "-e" "CARGO_TARGET_DIR=/opt/rustwide/target" "-e" "CARGO_INCREMENTAL=0" "-e" "RUST_BACKTRACE=full" "-e" "RUSTFLAGS=--cap-lints=warn" "-e" "RUSTDOCFLAGS=--cap-lints=warn" "-w" "/opt/rustwide/workdir" "--user" "0:0" "668deac223b14dfea327f46c752f249212c78a785ff8acf34466f697e0798bc9" "/opt/rustwide/cargo-home/bin/cargo" "+1.100.0-beta.1" "test" "--frozen" "--no-run" "--message-format=json" "--release", kill_on_drop: false }`
[INFO] [stderr]    Compiling serde_core v1.0.228
[INFO] [stderr]    Compiling serde_json v1.0.149
[INFO] [stderr]    Compiling wifi-densepose-aether v0.3.0 (/opt/rustwide/workdir)
[INFO] [stderr]     Finished `release` profile [optimized] target(s) in 10.32s
[INFO] running `Command { std: "docker" "inspect" "668deac223b14dfea327f46c752f249212c78a785ff8acf34466f697e0798bc9", kill_on_drop: false }`
[INFO] running `Command { std: "docker" "exec" "-e" "SOURCE_DIR=/opt/rustwide/workdir" "-e" "CARGO_HOME=/opt/rustwide/cargo-home" "-e" "RUSTUP_HOME=/opt/rustwide/rustup-home" "-e" "CARGO_TARGET_DIR=/opt/rustwide/target" "-e" "CARGO_INCREMENTAL=0" "-e" "RUST_BACKTRACE=full" "-e" "RUSTFLAGS=--cap-lints=warn" "-e" "RUSTDOCFLAGS=--cap-lints=warn" "-w" "/opt/rustwide/workdir" "--user" "0:0" "668deac223b14dfea327f46c752f249212c78a785ff8acf34466f697e0798bc9" "/opt/rustwide/cargo-home/bin/cargo" "+1.100.0-beta.1" "test" "--frozen" "--release", kill_on_drop: false }`
[INFO] [stderr]     Finished `release` profile [optimized] target(s) in 0.02s
[INFO] [stderr]      Running unittests src/lib.rs (/opt/rustwide/target/release/build/wifi-densepose-aether/5a2cf6be4f88a6ff/out/wifi_densepose_aether-5a2cf6be4f88a6ff)
[INFO] [stdout] 
[INFO] [stdout] running 98 tests
[INFO] [stdout] test embedding::tests::test_fingerprint_index_anomaly_detection ... ok
[INFO] [stdout] test embedding::tests::test_fingerprint_index_insert_search ... ok
[INFO] [stdout] test embedding::tests::test_info_nce_loss_mined_equals_standard_during_warmup ... ok
[INFO] [stdout] test embedding::tests::test_fingerprint_index_types ... ok
[INFO] [stdout] test embedding::tests::test_hard_negative_miner_selects_hardest ... ok
[INFO] [stdout] test embedding::tests::test_augmenter_preserves_shape ... ok
[INFO] [stdout] test embedding::tests::test_cross_modal_loss_aligned_pairs ... ok
[INFO] [stdout] test embedding::tests::test_embedding_extractor_weight_roundtrip ... ok
[INFO] [stdout] test embedding::tests::test_drift_detector_stable_input_no_drift ... ok
[INFO] [stdout] test embedding::tests::test_embedding_extractor_output_shape ... ok
[INFO] [stdout] test embedding::tests::test_embedding_extractor_drift_detection ... ok
[INFO] [stdout] test embedding::tests::load_weights_rejects_bad_magic_and_wrong_count ... ok
[INFO] [stdout] test embedding::tests::test_augmenter_produces_different_views ... ok
[INFO] [stdout] test embedding::tests::load_weights_actually_replaces_weights_and_round_trips ... ok
[INFO] [stdout] test embedding::tests::test_hard_negative_miner_warmup ... ok
[INFO] [stdout] test embedding::tests::test_fingerprint_index_anomalous_flag ... ok
[INFO] [stdout] test embedding::tests::test_info_nce_loss_random_pairs ... ok
[INFO] [stdout] test embedding::tests::test_info_nce_loss_positive_pairs ... ok
[INFO] [stdout] test embedding::tests::test_quantized_embedding_rank_correlation ... ok
[INFO] [stdout] test embedding::tests::test_pose_encoder_l2_normalized ... ok
[INFO] [stdout] test embedding::tests::test_pose_encoder_output_shape ... ok
[INFO] [stdout] test embedding::tests::test_projection_head_lora_param_count ... ok
[INFO] [stdout] test embedding::tests::test_projection_head_output_shape ... ok
[INFO] [stdout] test embedding::tests::test_projection_head_flatten_unflatten_lora ... ok
[INFO] [stdout] test embedding::tests::test_projection_head_l2_normalized ... ok
[INFO] [stdout] test embedding::tests::test_transformer_embed_shape ... ok
[INFO] [stdout] test embedding::tests::test_projection_head_merge_unmerge_roundtrip ... ok
[INFO] [stdout] test embedding::tests::test_projection_head_weight_roundtrip ... ok
[INFO] [stdout] test embedding::tests::test_projection_head_with_lora_changes_output ... ok
[INFO] [stdout] test graph_transformer::tests::antenna_graph_adjacency ... ok
[INFO] [stdout] test graph_transformer::tests::antenna_graph_node_count ... ok
[INFO] [stdout] test graph_transformer::tests::body_graph_adjacency_symmetric ... ok
[INFO] [stdout] test graph_transformer::tests::body_graph_self_loops_and_specific_edges ... ok
[INFO] [stdout] test graph_transformer::tests::cross_attention_flatten_unflatten_roundtrip ... ok
[INFO] [stdout] test graph_transformer::tests::body_graph_has_16_edges ... ok
[INFO] [stdout] test graph_transformer::tests::gnn_message_passing_shape ... ok
[INFO] [stdout] test graph_transformer::tests::linear_layer_output_size ... ok
[INFO] [stdout] test graph_transformer::tests::gnn_stack_flatten_unflatten ... ok
[INFO] [stdout] test graph_transformer::tests::linear_flatten_unflatten_roundtrip ... ok
[INFO] [stdout] test graph_transformer::tests::linear_layer_set_weights_identity ... ok
[INFO] [stdout] test graph_transformer::tests::scaled_dot_product_softmax_sums_to_one ... ok
[INFO] [stdout] test graph_transformer::tests::cross_attention_empty_keys ... ok
[INFO] [stdout] test graph_transformer::tests::transformer_config_defaults ... ok
[INFO] [stdout] test graph_transformer::tests::cross_attention_single_head_vs_multi ... ok
[INFO] [stdout] test graph_transformer::tests::body_graph_has_17_nodes ... ok
[INFO] [stdout] test graph_transformer::tests::cross_attention_output_shape ... ok
[INFO] [stdout] test graph_transformer::tests::deterministic_rng_and_linear ... ok
[INFO] [stdout] test graph_transformer::tests::linear_layer_zero_weights ... ok
[INFO] [stdout] test graph_transformer::tests::sigmoid_bounds ... ok
[INFO] [stdout] test graph_transformer::tests::body_graph_normalized_adjacency_finite ... ok
[INFO] [stdout] test graph_transformer::tests::transformer_forward_output_17_keypoints ... ok
[INFO] [stdout] test graph_transformer::tests::relu_activation ... ok
[INFO] [stdout] test graph_transformer::tests::transformer_param_count_positive ... ok
[INFO] [stdout] test sona::tests::environment_detector_no_drift_initially ... ok
[INFO] [stdout] test graph_transformer::tests::transformer_weight_roundtrip ... ok
[INFO] [stdout] test graph_transformer::tests::softmax_edge_cases ... ok
[INFO] [stdout] test sona::tests::ewc_consolidate_updates_reference ... ok
[INFO] [stdout] test sona::tests::ewc_fisher_positive ... ok
[INFO] [stdout] test sona::tests::ewc_online_update_decays ... ok
[INFO] [stdout] test sona::tests::ewc_penalty_gradient_direction ... ok
[INFO] [stdout] test sona::tests::ewc_penalty_positive_away_from_reference ... ok
[INFO] [stdout] test sona::tests::lora_adapter_forward_shape ... ok
[INFO] [stdout] test graph_transformer::tests::gnn_preserves_isolated_node ... ok
[INFO] [stdout] test sona::tests::lora_adapter_merge_unmerge_roundtrip ... ok
[INFO] [stdout] test sona::tests::lora_adapter_param_count ... ok
[INFO] [stdout] test sona::tests::lora_adapter_rank_1_outer_product ... ok
[INFO] [stdout] test sona::tests::lora_adapter_zero_init_produces_zero_delta ... ok
[INFO] [stdout] test graph_transformer::tests::transformer_keypoints_are_finite ... ok
[INFO] [stdout] test sona::tests::environment_detector_reset_baseline ... ok
[INFO] [stdout] test sona::tests::temporal_consistency_zero_for_static ... ok
[INFO] [stdout] test sona::tests::environment_detector_detects_large_shift ... ok
[INFO] [stdout] test sparse_inference::tests::apply_quantization_enables_quantized_forward ... ok
[INFO] [stdout] test sona::tests::sona_config_defaults ... ok
[INFO] [stdout] test sona::tests::lora_scale_factor ... ok
[INFO] [stdout] test sona::tests::sona_adapter_converges_on_simple_task ... ok
[INFO] [stdout] test sona::tests::sona_adapter_respects_max_steps ... ok
[INFO] [stdout] test sona::tests::ewc_penalty_zero_at_reference ... ok
[INFO] [stdout] test sona::tests::sona_profile_save_load_roundtrip ... ok
[INFO] [stdout] test sparse_inference::tests::neuron_profiler_initially_empty ... ok
[INFO] [stdout] test sparse_inference::tests::int8_quantization_error_bounded ... ok
[INFO] [stdout] test sparse_inference::tests::neuron_profiler_records_activations ... ok
[INFO] [stdout] test sparse_inference::tests::neuron_profiler_sparsity_ratio ... ok
[INFO] [stdout] test sparse_inference::tests::neuron_profiler_hot_cold_partition ... ok
[INFO] [stdout] test sparse_inference::tests::sparse_linear_skips_cold_neurons ... ok
[INFO] [stdout] test sparse_inference::tests::sparse_linear_flops_saved ... ok
[INFO] [stdout] test sparse_inference::tests::sparse_model_profile_and_apply ... ok
[INFO] [stdout] test sparse_inference::tests::sparse_model_add_layers ... ok
[INFO] [stdout] test sparse_inference::tests::quantize_symmetric_range ... ok
[INFO] [stdout] test sparse_inference::tests::quantized_forward_accuracy_within_5_percent ... ok
[INFO] [stdout] test sparse_inference::tests::dequantize_round_trip_small_error ... ok
[INFO] [stdout] test sparse_inference::tests::compare_dense_sparse_speedup ... ok
[INFO] [stdout] test sparse_inference::tests::quantize_symmetric_zero_is_zero ... ok
[INFO] [stdout] test sparse_inference::tests::benchmark_produces_positive_latency ... ok
[INFO] [stdout] test sparse_inference::tests::sparse_model_stats_report ... ok
[INFO] [stdout] test sparse_inference::tests::f16_round_trip_precision ... ok
[INFO] [stdout] test sparse_inference::tests::quantize_asymmetric_range ... ok
[INFO] [stdout] test sparse_inference::tests::sparse_linear_matches_dense ... ok
[INFO] [stdout] test sparse_inference::tests::f16_special_values ... ok
[INFO] [stdout] 
[INFO] [stdout] test result: ok. 98 passed; 0 failed; 0 ignored; 0 measured; 0 filtered out; finished in 0.04s
[INFO] [stdout] 
[INFO] [stderr]      Running tests/golden_parity.rs (/opt/rustwide/target/release/build/wifi-densepose-aether/d4c2eb55faa4404f/out/golden_parity-d4c2eb55faa4404f)
[INFO] [stdout] 
[INFO] [stdout] running 2 tests
[INFO] [stdout] test native_base_embedding_matches_committed_golden ... FAILED
[INFO] [stdout] test native_loaded_embedding_matches_committed_golden ... FAILED
[INFO] [stdout] 
[INFO] [stdout] failures:
[INFO] [stdout] 
[INFO] [stdout] ---- native_base_embedding_matches_committed_golden stdout ----
[INFO] [stdout] 
[INFO] [stdout] thread 'native_base_embedding_matches_committed_golden' (410) panicked at tests/golden_parity.rs:45:10:
[INFO] [stdout] read aether_input.json: Os { code: 2, kind: NotFound, message: "No such file or directory" }
[INFO] [stdout] stack backtrace:
[INFO] [stdout]    0:     0x5bab6a9133e1 - <<std[617be2ca0a6fd877]::sys::backtrace::BacktraceLock>::print::DisplayBacktrace as core[a373ad73a504971]::fmt::Display>::fmt
[INFO] [stdout]    1:     0x5bab6a9281fa - core[a373ad73a504971]::fmt::write
[INFO] [stdout]    2:     0x5bab6a9175fc - <alloc[2e1b2a31b91974c5]::vec::Vec<u8> as core[a373ad73a504971]::io::write::Write>::write_fmt
[INFO] [stdout]    3:     0x5bab6a8eec76 - std[617be2ca0a6fd877]::panicking::default_hook::{closure#0}
[INFO] [stdout]    4:     0x5bab6a90b149 - std[617be2ca0a6fd877]::panicking::default_hook
[INFO] [stdout]    5:     0x5bab6a89ed50 - test[aada8e7e76ba119b]::test_main_inner::{closure#0}
[INFO] [stdout]    6:     0x5bab6a90b302 - std[617be2ca0a6fd877]::panicking::panic_with_hook
[INFO] [stdout]    7:     0x5bab6a8eed22 - std[617be2ca0a6fd877]::panicking::panic_handler::{closure#0}
[INFO] [stdout]    8:     0x5bab6a8e77f9 - std[617be2ca0a6fd877]::sys::backtrace::__rust_end_short_backtrace::<std[617be2ca0a6fd877]::panicking::panic_handler::{closure#0}, !>
[INFO] [stdout]    9:     0x5bab6a8ef92d - __rustc[ea4f61d10b84890b]::rust_begin_unwind
[INFO] [stdout]   10:     0x5bab6a92892c - core[a373ad73a504971]::panicking::panic_fmt
[INFO] [stdout]   11:     0x5bab6a928702 - core[a373ad73a504971]::result::unwrap_failed
[INFO] [stdout]   12:     0x5bab6a8896ea - golden_parity[fd112ee6bb11f063]::load_input
[INFO] [stdout]   13:     0x5bab6a889e9b - <golden_parity[fd112ee6bb11f063]::native_base_embedding_matches_committed_golden::{closure#0} as core[a373ad73a504971]::ops::function::FnOnce<()>>::call_once
[INFO] [stdout]   14:     0x5bab6a89219b - test[aada8e7e76ba119b]::__rust_begin_short_backtrace::<core[a373ad73a504971]::result::Result<(), alloc[2e1b2a31b91974c5]::string::String>, fn() -> core[a373ad73a504971]::result::Result<(), alloc[2e1b2a31b91974c5]::string::String>>
[INFO] [stdout]   15:     0x5bab6a89f375 - test[aada8e7e76ba119b]::run_test::{closure#0}
[INFO] [stdout]   16:     0x5bab6a898c64 - std[617be2ca0a6fd877]::sys::backtrace::__rust_begin_short_backtrace::<test[aada8e7e76ba119b]::run_test::{closure#1}, ()>
[INFO] [stdout]   17:     0x5bab6a8a2402 - <std[617be2ca0a6fd877]::thread::lifecycle::spawn_unchecked<test[aada8e7e76ba119b]::run_test::{closure#1}, ()>::{closure#1} as core[a373ad73a504971]::ops::function::FnOnce<()>>::call_once::{shim:vtable#0}
[INFO] [stdout]   18:     0x5bab6a9123ef - <std[617be2ca0a6fd877]::sys::thread::unix::Thread>::new::thread_start
[INFO] [stdout]   19:     0x7a4ccbb9edfa - <unknown>
[INFO] [stdout]   20:     0x7a4ccbc323d4 - clone
[INFO] [stdout]   21:                0x0 - <unknown>
[INFO] [stdout] 
[INFO] [stdout] ---- native_loaded_embedding_matches_committed_golden stdout ----
[INFO] [stdout] 
[INFO] [stdout] thread 'native_loaded_embedding_matches_committed_golden' (411) panicked at tests/golden_parity.rs:45:10:
[INFO] [stdout] read aether_input.json: Os { code: 2, kind: NotFound, message: "No such file or directory" }
[INFO] [stdout] stack backtrace:
[INFO] [stdout]    0:     0x5bab6a9133e1 - <<std[617be2ca0a6fd877]::sys::backtrace::BacktraceLock>::print::DisplayBacktrace as core[a373ad73a504971]::fmt::Display>::fmt
[INFO] [stdout]    1:     0x5bab6a9281fa - core[a373ad73a504971]::fmt::write
[INFO] [stdout]    2:     0x5bab6a9175fc - <alloc[2e1b2a31b91974c5]::vec::Vec<u8> as core[a373ad73a504971]::io::write::Write>::write_fmt
[INFO] [stdout]    3:     0x5bab6a8eec76 - std[617be2ca0a6fd877]::panicking::default_hook::{closure#0}
[INFO] [stdout]    4:     0x5bab6a90b149 - std[617be2ca0a6fd877]::panicking::default_hook
[INFO] [stdout]    5:     0x5bab6a89ed50 - test[aada8e7e76ba119b]::test_main_inner::{closure#0}
[INFO] [stdout]    6:     0x5bab6a90b302 - std[617be2ca0a6fd877]::panicking::panic_with_hook
[INFO] [stdout]    7:     0x5bab6a8eed22 - std[617be2ca0a6fd877]::panicking::panic_handler::{closure#0}
[INFO] [stdout]    8:     0x5bab6a8e77f9 - std[617be2ca0a6fd877]::sys::backtrace::__rust_end_short_backtrace::<std[617be2ca0a6fd877]::panicking::panic_handler::{closure#0}, !>
[INFO] [stdout]    9:     0x5bab6a8ef92d - __rustc[ea4f61d10b84890b]::rust_begin_unwind
[INFO] [stdout]   10:     0x5bab6a92892c - core[a373ad73a504971]::panicking::panic_fmt
[INFO] [stdout]   11:     0x5bab6a928702 - core[a373ad73a504971]::result::unwrap_failed
[INFO] [stdout]   12:     0x5bab6a8896ea - golden_parity[fd112ee6bb11f063]::load_input
[INFO] [stdout]   13:     0x5bab6a889ff1 - <golden_parity[fd112ee6bb11f063]::native_loaded_embedding_matches_committed_golden::{closure#0} as core[a373ad73a504971]::ops::function::FnOnce<()>>::call_once
[INFO] [stdout]   14:     0x5bab6a89219b - test[aada8e7e76ba119b]::__rust_begin_short_backtrace::<core[a373ad73a504971]::result::Result<(), alloc[2e1b2a31b91974c5]::string::String>, fn() -> core[a373ad73a504971]::result::Result<(), alloc[2e1b2a31b91974c5]::string::String>>
[INFO] [stdout]   15:     0x5bab6a89f375 - test[aada8e7e76ba119b]::run_test::{closure#0}
[INFO] [stdout]   16:     0x5bab6a898c64 - std[617be2ca0a6fd877]::sys::backtrace::__rust_begin_short_backtrace::<test[aada8e7e76ba119b]::run_test::{closure#1}, ()>
[INFO] [stdout]   17:     0x5bab6a8a2402 - <std[617be2ca0a6fd877]::thread::lifecycle::spawn_unchecked<test[aada8e7e76ba119b]::run_test::{closure#1}, ()>::{closure#1} as core[a373ad73a504971]::ops::function::FnOnce<()>>::call_once::{shim:vtable#0}
[INFO] [stdout]   18:     0x5bab6a9123ef - <std[617be2ca0a6fd877]::sys::thread::unix::Thread>::new::thread_start
[INFO] [stdout]   19:     0x7a4ccbb9edfa - <unknown>
[INFO] [stdout]   20:     0x7a4ccbc323d4 - clone
[INFO] [stdout]   21:                0x0 - <unknown>
[INFO] [stdout] 
[INFO] [stdout] 
[INFO] [stdout] failures:
[INFO] [stdout]     native_base_embedding_matches_committed_golden
[INFO] [stdout]     native_loaded_embedding_matches_committed_golden
[INFO] [stdout] 
[INFO] [stdout] test result: FAILED. 0 passed; 2 failed; 0 ignored; 0 measured; 0 filtered out; finished in 0.01s
[INFO] [stdout] 
[INFO] [stderr] error: test failed, to rerun pass `--test golden_parity`
[INFO] running `Command { std: "docker" "inspect" "668deac223b14dfea327f46c752f249212c78a785ff8acf34466f697e0798bc9", kill_on_drop: false }`
[INFO] running `Command { std: "docker" "rm" "-f" "668deac223b14dfea327f46c752f249212c78a785ff8acf34466f697e0798bc9", kill_on_drop: false }`
[INFO] [stdout] 668deac223b14dfea327f46c752f249212c78a785ff8acf34466f697e0798bc9
