[INFO] fetching crate widevine 0.1.0...
[INFO] testing widevine-0.1.0 against 1.99.0-beta.8+cargoflags=--release for beta-release-1.100-2
[INFO] extracting crate widevine 0.1.0 into /workspace/builds/worker-1-tc1/source
[INFO] started tweaking crates.io crate widevine 0.1.0
[INFO] finished tweaking crates.io crate widevine 0.1.0
[INFO] tweaked toml for crates.io crate widevine 0.1.0 written to /workspace/builds/worker-1-tc1/source/Cargo.toml
[INFO] validating manifest of crates.io crate widevine 0.1.0 on toolchain 1.99.0-beta.8
[INFO] running `Command { std: CARGO_HOME="/workspace/cargo-home" RUSTUP_HOME="/workspace/rustup-home" "/workspace/cargo-home/bin/cargo" "+1.99.0-beta.8" "metadata" "--manifest-path" "Cargo.toml" "--no-deps", kill_on_drop: false }`
[INFO] running `Command { std: CARGO_HOME="/workspace/cargo-home" RUSTUP_HOME="/workspace/rustup-home" "/workspace/cargo-home/bin/cargo" "+1.99.0-beta.8" "generate-lockfile" "--manifest-path" "Cargo.toml", kill_on_drop: false }`
[INFO] [stderr]     Updating crates.io index
[INFO] [stderr]      Locking 175 packages to highest compatible versions
[INFO] [stderr]       Adding aes v0.8.4 (available: v0.9.3)
[INFO] [stderr]       Adding cbc v0.1.2 (available: v0.2.1)
[INFO] [stderr]       Adding cmac v0.7.2 (available: v0.8.0)
[INFO] [stderr]       Adding generic-array v0.14.7 (available: v0.14.9)
[INFO] [stderr]       Adding hmac v0.12.1 (available: v0.13.0)
[INFO] [stderr]       Adding isahc v1.8.3 (available: v2.0.1)
[INFO] [stderr]       Adding num-derive v0.4.2 (available: v0.5.1)
[INFO] [stderr]       Adding rand v0.8.8 (available: v0.10.3)
[INFO] [stderr]       Adding sha1 v0.10.7 (available: v0.11.0)
[INFO] [stderr]       Adding sha2 v0.10.9 (available: v0.11.1)
[INFO] running `Command { std: CARGO_HOME="/workspace/cargo-home" RUSTUP_HOME="/workspace/rustup-home" "/workspace/cargo-home/bin/cargo" "+1.99.0-beta.8" "fetch" "--manifest-path" "Cargo.toml", kill_on_drop: false }`
[INFO] [stderr]  Downloading crates ...
[INFO] [stderr]   Downloaded widevine-proto v0.1.0
[INFO] [stderr]   Downloaded zerocopy-derive v0.8.63
[INFO] [stderr]   Downloaded temp_testdir v0.2.3
[INFO] [stderr]   Downloaded num-iter v0.1.46
[INFO] [stderr]   Downloaded waker-fn v1.2.0
[INFO] [stderr]   Downloaded path_macro v1.0.0
[INFO] [stderr]   Downloaded tracing-futures v0.2.5
[INFO] [stderr]   Downloaded sluice v0.6.0
[INFO] [stderr]   Downloaded hex_lit v0.1.1
[INFO] [stderr]   Downloaded inout v0.1.4
[INFO] [stderr]   Downloaded spin v0.9.9
[INFO] [stderr]   Downloaded dbl v0.3.2
[INFO] [stderr]   Downloaded block-padding v0.3.3
[INFO] [stderr]   Downloaded cbc v0.1.2
[INFO] [stderr]   Downloaded cmac v0.7.2
[INFO] [stderr]   Downloaded isahc v1.8.3
[INFO] [stderr]   Downloaded curl v0.4.51
[INFO] [stderr]   Downloaded aes v0.8.4
[INFO] [stderr]   Downloaded zerocopy v0.8.63
[INFO] [stderr]   Downloaded libz-sys v1.1.30
[INFO] [stderr]   Downloaded curl-sys v0.4.91+curl-8.22.0
[INFO] running `Command { std: "docker" "create" "-v" "/var/lib/crater-agent-workspace/builds/worker-1-tc1/source:/opt/rustwide/workdir:ro,Z" "-v" "/var/lib/crater-agent-workspace/builds/worker-1-tc1/target:/opt/rustwide/target:rw,Z" "-v" "/var/lib/crater-agent-workspace/cargo-home:/opt/rustwide/cargo-home:ro,Z" "-v" "/var/lib/crater-agent-workspace/rustup-home:/opt/rustwide/rustup-home:ro,Z" "-m" "1610612736" "--network" "none" "ghcr.io/rust-lang/crates-build-env/linux@sha256:77db811e55d90add9212f6832c23229e3de5f1c1f9905e8cb07319ea15df73ac" "sleep" "infinity", kill_on_drop: false }`
[INFO] [stdout] 9e408426910d7b561c1e48ba711328cfef33579246f8374489f8ad2b29d714a1
[INFO] running `Command { std: "docker" "start" "9e408426910d7b561c1e48ba711328cfef33579246f8374489f8ad2b29d714a1", kill_on_drop: false }`
[INFO] running `Command { std: "docker" "inspect" "9e408426910d7b561c1e48ba711328cfef33579246f8374489f8ad2b29d714a1", kill_on_drop: false }`
[INFO] running `Command { std: "docker" "exec" "-e" "SOURCE_DIR=/opt/rustwide/workdir" "-e" "CARGO_HOME=/opt/rustwide/cargo-home" "-e" "RUSTUP_HOME=/opt/rustwide/rustup-home" "-e" "CARGO_TARGET_DIR=/opt/rustwide/target" "-w" "/opt/rustwide/workdir" "--user" "0:0" "9e408426910d7b561c1e48ba711328cfef33579246f8374489f8ad2b29d714a1" "/opt/rustwide/cargo-home/bin/cargo" "+1.99.0-beta.8" "metadata" "--no-deps" "--format-version=1", kill_on_drop: false }`
[INFO] running `Command { std: "docker" "inspect" "9e408426910d7b561c1e48ba711328cfef33579246f8374489f8ad2b29d714a1", kill_on_drop: false }`
[INFO] running `Command { std: "docker" "exec" "-e" "SOURCE_DIR=/opt/rustwide/workdir" "-e" "CARGO_HOME=/opt/rustwide/cargo-home" "-e" "RUSTUP_HOME=/opt/rustwide/rustup-home" "-e" "CARGO_TARGET_DIR=/opt/rustwide/target" "-e" "CARGO_INCREMENTAL=0" "-e" "RUST_BACKTRACE=full" "-e" "RUSTFLAGS=--cap-lints=warn" "-e" "RUSTDOCFLAGS=--cap-lints=warn" "-w" "/opt/rustwide/workdir" "--user" "0:0" "9e408426910d7b561c1e48ba711328cfef33579246f8374489f8ad2b29d714a1" "/opt/rustwide/cargo-home/bin/cargo" "+1.99.0-beta.8" "build" "--frozen" "--message-format=json" "--release", kill_on_drop: false }`
[INFO] [stderr]    Compiling libc v0.2.191
[INFO] [stderr]    Compiling typenum v1.20.1
[INFO] [stderr]    Compiling const-oid v0.9.6
[INFO] [stderr]    Compiling cfg-if v1.0.5
[INFO] [stderr]    Compiling bitflags v2.13.2
[INFO] [stderr]    Compiling protobuf v3.7.2
[INFO] [stderr]    Compiling rustix v0.38.44
[INFO] [stderr]    Compiling getrandom v0.4.3
[INFO] [stderr]    Compiling rustix v1.1.5
[INFO] [stderr]    Compiling linux-raw-sys v0.12.1
[INFO] [stderr]    Compiling memchr v2.8.3
[INFO] [stderr]    Compiling zerocopy v0.8.63
[INFO] [stderr]    Compiling syn v2.0.119
[INFO] [stderr]    Compiling thiserror v1.0.69
[INFO] [stderr]    Compiling libm v0.2.16
[INFO] [stderr]    Compiling subtle v2.6.1
[INFO] [stderr]    Compiling linux-raw-sys v0.4.15
[INFO] [stderr]    Compiling num-traits v0.2.19
[INFO] [stderr]    Compiling either v1.19.0
[INFO] [stderr]    Compiling fastrand v2.5.0
[INFO] [stderr]    Compiling regex-syntax v0.8.11
[INFO] [stderr]    Compiling home v0.5.12
[INFO] [stderr]    Compiling zeroize v1.9.1
[INFO] [stderr]    Compiling pem-rfc7468 v0.7.0
[INFO] [stderr]    Compiling num-bigint-dig v0.8.6
[INFO] [stderr]    Compiling spin v0.9.9
[INFO] [stderr]    Compiling syn v3.0.9
[INFO] [stderr]    Compiling thiserror v2.0.21
[INFO] [stderr]    Compiling smallvec v1.16.3
[INFO] [stderr]    Compiling data-encoding v2.11.1
[INFO] [stderr]    Compiling der v0.7.10
[INFO] [stderr]    Compiling lazy_static v1.5.1
[INFO] [stderr]    Compiling aho-corasick v1.1.5
[INFO] [stderr]    Compiling generic-array v0.14.7
[INFO] [stderr]    Compiling crypto-common v0.1.7
[INFO] [stderr]    Compiling block-buffer v0.10.4
[INFO] [stderr]    Compiling block-padding v0.3.3
[INFO] [stderr]    Compiling dbl v0.3.2
[INFO] [stderr]    Compiling inout v0.1.4
[INFO] [stderr]    Compiling getrandom v0.2.17
[INFO] [stderr]    Compiling digest v0.10.7
[INFO] [stderr]    Compiling rand_core v0.6.4
[INFO] [stderr]    Compiling cipher v0.4.4
[INFO] [stderr]    Compiling spki v0.7.3
[INFO] [stderr]    Compiling signature v2.2.0
[INFO] [stderr]    Compiling regex-automata v0.4.18
[INFO] [stderr]    Compiling pkcs8 v0.10.2
[INFO] [stderr]    Compiling sha1 v0.10.7
[INFO] [stderr]    Compiling sha2 v0.10.9
[INFO] [stderr]    Compiling cbc v0.1.2
[INFO] [stderr]    Compiling which v4.4.2
[INFO] [stderr]    Compiling pkcs1 v0.7.5
[INFO] [stderr]    Compiling aes v0.8.4
[INFO] [stderr]    Compiling tempfile v3.27.0
[INFO] [stderr]    Compiling cmac v0.7.2
[INFO] [stderr]    Compiling hmac v0.12.1
[INFO] [stderr]    Compiling num-integer v0.1.47
[INFO] [stderr]    Compiling thiserror-impl v2.0.21
[INFO] [stderr]    Compiling num-iter v0.1.46
[INFO] [stderr]    Compiling thiserror-impl v1.0.69
[INFO] [stderr]    Compiling num-derive v0.4.2
[INFO] [stderr]    Compiling protobuf-support v3.7.2
[INFO] [stderr]    Compiling ppv-lite86 v0.2.21
[INFO] [stderr]    Compiling regex v1.13.1
[INFO] [stderr]    Compiling rand_chacha v0.3.1
[INFO] [stderr]    Compiling rand v0.8.8
[INFO] [stderr]    Compiling rsa v0.9.10
[INFO] [stderr]    Compiling protobuf-parse v3.7.2
[INFO] [stderr]    Compiling protobuf-codegen v3.7.2
[INFO] [stderr]    Compiling widevine-proto v0.1.0
[INFO] [stderr]    Compiling widevine v0.1.0 (/opt/rustwide/workdir)
[INFO] [stderr]     Finished `release` profile [optimized] target(s) in 56.69s
[INFO] running `Command { std: "docker" "inspect" "9e408426910d7b561c1e48ba711328cfef33579246f8374489f8ad2b29d714a1", kill_on_drop: false }`
[INFO] running `Command { std: "docker" "exec" "-e" "SOURCE_DIR=/opt/rustwide/workdir" "-e" "CARGO_HOME=/opt/rustwide/cargo-home" "-e" "RUSTUP_HOME=/opt/rustwide/rustup-home" "-e" "CARGO_TARGET_DIR=/opt/rustwide/target" "-e" "CARGO_INCREMENTAL=0" "-e" "RUST_BACKTRACE=full" "-e" "RUSTFLAGS=--cap-lints=warn" "-e" "RUSTDOCFLAGS=--cap-lints=warn" "-w" "/opt/rustwide/workdir" "--user" "0:0" "9e408426910d7b561c1e48ba711328cfef33579246f8374489f8ad2b29d714a1" "/opt/rustwide/cargo-home/bin/cargo" "+1.99.0-beta.8" "test" "--frozen" "--no-run" "--message-format=json" "--release", kill_on_drop: false }`
[INFO] [stderr]    Compiling syn v2.0.119
[INFO] [stderr]    Compiling stable_deref_trait v1.2.1
[INFO] [stderr]    Compiling libc v0.2.191
[INFO] [stderr]    Compiling writeable v0.6.4
[INFO] [stderr]    Compiling smallvec v1.16.3
[INFO] [stderr]    Compiling zerofrom v0.1.8
[INFO] [stderr]    Compiling libz-sys v1.1.30
[INFO] [stderr]    Compiling litemap v0.8.3
[INFO] [stderr]    Compiling openssl-sys v0.9.117
[INFO] [stderr]    Compiling icu_normalizer_data v2.3.0
[INFO] [stderr]    Compiling icu_properties_data v2.3.0
[INFO] [stderr]    Compiling curl-sys v0.4.91+curl-8.22.0
[INFO] [stderr]    Compiling crossbeam-utils v0.8.23
[INFO] [stderr]    Compiling parking v2.2.1
[INFO] [stderr]    Compiling rustix v1.1.5
[INFO] [stderr]    Compiling futures-core v0.3.34
[INFO] [stderr]    Compiling tracing-core v0.1.36
[INFO] [stderr]    Compiling event-listener v5.4.2
[INFO] [stderr]    Compiling percent-encoding v2.3.2
[INFO] [stderr]    Compiling futures-io v0.3.34
[INFO] [stderr]    Compiling yoke v0.8.3
[INFO] [stderr]    Compiling linux-raw-sys v0.12.1
[INFO] [stderr]    Compiling bitflags v2.13.2
[INFO] [stderr]    Compiling serde_core v1.0.229
[INFO] [stderr]    Compiling log v0.4.34
[INFO] [stderr]    Compiling curl v0.4.51
[INFO] [stderr]    Compiling zerovec v0.11.8
[INFO] [stderr]    Compiling zerotrie v0.2.5
[INFO] [stderr]    Compiling event-listener-strategy v0.5.4
[INFO] [stderr]    Compiling form_urlencoded v1.2.2
[INFO] [stderr]    Compiling zmij v1.0.23
[INFO] [stderr]    Compiling thiserror-impl v2.0.21
[INFO] [stderr]    Compiling fastrand v2.5.0
[INFO] [stderr]    Compiling isahc v1.8.3
[INFO] [stderr]    Compiling hex_lit v0.1.1
[INFO] [stderr]    Compiling bytes v1.12.1
[INFO] [stderr]    Compiling serde_json v1.0.154
[INFO] [stderr]    Compiling castaway v0.2.4
[INFO] [stderr]    Compiling futures-lite v2.6.1
[INFO] [stderr]    Compiling waker-fn v1.2.0
[INFO] [stderr]    Compiling memchr v2.8.3
[INFO] [stderr]    Compiling slab v0.4.12
[INFO] [stderr]    Compiling temp_testdir v0.2.3
[INFO] [stderr]    Compiling path_macro v1.0.0
[INFO] [stderr]    Compiling concurrent-queue v2.5.0
[INFO] [stderr]    Compiling async-channel v2.5.0
[INFO] [stderr]    Compiling sluice v0.6.0
[INFO] [stderr]    Compiling http v0.2.12
[INFO] [stderr]    Compiling tinystr v0.8.4
[INFO] [stderr]    Compiling potential_utf v0.1.6
[INFO] [stderr]    Compiling icu_collections v2.3.0
[INFO] [stderr]    Compiling icu_locale_core v2.3.0
[INFO] [stderr]    Compiling thiserror v2.0.21
[INFO] [stderr]    Compiling getrandom v0.2.17
[INFO] [stderr]    Compiling socket2 v0.6.5
[INFO] [stderr]    Compiling rand_core v0.6.4
[INFO] [stderr]    Compiling rand_chacha v0.3.1
[INFO] [stderr]    Compiling signature v2.2.0
[INFO] [stderr]    Compiling rand v0.8.8
[INFO] [stderr]    Compiling icu_provider v2.3.1
[INFO] [stderr]    Compiling num-bigint-dig v0.8.6
[INFO] [stderr]    Compiling icu_properties v2.3.0
[INFO] [stderr]    Compiling icu_normalizer v2.3.0
[INFO] [stderr]    Compiling rsa v0.9.10
[INFO] [stderr]    Compiling thiserror-impl v1.0.69
[INFO] [stderr]    Compiling pin-project-internal v1.1.13
[INFO] [stderr]    Compiling tracing-attributes v0.1.31
[INFO] [stderr]    Compiling num-derive v0.4.2
[INFO] [stderr]    Compiling idna_adapter v1.2.2
[INFO] [stderr]    Compiling idna v1.1.0
[INFO] [stderr]    Compiling url v2.5.8
[INFO] [stderr]    Compiling polling v3.11.0
[INFO] [stderr]    Compiling pin-project v1.1.13
[INFO] [stderr]    Compiling thiserror v1.0.69
[INFO] [stderr]    Compiling protobuf-support v3.7.2
[INFO] [stderr]    Compiling tracing v0.1.44
[INFO] [stderr]    Compiling protobuf v3.7.2
[INFO] [stderr]    Compiling tracing-futures v0.2.5
[INFO] [stderr]    Compiling protobuf-parse v3.7.2
[INFO] [stderr]    Compiling protobuf-codegen v3.7.2
[INFO] [stderr]    Compiling widevine-proto v0.1.0
[INFO] [stderr]    Compiling widevine v0.1.0 (/opt/rustwide/workdir)
[INFO] [stderr]     Finished `release` profile [optimized] target(s) in 1m 02s
[INFO] running `Command { std: "docker" "inspect" "9e408426910d7b561c1e48ba711328cfef33579246f8374489f8ad2b29d714a1", kill_on_drop: false }`
[INFO] running `Command { std: "docker" "exec" "-e" "SOURCE_DIR=/opt/rustwide/workdir" "-e" "CARGO_HOME=/opt/rustwide/cargo-home" "-e" "RUSTUP_HOME=/opt/rustwide/rustup-home" "-e" "CARGO_TARGET_DIR=/opt/rustwide/target" "-e" "CARGO_INCREMENTAL=0" "-e" "RUST_BACKTRACE=full" "-e" "RUSTFLAGS=--cap-lints=warn" "-e" "RUSTDOCFLAGS=--cap-lints=warn" "-w" "/opt/rustwide/workdir" "--user" "0:0" "9e408426910d7b561c1e48ba711328cfef33579246f8374489f8ad2b29d714a1" "/opt/rustwide/cargo-home/bin/cargo" "+1.99.0-beta.8" "test" "--frozen" "--release", kill_on_drop: false }`
[INFO] [stderr]     Finished `release` profile [optimized] target(s) in 0.30s
[INFO] [stderr]      Running unittests src/lib.rs (/opt/rustwide/target/release/deps/widevine-e4b5418bfb23f78c)
[INFO] [stdout] 
[INFO] [stdout] running 2 tests
[INFO] [stdout] test pssh::tests::parse_pssh ... ok
[INFO] [stdout] test cdm::tests::parse_privacy_cert ... FAILED
[INFO] [stdout] 
[INFO] [stdout] failures:
[INFO] [stdout] 
[INFO] [stdout] ---- cdm::tests::parse_privacy_cert stdout ----
[INFO] [stdout] 
[INFO] [stdout] thread 'cdm::tests::parse_privacy_cert' (2919) panicked at src/cdm.rs:472:71:
[INFO] [stdout] called `Result::unwrap()` on an `Err` value: Os { code: 2, kind: NotFound, message: "No such file or directory" }
[INFO] [stdout] stack backtrace:
[INFO] [stdout]    0:     0x557d33fcaaf1 - <<std[70759c8f55707aa4]::sys::backtrace::BacktraceLock>::print::DisplayBacktrace as core[df12db4294e9bfd3]::fmt::Display>::fmt
[INFO] [stdout]    1:     0x557d33fdf0ca - core[df12db4294e9bfd3]::fmt::write
[INFO] [stdout]    2:     0x557d33fcef8c - <alloc[2182bb758b4b3781]::vec::Vec<u8> as core[df12db4294e9bfd3]::io::write::Write>::write_fmt
[INFO] [stdout]    3:     0x557d33fa70e6 - std[70759c8f55707aa4]::panicking::default_hook::{closure#0}
[INFO] [stdout]    4:     0x557d33fc3259 - std[70759c8f55707aa4]::panicking::default_hook
[INFO] [stdout]    5:     0x557d33f32060 - test[9d35eded1c95d3be]::test_main_inner::<test[9d35eded1c95d3be]::test_main_static::{closure#0}>::{closure#0}
[INFO] [stdout]    6:     0x557d33fc3412 - std[70759c8f55707aa4]::panicking::panic_with_hook
[INFO] [stdout]    7:     0x557d33fa7192 - std[70759c8f55707aa4]::panicking::panic_handler::{closure#0}
[INFO] [stdout]    8:     0x557d33f9ff19 - std[70759c8f55707aa4]::sys::backtrace::__rust_end_short_backtrace::<std[70759c8f55707aa4]::panicking::panic_handler::{closure#0}, !>
[INFO] [stdout]    9:     0x557d33fa7d8d - __rustc[8fa7c3cbc660c2b3]::rust_begin_unwind
[INFO] [stdout]   10:     0x557d33fdf7fc - core[df12db4294e9bfd3]::panicking::panic_fmt
[INFO] [stdout]   11:     0x557d33fdf5d2 - core[df12db4294e9bfd3]::result::unwrap_failed
[INFO] [stdout]   12:     0x557d33f12cc2 - <widevine[84cf9f5051190dda]::cdm::tests::parse_privacy_cert::{closure#0} as core[df12db4294e9bfd3]::ops::function::FnOnce<()>>::call_once
[INFO] [stdout]   13:     0x557d33f2534b - test[9d35eded1c95d3be]::__rust_begin_short_backtrace::<core[df12db4294e9bfd3]::result::Result<(), alloc[2182bb758b4b3781]::string::String>, fn() -> core[df12db4294e9bfd3]::result::Result<(), alloc[2182bb758b4b3781]::string::String>>
[INFO] [stdout]   14:     0x557d33f329b5 - test[9d35eded1c95d3be]::run_test::{closure#0}
[INFO] [stdout]   15:     0x557d33f2c274 - std[70759c8f55707aa4]::sys::backtrace::__rust_begin_short_backtrace::<test[9d35eded1c95d3be]::run_test::{closure#1}, ()>
[INFO] [stdout]   16:     0x557d33f35b12 - <std[70759c8f55707aa4]::thread::lifecycle::spawn_unchecked<test[9d35eded1c95d3be]::run_test::{closure#1}, ()>::{closure#1} as core[df12db4294e9bfd3]::ops::function::FnOnce<()>>::call_once::{shim:vtable#0}
[INFO] [stdout]   17:     0x557d33fca3c9 - <std[70759c8f55707aa4]::sys::thread::unix::Thread>::new::thread_start
[INFO] [stdout]   18:     0x70b32c3b2dfa - <unknown>
[INFO] [stdout]   19:     0x70b32c4463d4 - clone
[INFO] [stdout]   20:                0x0 - <unknown>
[INFO] [stdout] 
[INFO] [stdout] 
[INFO] [stdout] failures:
[INFO] [stdout]     cdm::tests::parse_privacy_cert
[INFO] [stdout] 
[INFO] [stdout] test result: FAILED. 1 passed; 1 failed; 0 ignored; 0 measured; 0 filtered out; finished in 0.00s
[INFO] [stdout] 
[INFO] [stderr] error: test failed, to rerun pass `--lib`
[INFO] running `Command { std: "docker" "inspect" "9e408426910d7b561c1e48ba711328cfef33579246f8374489f8ad2b29d714a1", kill_on_drop: false }`
[INFO] running `Command { std: "docker" "rm" "-f" "9e408426910d7b561c1e48ba711328cfef33579246f8374489f8ad2b29d714a1", kill_on_drop: false }`
[INFO] [stdout] 9e408426910d7b561c1e48ba711328cfef33579246f8374489f8ad2b29d714a1
