[INFO] fetching crate widen 0.1.0...
[INFO] testing widen-0.1.0 against 1.99.0-beta.8+cargoflags=--release for beta-release-1.100-2
[INFO] extracting crate widen 0.1.0 into /workspace/builds/worker-0-tc1/source
[INFO] removed /workspace/builds/worker-0-tc1/source/.cargo/config.toml
[INFO] started tweaking crates.io crate widen 0.1.0
[INFO] removed 0 missing tests
[INFO] finished tweaking crates.io crate widen 0.1.0
[INFO] tweaked toml for crates.io crate widen 0.1.0 written to /workspace/builds/worker-0-tc1/source/Cargo.toml
[INFO] validating manifest of crates.io crate widen 0.1.0 on toolchain 1.99.0-beta.8
[INFO] running `Command { std: CARGO_HOME="/workspace/cargo-home" RUSTUP_HOME="/workspace/rustup-home" "/workspace/cargo-home/bin/cargo" "+1.99.0-beta.8" "metadata" "--manifest-path" "Cargo.toml" "--no-deps", kill_on_drop: false }`
[INFO] crate crates.io crate widen 0.1.0 already has a lockfile, it will not be regenerated
[INFO] running `Command { std: CARGO_HOME="/workspace/cargo-home" RUSTUP_HOME="/workspace/rustup-home" "/workspace/cargo-home/bin/cargo" "+1.99.0-beta.8" "fetch" "--manifest-path" "Cargo.toml", kill_on_drop: false }`
[INFO] [stderr]     Updating crates.io index
[INFO] [stderr]  Downloading crates ...
[INFO] [stderr]   Downloaded widen-derive v0.1.0
[INFO] [stderr]   Downloaded indexmap v2.11.4
[INFO] [stderr]   Downloaded serde_spanned v1.0.1
[INFO] [stderr]   Downloaded toml_datetime v0.7.1
[INFO] [stderr]   Downloaded target-triple v0.1.4
[INFO] [stderr]   Downloaded toml_writer v1.0.2
[INFO] [stderr]   Downloaded toml_parser v1.0.2
[INFO] [stderr]   Downloaded toml v0.9.6
[INFO] [stderr]   Downloaded toml_edit v0.23.5
[INFO] [stderr]   Downloaded trybuild v1.0.111
[INFO] running `Command { std: "docker" "create" "-v" "/var/lib/crater-agent-workspace/builds/worker-0-tc1/source:/opt/rustwide/workdir:ro,Z" "-v" "/var/lib/crater-agent-workspace/builds/worker-0-tc1/target:/opt/rustwide/target:rw,Z" "-v" "/var/lib/crater-agent-workspace/cargo-home:/opt/rustwide/cargo-home:ro,Z" "-v" "/var/lib/crater-agent-workspace/rustup-home:/opt/rustwide/rustup-home:ro,Z" "-m" "1610612736" "--network" "none" "ghcr.io/rust-lang/crates-build-env/linux@sha256:77db811e55d90add9212f6832c23229e3de5f1c1f9905e8cb07319ea15df73ac" "sleep" "infinity", kill_on_drop: false }`
[INFO] [stdout] 0685d33dc3378d15f24fd5ace876d74cea713c5ad1515f54e9f6a014a1a497c7
[INFO] running `Command { std: "docker" "start" "0685d33dc3378d15f24fd5ace876d74cea713c5ad1515f54e9f6a014a1a497c7", kill_on_drop: false }`
[INFO] running `Command { std: "docker" "inspect" "0685d33dc3378d15f24fd5ace876d74cea713c5ad1515f54e9f6a014a1a497c7", kill_on_drop: false }`
[INFO] running `Command { std: "docker" "exec" "-e" "SOURCE_DIR=/opt/rustwide/workdir" "-e" "CARGO_HOME=/opt/rustwide/cargo-home" "-e" "RUSTUP_HOME=/opt/rustwide/rustup-home" "-e" "CARGO_TARGET_DIR=/opt/rustwide/target" "-w" "/opt/rustwide/workdir" "--user" "0:0" "0685d33dc3378d15f24fd5ace876d74cea713c5ad1515f54e9f6a014a1a497c7" "/opt/rustwide/cargo-home/bin/cargo" "+1.99.0-beta.8" "metadata" "--no-deps" "--format-version=1", kill_on_drop: false }`
[INFO] running `Command { std: "docker" "inspect" "0685d33dc3378d15f24fd5ace876d74cea713c5ad1515f54e9f6a014a1a497c7", kill_on_drop: false }`
[INFO] running `Command { std: "docker" "exec" "-e" "SOURCE_DIR=/opt/rustwide/workdir" "-e" "CARGO_HOME=/opt/rustwide/cargo-home" "-e" "RUSTUP_HOME=/opt/rustwide/rustup-home" "-e" "CARGO_TARGET_DIR=/opt/rustwide/target" "-e" "CARGO_INCREMENTAL=0" "-e" "RUST_BACKTRACE=full" "-e" "RUSTFLAGS=--cap-lints=warn" "-e" "RUSTDOCFLAGS=--cap-lints=warn" "-w" "/opt/rustwide/workdir" "--user" "0:0" "0685d33dc3378d15f24fd5ace876d74cea713c5ad1515f54e9f6a014a1a497c7" "/opt/rustwide/cargo-home/bin/cargo" "+1.99.0-beta.8" "build" "--frozen" "--message-format=json" "--release", kill_on_drop: false }`
[INFO] [stderr]    Compiling hashbrown v0.16.1
[INFO] [stderr]    Compiling winnow v0.7.15
[INFO] [stderr]    Compiling toml_datetime v0.7.1
[INFO] [stderr]    Compiling syn v3.0.5
[INFO] [stderr]    Compiling indexmap v2.11.4
[INFO] [stderr]    Compiling toml_parser v1.0.2
[INFO] [stderr]    Compiling toml_edit v0.23.5
[INFO] [stderr]    Compiling proc-macro-crate v3.4.0
[INFO] [stderr]    Compiling widen-derive v0.1.0
[INFO] [stderr]    Compiling widen v0.1.0 (/opt/rustwide/workdir)
[INFO] [stderr]     Finished `release` profile [optimized] target(s) in 8.86s
[INFO] running `Command { std: "docker" "inspect" "0685d33dc3378d15f24fd5ace876d74cea713c5ad1515f54e9f6a014a1a497c7", kill_on_drop: false }`
[INFO] running `Command { std: "docker" "exec" "-e" "SOURCE_DIR=/opt/rustwide/workdir" "-e" "CARGO_HOME=/opt/rustwide/cargo-home" "-e" "RUSTUP_HOME=/opt/rustwide/rustup-home" "-e" "CARGO_TARGET_DIR=/opt/rustwide/target" "-e" "CARGO_INCREMENTAL=0" "-e" "RUST_BACKTRACE=full" "-e" "RUSTFLAGS=--cap-lints=warn" "-e" "RUSTDOCFLAGS=--cap-lints=warn" "-w" "/opt/rustwide/workdir" "--user" "0:0" "0685d33dc3378d15f24fd5ace876d74cea713c5ad1515f54e9f6a014a1a497c7" "/opt/rustwide/cargo-home/bin/cargo" "+1.99.0-beta.8" "test" "--frozen" "--no-run" "--message-format=json" "--release", kill_on_drop: false }`
[INFO] [stderr]    Compiling serde v1.0.229
[INFO] [stderr]    Compiling winnow v0.7.15
[INFO] [stderr]    Compiling target-triple v0.1.4
[INFO] [stderr]    Compiling serde_spanned v1.0.1
[INFO] [stderr]    Compiling toml_datetime v0.7.1
[INFO] [stderr]    Compiling toml_writer v1.0.2
[INFO] [stderr]    Compiling thiserror-impl v2.0.20
[INFO] [stderr]    Compiling serde_derive v1.0.229
[INFO] [stderr]    Compiling termcolor v1.4.1
[INFO] [stderr]    Compiling thiserror v2.0.20
[INFO] [stderr]    Compiling toml_parser v1.0.2
[INFO] [stderr]    Compiling toml v0.9.6
[INFO] [stderr]    Compiling trybuild v1.0.111
[INFO] [stderr]    Compiling widen v0.1.0 (/opt/rustwide/workdir)
[INFO] [stderr]     Finished `release` profile [optimized] target(s) in 31.77s
[INFO] running `Command { std: "docker" "inspect" "0685d33dc3378d15f24fd5ace876d74cea713c5ad1515f54e9f6a014a1a497c7", kill_on_drop: false }`
[INFO] running `Command { std: "docker" "exec" "-e" "SOURCE_DIR=/opt/rustwide/workdir" "-e" "CARGO_HOME=/opt/rustwide/cargo-home" "-e" "RUSTUP_HOME=/opt/rustwide/rustup-home" "-e" "CARGO_TARGET_DIR=/opt/rustwide/target" "-e" "CARGO_INCREMENTAL=0" "-e" "RUST_BACKTRACE=full" "-e" "RUSTFLAGS=--cap-lints=warn" "-e" "RUSTDOCFLAGS=--cap-lints=warn" "-w" "/opt/rustwide/workdir" "--user" "0:0" "0685d33dc3378d15f24fd5ace876d74cea713c5ad1515f54e9f6a014a1a497c7" "/opt/rustwide/cargo-home/bin/cargo" "+1.99.0-beta.8" "test" "--frozen" "--release", kill_on_drop: false }`
[INFO] [stderr]     Finished `release` profile [optimized] target(s) in 0.08s
[INFO] [stderr]      Running unittests src/lib.rs (/opt/rustwide/target/release/deps/widen-2918266e86a2dcb5)
[INFO] [stdout] 
[INFO] [stdout] running 0 tests
[INFO] [stdout] 
[INFO] [stdout] test result: ok. 0 passed; 0 failed; 0 ignored; 0 measured; 0 filtered out; finished in 0.00s
[INFO] [stdout] 
[INFO] [stderr]      Running tests/adapter.rs (/opt/rustwide/target/release/deps/adapter-17735c984efeb19b)
[INFO] [stdout] 
[INFO] [stdout] running 3 tests
[INFO] [stdout] test preserves_success_and_owns_the_original_error ... ok
[INFO] [stderr]      Running tests/propagation.rs (/opt/rustwide/target/release/deps/propagation-d57fa616af93f0c9)
[INFO] [stdout] test marker_adds_no_storage_or_send_sync_requirements ... ok
[INFO] [stdout] test debug_does_not_require_target_to_implement_debug ... ok
[INFO] [stdout] 
[INFO] [stdout] test result: ok. 3 passed; 0 failed; 0 ignored; 0 measured; 0 filtered out; finished in 0.00s
[INFO] [stdout] 
[INFO] [stdout] 
[INFO] [stdout] running 3 tests
[INFO] [stdout] test preserves_plain_from_and_infers_target ... ok
[INFO] [stdout] test infers_target_in_generic_function ... ok
[INFO] [stdout] test preserves_metadata_and_both_payloads ... ok
[INFO] [stderr]      Running tests/subsume.rs (/opt/rustwide/target/release/deps/subsume-b55c33a692da8f07)
[INFO] [stdout] 
[INFO] [stdout] test result: ok. 3 passed; 0 failed; 0 ignored; 0 measured; 0 filtered out; finished in 0.01s
[INFO] [stdout] 
[INFO] [stdout] 
[INFO] [stdout] running 6 tests
[INFO] [stdout] test supports_external_enums_and_merges_cases_from_the_same_source ... ok
[INFO] [stdout] test supports_matching_named_and_tuple_fields_with_generics ... ok
[INFO] [stderr]      Running tests/type_enum.rs (/opt/rustwide/target/release/deps/type_enum-f7c32d8fd5221731)
[INFO] [stdout] test respects_explicit_generic_conversion_bounds ... ok
[INFO] [stdout] test forwards_owned_payloads_and_converts_only_marked_sources ... ok
[INFO] [stdout] test question_mark_infers_the_destination ... ok
[INFO] [stdout] test merges_shared_units_and_preserves_exclusive_cases ... ok
[INFO] [stdout] 
[INFO] [stdout] test result: ok. 6 passed; 0 failed; 0 ignored; 0 measured; 0 filtered out; finished in 0.00s
[INFO] [stdout] 
[INFO] [stdout] 
[INFO] [stdout] running 3 tests
[INFO] [stdout] test constructs_and_matches_shorthand_payloads ... ok
[INFO] [stdout] test supports_widen_and_thiserror_derives ... ok
[INFO] [stderr]      Running tests/ui.rs (/opt/rustwide/target/release/deps/ui-bc0645c14c4d6b94)
[INFO] [stdout] test preserves_generics_explicit_fields_and_attributes ... ok
[INFO] [stdout] 
[INFO] [stdout] test result: ok. 3 passed; 0 failed; 0 ignored; 0 measured; 0 filtered out; finished in 0.00s
[INFO] [stdout] 
[INFO] [stdout] 
[INFO] [stdout] running 1 test
[INFO] [stderr]    Compiling proc-macro2 v1.0.107
[INFO] [stderr]    Compiling quote v1.0.47
[INFO] [stderr]    Compiling unicode-ident v1.0.24
[INFO] [stderr]    Compiling hashbrown v0.16.1
[INFO] [stderr]    Compiling equivalent v1.0.2
[INFO] [stderr]    Compiling winnow v0.7.15
[INFO] [stderr]    Compiling toml_datetime v0.7.1
[INFO] [stderr]    Compiling thiserror v2.0.20
[INFO] [stderr]    Compiling indexmap v2.11.4
[INFO] [stderr]    Compiling syn v3.0.5
[INFO] [stderr]    Compiling toml_parser v1.0.2
[INFO] [stderr]    Compiling toml_edit v0.23.5
[INFO] [stderr]    Compiling proc-macro-crate v3.4.0
[INFO] [stderr]    Compiling thiserror-impl v2.0.20
[INFO] [stderr]    Compiling widen-derive v0.1.0
[INFO] [stderr]     Checking widen v0.1.0 (/opt/rustwide/workdir)
[INFO] [stderr]     Checking widen-tests v0.0.0 (/opt/rustwide/target/tests/trybuild/widen)
[INFO] [stderr]     Finished `dev` profile [unoptimized + debuginfo] target(s) in 13.86s
[INFO] [stderr] 
[INFO] [stderr] 
[INFO] [stderr] test tests/ui/invalid_variants.rs ... ok
[INFO] [stderr] test tests/ui/missing_conversion.rs ... mismatch
[INFO] [stderr] 
[INFO] [stderr] EXPECTED:
[INFO] [stderr] ┈┈┈┈┈┈┈┈┈┈┈┈┈┈┈┈┈┈┈┈┈┈┈┈┈┈┈┈┈┈┈┈┈┈┈┈┈┈┈┈┈┈┈┈┈┈┈┈┈┈┈┈┈┈┈┈┈┈┈┈
[INFO] [stderr] error[E0277]: the trait bound `u16: From<Missing>` is not satisfied
[INFO] [stderr]   --> tests/ui/missing_conversion.rs:12:12
[INFO] [stderr]    |
[INFO] [stderr] 12 |     source.widen()
[INFO] [stderr]    |            ^^^^^ the trait `From<Missing>` is not implemented for `u16`
[INFO] [stderr]    |
[INFO] [stderr] help: `u16` implements trait `From<T>`
[INFO] [stderr]   --> $RUST/core/src/ascii/ascii_char.rs
[INFO] [stderr]    |
[INFO] [stderr]    = note: `From<std::ascii::Char>`
[INFO] [stderr]   ::: $RUST/core/src/ascii/ascii_char.rs
[INFO] [stderr]    |
[INFO] [stderr]    = note: in this macro invocation
[INFO] [stderr]   --> $RUST/core/src/convert/num.rs
[INFO] [stderr]    |
[INFO] [stderr]    = note: `From<bool>`
[INFO] [stderr]   ::: $RUST/core/src/convert/num.rs
[INFO] [stderr]    |
[INFO] [stderr]    = note: in this macro invocation
[INFO] [stderr]   ::: $RUST/core/src/convert/num.rs
[INFO] [stderr]    |
[INFO] [stderr]    = note: `From<u8>`
[INFO] [stderr]   ::: $RUST/core/src/convert/num.rs
[INFO] [stderr]    |
[INFO] [stderr]    = note: in this macro invocation
[INFO] [stderr] note: required for `Source` to implement `Widen<u16>`
[INFO] [stderr]   --> tests/ui/missing_conversion.rs:6:6
[INFO] [stderr]    |
[INFO] [stderr]  5 | #[derive(Widen)]
[INFO] [stderr]    |          ----- type parameter would need to implement `Widen<u16>`
[INFO] [stderr]  6 | enum Source {
[INFO] [stderr]    |      ^^^^^^
[INFO] [stderr]    = help: consider manually implementing `Widen<u16>` to avoid undesired bounds
[INFO] [stderr]    = note: this error originates in the macro `into_int_impl` which comes from the expansion of the macro `impl_from` (in Nightly builds, run with -Z macro-backtrace for more info)
[INFO] [stderr] ┈┈┈┈┈┈┈┈┈┈┈┈┈┈┈┈┈┈┈┈┈┈┈┈┈┈┈┈┈┈┈┈┈┈┈┈┈┈┈┈┈┈┈┈┈┈┈┈┈┈┈┈┈┈┈┈┈┈┈┈
[INFO] [stderr] 
[INFO] [stderr] ACTUAL OUTPUT:
[INFO] [stderr] ┈┈┈┈┈┈┈┈┈┈┈┈┈┈┈┈┈┈┈┈┈┈┈┈┈┈┈┈┈┈┈┈┈┈┈┈┈┈┈┈┈┈┈┈┈┈┈┈┈┈┈┈┈┈┈┈┈┈┈┈
[INFO] [stderr] error[E0277]: the trait bound `u16: From<Missing>` is not satisfied
[INFO] [stderr]   --> tests/ui/missing_conversion.rs:12:12
[INFO] [stderr]    |
[INFO] [stderr] 12 |     source.widen()
[INFO] [stderr]    |            ^^^^^ the trait `From<Missing>` is not implemented for `u16`
[INFO] [stderr]    |
[INFO] [stderr] help: `u16` implements trait `From<T>`
[INFO] [stderr]   --> $RUST/core/src/ascii/ascii_char.rs
[INFO] [stderr]    |
[INFO] [stderr]    = note: `From<std::ascii::Char>`
[INFO] [stderr]   ::: $RUST/core/src/ascii/ascii_char.rs
[INFO] [stderr]    |
[INFO] [stderr]    = note: in this macro invocation
[INFO] [stderr]   --> $RUST/core/src/convert/num.rs
[INFO] [stderr]    |
[INFO] [stderr]    = note: `From<bool>`
[INFO] [stderr]   ::: $RUST/core/src/convert/num.rs
[INFO] [stderr]    |
[INFO] [stderr]    = note: in this macro invocation
[INFO] [stderr]   ::: $RUST/core/src/convert/num.rs
[INFO] [stderr]    |
[INFO] [stderr]    = note: `From<u8>`
[INFO] [stderr]   ::: $RUST/core/src/convert/num.rs
[INFO] [stderr]    |
[INFO] [stderr]    = note: in this macro invocation
[INFO] [stderr] note: required for `Source` to implement `Widen<u16>`
[INFO] [stderr]   --> tests/ui/missing_conversion.rs:6:6
[INFO] [stderr]    |
[INFO] [stderr]  5 | #[derive(Widen)]
[INFO] [stderr]    |          ----- type parameter would need to implement `Widen<u16>`
[INFO] [stderr]  6 | enum Source {
[INFO] [stderr]    |      ^^^^^^
[INFO] [stderr]    = help: consider manually implementing `Widen<u16>` to avoid undesired bounds caused by "imperfect derives"
[INFO] [stderr]    = note: to learn more, visit <https://github.com/rust-lang/rust/issues/26925>
[INFO] [stderr]    = note: this error originates in the macro `into_int_impl` which comes from the expansion of the macro `impl_from` (in Nightly builds, run with -Z macro-backtrace for more info)
[INFO] [stderr] ┈┈┈┈┈┈┈┈┈┈┈┈┈┈┈┈┈┈┈┈┈┈┈┈┈┈┈┈┈┈┈┈┈┈┈┈┈┈┈┈┈┈┈┈┈┈┈┈┈┈┈┈┈┈┈┈┈┈┈┈
[INFO] [stderr] note: If the actual output is the correct output you can bless it by rerunning
[INFO] [stderr]       your test with the environment variable TRYBUILD=overwrite
[INFO] [stderr] 
[INFO] [stderr] test tests/ui/not_enum.rs ... ok
[INFO] [stderr] test tests/ui/subsume_invalid_attributes.rs ... ok
[INFO] [stderr] test tests/ui/subsume_missing_variant.rs ... ok
[INFO] [stderr] test tests/ui/subsume_payload_mismatch.rs ... ok
[INFO] [stderr] test tests/ui/subsume_shape_mismatch.rs ... ok
[INFO] [stderr] test tests/ui/unannotated_map_err.rs ... mismatch
[INFO] [stderr] 
[INFO] [stderr] EXPECTED:
[INFO] [stderr] ┈┈┈┈┈┈┈┈┈┈┈┈┈┈┈┈┈┈┈┈┈┈┈┈┈┈┈┈┈┈┈┈┈┈┈┈┈┈┈┈┈┈┈┈┈┈┈┈┈┈┈┈┈┈┈┈┈┈┈┈
[INFO] [stderr] error[E0282]: type annotations needed
[INFO] [stderr]  --> tests/ui/unannotated_map_err.rs:9:20
[INFO] [stderr]   |
[INFO] [stderr] 9 |     source.map_err(Widen::widen)?;
[INFO] [stderr]   |                    ^^^^^^^^^^^^ cannot infer type of the type parameter `T` declared on the trait `Widen`
[INFO] [stderr]   |
[INFO] [stderr] help: consider specifying a concrete type for the type parameter `T`
[INFO] [stderr]   |
[INFO] [stderr] 9 |     source.map_err(Widen::</* Type */>::widen)?;
[INFO] [stderr]   |                         ++++++++++++++
[INFO] [stderr] ┈┈┈┈┈┈┈┈┈┈┈┈┈┈┈┈┈┈┈┈┈┈┈┈┈┈┈┈┈┈┈┈┈┈┈┈┈┈┈┈┈┈┈┈┈┈┈┈┈┈┈┈┈┈┈┈┈┈┈┈
[INFO] [stderr] 
[INFO] [stderr] ACTUAL OUTPUT:
[INFO] [stderr] ┈┈┈┈┈┈┈┈┈┈┈┈┈┈┈┈┈┈┈┈┈┈┈┈┈┈┈┈┈┈┈┈┈┈┈┈┈┈┈┈┈┈┈┈┈┈┈┈┈┈┈┈┈┈┈┈┈┈┈┈
[INFO] [stderr] error[E0282]: type annotations needed
[INFO] [stderr]  --> tests/ui/unannotated_map_err.rs:9:20
[INFO] [stderr]   |
[INFO] [stderr] 9 |     source.map_err(Widen::widen)?;
[INFO] [stderr]   |                    ^^^^^^^^^^^^ cannot infer type of the type parameter `T` declared on the trait `Widen`
[INFO] [stderr]   |
[INFO] [stderr]   = note: the type must also implement `From<u8>`
[INFO] [stderr] note: required for `Source` to implement `Widen<_>`
[INFO] [stderr]  --> tests/ui/unannotated_map_err.rs:4:6
[INFO] [stderr]   |
[INFO] [stderr] 3 | #[derive(Widen)]
[INFO] [stderr]   |          ----- type parameter would need to implement `Widen<_>`
[INFO] [stderr] 4 | enum Source {
[INFO] [stderr]   |      ^^^^^^
[INFO] [stderr]   = help: consider manually implementing `Widen<_>` to avoid undesired bounds caused by "imperfect derives"
[INFO] [stderr]   = note: to learn more, visit <https://github.com/rust-lang/rust/issues/26925>
[INFO] [stderr] help: consider specifying a concrete type for the type parameter `T`
[INFO] [stderr]   |
[INFO] [stderr] 9 |     source.map_err(Widen::</* Type */>::widen)?;
[INFO] [stderr]   |                         ++++++++++++++
[INFO] [stderr] ┈┈┈┈┈┈┈┈┈┈┈┈┈┈┈┈┈┈┈┈┈┈┈┈┈┈┈┈┈┈┈┈┈┈┈┈┈┈┈┈┈┈┈┈┈┈┈┈┈┈┈┈┈┈┈┈┈┈┈┈
[INFO] [stderr] note: If the actual output is the correct output you can bless it by rerunning
[INFO] [stderr]       your test with the environment variable TRYBUILD=overwrite
[INFO] [stderr] 
[INFO] [stderr] 
[INFO] [stderr] 
[INFO] [stderr] error: test failed, to rerun pass `--test ui`
[INFO] [stdout] test rejects_invalid_derives_and_conversions ... FAILED
[INFO] [stdout] 
[INFO] [stdout] failures:
[INFO] [stdout] 
[INFO] [stdout] ---- rejects_invalid_derives_and_conversions stdout ----
[INFO] [stdout] 
[INFO] [stdout] thread 'rejects_invalid_derives_and_conversions' (654) panicked at /opt/rustwide/cargo-home/registry/src/index.crates.io-1949cf8c6b5b557f/trybuild-1.0.111/src/run.rs:102:13:
[INFO] [stdout] 2 of 8 tests failed
[INFO] [stdout] stack backtrace:
[INFO] [stdout]    0:     0x5d8f954f8351 - <<std[70759c8f55707aa4]::sys::backtrace::BacktraceLock>::print::DisplayBacktrace as core[df12db4294e9bfd3]::fmt::Display>::fmt
[INFO] [stdout]    1:     0x5d8f9550e9da - core[df12db4294e9bfd3]::fmt::write
[INFO] [stdout]    2:     0x5d8f954fce1c - <alloc[2182bb758b4b3781]::vec::Vec<u8> as core[df12db4294e9bfd3]::io::write::Write>::write_fmt
[INFO] [stdout]    3:     0x5d8f954d1836 - std[70759c8f55707aa4]::panicking::default_hook::{closure#0}
[INFO] [stdout]    4:     0x5d8f954ef9c9 - std[70759c8f55707aa4]::panicking::default_hook
[INFO] [stdout]    5:     0x5d8f95488ca0 - test[9d35eded1c95d3be]::test_main_inner::<test[9d35eded1c95d3be]::test_main_static::{closure#0}>::{closure#0}
[INFO] [stdout]    6:     0x5d8f954efb82 - std[70759c8f55707aa4]::panicking::panic_with_hook
[INFO] [stdout]    7:     0x5d8f954d18e2 - std[70759c8f55707aa4]::panicking::panic_handler::{closure#0}
[INFO] [stdout]    8:     0x5d8f954ca1a9 - std[70759c8f55707aa4]::sys::backtrace::__rust_end_short_backtrace::<std[70759c8f55707aa4]::panicking::panic_handler::{closure#0}, !>
[INFO] [stdout]    9:     0x5d8f954d24dd - __rustc[8fa7c3cbc660c2b3]::rust_begin_unwind
[INFO] [stdout]   10:     0x5d8f9550f14c - core[df12db4294e9bfd3]::panicking::panic_fmt
[INFO] [stdout]   11:     0x5d8f953db24b - <trybuild[64dca7a1207e7f89]::Runner>::run
[INFO] [stdout]   12:     0x5d8f953de480 - <trybuild[64dca7a1207e7f89]::TestCases as core[df12db4294e9bfd3]::ops::drop::Drop>::drop
[INFO] [stdout]   13:     0x5d8f953d4c48 - ui[c81368def0a0d479]::rejects_invalid_derives_and_conversions
[INFO] [stdout]   14:     0x5d8f953d4e49 - <ui[c81368def0a0d479]::rejects_invalid_derives_and_conversions::{closure#0} as core[df12db4294e9bfd3]::ops::function::FnOnce<()>>::call_once
[INFO] [stdout]   15:     0x5d8f9547bf8b - test[9d35eded1c95d3be]::__rust_begin_short_backtrace::<core[df12db4294e9bfd3]::result::Result<(), alloc[2182bb758b4b3781]::string::String>, fn() -> core[df12db4294e9bfd3]::result::Result<(), alloc[2182bb758b4b3781]::string::String>>
[INFO] [stdout]   16:     0x5d8f954895f5 - test[9d35eded1c95d3be]::run_test::{closure#0}
[INFO] [stdout]   17:     0x5d8f95482eb4 - std[70759c8f55707aa4]::sys::backtrace::__rust_begin_short_backtrace::<test[9d35eded1c95d3be]::run_test::{closure#1}, ()>
[INFO] [stdout]   18:     0x5d8f9548c752 - <std[70759c8f55707aa4]::thread::lifecycle::spawn_unchecked<test[9d35eded1c95d3be]::run_test::{closure#1}, ()>::{closure#1} as core[df12db4294e9bfd3]::ops::function::FnOnce<()>>::call_once::{shim:vtable#0}
[INFO] [stdout]   19:     0x5d8f954f7609 - <std[70759c8f55707aa4]::sys::thread::unix::Thread>::new::thread_start
[INFO] [stdout]   20:     0x7a3249ed8dfa - <unknown>
[INFO] [stdout]   21:     0x7a3249f6c3d4 - clone
[INFO] [stdout]   22:                0x0 - <unknown>
[INFO] [stdout] 
[INFO] [stdout] 
[INFO] [stdout] failures:
[INFO] [stdout]     rejects_invalid_derives_and_conversions
[INFO] [stdout] 
[INFO] [stdout] test result: FAILED. 0 passed; 1 failed; 0 ignored; 0 measured; 0 filtered out; finished in 14.32s
[INFO] [stdout] 
[INFO] running `Command { std: "docker" "inspect" "0685d33dc3378d15f24fd5ace876d74cea713c5ad1515f54e9f6a014a1a497c7", kill_on_drop: false }`
[INFO] running `Command { std: "docker" "rm" "-f" "0685d33dc3378d15f24fd5ace876d74cea713c5ad1515f54e9f6a014a1a497c7", kill_on_drop: false }`
[INFO] [stdout] 0685d33dc3378d15f24fd5ace876d74cea713c5ad1515f54e9f6a014a1a497c7
