[INFO] fetching crate wickra-xray-core 0.2.0...
[INFO] testing wickra-xray-core-0.2.0 against 1.100.0-beta.1+cargoflags=--release for beta-release-1.100-2
[INFO] extracting crate wickra-xray-core 0.2.0 into /workspace/builds/worker-1-tc2/source
[INFO] started tweaking crates.io crate wickra-xray-core 0.2.0
[INFO] removed 0 missing tests
[INFO] finished tweaking crates.io crate wickra-xray-core 0.2.0
[INFO] tweaked toml for crates.io crate wickra-xray-core 0.2.0 written to /workspace/builds/worker-1-tc2/source/Cargo.toml
[INFO] validating manifest of crates.io crate wickra-xray-core 0.2.0 on toolchain 1.100.0-beta.1
[INFO] running `Command { std: CARGO_HOME="/workspace/cargo-home" RUSTUP_HOME="/workspace/rustup-home" "/workspace/cargo-home/bin/cargo" "+1.100.0-beta.1" "metadata" "--manifest-path" "Cargo.toml" "--no-deps", kill_on_drop: false }`
[INFO] crate crates.io crate wickra-xray-core 0.2.0 already has a lockfile, it will not be regenerated
[INFO] running `Command { std: CARGO_HOME="/workspace/cargo-home" RUSTUP_HOME="/workspace/rustup-home" "/workspace/cargo-home/bin/cargo" "+1.100.0-beta.1" "fetch" "--manifest-path" "Cargo.toml", kill_on_drop: false }`
[INFO] running `Command { std: "docker" "create" "-v" "/var/lib/crater-agent-workspace/builds/worker-1-tc2/source:/opt/rustwide/workdir:ro,Z" "-v" "/var/lib/crater-agent-workspace/builds/worker-1-tc2/target:/opt/rustwide/target:rw,Z" "-v" "/var/lib/crater-agent-workspace/cargo-home:/opt/rustwide/cargo-home:ro,Z" "-v" "/var/lib/crater-agent-workspace/rustup-home:/opt/rustwide/rustup-home:ro,Z" "-m" "1610612736" "--network" "none" "ghcr.io/rust-lang/crates-build-env/linux@sha256:77db811e55d90add9212f6832c23229e3de5f1c1f9905e8cb07319ea15df73ac" "sleep" "infinity", kill_on_drop: false }`
[INFO] [stdout] a64b9e9107579c26fe9bbae492dd41f45ca6b61d15844325786725b86edeea3c
[INFO] running `Command { std: "docker" "start" "a64b9e9107579c26fe9bbae492dd41f45ca6b61d15844325786725b86edeea3c", kill_on_drop: false }`
[INFO] running `Command { std: "docker" "inspect" "a64b9e9107579c26fe9bbae492dd41f45ca6b61d15844325786725b86edeea3c", kill_on_drop: false }`
[INFO] running `Command { std: "docker" "exec" "-e" "SOURCE_DIR=/opt/rustwide/workdir" "-e" "CARGO_HOME=/opt/rustwide/cargo-home" "-e" "RUSTUP_HOME=/opt/rustwide/rustup-home" "-e" "CARGO_TARGET_DIR=/opt/rustwide/target" "-w" "/opt/rustwide/workdir" "--user" "0:0" "a64b9e9107579c26fe9bbae492dd41f45ca6b61d15844325786725b86edeea3c" "/opt/rustwide/cargo-home/bin/cargo" "+1.100.0-beta.1" "metadata" "--no-deps" "--format-version=1", kill_on_drop: false }`
[INFO] running `Command { std: "docker" "inspect" "a64b9e9107579c26fe9bbae492dd41f45ca6b61d15844325786725b86edeea3c", kill_on_drop: false }`
[INFO] running `Command { std: "docker" "exec" "-e" "SOURCE_DIR=/opt/rustwide/workdir" "-e" "CARGO_HOME=/opt/rustwide/cargo-home" "-e" "RUSTUP_HOME=/opt/rustwide/rustup-home" "-e" "CARGO_TARGET_DIR=/opt/rustwide/target" "-e" "CARGO_INCREMENTAL=0" "-e" "RUST_BACKTRACE=full" "-e" "RUSTFLAGS=--cap-lints=warn" "-e" "RUSTDOCFLAGS=--cap-lints=warn" "-w" "/opt/rustwide/workdir" "--user" "0:0" "a64b9e9107579c26fe9bbae492dd41f45ca6b61d15844325786725b86edeea3c" "/opt/rustwide/cargo-home/bin/cargo" "+1.100.0-beta.1" "build" "--frozen" "--message-format=json" "--release", kill_on_drop: false }`
[INFO] [stderr]    Compiling winnow v1.0.4
[INFO] [stderr]    Compiling either v1.18.0
[INFO] [stderr]    Compiling toml_writer v1.1.2+spec-1.1.0
[INFO] [stderr]    Compiling serde_spanned v1.1.1
[INFO] [stderr]    Compiling toml_datetime v1.1.1+spec-1.1.0
[INFO] [stderr]    Compiling serde_json v1.0.151
[INFO] [stderr]    Compiling serde v1.0.229
[INFO] [stderr]    Compiling rayon v1.12.0
[INFO] [stderr]    Compiling toml_parser v1.1.3+spec-1.1.0
[INFO] [stderr]    Compiling toml v1.1.6+spec-1.1.0
[INFO] [stderr]    Compiling wickra-xray-core v0.2.0 (/opt/rustwide/workdir)
[INFO] [stderr]     Finished `release` profile [optimized] target(s) in 13.94s
[INFO] running `Command { std: "docker" "inspect" "a64b9e9107579c26fe9bbae492dd41f45ca6b61d15844325786725b86edeea3c", kill_on_drop: false }`
[INFO] running `Command { std: "docker" "exec" "-e" "SOURCE_DIR=/opt/rustwide/workdir" "-e" "CARGO_HOME=/opt/rustwide/cargo-home" "-e" "RUSTUP_HOME=/opt/rustwide/rustup-home" "-e" "CARGO_TARGET_DIR=/opt/rustwide/target" "-e" "CARGO_INCREMENTAL=0" "-e" "RUST_BACKTRACE=full" "-e" "RUSTFLAGS=--cap-lints=warn" "-e" "RUSTDOCFLAGS=--cap-lints=warn" "-w" "/opt/rustwide/workdir" "--user" "0:0" "a64b9e9107579c26fe9bbae492dd41f45ca6b61d15844325786725b86edeea3c" "/opt/rustwide/cargo-home/bin/cargo" "+1.100.0-beta.1" "test" "--frozen" "--no-run" "--message-format=json" "--release", kill_on_drop: false }`
[INFO] [stderr]    Compiling rustix v1.1.5
[INFO] [stderr]    Compiling zerocopy v0.8.57
[INFO] [stderr]    Compiling getrandom v0.3.4
[INFO] [stderr]    Compiling getrandom v0.4.3
[INFO] [stderr]    Compiling rand_core v0.9.5
[INFO] [stderr]    Compiling rand v0.9.5
[INFO] [stderr]    Compiling rand_xorshift v0.4.0
[INFO] [stderr]    Compiling tempfile v3.27.0
[INFO] [stderr]    Compiling rusty-fork v0.3.1
[INFO] [stderr]    Compiling ppv-lite86 v0.2.21
[INFO] [stderr]    Compiling rand_chacha v0.9.0
[INFO] [stderr]    Compiling proptest v1.11.0
[INFO] [stderr]    Compiling wickra-xray-core v0.2.0 (/opt/rustwide/workdir)
[INFO] [stderr]     Finished `release` profile [optimized] target(s) in 28.89s
[INFO] running `Command { std: "docker" "inspect" "a64b9e9107579c26fe9bbae492dd41f45ca6b61d15844325786725b86edeea3c", kill_on_drop: false }`
[INFO] running `Command { std: "docker" "exec" "-e" "SOURCE_DIR=/opt/rustwide/workdir" "-e" "CARGO_HOME=/opt/rustwide/cargo-home" "-e" "RUSTUP_HOME=/opt/rustwide/rustup-home" "-e" "CARGO_TARGET_DIR=/opt/rustwide/target" "-e" "CARGO_INCREMENTAL=0" "-e" "RUST_BACKTRACE=full" "-e" "RUSTFLAGS=--cap-lints=warn" "-e" "RUSTDOCFLAGS=--cap-lints=warn" "-w" "/opt/rustwide/workdir" "--user" "0:0" "a64b9e9107579c26fe9bbae492dd41f45ca6b61d15844325786725b86edeea3c" "/opt/rustwide/cargo-home/bin/cargo" "+1.100.0-beta.1" "test" "--frozen" "--release", kill_on_drop: false }`
[INFO] [stderr]     Finished `release` profile [optimized] target(s) in 0.15s
[INFO] [stderr]      Running unittests src/lib.rs (/opt/rustwide/target/release/build/wickra-xray-core/89a5d7b56da26c68/out/wickra_xray_core-89a5d7b56da26c68)
[INFO] [stdout] 
[INFO] [stdout] running 33 tests
[INFO] [stdout] test frame::tests::frame_round_trips_through_json ... ok
[INFO] [stdout] test config::tests::parses_toml_config ... ok
[INFO] [stdout] test panels::book_heatmap::tests::one_sided_book_has_no_mid_and_is_empty ... ok
[INFO] [stdout] test panels::footprint::tests::worked_example ... ok
[INFO] [stdout] test panels::book_heatmap::tests::no_book_events_is_empty ... ok
[INFO] [stdout] test panels::funding_oi_divergence::tests::carries_each_stream_forward ... ok
[INFO] [stdout] test book::tests::mid_is_none_when_a_side_is_empty ... ok
[INFO] [stdout] test config::tests::parses_json_config ... ok
[INFO] [stdout] test panels::funding_oi_divergence::tests::empty_window_yields_empty_series ... ok
[INFO] [stdout] test panels::liquidation_map::tests::snaps_price_to_bin ... ok
[INFO] [stdout] test panels::tests::dispatches_to_the_kind_matching_builder ... ok
[INFO] [stdout] test panels::funding_oi_divergence::tests::missing_at_start_reads_zero ... ok
[INFO] [stdout] test panels::book_heatmap::tests::single_snapshot_centres_on_the_mid ... ok
[INFO] [stdout] test types::tests::round8_rounds_to_eight_places ... ok
[INFO] [stdout] test frame::tests::panel_data_tag_is_snake_case ... ok
[INFO] [stdout] test book::tests::diff_merges_updates_and_removes ... ok
[INFO] [stdout] test panels::liquidation_map::tests::sorts_by_ts_then_bin_then_side ... ok
[INFO] [stdout] test config::tests::rejects_an_invalid_spec ... ok
[INFO] [stdout] test xray::tests::build_frame_rejects_an_invalid_spec ... ok
[INFO] [stdout] test book::tests::snapshot_sets_the_book_and_mid ... ok
[INFO] [stdout] test panels::footprint::tests::empty_window_yields_empty_bins ... ok
[INFO] [stdout] test xray::tests::reset_clears_the_dataset_but_keeps_the_spec ... ok
[INFO] [stdout] test panels::book_heatmap::tests::buckets_carry_the_book_forward ... ok
[INFO] [stdout] test types::tests::bin_of_floors_to_the_lower_edge ... ok
[INFO] [stdout] test xray::tests::panels_keep_spec_order ... ok
[INFO] [stdout] test types::tests::ordered_f64_is_a_total_order ... ok
[INFO] [stdout] test xray::tests::frame_equals_frame_at_to_ts_byte_for_byte ... ok
[INFO] [stdout] test xray::tests::version_is_the_crate_version ... ok
[INFO] [stdout] test xray::tests::unknown_command_is_an_error_json_not_a_panic ... ok
[INFO] [stdout] test xray::tests::command_json_runs_the_full_sequence ... ok
[INFO] [stdout] test xray::tests::frame_at_clips_the_window ... ok
[INFO] [stdout] test xray::tests::frame_without_dataset_is_an_error_json ... ok
[INFO] [stdout] test panels::liquidation_map::tests::empty_window_yields_no_events ... ok
[INFO] [stdout] 
[INFO] [stdout] test result: ok. 33 passed; 0 failed; 0 ignored; 0 measured; 0 filtered out; finished in 0.03s
[INFO] [stdout] 
[INFO] [stderr]      Running tests/conformance.rs (/opt/rustwide/target/release/build/wickra-xray-core/a7b3cf0b6f6784aa/out/conformance-a7b3cf0b6f6784aa)
[INFO] [stdout] 
[INFO] [stdout] running 8 tests
[INFO] [stdout] test enum_tags_are_snake_case ... ok
[INFO] [stdout] test panel_data_variants_round_trip ... ok
[INFO] [stdout] test bad_spec_command_yields_error_json ... ok
[INFO] [stdout] test invalid_spec_on_construction_errors ... ok
[INFO] [stdout] test scalar_enums_round_trip ... ok
[INFO] [stdout] test spec_panels_round_trip ... ok
[INFO] [stdout] test frame_panels_align_with_spec_panels ... ok
[INFO] [stdout] test frame_without_dataset_yields_error_json ... ok
[INFO] [stdout] 
[INFO] [stdout] test result: ok. 8 passed; 0 failed; 0 ignored; 0 measured; 0 filtered out; finished in 0.03s
[INFO] [stdout] 
[INFO] [stderr]      Running tests/frame_at_eq_frame.rs (/opt/rustwide/target/release/build/wickra-xray-core/245d93e162bd7b05/out/frame_at_eq_frame-245d93e162bd7b05)
[INFO] [stdout] 
[INFO] [stdout] running 2 tests
[INFO] [stdout] test frame_at_end_equals_full_frame ... FAILED
[INFO] [stdout] test frame_at_midpoint_clips_the_window ... FAILED
[INFO] [stdout] 
[INFO] [stdout] failures:
[INFO] [stdout] 
[INFO] [stdout] ---- frame_at_end_equals_full_frame stdout ----
[INFO] [stdout] 
[INFO] [stdout] thread 'frame_at_end_equals_full_frame' (795) panicked at tests/frame_at_eq_frame.rs:24:64:
[INFO] [stdout] called `Result::unwrap()` on an `Err` value: Os { code: 2, kind: NotFound, message: "No such file or directory" }
[INFO] [stdout] stack backtrace:
[INFO] [stdout]    0:     0x6100cb8ac921 - <<std[617be2ca0a6fd877]::sys::backtrace::BacktraceLock>::print::DisplayBacktrace as core[a373ad73a504971]::fmt::Display>::fmt
[INFO] [stdout]    1:     0x6100cb8c100a - core[a373ad73a504971]::fmt::write
[INFO] [stdout]    2:     0x6100cb8b0b8c - <alloc[2e1b2a31b91974c5]::vec::Vec<u8> as core[a373ad73a504971]::io::write::Write>::write_fmt
[INFO] [stdout]    3:     0x6100cb8885e6 - std[617be2ca0a6fd877]::panicking::default_hook::{closure#0}
[INFO] [stdout]    4:     0x6100cb8a4ad9 - std[617be2ca0a6fd877]::panicking::default_hook
[INFO] [stdout]    5:     0x6100cb7fd1f0 - test[aada8e7e76ba119b]::test_main_inner::{closure#0}
[INFO] [stdout]    6:     0x6100cb8a4e02 - std[617be2ca0a6fd877]::panicking::panic_with_hook
[INFO] [stdout]    7:     0x6100cb888692 - std[617be2ca0a6fd877]::panicking::panic_handler::{closure#0}
[INFO] [stdout]    8:     0x6100cb881219 - std[617be2ca0a6fd877]::sys::backtrace::__rust_end_short_backtrace::<std[617be2ca0a6fd877]::panicking::panic_handler::{closure#0}, !>
[INFO] [stdout]    9:     0x6100cb88929d - __rustc[ea4f61d10b84890b]::rust_begin_unwind
[INFO] [stdout]   10:     0x6100cb8c173c - core[a373ad73a504971]::panicking::panic_fmt
[INFO] [stdout]   11:     0x6100cb8c1512 - core[a373ad73a504971]::result::unwrap_failed
[INFO] [stdout]   12:     0x6100cb7ee14c - frame_at_eq_frame[37de5f74530901e]::loaded_xray
[INFO] [stdout]   13:     0x6100cb7ee63c - <frame_at_eq_frame[37de5f74530901e]::frame_at_end_equals_full_frame::{closure#0} as core[a373ad73a504971]::ops::function::FnOnce<()>>::call_once
[INFO] [stdout]   14:     0x6100cb7f063b - test[aada8e7e76ba119b]::__rust_begin_short_backtrace::<core[a373ad73a504971]::result::Result<(), alloc[2e1b2a31b91974c5]::string::String>, fn() -> core[a373ad73a504971]::result::Result<(), alloc[2e1b2a31b91974c5]::string::String>>
[INFO] [stdout]   15:     0x6100cb7fd815 - test[aada8e7e76ba119b]::run_test::{closure#0}
[INFO] [stdout]   16:     0x6100cb7f7104 - std[617be2ca0a6fd877]::sys::backtrace::__rust_begin_short_backtrace::<test[aada8e7e76ba119b]::run_test::{closure#1}, ()>
[INFO] [stdout]   17:     0x6100cb8008a2 - <std[617be2ca0a6fd877]::thread::lifecycle::spawn_unchecked<test[aada8e7e76ba119b]::run_test::{closure#1}, ()>::{closure#1} as core[a373ad73a504971]::ops::function::FnOnce<()>>::call_once::{shim:vtable#0}
[INFO] [stdout]   18:     0x6100cb8abe0f - <std[617be2ca0a6fd877]::sys::thread::unix::Thread>::new::thread_start
[INFO] [stdout]   19:     0x7a9fa8de5dfa - <unknown>
[INFO] [stdout]   20:     0x7a9fa8e793d4 - clone
[INFO] [stdout]   21:                0x0 - <unknown>
[INFO] [stdout] 
[INFO] [stdout] ---- frame_at_midpoint_clips_the_window stdout ----
[INFO] [stdout] 
[INFO] [stdout] thread 'frame_at_midpoint_clips_the_window' (796) panicked at tests/frame_at_eq_frame.rs:24:64:
[INFO] [stdout] called `Result::unwrap()` on an `Err` value: Os { code: 2, kind: NotFound, message: "No such file or directory" }
[INFO] [stdout] stack backtrace:
[INFO] [stdout]    0:     0x6100cb8ac921 - <<std[617be2ca0a6fd877]::sys::backtrace::BacktraceLock>::print::DisplayBacktrace as core[a373ad73a504971]::fmt::Display>::fmt
[INFO] [stdout]    1:     0x6100cb8c100a - core[a373ad73a504971]::fmt::write
[INFO] [stdout]    2:     0x6100cb8b0b8c - <alloc[2e1b2a31b91974c5]::vec::Vec<u8> as core[a373ad73a504971]::io::write::Write>::write_fmt
[INFO] [stdout]    3:     0x6100cb8885e6 - std[617be2ca0a6fd877]::panicking::default_hook::{closure#0}
[INFO] [stdout]    4:     0x6100cb8a4ad9 - std[617be2ca0a6fd877]::panicking::default_hook
[INFO] [stdout]    5:     0x6100cb7fd1f0 - test[aada8e7e76ba119b]::test_main_inner::{closure#0}
[INFO] [stdout]    6:     0x6100cb8a4e02 - std[617be2ca0a6fd877]::panicking::panic_with_hook
[INFO] [stdout]    7:     0x6100cb888692 - std[617be2ca0a6fd877]::panicking::panic_handler::{closure#0}
[INFO] [stdout]    8:     0x6100cb881219 - std[617be2ca0a6fd877]::sys::backtrace::__rust_end_short_backtrace::<std[617be2ca0a6fd877]::panicking::panic_handler::{closure#0}, !>
[INFO] [stdout]    9:     0x6100cb88929d - __rustc[ea4f61d10b84890b]::rust_begin_unwind
[INFO] [stdout]   10:     0x6100cb8c173c - core[a373ad73a504971]::panicking::panic_fmt
[INFO] [stdout]   11:     0x6100cb8c1512 - core[a373ad73a504971]::result::unwrap_failed
[INFO] [stdout]   12:     0x6100cb7ee14c - frame_at_eq_frame[37de5f74530901e]::loaded_xray
[INFO] [stdout]   13:     0x6100cb7ee984 - <frame_at_eq_frame[37de5f74530901e]::frame_at_midpoint_clips_the_window::{closure#0} as core[a373ad73a504971]::ops::function::FnOnce<()>>::call_once
[INFO] [stdout]   14:     0x6100cb7f063b - test[aada8e7e76ba119b]::__rust_begin_short_backtrace::<core[a373ad73a504971]::result::Result<(), alloc[2e1b2a31b91974c5]::string::String>, fn() -> core[a373ad73a504971]::result::Result<(), alloc[2e1b2a31b91974c5]::string::String>>
[INFO] [stdout]   15:     0x6100cb7fd815 - test[aada8e7e76ba119b]::run_test::{closure#0}
[INFO] [stdout]   16:     0x6100cb7f7104 - std[617be2ca0a6fd877]::sys::backtrace::__rust_begin_short_backtrace::<test[aada8e7e76ba119b]::run_test::{closure#1}, ()>
[INFO] [stdout]   17:     0x6100cb8008a2 - <std[617be2ca0a6fd877]::thread::lifecycle::spawn_unchecked<test[aada8e7e76ba119b]::run_test::{closure#1}, ()>::{closure#1} as core[a373ad73a504971]::ops::function::FnOnce<()>>::call_once::{shim:vtable#0}
[INFO] [stdout]   18:     0x6100cb8abe0f - <std[617be2ca0a6fd877]::sys::thread::unix::Thread>::new::thread_start
[INFO] [stdout]   19:     0x7a9fa8de5dfa - <unknown>
[INFO] [stdout]   20:     0x7a9fa8e793d4 - clone
[INFO] [stdout]   21:                0x0 - <unknown>
[INFO] [stdout] 
[INFO] [stdout] 
[INFO] [stdout] failures:
[INFO] [stdout]     frame_at_end_equals_full_frame
[INFO] [stdout]     frame_at_midpoint_clips_the_window
[INFO] [stdout] 
[INFO] [stdout] test result: FAILED. 0 passed; 2 failed; 0 ignored; 0 measured; 0 filtered out; finished in 0.00s
[INFO] [stdout] 
[INFO] [stderr] error: test failed, to rerun pass `--test frame_at_eq_frame`
[INFO] running `Command { std: "docker" "inspect" "a64b9e9107579c26fe9bbae492dd41f45ca6b61d15844325786725b86edeea3c", kill_on_drop: false }`
[INFO] running `Command { std: "docker" "rm" "-f" "a64b9e9107579c26fe9bbae492dd41f45ca6b61d15844325786725b86edeea3c", kill_on_drop: false }`
[INFO] [stdout] a64b9e9107579c26fe9bbae492dd41f45ca6b61d15844325786725b86edeea3c
