[INFO] fetching crate wickra-verify-core 0.2.0...
[INFO] testing wickra-verify-core-0.2.0 against 1.100.0-beta.1+cargoflags=--release for beta-release-1.100-2
[INFO] extracting crate wickra-verify-core 0.2.0 into /workspace/builds/worker-0-tc2/source
[INFO] started tweaking crates.io crate wickra-verify-core 0.2.0
[INFO] removed 0 missing examples
[INFO] removed 0 missing tests
[INFO] finished tweaking crates.io crate wickra-verify-core 0.2.0
[INFO] tweaked toml for crates.io crate wickra-verify-core 0.2.0 written to /workspace/builds/worker-0-tc2/source/Cargo.toml
[INFO] validating manifest of crates.io crate wickra-verify-core 0.2.0 on toolchain 1.100.0-beta.1
[INFO] running `Command { std: CARGO_HOME="/workspace/cargo-home" RUSTUP_HOME="/workspace/rustup-home" "/workspace/cargo-home/bin/cargo" "+1.100.0-beta.1" "metadata" "--manifest-path" "Cargo.toml" "--no-deps", kill_on_drop: false }`
[INFO] crate crates.io crate wickra-verify-core 0.2.0 already has a lockfile, it will not be regenerated
[INFO] running `Command { std: CARGO_HOME="/workspace/cargo-home" RUSTUP_HOME="/workspace/rustup-home" "/workspace/cargo-home/bin/cargo" "+1.100.0-beta.1" "fetch" "--manifest-path" "Cargo.toml", kill_on_drop: false }`
[INFO] running `Command { std: "docker" "create" "-v" "/var/lib/crater-agent-workspace/builds/worker-0-tc2/source:/opt/rustwide/workdir:ro,Z" "-v" "/var/lib/crater-agent-workspace/builds/worker-0-tc2/target:/opt/rustwide/target:rw,Z" "-v" "/var/lib/crater-agent-workspace/cargo-home:/opt/rustwide/cargo-home:ro,Z" "-v" "/var/lib/crater-agent-workspace/rustup-home:/opt/rustwide/rustup-home:ro,Z" "-m" "1610612736" "--network" "none" "ghcr.io/rust-lang/crates-build-env/linux@sha256:77db811e55d90add9212f6832c23229e3de5f1c1f9905e8cb07319ea15df73ac" "sleep" "infinity", kill_on_drop: false }`
[INFO] [stdout] 6afd4237eeec8d94c880c69d362da4b7d45132cff8f26584223efb4cd4f7b97e
[INFO] running `Command { std: "docker" "start" "6afd4237eeec8d94c880c69d362da4b7d45132cff8f26584223efb4cd4f7b97e", kill_on_drop: false }`
[INFO] running `Command { std: "docker" "inspect" "6afd4237eeec8d94c880c69d362da4b7d45132cff8f26584223efb4cd4f7b97e", kill_on_drop: false }`
[INFO] running `Command { std: "docker" "exec" "-e" "SOURCE_DIR=/opt/rustwide/workdir" "-e" "CARGO_HOME=/opt/rustwide/cargo-home" "-e" "RUSTUP_HOME=/opt/rustwide/rustup-home" "-e" "CARGO_TARGET_DIR=/opt/rustwide/target" "-w" "/opt/rustwide/workdir" "--user" "0:0" "6afd4237eeec8d94c880c69d362da4b7d45132cff8f26584223efb4cd4f7b97e" "/opt/rustwide/cargo-home/bin/cargo" "+1.100.0-beta.1" "metadata" "--no-deps" "--format-version=1", kill_on_drop: false }`
[INFO] running `Command { std: "docker" "inspect" "6afd4237eeec8d94c880c69d362da4b7d45132cff8f26584223efb4cd4f7b97e", kill_on_drop: false }`
[INFO] running `Command { std: "docker" "exec" "-e" "SOURCE_DIR=/opt/rustwide/workdir" "-e" "CARGO_HOME=/opt/rustwide/cargo-home" "-e" "RUSTUP_HOME=/opt/rustwide/rustup-home" "-e" "CARGO_TARGET_DIR=/opt/rustwide/target" "-e" "CARGO_INCREMENTAL=0" "-e" "RUST_BACKTRACE=full" "-e" "RUSTFLAGS=--cap-lints=warn" "-e" "RUSTDOCFLAGS=--cap-lints=warn" "-w" "/opt/rustwide/workdir" "--user" "0:0" "6afd4237eeec8d94c880c69d362da4b7d45132cff8f26584223efb4cd4f7b97e" "/opt/rustwide/cargo-home/bin/cargo" "+1.100.0-beta.1" "build" "--frozen" "--message-format=json" "--release", kill_on_drop: false }`
[INFO] [stderr]    Compiling serde_json v1.0.151
[INFO] [stderr]    Compiling wickra-simd v2.0.0
[INFO] [stderr]    Compiling find-msvc-tools v0.1.13
[INFO] [stderr]    Compiling either v1.18.0
[INFO] [stderr]    Compiling syn v3.0.6
[INFO] [stderr]    Compiling toml_writer v1.1.2+spec-1.1.0
[INFO] [stderr]    Compiling toml_parser v1.1.3+spec-1.1.0
[INFO] [stderr]    Compiling serde_spanned v1.1.1
[INFO] [stderr]    Compiling toml_datetime v1.1.1+spec-1.1.0
[INFO] [stderr]    Compiling cc v1.4.7
[INFO] [stderr]    Compiling rayon v1.12.0
[INFO] [stderr]    Compiling toml v1.1.6+spec-1.1.0
[INFO] [stderr]    Compiling blake3 v1.8.7
[INFO] [stderr]    Compiling serde_derive_internals v0.30.0
[INFO] [stderr]    Compiling ref-cast-impl v1.0.27
[INFO] [stderr]    Compiling thiserror-impl v2.0.21
[INFO] [stderr]    Compiling serde_derive v1.0.229
[INFO] [stderr]    Compiling ref-cast v1.0.27
[INFO] [stderr]    Compiling schemars_derive v1.2.2
[INFO] [stderr]    Compiling thiserror v2.0.21
[INFO] [stderr]    Compiling wickra-core v2.0.0
[INFO] [stderr]    Compiling serde v1.0.229
[INFO] [stderr]    Compiling schemars v1.2.2
[INFO] [stderr]    Compiling wickra-backtest-core v0.2.0
[INFO] [stderr]    Compiling wickra-verify-core v0.2.0 (/opt/rustwide/workdir)
[INFO] [stderr]     Finished `release` profile [optimized] target(s) in 40.04s
[INFO] running `Command { std: "docker" "inspect" "6afd4237eeec8d94c880c69d362da4b7d45132cff8f26584223efb4cd4f7b97e", kill_on_drop: false }`
[INFO] running `Command { std: "docker" "exec" "-e" "SOURCE_DIR=/opt/rustwide/workdir" "-e" "CARGO_HOME=/opt/rustwide/cargo-home" "-e" "RUSTUP_HOME=/opt/rustwide/rustup-home" "-e" "CARGO_TARGET_DIR=/opt/rustwide/target" "-e" "CARGO_INCREMENTAL=0" "-e" "RUST_BACKTRACE=full" "-e" "RUSTFLAGS=--cap-lints=warn" "-e" "RUSTDOCFLAGS=--cap-lints=warn" "-w" "/opt/rustwide/workdir" "--user" "0:0" "6afd4237eeec8d94c880c69d362da4b7d45132cff8f26584223efb4cd4f7b97e" "/opt/rustwide/cargo-home/bin/cargo" "+1.100.0-beta.1" "test" "--frozen" "--no-run" "--message-format=json" "--release", kill_on_drop: false }`
[INFO] [stderr]    Compiling zerocopy v0.8.57
[INFO] [stderr]    Compiling rustix v1.1.5
[INFO] [stderr]    Compiling getrandom v0.3.4
[INFO] [stderr]    Compiling getrandom v0.4.3
[INFO] [stderr]    Compiling wait-timeout v0.2.1
[INFO] [stderr]    Compiling rand_core v0.9.5
[INFO] [stderr]    Compiling rand v0.9.5
[INFO] [stderr]    Compiling rand_xorshift v0.4.0
[INFO] [stderr]    Compiling tempfile v3.27.0
[INFO] [stderr]    Compiling rusty-fork v0.3.1
[INFO] [stderr]    Compiling ppv-lite86 v0.2.21
[INFO] [stderr]    Compiling rand_chacha v0.9.0
[INFO] [stderr]    Compiling proptest v1.11.0
[INFO] [stderr]    Compiling wickra-verify-core v0.2.0 (/opt/rustwide/workdir)
[INFO] [stderr]     Finished `release` profile [optimized] target(s) in 17.28s
[INFO] running `Command { std: "docker" "inspect" "6afd4237eeec8d94c880c69d362da4b7d45132cff8f26584223efb4cd4f7b97e", kill_on_drop: false }`
[INFO] running `Command { std: "docker" "exec" "-e" "SOURCE_DIR=/opt/rustwide/workdir" "-e" "CARGO_HOME=/opt/rustwide/cargo-home" "-e" "RUSTUP_HOME=/opt/rustwide/rustup-home" "-e" "CARGO_TARGET_DIR=/opt/rustwide/target" "-e" "CARGO_INCREMENTAL=0" "-e" "RUST_BACKTRACE=full" "-e" "RUSTFLAGS=--cap-lints=warn" "-e" "RUSTDOCFLAGS=--cap-lints=warn" "-w" "/opt/rustwide/workdir" "--user" "0:0" "6afd4237eeec8d94c880c69d362da4b7d45132cff8f26584223efb4cd4f7b97e" "/opt/rustwide/cargo-home/bin/cargo" "+1.100.0-beta.1" "test" "--frozen" "--release", kill_on_drop: false }`
[INFO] [stderr]     Finished `release` profile [optimized] target(s) in 0.09s
[INFO] [stderr]      Running unittests src/lib.rs (/opt/rustwide/target/release/build/wickra-verify-core/f27551a4f3b97977/out/wickra_verify_core-f27551a4f3b97977)
[INFO] [stdout] 
[INFO] [stdout] running 25 tests
[INFO] [stdout] test tests::canonicalize_is_deterministic ... ok
[INFO] [stdout] test tests::command_json_unknown_cmd_returns_error_envelope ... ok
[INFO] [stdout] test tests::bad_strategy_is_rejected ... ok
[INFO] [stdout] test tests::canonicalize_rounds_floats_and_keeps_integers ... ok
[INFO] [stdout] test tests::canonicalize_sorts_keys_and_strips_whitespace ... ok
[INFO] [stdout] test tests::command_json_version_reports_both_versions ... ok
[INFO] [stdout] test tests::round_to_snaps_to_the_grid ... ok
[INFO] [stdout] test tests::array_length_difference_is_reported ... ok
[INFO] [stdout] test tests::inline_data_helper_distinguishes_ref_kinds ... ok
[INFO] [stdout] test tests::mismatches_are_sorted_by_field ... ok
[INFO] [stdout] test tests::fudged_metric_is_refuted ... ok
[INFO] [stdout] test tests::honest_claim_verifies_true ... ok
[INFO] [stdout] test tests::command_json_verify_inline_matches_direct ... ok
[INFO] [stdout] test tests::command_json_verify_with_explicit_data ... ok
[INFO] [stdout] test tests::compare_is_empty_for_identical_reports ... ok
[INFO] [stdout] test tests::missing_symbol_data_is_reported ... ok
[INFO] [stdout] test tests::verifier_new_falls_back_to_defaults ... ok
[INFO] [stdout] test tests::mismatch_carries_field_and_delta ... ok
[INFO] [stdout] test tests::unknown_field_is_rejected ... ok
[INFO] [stdout] test tests::verify_is_reproducible ... ok
[INFO] [stdout] test tests::explain_verified_and_refuted ... ok
[INFO] [stdout] test tests::hash_is_64_hex ... ok
[INFO] [stdout] test tests::command_json_canonicalize_exposes_the_string ... ok
[INFO] [stderr]      Running tests/cli_eq_binding.rs (/opt/rustwide/target/release/build/wickra-verify-core/a10c97e0cd14fe29/out/cli_eq_binding-a10c97e0cd14fe29)
[INFO] [stdout] test tests::command_json_explain_returns_text ... ok
[INFO] [stdout] test tests::verifier_tolerance_can_accept_a_small_fudge ... ok
[INFO] [stdout] 
[INFO] [stdout] test result: ok. 25 passed; 0 failed; 0 ignored; 0 measured; 0 filtered out; finished in 0.02s
[INFO] [stdout] 
[INFO] [stdout] 
[INFO] [stdout] running 4 tests
[INFO] [stdout] test command_canonicalize_matches_free_canonicalize ... ok
[INFO] [stdout] test free_verify_equals_command_verify_doctored ... ok
[INFO] [stdout] test free_verify_equals_command_verify_honest ... ok
[INFO] [stdout] test free_explain_equals_command_explain ... ok
[INFO] [stdout] 
[INFO] [stdout] test result: ok. 4 passed; 0 failed; 0 ignored; 0 measured; 0 filtered out; finished in 0.01s
[INFO] [stdout] 
[INFO] [stderr]      Running tests/conformance.rs (/opt/rustwide/target/release/build/wickra-verify-core/5c2a6c564f04aa1b/out/conformance-5c2a6c564f04aa1b)
[INFO] [stdout] 
[INFO] [stdout] running 10 tests
[INFO] [stdout] test canonicalize_is_key_order_invariant ... ok
[INFO] [stdout] test claim_json_round_trips_files ... ok
[INFO] [stdout] test claim_toml_round_trips ... ok
[INFO] [stdout] test canonicalize_collapses_non_finite_to_null ... ok
[INFO] [stdout] test mismatch_json_round_trips ... ok
[INFO] [stdout] test non_object_strategy_and_report_are_rejected ... ok
[INFO] [stderr]      Running tests/golden.rs (/opt/rustwide/target/release/build/wickra-verify-core/7e95c4ed4e82a4fc/out/golden-7e95c4ed4e82a4fc)
[INFO] [stdout] test unknown_claim_field_is_rejected ... ok
[INFO] [stdout] test verdict_json_round_trips ... ok
[INFO] [stdout] test claim_json_round_trips_inline ... ok
[INFO] [stdout] test files_claim_needs_explicit_data ... ok
[INFO] [stdout] 
[INFO] [stdout] test result: ok. 10 passed; 0 failed; 0 ignored; 0 measured; 0 filtered out; finished in 0.09s
[INFO] [stdout] 
[INFO] [stdout] 
[INFO] [stdout] running 1 test
[INFO] [stdout] test golden_verdicts_are_byte_identical ... FAILED
[INFO] [stdout] 
[INFO] [stdout] failures:
[INFO] [stdout] 
[INFO] [stdout] ---- golden_verdicts_are_byte_identical stdout ----
[INFO] [stdout] 
[INFO] [stdout] thread 'golden_verdicts_are_byte_identical' (1317) panicked at tests/golden.rs:39:49:
[INFO] [stdout] called `Result::unwrap()` on an `Err` value: Os { code: 2, kind: NotFound, message: "No such file or directory" }
[INFO] [stdout] stack backtrace:
[INFO] [stdout]    0:     0x61981a155821 - <<std[617be2ca0a6fd877]::sys::backtrace::BacktraceLock>::print::DisplayBacktrace as core[a373ad73a504971]::fmt::Display>::fmt
[INFO] [stdout]    1:     0x61981a16ac1a - core[a373ad73a504971]::fmt::write
[INFO] [stdout]    2:     0x61981a159d0c - <alloc[2e1b2a31b91974c5]::vec::Vec<u8> as core[a373ad73a504971]::io::write::Write>::write_fmt
[INFO] [stdout]    3:     0x61981a1312b6 - std[617be2ca0a6fd877]::panicking::default_hook::{closure#0}
[INFO] [stdout]    4:     0x61981a14d949 - std[617be2ca0a6fd877]::panicking::default_hook
[INFO] [stdout]    5:     0x619819fa9a10 - test[aada8e7e76ba119b]::test_main_inner::{closure#0}
[INFO] [stdout]    6:     0x61981a14db02 - std[617be2ca0a6fd877]::panicking::panic_with_hook
[INFO] [stdout]    7:     0x61981a131362 - std[617be2ca0a6fd877]::panicking::panic_handler::{closure#0}
[INFO] [stdout]    8:     0x61981a129e49 - std[617be2ca0a6fd877]::sys::backtrace::__rust_end_short_backtrace::<std[617be2ca0a6fd877]::panicking::panic_handler::{closure#0}, !>
[INFO] [stdout]    9:     0x61981a131f6d - __rustc[ea4f61d10b84890b]::rust_begin_unwind
[INFO] [stdout]   10:     0x61981a16b34c - core[a373ad73a504971]::panicking::panic_fmt
[INFO] [stdout]   11:     0x61981a16b122 - core[a373ad73a504971]::result::unwrap_failed
[INFO] [stdout]   12:     0x619819f9ab6a - <golden[4a53e70a146603f5]::golden_verdicts_are_byte_identical::{closure#0} as core[a373ad73a504971]::ops::function::FnOnce<()>>::call_once
[INFO] [stdout]   13:     0x619819f9ce5b - test[aada8e7e76ba119b]::__rust_begin_short_backtrace::<core[a373ad73a504971]::result::Result<(), alloc[2e1b2a31b91974c5]::string::String>, fn() -> core[a373ad73a504971]::result::Result<(), alloc[2e1b2a31b91974c5]::string::String>>
[INFO] [stdout]   14:     0x619819faa035 - test[aada8e7e76ba119b]::run_test::{closure#0}
[INFO] [stdout]   15:     0x619819fa3924 - std[617be2ca0a6fd877]::sys::backtrace::__rust_begin_short_backtrace::<test[aada8e7e76ba119b]::run_test::{closure#1}, ()>
[INFO] [stdout]   16:     0x619819fad0c2 - <std[617be2ca0a6fd877]::thread::lifecycle::spawn_unchecked<test[aada8e7e76ba119b]::run_test::{closure#1}, ()>::{closure#1} as core[a373ad73a504971]::ops::function::FnOnce<()>>::call_once::{shim:vtable#0}
[INFO] [stdout]   17:     0x61981a154d1f - <std[617be2ca0a6fd877]::sys::thread::unix::Thread>::new::thread_start
[INFO] [stdout]   18:     0x7d249a3f8dfa - <unknown>
[INFO] [stdout]   19:     0x7d249a48c3d4 - clone
[INFO] [stdout]   20:                0x0 - <unknown>
[INFO] [stdout] 
[INFO] [stdout] 
[INFO] [stdout] failures:
[INFO] [stdout]     golden_verdicts_are_byte_identical
[INFO] [stdout] 
[INFO] [stdout] test result: FAILED. 0 passed; 1 failed; 0 ignored; 0 measured; 0 filtered out; finished in 0.00s
[INFO] [stdout] 
[INFO] [stderr] error: test failed, to rerun pass `--test golden`
[INFO] running `Command { std: "docker" "inspect" "6afd4237eeec8d94c880c69d362da4b7d45132cff8f26584223efb4cd4f7b97e", kill_on_drop: false }`
[INFO] running `Command { std: "docker" "rm" "-f" "6afd4237eeec8d94c880c69d362da4b7d45132cff8f26584223efb4cd4f7b97e", kill_on_drop: false }`
[INFO] [stdout] 6afd4237eeec8d94c880c69d362da4b7d45132cff8f26584223efb4cd4f7b97e
