[INFO] fetching crate wickra-timemachine-core 0.2.0...
[INFO] testing wickra-timemachine-core-0.2.0 against 1.99.0-beta.8+cargoflags=--release for beta-release-1.100-2
[INFO] extracting crate wickra-timemachine-core 0.2.0 into /workspace/builds/worker-0-tc1/source
[INFO] started tweaking crates.io crate wickra-timemachine-core 0.2.0
[INFO] removed 0 missing tests
[INFO] finished tweaking crates.io crate wickra-timemachine-core 0.2.0
[INFO] tweaked toml for crates.io crate wickra-timemachine-core 0.2.0 written to /workspace/builds/worker-0-tc1/source/Cargo.toml
[INFO] validating manifest of crates.io crate wickra-timemachine-core 0.2.0 on toolchain 1.99.0-beta.8
[INFO] running `Command { std: CARGO_HOME="/workspace/cargo-home" RUSTUP_HOME="/workspace/rustup-home" "/workspace/cargo-home/bin/cargo" "+1.99.0-beta.8" "metadata" "--manifest-path" "Cargo.toml" "--no-deps", kill_on_drop: false }`
[INFO] crate crates.io crate wickra-timemachine-core 0.2.0 already has a lockfile, it will not be regenerated
[INFO] running `Command { std: CARGO_HOME="/workspace/cargo-home" RUSTUP_HOME="/workspace/rustup-home" "/workspace/cargo-home/bin/cargo" "+1.99.0-beta.8" "fetch" "--manifest-path" "Cargo.toml", kill_on_drop: false }`
[INFO] [stderr]     Updating crates.io index
[INFO] [stderr]  Downloading crates ...
[INFO] [stderr]   Downloaded wickra-backtest-data v0.2.0
[INFO] [stderr]   Downloaded wickra-backtest v0.2.0
[INFO] running `Command { std: "docker" "create" "-v" "/var/lib/crater-agent-workspace/builds/worker-0-tc1/source:/opt/rustwide/workdir:ro,Z" "-v" "/var/lib/crater-agent-workspace/builds/worker-0-tc1/target:/opt/rustwide/target:rw,Z" "-v" "/var/lib/crater-agent-workspace/cargo-home:/opt/rustwide/cargo-home:ro,Z" "-v" "/var/lib/crater-agent-workspace/rustup-home:/opt/rustwide/rustup-home:ro,Z" "-m" "1610612736" "--network" "none" "ghcr.io/rust-lang/crates-build-env/linux@sha256:77db811e55d90add9212f6832c23229e3de5f1c1f9905e8cb07319ea15df73ac" "sleep" "infinity", kill_on_drop: false }`
[INFO] [stdout] ff17f41de728e7d2b62a477628c9bce6d3409f4c4f862b9a30a2b92c64a3c29d
[INFO] running `Command { std: "docker" "start" "ff17f41de728e7d2b62a477628c9bce6d3409f4c4f862b9a30a2b92c64a3c29d", kill_on_drop: false }`
[INFO] running `Command { std: "docker" "inspect" "ff17f41de728e7d2b62a477628c9bce6d3409f4c4f862b9a30a2b92c64a3c29d", kill_on_drop: false }`
[INFO] running `Command { std: "docker" "exec" "-e" "SOURCE_DIR=/opt/rustwide/workdir" "-e" "CARGO_HOME=/opt/rustwide/cargo-home" "-e" "RUSTUP_HOME=/opt/rustwide/rustup-home" "-e" "CARGO_TARGET_DIR=/opt/rustwide/target" "-w" "/opt/rustwide/workdir" "--user" "0:0" "ff17f41de728e7d2b62a477628c9bce6d3409f4c4f862b9a30a2b92c64a3c29d" "/opt/rustwide/cargo-home/bin/cargo" "+1.99.0-beta.8" "metadata" "--no-deps" "--format-version=1", kill_on_drop: false }`
[INFO] running `Command { std: "docker" "inspect" "ff17f41de728e7d2b62a477628c9bce6d3409f4c4f862b9a30a2b92c64a3c29d", kill_on_drop: false }`
[INFO] running `Command { std: "docker" "exec" "-e" "SOURCE_DIR=/opt/rustwide/workdir" "-e" "CARGO_HOME=/opt/rustwide/cargo-home" "-e" "RUSTUP_HOME=/opt/rustwide/rustup-home" "-e" "CARGO_TARGET_DIR=/opt/rustwide/target" "-e" "CARGO_INCREMENTAL=0" "-e" "RUST_BACKTRACE=full" "-e" "RUSTFLAGS=--cap-lints=warn" "-e" "RUSTDOCFLAGS=--cap-lints=warn" "-w" "/opt/rustwide/workdir" "--user" "0:0" "ff17f41de728e7d2b62a477628c9bce6d3409f4c4f862b9a30a2b92c64a3c29d" "/opt/rustwide/cargo-home/bin/cargo" "+1.99.0-beta.8" "build" "--frozen" "--message-format=json" "--release", kill_on_drop: false }`
[INFO] [stderr]    Compiling subtle v2.6.1
[INFO] [stderr]    Compiling libc v0.2.189
[INFO] [stderr]    Compiling getrandom v0.4.3
[INFO] [stderr]    Compiling const-oid v0.10.2
[INFO] [stderr]    Compiling cpubits v0.1.1
[INFO] [stderr]    Compiling num-traits v0.2.19
[INFO] [stderr]    Compiling pem-rfc7468 v1.0.0
[INFO] [stderr]    Compiling serde_json v1.0.151
[INFO] [stderr]    Compiling syn v2.0.119
[INFO] [stderr]    Compiling wickra-simd v2.0.0
[INFO] [stderr]    Compiling either v1.18.0
[INFO] [stderr]    Compiling base16ct v1.0.0
[INFO] [stderr]    Compiling ref-cast-impl v1.0.27
[INFO] [stderr]    Compiling serde_derive_internals v0.30.0
[INFO] [stderr]    Compiling rust_decimal v1.43.0
[INFO] [stderr]    Compiling arrayvec v0.7.8
[INFO] [stderr]    Compiling ctutils v0.4.2
[INFO] [stderr]    Compiling ff v0.14.0
[INFO] [stderr]    Compiling rayon v1.12.0
[INFO] [stderr]    Compiling group v0.14.0
[INFO] [stderr]    Compiling ref-cast v1.0.27
[INFO] [stderr]    Compiling schemars_derive v1.2.2
[INFO] [stderr]    Compiling schemars v1.2.2
[INFO] [stderr]    Compiling wickra-core v2.0.0
[INFO] [stderr]    Compiling zeroize_derive v1.5.0
[INFO] [stderr]    Compiling tracing-attributes v0.1.31
[INFO] [stderr]    Compiling zeroize v1.9.0
[INFO] [stderr]    Compiling hybrid-array v0.4.15
[INFO] [stderr]    Compiling der v0.8.2
[INFO] [stderr]    Compiling tracing v0.1.44
[INFO] [stderr]    Compiling crypto-common v0.2.2
[INFO] [stderr]    Compiling block-buffer v0.12.1
[INFO] [stderr]    Compiling crypto-bigint v0.7.5
[INFO] [stderr]    Compiling spki v0.8.0
[INFO] [stderr]    Compiling sec1 v0.8.1
[INFO] [stderr]    Compiling digest v0.11.3
[INFO] [stderr]    Compiling hmac v0.13.0
[INFO] [stderr]    Compiling signature v3.0.0
[INFO] [stderr]    Compiling sha2 v0.11.0
[INFO] [stderr]    Compiling pkcs8 v0.11.0
[INFO] [stderr]    Compiling wickra-backtest-core v0.2.0
[INFO] [stderr]    Compiling primefield v0.14.0
[INFO] [stderr]    Compiling elliptic-curve v0.14.1
[INFO] [stderr]    Compiling rfc6979 v0.6.0
[INFO] [stderr]    Compiling wnaf v0.14.1
[INFO] [stderr]    Compiling ecdsa v0.17.0
[INFO] [stderr]    Compiling primeorder v0.14.0
[INFO] [stderr]    Compiling p256 v0.14.0
[INFO] [stderr]    Compiling wickra-exchange-core v0.2.0
[INFO] [stderr]    Compiling wickra-backtest-data v0.2.0
[INFO] [stderr]    Compiling wickra-backtest v0.2.0
[INFO] [stderr]    Compiling wickra-timemachine-core v0.2.0 (/opt/rustwide/workdir)
[INFO] [stderr]     Finished `release` profile [optimized] target(s) in 50.47s
[INFO] running `Command { std: "docker" "inspect" "ff17f41de728e7d2b62a477628c9bce6d3409f4c4f862b9a30a2b92c64a3c29d", kill_on_drop: false }`
[INFO] running `Command { std: "docker" "exec" "-e" "SOURCE_DIR=/opt/rustwide/workdir" "-e" "CARGO_HOME=/opt/rustwide/cargo-home" "-e" "RUSTUP_HOME=/opt/rustwide/rustup-home" "-e" "CARGO_TARGET_DIR=/opt/rustwide/target" "-e" "CARGO_INCREMENTAL=0" "-e" "RUST_BACKTRACE=full" "-e" "RUSTFLAGS=--cap-lints=warn" "-e" "RUSTDOCFLAGS=--cap-lints=warn" "-w" "/opt/rustwide/workdir" "--user" "0:0" "ff17f41de728e7d2b62a477628c9bce6d3409f4c4f862b9a30a2b92c64a3c29d" "/opt/rustwide/cargo-home/bin/cargo" "+1.99.0-beta.8" "test" "--frozen" "--no-run" "--message-format=json" "--release", kill_on_drop: false }`
[INFO] [stderr]    Compiling getrandom v0.4.3
[INFO] [stderr]    Compiling zerocopy v0.8.57
[INFO] [stderr]    Compiling rand_core v0.9.5
[INFO] [stderr]    Compiling rust_decimal v1.43.0
[INFO] [stderr]    Compiling rust_decimal_macros v1.40.0
[INFO] [stderr]    Compiling crypto-common v0.2.2
[INFO] [stderr]    Compiling crypto-bigint v0.7.5
[INFO] [stderr]    Compiling tempfile v3.27.0
[INFO] [stderr]    Compiling rand_xorshift v0.4.0
[INFO] [stderr]    Compiling rand v0.9.5
[INFO] [stderr]    Compiling rusty-fork v0.3.1
[INFO] [stderr]    Compiling digest v0.11.3
[INFO] [stderr]    Compiling hmac v0.13.0
[INFO] [stderr]    Compiling signature v3.0.0
[INFO] [stderr]    Compiling sha2 v0.11.0
[INFO] [stderr]    Compiling elliptic-curve v0.14.1
[INFO] [stderr]    Compiling primefield v0.14.0
[INFO] [stderr]    Compiling rfc6979 v0.6.0
[INFO] [stderr]    Compiling wnaf v0.14.1
[INFO] [stderr]    Compiling ecdsa v0.17.0
[INFO] [stderr]    Compiling primeorder v0.14.0
[INFO] [stderr]    Compiling p256 v0.14.0
[INFO] [stderr]    Compiling ppv-lite86 v0.2.21
[INFO] [stderr]    Compiling wickra-exchange-core v0.2.0
[INFO] [stderr]    Compiling rand_chacha v0.9.0
[INFO] [stderr]    Compiling proptest v1.11.0
[INFO] [stderr]    Compiling wickra-timemachine-core v0.2.0 (/opt/rustwide/workdir)
[INFO] [stderr]     Finished `release` profile [optimized] target(s) in 52.87s
[INFO] running `Command { std: "docker" "inspect" "ff17f41de728e7d2b62a477628c9bce6d3409f4c4f862b9a30a2b92c64a3c29d", kill_on_drop: false }`
[INFO] running `Command { std: "docker" "exec" "-e" "SOURCE_DIR=/opt/rustwide/workdir" "-e" "CARGO_HOME=/opt/rustwide/cargo-home" "-e" "RUSTUP_HOME=/opt/rustwide/rustup-home" "-e" "CARGO_TARGET_DIR=/opt/rustwide/target" "-e" "CARGO_INCREMENTAL=0" "-e" "RUST_BACKTRACE=full" "-e" "RUSTFLAGS=--cap-lints=warn" "-e" "RUSTDOCFLAGS=--cap-lints=warn" "-w" "/opt/rustwide/workdir" "--user" "0:0" "ff17f41de728e7d2b62a477628c9bce6d3409f4c4f862b9a30a2b92c64a3c29d" "/opt/rustwide/cargo-home/bin/cargo" "+1.99.0-beta.8" "test" "--frozen" "--release", kill_on_drop: false }`
[INFO] [stderr]     Finished `release` profile [optimized] target(s) in 0.32s
[INFO] [stderr]      Running unittests src/lib.rs (/opt/rustwide/target/release/deps/wickra_timemachine_core-c1a522f27e98fd4d)
[INFO] [stdout] 
[INFO] [stdout] running 30 tests
[INFO] [stdout] test config::tests::default_and_parse ... ok
[INFO] [stdout] test event::tests::blank_lines_are_skipped ... ok
[INFO] [stdout] test spec::tests::unknown_indicator_rejected ... ok
[INFO] [stdout] test event::tests::bad_line_errors_with_line_number ... ok
[INFO] [stdout] test indicator_set::tests::unknown_name_rejected ... ok
[INFO] [stdout] test snapshot::tests::round_to_clamps_non_finite_to_zero ... ok
[INFO] [stdout] test indicator_set::tests::a_multi_parameter_indicator_resolves_and_folds ... ok
[INFO] [stdout] test indicator_set::tests::zero_period_rejected ... ok
[INFO] [stdout] test spec::tests::indicator_ref_key_format ... ok
[INFO] [stdout] test event::tests::parse_sorts_stably_by_ts ... ok
[INFO] [stdout] test indicator_set::tests::the_registry_is_the_allowlist ... ok
[INFO] [stdout] test indicator_set::tests::warms_up_then_reports ... ok
[INFO] [stdout] test spec::tests::zero_book_depth_rejected ... ok
[INFO] [stdout] test seek::tests::seek_is_ts_inclusive_and_clamps ... ok
[INFO] [stdout] test symbol_state::tests::fold_trade_updates_last_tape_footprint ... ok
[INFO] [stdout] test snapshot::tests::round_to_keeps_eight_places ... ok
[INFO] [stdout] test symbol_state::tests::book_delta_zero_qty_removes_level ... ok
[INFO] [stdout] test spec::tests::defaults_apply_and_validate ... ok
[INFO] [stdout] test indicator_set::tests::a_name_needing_a_side_feed_is_refused_by_name ... ok
[INFO] [stdout] test seek::tests::same_seek_is_deterministic ... ok
[INFO] [stdout] test indicator_set::tests::every_pairwise_name_is_refused ... ok
[INFO] [stdout] test spec::tests::wrong_arity_rejected ... ok
[INFO] [stdout] test timemachine::tests::bad_play_step_errors ... ok
[INFO] [stdout] test symbol_state::tests::tape_ring_respects_cap ... ok
[INFO] [stdout] test symbol_state::tests::footprint_splits_by_side ... ok
[INFO] [stdout] test timemachine::tests::command_roundtrip_all ... ok
[INFO] [stdout] test timemachine::tests::seek_before_load_errors ... ok
[INFO] [stdout] test tests::version_is_semver_triple ... ok
[INFO] [stdout] test symbol_state::tests::funding_folds_into_snapshot ... ok
[INFO] [stdout] test timemachine::tests::unknown_command_errors ... ok
[INFO] [stdout] 
[INFO] [stdout] test result: ok. 30 passed; 0 failed; 0 ignored; 0 measured; 0 filtered out; finished in 0.02s
[INFO] [stdout] 
[INFO] [stderr]      Running tests/conformance.rs (/opt/rustwide/target/release/deps/conformance-2ee09a9bd4e71295)
[INFO] [stdout] 
[INFO] [stdout] running 6 tests
[INFO] [stdout] test indicator_key_is_name_and_params ... ok
[INFO] [stdout] test unknown_indicator_is_rejected ... ok
[INFO] [stdout] test malformed_feed_line_reports_the_line_number ... ok
[INFO] [stdout] test timeline_spec_round_trips_and_defaults ... ok
[INFO] [stdout] test record_round_trips_through_json ... ok
[INFO] [stdout] test market_snapshot_serializes_to_stable_json ... ok
[INFO] [stdout] 
[INFO] [stdout] test result: ok. 6 passed; 0 failed; 0 ignored; 0 measured; 0 filtered out; finished in 0.01s
[INFO] [stdout] 
[INFO] [stderr]      Running tests/golden.rs (/opt/rustwide/target/release/deps/golden-0bbc18b235b26086)
[INFO] [stdout] 
[INFO] [stdout] running 2 tests
[INFO] [stdout] test play_matches_golden_frames ... FAILED
[INFO] [stderr] error: test failed, to rerun pass `--test golden`
[INFO] [stdout] test seek_matches_golden_snapshot ... FAILED
[INFO] [stdout] 
[INFO] [stdout] failures:
[INFO] [stdout] 
[INFO] [stdout] ---- play_matches_golden_frames stdout ----
[INFO] [stdout] 
[INFO] [stdout] thread 'play_matches_golden_frames' (1786) panicked at tests/golden.rs:18:68:
[INFO] [stdout] called `Result::unwrap()` on an `Err` value: Os { code: 2, kind: NotFound, message: "No such file or directory" }
[INFO] [stdout] stack backtrace:
[INFO] [stdout]    0:     0x5e38808dc1a1 - <<std[70759c8f55707aa4]::sys::backtrace::BacktraceLock>::print::DisplayBacktrace as core[df12db4294e9bfd3]::fmt::Display>::fmt
[INFO] [stdout]    1:     0x5e38808f0f3a - core[df12db4294e9bfd3]::fmt::write
[INFO] [stdout]    2:     0x5e38808e068c - <alloc[2182bb758b4b3781]::vec::Vec<u8> as core[df12db4294e9bfd3]::io::write::Write>::write_fmt
[INFO] [stdout]    3:     0x5e38808b7fe6 - std[70759c8f55707aa4]::panicking::default_hook::{closure#0}
[INFO] [stdout]    4:     0x5e38808d4419 - std[70759c8f55707aa4]::panicking::default_hook
[INFO] [stdout]    5:     0x5e3880754730 - test[9d35eded1c95d3be]::test_main_inner::<test[9d35eded1c95d3be]::test_main_static::{closure#0}>::{closure#0}
[INFO] [stdout]    6:     0x5e38808d4742 - std[70759c8f55707aa4]::panicking::panic_with_hook
[INFO] [stdout]    7:     0x5e38808b8092 - std[70759c8f55707aa4]::panicking::panic_handler::{closure#0}
[INFO] [stdout]    8:     0x5e38808b0c89 - std[70759c8f55707aa4]::sys::backtrace::__rust_end_short_backtrace::<std[70759c8f55707aa4]::panicking::panic_handler::{closure#0}, !>
[INFO] [stdout]    9:     0x5e38808b8c8d - __rustc[8fa7c3cbc660c2b3]::rust_begin_unwind
[INFO] [stdout]   10:     0x5e38808f166c - core[df12db4294e9bfd3]::panicking::panic_fmt
[INFO] [stdout]   11:     0x5e38808f1442 - core[df12db4294e9bfd3]::result::unwrap_failed
[INFO] [stdout]   12:     0x5e3880744634 - golden[68f80ce5188d97ff]::load
[INFO] [stdout]   13:     0x5e3880745079 - <golden[68f80ce5188d97ff]::play_matches_golden_frames::{closure#0} as core[df12db4294e9bfd3]::ops::function::FnOnce<()>>::call_once
[INFO] [stdout]   14:     0x5e3880747a1b - test[9d35eded1c95d3be]::__rust_begin_short_backtrace::<core[df12db4294e9bfd3]::result::Result<(), alloc[2182bb758b4b3781]::string::String>, fn() -> core[df12db4294e9bfd3]::result::Result<(), alloc[2182bb758b4b3781]::string::String>>
[INFO] [stdout]   15:     0x5e3880755085 - test[9d35eded1c95d3be]::run_test::{closure#0}
[INFO] [stdout]   16:     0x5e388074e944 - std[70759c8f55707aa4]::sys::backtrace::__rust_begin_short_backtrace::<test[9d35eded1c95d3be]::run_test::{closure#1}, ()>
[INFO] [stdout]   17:     0x5e38807581e2 - <std[70759c8f55707aa4]::thread::lifecycle::spawn_unchecked<test[9d35eded1c95d3be]::run_test::{closure#1}, ()>::{closure#1} as core[df12db4294e9bfd3]::ops::function::FnOnce<()>>::call_once::{shim:vtable#0}
[INFO] [stdout]   18:     0x5e38808db6f9 - <std[70759c8f55707aa4]::sys::thread::unix::Thread>::new::thread_start
[INFO] [stdout]   19:     0x76a396148dfa - <unknown>
[INFO] [stdout]   20:     0x76a3961dc3d4 - clone
[INFO] [stdout]   21:                0x0 - <unknown>
[INFO] [stdout] 
[INFO] [stdout] ---- seek_matches_golden_snapshot stdout ----
[INFO] [stdout] 
[INFO] [stdout] thread 'seek_matches_golden_snapshot' (1787) panicked at tests/golden.rs:18:68:
[INFO] [stdout] called `Result::unwrap()` on an `Err` value: Os { code: 2, kind: NotFound, message: "No such file or directory" }
[INFO] [stdout] stack backtrace:
[INFO] [stdout]    0:     0x5e38808dc1a1 - <<std[70759c8f55707aa4]::sys::backtrace::BacktraceLock>::print::DisplayBacktrace as core[df12db4294e9bfd3]::fmt::Display>::fmt
[INFO] [stdout]    1:     0x5e38808f0f3a - core[df12db4294e9bfd3]::fmt::write
[INFO] [stdout]    2:     0x5e38808e068c - <alloc[2182bb758b4b3781]::vec::Vec<u8> as core[df12db4294e9bfd3]::io::write::Write>::write_fmt
[INFO] [stdout]    3:     0x5e38808b7fe6 - std[70759c8f55707aa4]::panicking::default_hook::{closure#0}
[INFO] [stdout]    4:     0x5e38808d4419 - std[70759c8f55707aa4]::panicking::default_hook
[INFO] [stdout]    5:     0x5e3880754730 - test[9d35eded1c95d3be]::test_main_inner::<test[9d35eded1c95d3be]::test_main_static::{closure#0}>::{closure#0}
[INFO] [stdout]    6:     0x5e38808d4742 - std[70759c8f55707aa4]::panicking::panic_with_hook
[INFO] [stdout]    7:     0x5e38808b8092 - std[70759c8f55707aa4]::panicking::panic_handler::{closure#0}
[INFO] [stdout]    8:     0x5e38808b0c89 - std[70759c8f55707aa4]::sys::backtrace::__rust_end_short_backtrace::<std[70759c8f55707aa4]::panicking::panic_handler::{closure#0}, !>
[INFO] [stdout]    9:     0x5e38808b8c8d - __rustc[8fa7c3cbc660c2b3]::rust_begin_unwind
[INFO] [stdout]   10:     0x5e38808f166c - core[df12db4294e9bfd3]::panicking::panic_fmt
[INFO] [stdout]   11:     0x5e38808f1442 - core[df12db4294e9bfd3]::result::unwrap_failed
[INFO] [stdout]   12:     0x5e3880744634 - golden[68f80ce5188d97ff]::load
[INFO] [stdout]   13:     0x5e3880745557 - <golden[68f80ce5188d97ff]::seek_matches_golden_snapshot::{closure#0} as core[df12db4294e9bfd3]::ops::function::FnOnce<()>>::call_once
[INFO] [stdout]   14:     0x5e3880747a1b - test[9d35eded1c95d3be]::__rust_begin_short_backtrace::<core[df12db4294e9bfd3]::result::Result<(), alloc[2182bb758b4b3781]::string::String>, fn() -> core[df12db4294e9bfd3]::result::Result<(), alloc[2182bb758b4b3781]::string::String>>
[INFO] [stdout]   15:     0x5e3880755085 - test[9d35eded1c95d3be]::run_test::{closure#0}
[INFO] [stdout]   16:     0x5e388074e944 - std[70759c8f55707aa4]::sys::backtrace::__rust_begin_short_backtrace::<test[9d35eded1c95d3be]::run_test::{closure#1}, ()>
[INFO] [stdout]   17:     0x5e38807581e2 - <std[70759c8f55707aa4]::thread::lifecycle::spawn_unchecked<test[9d35eded1c95d3be]::run_test::{closure#1}, ()>::{closure#1} as core[df12db4294e9bfd3]::ops::function::FnOnce<()>>::call_once::{shim:vtable#0}
[INFO] [stdout]   18:     0x5e38808db6f9 - <std[70759c8f55707aa4]::sys::thread::unix::Thread>::new::thread_start
[INFO] [stdout]   19:     0x76a396148dfa - <unknown>
[INFO] [stdout]   20:     0x76a3961dc3d4 - clone
[INFO] [stdout]   21:                0x0 - <unknown>
[INFO] [stdout] 
[INFO] [stdout] 
[INFO] [stdout] failures:
[INFO] [stdout]     play_matches_golden_frames
[INFO] [stdout]     seek_matches_golden_snapshot
[INFO] [stdout] 
[INFO] [stdout] test result: FAILED. 0 passed; 2 failed; 0 ignored; 0 measured; 0 filtered out; finished in 0.00s
[INFO] [stdout] 
[INFO] running `Command { std: "docker" "inspect" "ff17f41de728e7d2b62a477628c9bce6d3409f4c4f862b9a30a2b92c64a3c29d", kill_on_drop: false }`
[INFO] running `Command { std: "docker" "rm" "-f" "ff17f41de728e7d2b62a477628c9bce6d3409f4c4f862b9a30a2b92c64a3c29d", kill_on_drop: false }`
[INFO] [stdout] ff17f41de728e7d2b62a477628c9bce6d3409f4c4f862b9a30a2b92c64a3c29d
