[INFO] fetching crate wickra-terminal-core 0.2.0...
[INFO] testing wickra-terminal-core-0.2.0 against 1.99.0-beta.8+cargoflags=--release for beta-release-1.100-2
[INFO] extracting crate wickra-terminal-core 0.2.0 into /workspace/builds/worker-6-tc1/source
[INFO] started tweaking crates.io crate wickra-terminal-core 0.2.0
[INFO] removed 0 missing tests
[INFO] finished tweaking crates.io crate wickra-terminal-core 0.2.0
[INFO] tweaked toml for crates.io crate wickra-terminal-core 0.2.0 written to /workspace/builds/worker-6-tc1/source/Cargo.toml
[INFO] validating manifest of crates.io crate wickra-terminal-core 0.2.0 on toolchain 1.99.0-beta.8
[INFO] running `Command { std: CARGO_HOME="/workspace/cargo-home" RUSTUP_HOME="/workspace/rustup-home" "/workspace/cargo-home/bin/cargo" "+1.99.0-beta.8" "metadata" "--manifest-path" "Cargo.toml" "--no-deps", kill_on_drop: false }`
[INFO] crate crates.io crate wickra-terminal-core 0.2.0 already has a lockfile, it will not be regenerated
[INFO] running `Command { std: CARGO_HOME="/workspace/cargo-home" RUSTUP_HOME="/workspace/rustup-home" "/workspace/cargo-home/bin/cargo" "+1.99.0-beta.8" "fetch" "--manifest-path" "Cargo.toml", kill_on_drop: false }`
[INFO] [stderr]     Blocking waiting for file lock on package cache
[INFO] [stderr]     Blocking waiting for file lock on package cache
[INFO] [stderr]  Downloading crates ...
[INFO] [stderr]   Downloaded rusty-fork v0.3.1
[INFO] [stderr]   Downloaded proptest v1.11.0
[INFO] running `Command { std: "docker" "create" "-v" "/var/lib/crater-agent-workspace/builds/worker-6-tc1/source:/opt/rustwide/workdir:ro,Z" "-v" "/var/lib/crater-agent-workspace/builds/worker-6-tc1/target:/opt/rustwide/target:rw,Z" "-v" "/var/lib/crater-agent-workspace/cargo-home:/opt/rustwide/cargo-home:ro,Z" "-v" "/var/lib/crater-agent-workspace/rustup-home:/opt/rustwide/rustup-home:ro,Z" "-m" "1610612736" "--network" "none" "ghcr.io/rust-lang/crates-build-env/linux@sha256:77db811e55d90add9212f6832c23229e3de5f1c1f9905e8cb07319ea15df73ac" "sleep" "infinity", kill_on_drop: false }`
[INFO] [stdout] 88e36ffc7255e2517dda67fdcf9a0959518278e5f954577c3459d725268d99b2
[INFO] running `Command { std: "docker" "start" "88e36ffc7255e2517dda67fdcf9a0959518278e5f954577c3459d725268d99b2", kill_on_drop: false }`
[INFO] running `Command { std: "docker" "inspect" "88e36ffc7255e2517dda67fdcf9a0959518278e5f954577c3459d725268d99b2", kill_on_drop: false }`
[INFO] running `Command { std: "docker" "exec" "-e" "SOURCE_DIR=/opt/rustwide/workdir" "-e" "CARGO_HOME=/opt/rustwide/cargo-home" "-e" "RUSTUP_HOME=/opt/rustwide/rustup-home" "-e" "CARGO_TARGET_DIR=/opt/rustwide/target" "-w" "/opt/rustwide/workdir" "--user" "0:0" "88e36ffc7255e2517dda67fdcf9a0959518278e5f954577c3459d725268d99b2" "/opt/rustwide/cargo-home/bin/cargo" "+1.99.0-beta.8" "metadata" "--no-deps" "--format-version=1", kill_on_drop: false }`
[INFO] running `Command { std: "docker" "inspect" "88e36ffc7255e2517dda67fdcf9a0959518278e5f954577c3459d725268d99b2", kill_on_drop: false }`
[INFO] running `Command { std: "docker" "exec" "-e" "SOURCE_DIR=/opt/rustwide/workdir" "-e" "CARGO_HOME=/opt/rustwide/cargo-home" "-e" "RUSTUP_HOME=/opt/rustwide/rustup-home" "-e" "CARGO_TARGET_DIR=/opt/rustwide/target" "-e" "CARGO_INCREMENTAL=0" "-e" "RUST_BACKTRACE=full" "-e" "RUSTFLAGS=--cap-lints=warn" "-e" "RUSTDOCFLAGS=--cap-lints=warn" "-w" "/opt/rustwide/workdir" "--user" "0:0" "88e36ffc7255e2517dda67fdcf9a0959518278e5f954577c3459d725268d99b2" "/opt/rustwide/cargo-home/bin/cargo" "+1.99.0-beta.8" "build" "--frozen" "--message-format=json" "--release", kill_on_drop: false }`
[INFO] [stderr]    Compiling unicode-ident v1.0.26
[INFO] [stderr]    Compiling libc v0.2.189
[INFO] [stderr]    Compiling subtle v2.6.1
[INFO] [stderr]    Compiling rand_core v0.10.1
[INFO] [stderr]    Compiling getrandom v0.4.3
[INFO] [stderr]    Compiling find-msvc-tools v0.1.13
[INFO] [stderr]    Compiling base64ct v1.8.3
[INFO] [stderr]    Compiling http v1.5.0
[INFO] [stderr]    Compiling futures-sink v0.3.34
[INFO] [stderr]    Compiling cpubits v0.1.1
[INFO] [stderr]    Compiling num-traits v0.2.19
[INFO] [stderr]    Compiling smallvec v1.16.1
[INFO] [stderr]    Compiling cpufeatures v0.3.1
[INFO] [stderr]    Compiling futures-io v0.3.34
[INFO] [stderr]    Compiling rustls v0.23.45
[INFO] [stderr]    Compiling thiserror v2.0.21
[INFO] [stderr]    Compiling base16ct v1.0.0
[INFO] [stderr]    Compiling futures-channel v0.3.34
[INFO] [stderr]    Compiling proc-macro2 v1.0.107
[INFO] [stderr]    Compiling serde_json v1.0.151
[INFO] [stderr]    Compiling wickra-simd v2.0.0
[INFO] [stderr]    Compiling ctutils v0.4.2
[INFO] [stderr]    Compiling cc v1.4.7
[INFO] [stderr]    Compiling ff v0.14.0
[INFO] [stderr]    Compiling chacha20 v0.10.2
[INFO] [stderr]    Compiling sync_wrapper v1.0.2
[INFO] [stderr]    Compiling crc32fast v1.5.2
[INFO] [stderr]    Compiling either v1.18.0
[INFO] [stderr]    Compiling ipnet v2.12.2
[INFO] [stderr]    Compiling group v0.14.0
[INFO] [stderr]    Compiling rust_decimal v1.43.0
[INFO] [stderr]    Compiling rayon v1.12.0
[INFO] [stderr]    Compiling bitflags v2.13.2
[INFO] [stderr]    Compiling pem-rfc7468 v1.0.0
[INFO] [stderr]    Compiling simd-adler32 v0.3.10
[INFO] [stderr]    Compiling arrayvec v0.7.8
[INFO] [stderr]    Compiling data-encoding v2.11.1
[INFO] [stderr]    Compiling winnow v1.0.4
[INFO] [stderr]    Compiling miniz_oxide v0.9.1
[INFO] [stderr]    Compiling quote v1.0.47
[INFO] [stderr]    Compiling serde_spanned v1.1.1
[INFO] [stderr]    Compiling toml_datetime v1.1.1+spec-1.1.0
[INFO] [stderr]    Compiling toml_writer v1.1.2+spec-1.1.0
[INFO] [stderr]    Compiling toml_parser v1.1.3+spec-1.1.0
[INFO] [stderr]    Compiling syn v2.0.119
[INFO] [stderr]    Compiling syn v3.0.6
[INFO] [stderr]    Compiling flate2 v1.1.10
[INFO] [stderr]    Compiling http-body v1.1.0
[INFO] [stderr]    Compiling http-body-util v0.1.5
[INFO] [stderr]    Compiling toml v1.1.6+spec-1.1.0
[INFO] [stderr]    Compiling ring v0.17.14
[INFO] [stderr]    Compiling socket2 v0.6.5
[INFO] [stderr]    Compiling mio v1.2.3
[INFO] [stderr]    Compiling getrandom v0.2.17
[INFO] [stderr]    Compiling rand v0.10.3
[INFO] [stderr]    Compiling synstructure v0.13.2
[INFO] [stderr]    Compiling synstructure v0.14.0
[INFO] [stderr]    Compiling zeroize_derive v1.5.0
[INFO] [stderr]    Compiling tracing-attributes v0.1.31
[INFO] [stderr]    Compiling yoke-derive v0.8.2
[INFO] [stderr]    Compiling zerovec-derive v0.11.6
[INFO] [stderr]    Compiling displaydoc v0.2.7
[INFO] [stderr]    Compiling tokio-macros v2.7.2
[INFO] [stderr]    Compiling futures-macro v0.3.34
[INFO] [stderr]    Compiling serde_derive v1.0.229
[INFO] [stderr]    Compiling thiserror-impl v2.0.21
[INFO] [stderr]    Compiling zerofrom-derive v0.1.8
[INFO] [stderr]    Compiling zeroize v1.9.0
[INFO] [stderr]    Compiling hybrid-array v0.4.15
[INFO] [stderr]    Compiling rustls-pki-types v1.15.1
[INFO] [stderr]    Compiling der v0.8.2
[INFO] [stderr]    Compiling futures-util v0.3.34
[INFO] [stderr]    Compiling tokio v1.53.1
[INFO] [stderr]    Compiling zerofrom v0.1.8
[INFO] [stderr]    Compiling yoke v0.8.3
[INFO] [stderr]    Compiling webpki-roots v1.0.9
[INFO] [stderr]    Compiling webpki-roots v0.26.11
[INFO] [stderr]    Compiling crypto-common v0.2.2
[INFO] [stderr]    Compiling block-buffer v0.12.1
[INFO] [stderr]    Compiling crypto-bigint v0.7.5
[INFO] [stderr]    Compiling tracing v0.1.44
[INFO] [stderr]    Compiling zerovec v0.11.8
[INFO] [stderr]    Compiling zerotrie v0.2.5
[INFO] [stderr]    Compiling wickra-core v2.0.0
[INFO] [stderr]    Compiling tinystr v0.8.4
[INFO] [stderr]    Compiling potential_utf v0.1.6
[INFO] [stderr]    Compiling icu_collections v2.2.0
[INFO] [stderr]    Compiling icu_locale_core v2.2.0
[INFO] [stderr]    Compiling spki v0.8.0
[INFO] [stderr]    Compiling sec1 v0.8.1
[INFO] [stderr]    Compiling pkcs8 v0.11.0
[INFO] [stderr]    Compiling digest v0.11.3
[INFO] [stderr]    Compiling hmac v0.13.0
[INFO] [stderr]    Compiling signature v3.0.0
[INFO] [stderr]    Compiling sha1 v0.11.0
[INFO] [stderr]    Compiling serde v1.0.229
[INFO] [stderr]    Compiling sha2 v0.11.0
[INFO] [stderr]    Compiling icu_provider v2.2.0
[INFO] [stderr]    Compiling serde_urlencoded v0.7.1
[INFO] [stderr]    Compiling icu_normalizer v2.2.0
[INFO] [stderr]    Compiling icu_properties v2.2.0
[INFO] [stderr]    Compiling primefield v0.14.0
[INFO] [stderr]    Compiling elliptic-curve v0.14.1
[INFO] [stderr]    Compiling wnaf v0.14.1
[INFO] [stderr]    Compiling rfc6979 v0.6.0
[INFO] [stderr]    Compiling primeorder v0.14.0
[INFO] [stderr]    Compiling ecdsa v0.17.0
[INFO] [stderr]    Compiling hyper v1.11.1
[INFO] [stderr]    Compiling tower v0.5.3
[INFO] [stderr]    Compiling idna_adapter v1.2.2
[INFO] [stderr]    Compiling p256 v0.14.0
[INFO] [stderr]    Compiling idna v1.1.0
[INFO] [stderr]    Compiling url v2.5.8
[INFO] [stderr]    Compiling hyper-util v0.1.20
[INFO] [stderr]    Compiling tower-http v0.6.11
[INFO] [stderr]    Compiling wickra-exchange-core v0.2.0
[INFO] [stderr]    Compiling rustls-webpki v0.103.15
[INFO] [stderr]    Compiling tokio-rustls v0.26.5
[INFO] [stderr]    Compiling tungstenite v0.30.0
[INFO] [stderr]    Compiling hyper-rustls v0.27.10
[INFO] [stderr]    Compiling reqwest v0.12.28
[INFO] [stderr]    Compiling tokio-tungstenite v0.30.0
[INFO] [stderr]    Compiling wickra-exchange v0.2.0
[INFO] [stderr]    Compiling wickra-terminal-core v0.2.0 (/opt/rustwide/workdir)
[INFO] [stderr]     Finished `release` profile [optimized] target(s) in 2m 11s
[INFO] running `Command { std: "docker" "inspect" "88e36ffc7255e2517dda67fdcf9a0959518278e5f954577c3459d725268d99b2", kill_on_drop: false }`
[INFO] running `Command { std: "docker" "exec" "-e" "SOURCE_DIR=/opt/rustwide/workdir" "-e" "CARGO_HOME=/opt/rustwide/cargo-home" "-e" "RUSTUP_HOME=/opt/rustwide/rustup-home" "-e" "CARGO_TARGET_DIR=/opt/rustwide/target" "-e" "CARGO_INCREMENTAL=0" "-e" "RUST_BACKTRACE=full" "-e" "RUSTFLAGS=--cap-lints=warn" "-e" "RUSTDOCFLAGS=--cap-lints=warn" "-w" "/opt/rustwide/workdir" "--user" "0:0" "88e36ffc7255e2517dda67fdcf9a0959518278e5f954577c3459d725268d99b2" "/opt/rustwide/cargo-home/bin/cargo" "+1.99.0-beta.8" "test" "--frozen" "--no-run" "--message-format=json" "--release", kill_on_drop: false }`
[INFO] [stderr]    Compiling num-traits v0.2.19
[INFO] [stderr]    Compiling bitflags v2.13.2
[INFO] [stderr]    Compiling getrandom v0.3.4
[INFO] [stderr]    Compiling rustix v1.1.5
[INFO] [stderr]    Compiling zerocopy v0.8.57
[INFO] [stderr]    Compiling fastrand v2.5.0
[INFO] [stderr]    Compiling wait-timeout v0.2.1
[INFO] [stderr]    Compiling bit-vec v0.8.0
[INFO] [stderr]    Compiling quick-error v1.2.3
[INFO] [stderr]    Compiling unarray v0.1.4
[INFO] [stderr]    Compiling rust_decimal_macros v1.40.0
[INFO] [stderr]    Compiling tower-http v0.6.11
[INFO] [stderr]    Compiling rand_core v0.9.5
[INFO] [stderr]    Compiling bit-set v0.8.0
[INFO] [stderr]    Compiling reqwest v0.12.28
[INFO] [stderr]    Compiling rand v0.9.5
[INFO] [stderr]    Compiling rand_xorshift v0.4.0
[INFO] [stderr]    Compiling crypto-bigint v0.7.5
[INFO] [stderr]    Compiling rust_decimal v1.43.0
[INFO] [stderr]    Compiling tempfile v3.27.0
[INFO] [stderr]    Compiling rusty-fork v0.3.1
[INFO] [stderr]    Compiling primefield v0.14.0
[INFO] [stderr]    Compiling elliptic-curve v0.14.1
[INFO] [stderr]    Compiling rfc6979 v0.6.0
[INFO] [stderr]    Compiling wnaf v0.14.1
[INFO] [stderr]    Compiling primeorder v0.14.0
[INFO] [stderr]    Compiling ecdsa v0.17.0
[INFO] [stderr]    Compiling p256 v0.14.0
[INFO] [stderr]    Compiling ppv-lite86 v0.2.21
[INFO] [stderr]    Compiling rand_chacha v0.9.0
[INFO] [stderr]    Compiling wickra-exchange-core v0.2.0
[INFO] [stderr]    Compiling proptest v1.11.0
[INFO] [stderr]    Compiling wickra-exchange v0.2.0
[INFO] [stderr]    Compiling wickra-terminal-core v0.2.0 (/opt/rustwide/workdir)
[INFO] [stderr]     Finished `release` profile [optimized] target(s) in 1m 47s
[INFO] running `Command { std: "docker" "inspect" "88e36ffc7255e2517dda67fdcf9a0959518278e5f954577c3459d725268d99b2", kill_on_drop: false }`
[INFO] running `Command { std: "docker" "exec" "-e" "SOURCE_DIR=/opt/rustwide/workdir" "-e" "CARGO_HOME=/opt/rustwide/cargo-home" "-e" "RUSTUP_HOME=/opt/rustwide/rustup-home" "-e" "CARGO_TARGET_DIR=/opt/rustwide/target" "-e" "CARGO_INCREMENTAL=0" "-e" "RUST_BACKTRACE=full" "-e" "RUSTFLAGS=--cap-lints=warn" "-e" "RUSTDOCFLAGS=--cap-lints=warn" "-w" "/opt/rustwide/workdir" "--user" "0:0" "88e36ffc7255e2517dda67fdcf9a0959518278e5f954577c3459d725268d99b2" "/opt/rustwide/cargo-home/bin/cargo" "+1.99.0-beta.8" "test" "--frozen" "--release", kill_on_drop: false }`
[INFO] [stderr]     Finished `release` profile [optimized] target(s) in 0.31s
[INFO] [stderr]      Running unittests src/lib.rs (/opt/rustwide/target/release/deps/wickra_terminal_core-5e6c16d6b73dc164)
[INFO] [stdout] 
[INFO] [stdout] running 193 tests
[INFO] [stdout] test candle::tests::crossing_a_boundary_emits_the_closed_bar ... ok
[INFO] [stdout] test candle::tests::a_non_finite_price_cannot_poison_a_bar ... ok
[INFO] [stdout] test candle::tests::a_timeframe_whose_duration_overflows_is_refused ... ok
[INFO] [stdout] test candle::tests::an_out_of_order_trade_extends_the_current_bar ... ok
[INFO] [stdout] test candle::tests::label_round_trips_through_parse ... ok
[INFO] [stdout] test candle::tests::a_rejected_trade_does_not_close_the_bar_it_arrives_in ... ok
[INFO] [stdout] test candle::tests::default_is_one_minute ... ok
[INFO] [stdout] test candle::tests::serialises_as_its_label ... ok
[INFO] [stdout] test candle::tests::no_partial_before_the_first_trade ... ok
[INFO] [stdout] test candle::tests::skipping_empty_bars_does_not_emit_them ... ok
[INFO] [stdout] test candle::tests::parse_rejects_malformed_input ... ok
[INFO] [stdout] test candle::tests::a_timestamp_with_no_representable_bar_is_skipped_not_bucketed ... ok
[INFO] [stdout] test candle::tests::bucketing_the_far_past_panics_rather_than_misaligning - should panic ... ok
[INFO] [stdout] test candle::tests::a_negative_quantity_cannot_drive_a_bar_volume_negative ... ok
[INFO] [stdout] test candle::tests::parses_every_unit ... ok
[INFO] [stdout] test candle::tests::a_builder_reports_its_timeframe ... ok
[INFO] [stdout] test config::tests::an_indicator_spec_may_omit_its_parameters ... ok
[INFO] [stdout] test config::tests::an_invalid_timeframe_is_rejected_at_parse_time ... ok
[INFO] [stdout] test config::tests::default_layout_has_five_panels_and_default_keybinds ... ok
[INFO] [stdout] test config::tests::indicator_labels_render_whole_numbers_without_a_decimal_point ... ok
[INFO] [stdout] test config::tests::malformed_toml_is_a_config_error ... ok
[INFO] [stdout] test candle::tests::bucket_floors_towards_negative_infinity ... ok
[INFO] [stdout] test candle::tests::first_trade_opens_a_bar_and_emits_nothing ... ok
[INFO] [stdout] test config::tests::every_default_indicator_is_in_the_registry ... ok
[INFO] [stdout] test config::tests::omitting_indicators_and_timeframe_yields_the_defaults ... ok
[INFO] [stdout] test config::tests::omitting_the_layout_yields_the_standard_panels ... ok
[INFO] [stdout] test config::tests::config_round_trips_through_json ... ok
[INFO] [stdout] test candle::tests::trades_within_one_bar_accumulate ... ok
[INFO] [stdout] test config::tests::a_config_round_trips_through_toml ... ok
[INFO] [stdout] test config::tests::source_spec_manual_parses_from_json ... ok
[INFO] [stdout] test config::tests::source_spec_synth_parses_from_json ... ok
[INFO] [stdout] test panels::footprint::tests::footprint_panel_splits_buy_and_sell_volume_by_price ... ok
[INFO] [stdout] test panels::tests::a_depth_beyond_the_ceiling_is_clamped ... ok
[INFO] [stdout] test panels::tests::a_depth_of_zero_is_refused_rather_than_honoured ... ok
[INFO] [stdout] test panels::book::tests::a_market_with_no_state_yet_has_an_empty_book_and_no_spread ... ok
[INFO] [stdout] test panels::tests::a_panel_carries_the_depth_its_spec_asks_for ... ok
[INFO] [stdout] test panels::tests::build_panel_matches_the_spec_kind ... ok
[INFO] [stdout] test panels::chart::tests::a_market_with_no_state_yet_charts_as_empty ... ok
[INFO] [stdout] test panels::watchlist::tests::a_row_reports_the_quote_the_turnover_and_the_move ... ok
[INFO] [stdout] test panels::footprint::tests::the_panel_follows_the_market_rather_than_the_high ... ok
[INFO] [stdout] test panels::watchlist::tests::a_subscribed_market_with_no_events_is_a_zeroed_row ... ok
[INFO] [stdout] test config::tests::the_timeframe_survives_as_its_label_not_as_a_number ... ok
[INFO] [stdout] test config::tests::an_empty_object_is_a_valid_config ... ok
[INFO] [stdout] test panels::watchlist::tests::trades_without_a_ticker_still_report_a_change ... ok
[INFO] [stdout] test source::live::tests::a_backfill_asks_for_the_timeframe_and_limit_it_was_given ... ok
[INFO] [stdout] test source::live::tests::a_backfill_limit_past_a_u32_is_clamped_rather_than_wrapping ... ok
[INFO] [stdout] test source::live::tests::a_failed_backfill_is_not_a_failed_subscription ... ok
[INFO] [stdout] test source::live::tests::a_dropped_socket_stops_the_next_poll ... ok
[INFO] [stdout] test source::live::tests::a_poll_forwards_only_the_markets_still_subscribed ... ok
[INFO] [stdout] test source::live::tests::subscribing_records_the_market_and_unsubscribing_drops_it ... ok
[INFO] [stdout] test source::live::tests::a_drop_stops_the_next_poll_and_the_wait_grows ... ok
[INFO] [stdout] test source::live::tests::a_subscription_polls_no_market_data_over_rest ... ok
[INFO] [stdout] test source::live::tests::a_poll_with_nothing_subscribed_forwards_nothing ... ok
[INFO] [stdout] test source::live::tests::lifecycle_events_are_dropped_because_they_name_no_market ... ok
[INFO] [stdout] test source::live::tests::shorthand_splits_venue_and_symbol ... ok
[INFO] [stdout] test source::live::tests::shorthand_rejects_missing_colon ... ok
[INFO] [stdout] test source::live::tests::the_wait_is_capped ... ok
[INFO] [stdout] test source::live::tests::the_stub_refuses_a_rest_request_and_counts_it ... ok
[INFO] [stdout] test source::live::tests::a_venue_candle_crosses_the_version_gap ... ok
[INFO] [stdout] test source::live::tests::data_counts_as_recovery_even_without_a_reconnect_event ... ok
[INFO] [stdout] test source::live::tests::shorthand_rejects_bad_symbol ... ok
[INFO] [stdout] test source::manual::tests::feeds_only_subscribed_markets_then_drains_on_poll ... ok
[INFO] [stdout] test source::replay::tests::replays_subscribed_events_in_order_then_exhausts ... ok
[INFO] [stdout] test source::replay::tests::seek_history_excludes_unsubscribed_symbols ... ok
[INFO] [stdout] test source::replay::tests::seek_rewinds_the_cursor_and_returns_subscribed_history ... ok
[INFO] [stdout] test source::synth::tests::different_seeds_diverge ... ok
[INFO] [stdout] test config::tests::a_config_with_indicators_and_a_timeframe_round_trips_through_json ... ok
[INFO] [stdout] test source::synth::tests::unsubscribe_stops_the_symbol ... ok
[INFO] [stdout] test source::tests::build_source_makes_a_synth_source ... ok
[INFO] [stdout] test source::tests::every_derivatives_channel_has_a_symbol_tag ... ok
[INFO] [stdout] test source::manual::tests::draining_makes_room_again ... ok
[INFO] [stdout] test state::tests::a_bar_entry_debugs_its_bar_count_rather_than_every_bar ... ok
[INFO] [stdout] test state::tests::a_bar_indicator_series_carries_its_value_forward_between_bars ... ok
[INFO] [stdout] test source::live::tests::every_market_maps_to_its_own_book ... ok
[INFO] [stdout] test source::live::tests::a_reconnect_clears_the_wait_entirely ... ok
[INFO] [stdout] test source::manual::tests::unsubscribe_drops_the_market_and_its_queued_events ... ok
[INFO] [stdout] test source::tests::trade_event_has_a_symbol_tag ... ok
[INFO] [stdout] test state::tests::a_bar_stream_keeps_the_most_recent_bars_and_drops_the_oldest ... ok
[INFO] [stdout] test source::synth::tests::synth_is_deterministic_for_a_seed ... ok
[INFO] [stdout] test source::replay::tests::from_dataset_parses_json_events ... ok
[INFO] [stdout] test source::replay::tests::unsubscribed_symbols_are_skipped ... ok
[INFO] [stdout] test source::replay::tests::from_dataset_rejects_non_event_json ... ok
[INFO] [stdout] test source::manual::tests::a_full_queue_keeps_what_it_has_in_order ... ok
[INFO] [stdout] test source::manual::tests::a_host_that_stops_ticking_is_refused_rather_than_growing ... ok
[INFO] [stdout] test source::synth::tests::price_never_goes_below_one ... ok
[INFO] [stdout] test source::tests::lifecycle_events_have_no_symbol_tag ... ok
[INFO] [stdout] test state::tests::a_candle_indicator_advances_only_when_a_bar_closes ... ok
[INFO] [stdout] test state::tests::a_microstructure_indicator_reads_prints_against_the_book ... ok
[INFO] [stdout] test state::tests::a_point_and_figure_column_ignores_a_price_that_is_not_one ... ok
[INFO] [stdout] test state::tests::a_one_sided_book_has_no_mid_to_measure_against ... ok
[INFO] [stdout] test state::tests::a_derivatives_tick_needs_its_prices_first ... ok
[INFO] [stdout] test state::tests::a_breadth_bar_with_no_usable_close_is_ignored ... ok
[INFO] [stdout] test state::tests::a_breadth_bar_with_no_usable_volume_reads_as_zero ... ok
[INFO] [stdout] test state::tests::a_configured_indicator_set_replaces_the_default ... ok
[INFO] [stdout] test state::tests::a_falling_column_undercutting_the_previous_one_takes_it_away ... ok
[INFO] [stdout] test state::tests::a_profile_entry_debugs_without_printing_its_whole_histogram ... ok
[INFO] [stdout] test state::tests::a_ticker_keeps_every_field_it_carries ... ok
[INFO] [stdout] test state::tests::a_market_that_has_not_closed_a_bar_is_left_out_of_the_universe ... ok
[INFO] [stdout] test state::tests::a_breadth_indicator_reads_the_whole_universe ... ok
[INFO] [stdout] test state::tests::a_move_smaller_than_a_box_does_not_advance_the_column ... ok
[INFO] [stdout] test state::tests::a_profile_set_knows_whether_it_tracks_anything ... ok
[INFO] [stdout] test state::tests::a_rejected_print_does_not_bring_a_market_into_existence ... ok
[INFO] [stdout] test state::tests::a_rising_column_clearing_the_previous_one_is_a_buy_signal ... ok
[INFO] [stdout] test state::tests::a_negative_size_print_is_not_folded_at_all ... ok
[INFO] [stdout] test state::tests::a_counter_move_smaller_than_the_reversal_does_not_start_a_column ... ok
[INFO] [stdout] test state::tests::a_zero_price_does_not_open_the_window ... ok
[INFO] [stdout] test state::tests::account_and_lifecycle_events_do_not_change_market_state ... ok
[INFO] [stdout] test state::tests::an_indicator_set_says_whether_it_needs_a_reference ... ok
[INFO] [stdout] test state::tests::an_indicator_series_is_bounded ... ok
[INFO] [stdout] test state::tests::an_unknown_indicator_spec_is_rejected_by_name ... ok
[INFO] [stdout] test state::tests::book_snapshot_then_delta_apply ... ok
[INFO] [stdout] test state::tests::around_returns_a_ladder_centred_on_the_anchor ... ok
[INFO] [stdout] test state::tests::seeded_history_sets_the_open_from_its_oldest_bar ... ok
[INFO] [stdout] test state::tests::seeding_past_the_rings_evicts_the_oldest_bars ... ok
[INFO] [stdout] test state::tests::fold_trade_updates_last_tape_footprint_and_history ... ok
[INFO] [stdout] test state::tests::liquidations_accumulate_and_other_channels_replace ... ok
[INFO] [stdout] test state::tests::a_trade_quote_pairs_the_print_with_the_standing_mid ... ok
[INFO] [stdout] test state::tests::an_indicator_entry_prints_its_label_and_not_its_series ... ok
[INFO] [stdout] test state::tests::a_warming_up_indicator_has_no_series_yet ... ok
[INFO] [stdout] test state::tests::breadth_is_folded_per_bar_not_per_tick ... ok
[INFO] [stdout] test state::tests::taker_flow_ignores_a_quantity_that_is_not_one ... ok
[INFO] [stdout] test state::tests::tape_ring_respects_cap ... ok
[INFO] [stdout] test state::tests::an_indicator_series_records_one_point_per_tick_after_warmup ... ok
[INFO] [stdout] test state::tests::the_breadth_member_reports_the_point_and_figure_signal ... ok
[INFO] [stdout] test state::tests::indicator_labels_come_from_the_spec ... ok
[INFO] [stdout] test state::tests::footprint_add_saturates_on_overflow ... ok
[INFO] [stdout] test state::tests::indicator_set_warms_up_then_reports ... ok
[INFO] [stdout] test state::tests::the_rings_report_emptiness_before_and_after_a_print ... ok
[INFO] [stdout] test state::tests::the_universe_is_absent_until_a_bar_closes ... ok
[INFO] [stdout] test terminal::tests::a_config_naming_an_indicator_as_a_profile_is_refused ... ok
[INFO] [stdout] test state::tests::the_open_is_the_first_price_and_stays_there ... ok
[INFO] [stdout] test state::tests::the_universe_is_not_assembled_when_nothing_reads_it ... ok
[INFO] [stdout] test terminal::tests::a_config_naming_an_indicator_as_a_bar_type_is_refused ... ok
[INFO] [stdout] test state::tests::the_debug_view_reports_the_recording_by_count ... ok
[INFO] [stdout] test terminal::tests::a_derivatives_update_for_an_untracked_market_is_an_error ... ok
[INFO] [stdout] test terminal::tests::a_backfilling_source_still_polls_and_unsubscribes ... ok
[INFO] [stdout] test terminal::tests::a_fresh_subscription_is_seeded_from_history ... ok
[INFO] [stdout] test terminal::tests::a_malformed_symbol_is_refused_before_it_reaches_the_state ... ok
[INFO] [stdout] test terminal::tests::a_derivatives_indicator_reads_what_the_host_fed ... ok
[INFO] [stdout] test terminal::tests::a_configured_profile_reaches_the_frame ... ok
[INFO] [stdout] test terminal::tests::a_panel_can_be_added_removed_and_moved_at_run_time ... ok
[INFO] [stdout] test terminal::tests::a_recording_comes_back_in_the_shape_replay_takes ... ok
[INFO] [stdout] test state::tests::the_taker_flow_comes_from_the_tape_not_the_derivatives_feed ... ok
[INFO] [stdout] test terminal::tests::add_and_remove_source_at_runtime ... ok
[INFO] [stdout] test terminal::tests::add_indicator_reaches_the_chart_panel ... ok
[INFO] [stdout] test terminal::tests::a_catalogue_row_is_constructible_as_it_stands ... ok
[INFO] [stdout] test terminal::tests::adding_the_same_indicator_twice_is_an_error ... ok
[INFO] [stdout] test terminal::tests::a_panel_command_past_the_end_is_refused ... ok
[INFO] [stdout] test terminal::tests::a_seek_does_not_double_the_recording ... ok
[INFO] [stdout] test terminal::tests::adding_an_unknown_indicator_is_an_error_and_changes_nothing ... ok
[INFO] [stdout] test terminal::tests::an_indicator_added_before_a_market_opens_reaches_it ... ok
[INFO] [stdout] test terminal::tests::a_single_output_indicator_omits_the_fields_key_entirely ... ok
[INFO] [stdout] test terminal::tests::command_json_rejects_unknown_command ... ok
[INFO] [stdout] test terminal::tests::command_json_seek_rewinds ... ok
[INFO] [stdout] test terminal::tests::feed_pushes_events_into_a_manual_source_folded_on_tick ... ok
[INFO] [stdout] test terminal::tests::command_json_tick_returns_a_frame ... ok
[INFO] [stdout] test terminal::tests::a_configured_bar_stream_reaches_the_frame ... ok
[INFO] [stdout] test terminal::tests::an_added_indicator_survives_into_the_config ... ok
[INFO] [stdout] test terminal::tests::feed_unknown_source_errors ... ok
[INFO] [stdout] test terminal::tests::new_with_synth_source_has_no_focus_until_subscribed ... ok
[INFO] [stdout] test terminal::tests::an_added_panel_honours_the_depth_it_was_given ... ok
[INFO] [stdout] test terminal::tests::an_invalid_timeframe_is_rejected ... ok
[INFO] [stdout] test terminal::tests::re_subscribing_does_not_replay_the_history ... ok
[INFO] [stdout] test terminal::tests::command_json_feed_then_tick_folds ... ok
[INFO] [stdout] test terminal::tests::remove_indicator_drops_it_from_the_panel ... ok
[INFO] [stdout] test terminal::tests::removing_an_unknown_indicator_is_an_error ... ok
[INFO] [stdout] test terminal::tests::seek_rewinds_replay_state_and_resumes_forward ... ok
[INFO] [stdout] test terminal::tests::set_timeframe_changes_the_bar_size ... ok
[INFO] [stdout] test terminal::tests::seek_unknown_source_errors ... ok
[INFO] [stdout] test terminal::tests::nothing_is_recorded_unless_recording_is_on ... ok
[INFO] [stdout] test terminal::tests::backfill_zero_fetches_nothing ... ok
[INFO] [stdout] test terminal::tests::feed_event_without_a_market_errors ... ok
[INFO] [stdout] test terminal::tests::every_catalogue_row_builds ... ok
[INFO] [stdout] test terminal::tests::seek_non_replayable_source_errors ... ok
[INFO] [stdout] test terminal::tests::seek_to_zero_clears_market_state ... ok
[INFO] [stdout] test terminal::tests::list_indicators_answers_with_the_catalogue ... ok
[INFO] [stdout] test terminal::tests::the_panel_commands_cross_the_boundary ... ok
[INFO] [stdout] test terminal::tests::tick_folds_synth_trades_into_the_chart ... ok
[INFO] [stdout] test view::tests::panel_view_is_tagged_in_json ... ok
[INFO] [stdout] test terminal::tests::unsubscribe_repairs_focus ... ok
[INFO] [stdout] test terminal::tests::feed_to_a_non_manual_source_errors ... ok
[INFO] [stdout] test terminal::tests::version_is_the_crate_version ... ok
[INFO] [stdout] test state::tests::the_footprint_does_not_grow_with_the_session ... ok
[INFO] [stdout] test view::tests::frame_round_trips ... ok
[INFO] [stdout] test terminal::tests::the_catalogue_lists_every_profile_and_bar_type ... ok
[INFO] [stdout] test state::tests::the_footprint_keeps_the_levels_nearest_the_market ... ok
[INFO] [stdout] test terminal::tests::the_command_boundary_carries_a_derivatives_update ... ok
[INFO] [stdout] test terminal::tests::turning_recording_on_or_off_clears_what_is_held ... ok
[INFO] [stdout] test terminal::tests::the_catalogue_lists_every_name_that_can_be_built ... ok
[INFO] [stdout] test terminal::tests::the_recording_is_bounded_and_keeps_the_newest ... ok
[INFO] [stdout] test terminal::tests::set_timeframe_restarts_the_bar_derived_state_only ... ok
[INFO] [stdout] test terminal::tests::a_multi_output_indicator_reports_its_named_fields ... ok
[INFO] [stdout] test terminal::tests::every_profile_and_bar_type_reaches_the_frame ... ok
[INFO] [stdout] 
[INFO] [stdout] test result: ok. 193 passed; 0 failed; 0 ignored; 0 measured; 0 filtered out; finished in 0.12s
[INFO] [stdout] 
[INFO] [stderr]      Running tests/conformance.rs (/opt/rustwide/target/release/deps/conformance-a0415145690e28d7)
[INFO] [stdout] 
[INFO] [stdout] running 7 tests
[INFO] [stdout] test panels_are_object_safe_and_report_their_kind ... ok
[INFO] [stdout] test sources_are_object_safe_and_report_their_kind ... ok
[INFO] [stdout] test a_market_the_venue_does_not_route_is_refused ... ok
[INFO] [stdout] test live_source_is_object_safe_and_reports_its_kind ... ok
[INFO] [stdout] test live_source_rejects_an_unknown_venue ... ok
[INFO] [stdout] test a_live_source_opens_a_testnet_host ... ok
[INFO] [stdout] test a_live_source_opens_every_market_kind_the_venue_routes ... ok
[INFO] [stdout] 
[INFO] [stdout] test result: ok. 7 passed; 0 failed; 0 ignored; 0 measured; 0 filtered out; finished in 0.02s
[INFO] [stdout] 
[INFO] [stderr]      Running tests/docs_examples.rs (/opt/rustwide/target/release/deps/docs_examples-f9a6f584d681bb0d)
[INFO] [stdout] 
[INFO] [stdout] running 17 tests
[INFO] [stdout] test every_bound_action_reaches_a_renderer ... FAILED
[INFO] [stdout] test the_citation_abstract_states_the_real_indicator_count ... FAILED
[INFO] [stdout] test the_documented_bounds_are_the_real_ones ... FAILED
[INFO] [stdout] test the_citation_matches_the_release_state ... FAILED
[INFO] [stdout] test the_documented_indicator_count_is_the_real_one ... FAILED
[INFO] [stdout] test every_documented_toml_config_parses ... FAILED
[INFO] [stdout] test every_panel_kind_reaches_the_web_renderer ... FAILED
[INFO] [stdout] test the_reach_table_sums_to_the_documented_total ... FAILED
[INFO] [stdout] test every_documented_json_config_parses ... FAILED
[INFO] [stdout] test every_documented_command_is_accepted ... FAILED
[INFO] [stdout] test every_fuzz_target_is_named_in_the_threat_model ... FAILED
[INFO] [stdout] test every_documented_command_is_driven_by_a_binding_suite ... FAILED
[INFO] [stdout] test benchmarks_md_lists_the_benchmarks_that_exist ... FAILED
[INFO] [stdout] test the_unreachable_indicator_count_adds_up ... FAILED
[INFO] [stdout] test the_documented_input_families_are_the_registered_ones ... FAILED
[INFO] [stderr] error: test failed, to rerun pass `--test docs_examples`
[INFO] [stdout] test every_binding_readme_documents_every_command ... FAILED
[INFO] [stdout] test the_readme_and_the_benchmark_page_agree_on_the_numbers ... FAILED
[INFO] [stdout] 
[INFO] [stdout] failures:
[INFO] [stdout] 
[INFO] [stdout] ---- every_bound_action_reaches_a_renderer stdout ----
[INFO] [stdout] 
[INFO] [stdout] thread 'every_bound_action_reaches_a_renderer' (3518) panicked at tests/docs_examples.rs:94:32:
[INFO] [stdout] no repository root above /opt/rustwide/workdir
[INFO] [stdout] stack backtrace:
[INFO] [stdout]    0:     0x55c0ebdff7d1 - <<std[70759c8f55707aa4]::sys::backtrace::BacktraceLock>::print::DisplayBacktrace as core[df12db4294e9bfd3]::fmt::Display>::fmt
[INFO] [stdout]    1:     0x55c0ebe1887a - core[df12db4294e9bfd3]::fmt::write
[INFO] [stdout]    2:     0x55c0ebe048cc - <alloc[2182bb758b4b3781]::vec::Vec<u8> as core[df12db4294e9bfd3]::io::write::Write>::write_fmt
[INFO] [stdout]    3:     0x55c0ebdd9c66 - std[70759c8f55707aa4]::panicking::default_hook::{closure#0}
[INFO] [stdout]    4:     0x55c0ebdf6f39 - std[70759c8f55707aa4]::panicking::default_hook
[INFO] [stdout]    5:     0x55c0eb868ab0 - test[9d35eded1c95d3be]::test_main_inner::<test[9d35eded1c95d3be]::test_main_static::{closure#0}>::{closure#0}
[INFO] [stdout]    6:     0x55c0ebdf7262 - std[70759c8f55707aa4]::panicking::panic_with_hook
[INFO] [stdout]    7:     0x55c0ebdd9d44 - std[70759c8f55707aa4]::panicking::panic_handler::{closure#0}
[INFO] [stdout]    8:     0x55c0ebdd2789 - std[70759c8f55707aa4]::sys::backtrace::__rust_end_short_backtrace::<std[70759c8f55707aa4]::panicking::panic_handler::{closure#0}, !>
[INFO] [stdout]    9:     0x55c0ebddaafd - __rustc[8fa7c3cbc660c2b3]::rust_begin_unwind
[INFO] [stdout]   10:     0x55c0ebe1901c - core[df12db4294e9bfd3]::panicking::panic_fmt
[INFO] [stdout]   11:     0x55c0eb844030 - docs_examples[1b6c51b428df2a10]::repo_root
[INFO] [stdout]   12:     0x55c0eb847741 - <docs_examples[1b6c51b428df2a10]::every_bound_action_reaches_a_renderer::{closure#0} as core[df12db4294e9bfd3]::ops::function::FnOnce<()>>::call_once
[INFO] [stdout]   13:     0x55c0eb85bd9b - test[9d35eded1c95d3be]::__rust_begin_short_backtrace::<core[df12db4294e9bfd3]::result::Result<(), alloc[2182bb758b4b3781]::string::String>, fn() -> core[df12db4294e9bfd3]::result::Result<(), alloc[2182bb758b4b3781]::string::String>>
[INFO] [stdout]   14:     0x55c0eb869405 - test[9d35eded1c95d3be]::run_test::{closure#0}
[INFO] [stdout]   15:     0x55c0eb862cc4 - std[70759c8f55707aa4]::sys::backtrace::__rust_begin_short_backtrace::<test[9d35eded1c95d3be]::run_test::{closure#1}, ()>
[INFO] [stdout]   16:     0x55c0eb86c562 - <std[70759c8f55707aa4]::thread::lifecycle::spawn_unchecked<test[9d35eded1c95d3be]::run_test::{closure#1}, ()>::{closure#1} as core[df12db4294e9bfd3]::ops::function::FnOnce<()>>::call_once::{shim:vtable#0}
[INFO] [stdout]   17:     0x55c0ebdfe989 - <std[70759c8f55707aa4]::sys::thread::unix::Thread>::new::thread_start
[INFO] [stdout]   18:     0x7d31eeb1cdfa - <unknown>
[INFO] [stdout]   19:     0x7d31eebb03d4 - clone
[INFO] [stdout]   20:                0x0 - <unknown>
[INFO] [stdout] 
[INFO] [stdout] ---- the_citation_abstract_states_the_real_indicator_count stdout ----
[INFO] [stdout] 
[INFO] [stdout] thread 'the_citation_abstract_states_the_real_indicator_count' (3525) panicked at tests/docs_examples.rs:94:32:
[INFO] [stdout] no repository root above /opt/rustwide/workdir
[INFO] [stdout] stack backtrace:
[INFO] [stdout]    0:     0x55c0ebdff7d1 - <<std[70759c8f55707aa4]::sys::backtrace::BacktraceLock>::print::DisplayBacktrace as core[df12db4294e9bfd3]::fmt::Display>::fmt
[INFO] [stdout]    1:     0x55c0ebe1887a - core[df12db4294e9bfd3]::fmt::write
[INFO] [stdout]    2:     0x55c0ebe048cc - <alloc[2182bb758b4b3781]::vec::Vec<u8> as core[df12db4294e9bfd3]::io::write::Write>::write_fmt
[INFO] [stdout]    3:     0x55c0ebdd9c66 - std[70759c8f55707aa4]::panicking::default_hook::{closure#0}
[INFO] [stdout]    4:     0x55c0ebdf6f39 - std[70759c8f55707aa4]::panicking::default_hook
[INFO] [stdout]    5:     0x55c0eb868ab0 - test[9d35eded1c95d3be]::test_main_inner::<test[9d35eded1c95d3be]::test_main_static::{closure#0}>::{closure#0}
[INFO] [stdout]    6:     0x55c0ebdf7262 - std[70759c8f55707aa4]::panicking::panic_with_hook
[INFO] [stdout]    7:     0x55c0ebdd9d44 - std[70759c8f55707aa4]::panicking::panic_handler::{closure#0}
[INFO] [stdout]    8:     0x55c0ebdd2789 - std[70759c8f55707aa4]::sys::backtrace::__rust_end_short_backtrace::<std[70759c8f55707aa4]::panicking::panic_handler::{closure#0}, !>
[INFO] [stdout]    9:     0x55c0ebddaafd - __rustc[8fa7c3cbc660c2b3]::rust_begin_unwind
[INFO] [stdout]   10:     0x55c0ebe1901c - core[df12db4294e9bfd3]::panicking::panic_fmt
[INFO] [stdout]   11:     0x55c0eb844030 - docs_examples[1b6c51b428df2a10]::repo_root
[INFO] [stdout]   12:     0x55c0eb84eef1 - <docs_examples[1b6c51b428df2a10]::the_citation_abstract_states_the_real_indicator_count::{closure#0} as core[df12db4294e9bfd3]::ops::function::FnOnce<()>>::call_once
[INFO] [stdout]   13:     0x55c0eb85bd9b - test[9d35eded1c95d3be]::__rust_begin_short_backtrace::<core[df12db4294e9bfd3]::result::Result<(), alloc[2182bb758b4b3781]::string::String>, fn() -> core[df12db4294e9bfd3]::result::Result<(), alloc[2182bb758b4b3781]::string::String>>
[INFO] [stdout]   14:     0x55c0eb869405 - test[9d35eded1c95d3be]::run_test::{closure#0}
[INFO] [stdout]   15:     0x55c0eb862cc4 - std[70759c8f55707aa4]::sys::backtrace::__rust_begin_short_backtrace::<test[9d35eded1c95d3be]::run_test::{closure#1}, ()>
[INFO] [stdout]   16:     0x55c0eb86c562 - <std[70759c8f55707aa4]::thread::lifecycle::spawn_unchecked<test[9d35eded1c95d3be]::run_test::{closure#1}, ()>::{closure#1} as core[df12db4294e9bfd3]::ops::function::FnOnce<()>>::call_once::{shim:vtable#0}
[INFO] [stdout]   17:     0x55c0ebdfe989 - <std[70759c8f55707aa4]::sys::thread::unix::Thread>::new::thread_start
[INFO] [stdout]   18:     0x7d31eeb1cdfa - <unknown>
[INFO] [stdout]   19:     0x7d31eebb03d4 - clone
[INFO] [stdout]   20:                0x0 - <unknown>
[INFO] [stdout] 
[INFO] [stdout] ---- the_documented_bounds_are_the_real_ones stdout ----
[INFO] [stdout] 
[INFO] [stdout] thread 'the_documented_bounds_are_the_real_ones' (3527) panicked at tests/docs_examples.rs:94:32:
[INFO] [stdout] no repository root above /opt/rustwide/workdir
[INFO] [stdout] stack backtrace:
[INFO] [stdout]    0:     0x55c0ebdff7d1 - <<std[70759c8f55707aa4]::sys::backtrace::BacktraceLock>::print::DisplayBacktrace as core[df12db4294e9bfd3]::fmt::Display>::fmt
[INFO] [stdout]    1:     0x55c0ebe1887a - core[df12db4294e9bfd3]::fmt::write
[INFO] [stdout]    2:     0x55c0ebe048cc - <alloc[2182bb758b4b3781]::vec::Vec<u8> as core[df12db4294e9bfd3]::io::write::Write>::write_fmt
[INFO] [stdout]    3:     0x55c0ebdd9c66 - std[70759c8f55707aa4]::panicking::default_hook::{closure#0}
[INFO] [stdout]    4:     0x55c0ebdf6f39 - std[70759c8f55707aa4]::panicking::default_hook
[INFO] [stdout]    5:     0x55c0eb868ab0 - test[9d35eded1c95d3be]::test_main_inner::<test[9d35eded1c95d3be]::test_main_static::{closure#0}>::{closure#0}
[INFO] [stdout]    6:     0x55c0ebdf7262 - std[70759c8f55707aa4]::panicking::panic_with_hook
[INFO] [stdout]    7:     0x55c0ebdd9d44 - std[70759c8f55707aa4]::panicking::panic_handler::{closure#0}
[INFO] [stdout]    8:     0x55c0ebdd2789 - std[70759c8f55707aa4]::sys::backtrace::__rust_end_short_backtrace::<std[70759c8f55707aa4]::panicking::panic_handler::{closure#0}, !>
[INFO] [stdout]    9:     0x55c0ebddaafd - __rustc[8fa7c3cbc660c2b3]::rust_begin_unwind
[INFO] [stdout]   10:     0x55c0ebe1901c - core[df12db4294e9bfd3]::panicking::panic_fmt
[INFO] [stdout]   11:     0x55c0eb844030 - docs_examples[1b6c51b428df2a10]::repo_root
[INFO] [stdout]   12:     0x55c0eb848641 - <docs_examples[1b6c51b428df2a10]::the_documented_bounds_are_the_real_ones::{closure#0} as core[df12db4294e9bfd3]::ops::function::FnOnce<()>>::call_once
[INFO] [stdout]   13:     0x55c0eb85bd9b - test[9d35eded1c95d3be]::__rust_begin_short_backtrace::<core[df12db4294e9bfd3]::result::Result<(), alloc[2182bb758b4b3781]::string::String>, fn() -> core[df12db4294e9bfd3]::result::Result<(), alloc[2182bb758b4b3781]::string::String>>
[INFO] [stdout]   14:     0x55c0eb869405 - test[9d35eded1c95d3be]::run_test::{closure#0}
[INFO] [stdout]   15:     0x55c0eb862cc4 - std[70759c8f55707aa4]::sys::backtrace::__rust_begin_short_backtrace::<test[9d35eded1c95d3be]::run_test::{closure#1}, ()>
[INFO] [stdout]   16:     0x55c0eb86c562 - <std[70759c8f55707aa4]::thread::lifecycle::spawn_unchecked<test[9d35eded1c95d3be]::run_test::{closure#1}, ()>::{closure#1} as core[df12db4294e9bfd3]::ops::function::FnOnce<()>>::call_once::{shim:vtable#0}
[INFO] [stdout]   17:     0x55c0ebdfe989 - <std[70759c8f55707aa4]::sys::thread::unix::Thread>::new::thread_start
[INFO] [stdout]   18:     0x7d31eeb1cdfa - <unknown>
[INFO] [stdout]   19:     0x7d31eebb03d4 - clone
[INFO] [stdout]   20:                0x0 - <unknown>
[INFO] [stdout] 
[INFO] [stdout] ---- the_citation_matches_the_release_state stdout ----
[INFO] [stdout] 
[INFO] [stdout] thread 'the_citation_matches_the_release_state' (3526) panicked at tests/docs_examples.rs:94:32:
[INFO] [stdout] no repository root above /opt/rustwide/workdir
[INFO] [stdout] stack backtrace:
[INFO] [stdout]    0:     0x55c0ebdff7d1 - <<std[70759c8f55707aa4]::sys::backtrace::BacktraceLock>::print::DisplayBacktrace as core[df12db4294e9bfd3]::fmt::Display>::fmt
[INFO] [stdout]    1:     0x55c0ebe1887a - core[df12db4294e9bfd3]::fmt::write
[INFO] [stdout]    2:     0x55c0ebe048cc - <alloc[2182bb758b4b3781]::vec::Vec<u8> as core[df12db4294e9bfd3]::io::write::Write>::write_fmt
[INFO] [stdout]    3:     0x55c0ebdd9c66 - std[70759c8f55707aa4]::panicking::default_hook::{closure#0}
[INFO] [stdout]    4:     0x55c0ebdf6f39 - std[70759c8f55707aa4]::panicking::default_hook
[INFO] [stdout]    5:     0x55c0eb868ab0 - test[9d35eded1c95d3be]::test_main_inner::<test[9d35eded1c95d3be]::test_main_static::{closure#0}>::{closure#0}
[INFO] [stdout]    6:     0x55c0ebdf7262 - std[70759c8f55707aa4]::panicking::panic_with_hook
[INFO] [stdout]    7:     0x55c0ebdd9d44 - std[70759c8f55707aa4]::panicking::panic_handler::{closure#0}
[INFO] [stdout]    8:     0x55c0ebdd2789 - std[70759c8f55707aa4]::sys::backtrace::__rust_end_short_backtrace::<std[70759c8f55707aa4]::panicking::panic_handler::{closure#0}, !>
[INFO] [stdout]    9:     0x55c0ebddaafd - __rustc[8fa7c3cbc660c2b3]::rust_begin_unwind
[INFO] [stdout]   10:     0x55c0ebe1901c - core[df12db4294e9bfd3]::panicking::panic_fmt
[INFO] [stdout]   11:     0x55c0eb844030 - docs_examples[1b6c51b428df2a10]::repo_root
[INFO] [stdout]   12:     0x55c0eb847d81 - <docs_examples[1b6c51b428df2a10]::the_citation_matches_the_release_state::{closure#0} as core[df12db4294e9bfd3]::ops::function::FnOnce<()>>::call_once
[INFO] [stdout]   13:     0x55c0eb85bd9b - test[9d35eded1c95d3be]::__rust_begin_short_backtrace::<core[df12db4294e9bfd3]::result::Result<(), alloc[2182bb758b4b3781]::string::String>, fn() -> core[df12db4294e9bfd3]::result::Result<(), alloc[2182bb758b4b3781]::string::String>>
[INFO] [stdout]   14:     0x55c0eb869405 - test[9d35eded1c95d3be]::run_test::{closure#0}
[INFO] [stdout]   15:     0x55c0eb862cc4 - std[70759c8f55707aa4]::sys::backtrace::__rust_begin_short_backtrace::<test[9d35eded1c95d3be]::run_test::{closure#1}, ()>
[INFO] [stdout]   16:     0x55c0eb86c562 - <std[70759c8f55707aa4]::thread::lifecycle::spawn_unchecked<test[9d35eded1c95d3be]::run_test::{closure#1}, ()>::{closure#1} as core[df12db4294e9bfd3]::ops::function::FnOnce<()>>::call_once::{shim:vtable#0}
[INFO] [stdout]   17:     0x55c0ebdfe989 - <std[70759c8f55707aa4]::sys::thread::unix::Thread>::new::thread_start
[INFO] [stdout]   18:     0x7d31eeb1cdfa - <unknown>
[INFO] [stdout]   19:     0x7d31eebb03d4 - clone
[INFO] [stdout]   20:                0x0 - <unknown>
[INFO] [stdout] 
[INFO] [stdout] ---- the_documented_indicator_count_is_the_real_one stdout ----
[INFO] [stdout] 
[INFO] [stdout] thread 'the_documented_indicator_count_is_the_real_one' (3528) panicked at tests/docs_examples.rs:94:32:
[INFO] [stdout] no repository root above /opt/rustwide/workdir
[INFO] [stdout] stack backtrace:
[INFO] [stdout]    0:     0x55c0ebdff7d1 - <<std[70759c8f55707aa4]::sys::backtrace::BacktraceLock>::print::DisplayBacktrace as core[df12db4294e9bfd3]::fmt::Display>::fmt
[INFO] [stdout]    1:     0x55c0ebe1887a - core[df12db4294e9bfd3]::fmt::write
[INFO] [stdout]    2:     0x55c0ebe048cc - <alloc[2182bb758b4b3781]::vec::Vec<u8> as core[df12db4294e9bfd3]::io::write::Write>::write_fmt
[INFO] [stdout]    3:     0x55c0ebdd9c66 - std[70759c8f55707aa4]::panicking::default_hook::{closure#0}
[INFO] [stdout]    4:     0x55c0ebdf6f39 - std[70759c8f55707aa4]::panicking::default_hook
[INFO] [stdout]    5:     0x55c0eb868ab0 - test[9d35eded1c95d3be]::test_main_inner::<test[9d35eded1c95d3be]::test_main_static::{closure#0}>::{closure#0}
[INFO] [stdout]    6:     0x55c0ebdf7262 - std[70759c8f55707aa4]::panicking::panic_with_hook
[INFO] [stdout]    7:     0x55c0ebdd9d44 - std[70759c8f55707aa4]::panicking::panic_handler::{closure#0}
[INFO] [stdout]    8:     0x55c0ebdd2789 - std[70759c8f55707aa4]::sys::backtrace::__rust_end_short_backtrace::<std[70759c8f55707aa4]::panicking::panic_handler::{closure#0}, !>
[INFO] [stdout]    9:     0x55c0ebddaafd - __rustc[8fa7c3cbc660c2b3]::rust_begin_unwind
[INFO] [stdout]   10:     0x55c0ebe1901c - core[df12db4294e9bfd3]::panicking::panic_fmt
[INFO] [stdout]   11:     0x55c0eb844030 - docs_examples[1b6c51b428df2a10]::repo_root
[INFO] [stdout]   12:     0x55c0eb84dfbe - <docs_examples[1b6c51b428df2a10]::the_documented_indicator_count_is_the_real_one::{closure#0} as core[df12db4294e9bfd3]::ops::function::FnOnce<()>>::call_once
[INFO] [stdout]   13:     0x55c0eb85bd9b - test[9d35eded1c95d3be]::__rust_begin_short_backtrace::<core[df12db4294e9bfd3]::result::Result<(), alloc[2182bb758b4b3781]::string::String>, fn() -> core[df12db4294e9bfd3]::result::Result<(), alloc[2182bb758b4b3781]::string::String>>
[INFO] [stdout]   14:     0x55c0eb869405 - test[9d35eded1c95d3be]::run_test::{closure#0}
[INFO] [stdout]   15:     0x55c0eb862cc4 - std[70759c8f55707aa4]::sys::backtrace::__rust_begin_short_backtrace::<test[9d35eded1c95d3be]::run_test::{closure#1}, ()>
[INFO] [stdout]   16:     0x55c0eb86c562 - <std[70759c8f55707aa4]::thread::lifecycle::spawn_unchecked<test[9d35eded1c95d3be]::run_test::{closure#1}, ()>::{closure#1} as core[df12db4294e9bfd3]::ops::function::FnOnce<()>>::call_once::{shim:vtable#0}
[INFO] [stdout]   17:     0x55c0ebdfe989 - <std[70759c8f55707aa4]::sys::thread::unix::Thread>::new::thread_start
[INFO] [stdout]   18:     0x7d31eeb1cdfa - <unknown>
[INFO] [stdout]   19:     0x7d31eebb03d4 - clone
[INFO] [stdout]   20:                0x0 - <unknown>
[INFO] [stdout] 
[INFO] [stdout] ---- every_documented_toml_config_parses stdout ----
[INFO] [stdout] 
[INFO] [stdout] thread 'every_documented_toml_config_parses' (3522) panicked at tests/docs_examples.rs:94:32:
[INFO] [stdout] no repository root above /opt/rustwide/workdir
[INFO] [stdout] stack backtrace:
[INFO] [stdout]    0:     0x55c0ebdff7d1 - <<std[70759c8f55707aa4]::sys::backtrace::BacktraceLock>::print::DisplayBacktrace as core[df12db4294e9bfd3]::fmt::Display>::fmt
[INFO] [stdout]    1:     0x55c0ebe1887a - core[df12db4294e9bfd3]::fmt::write
[INFO] [stdout]    2:     0x55c0ebe048cc - <alloc[2182bb758b4b3781]::vec::Vec<u8> as core[df12db4294e9bfd3]::io::write::Write>::write_fmt
[INFO] [stdout]    3:     0x55c0ebdd9c66 - std[70759c8f55707aa4]::panicking::default_hook::{closure#0}
[INFO] [stdout]    4:     0x55c0ebdf6f39 - std[70759c8f55707aa4]::panicking::default_hook
[INFO] [stdout]    5:     0x55c0eb868ab0 - test[9d35eded1c95d3be]::test_main_inner::<test[9d35eded1c95d3be]::test_main_static::{closure#0}>::{closure#0}
[INFO] [stdout]    6:     0x55c0ebdf7262 - std[70759c8f55707aa4]::panicking::panic_with_hook
[INFO] [stdout]    7:     0x55c0ebdd9d44 - std[70759c8f55707aa4]::panicking::panic_handler::{closure#0}
[INFO] [stdout]    8:     0x55c0ebdd2789 - std[70759c8f55707aa4]::sys::backtrace::__rust_end_short_backtrace::<std[70759c8f55707aa4]::panicking::panic_handler::{closure#0}, !>
[INFO] [stdout]    9:     0x55c0ebddaafd - __rustc[8fa7c3cbc660c2b3]::rust_begin_unwind
[INFO] [stdout]   10:     0x55c0ebe1901c - core[df12db4294e9bfd3]::panicking::panic_fmt
[INFO] [stdout]   11:     0x55c0eb844030 - docs_examples[1b6c51b428df2a10]::repo_root
[INFO] [stdout]   12:     0x55c0eb846780 - <docs_examples[1b6c51b428df2a10]::every_documented_toml_config_parses::{closure#0} as core[df12db4294e9bfd3]::ops::function::FnOnce<()>>::call_once
[INFO] [stdout]   13:     0x55c0eb85bd9b - test[9d35eded1c95d3be]::__rust_begin_short_backtrace::<core[df12db4294e9bfd3]::result::Result<(), alloc[2182bb758b4b3781]::string::String>, fn() -> core[df12db4294e9bfd3]::result::Result<(), alloc[2182bb758b4b3781]::string::String>>
[INFO] [stdout]   14:     0x55c0eb869405 - test[9d35eded1c95d3be]::run_test::{closure#0}
[INFO] [stdout]   15:     0x55c0eb862cc4 - std[70759c8f55707aa4]::sys::backtrace::__rust_begin_short_backtrace::<test[9d35eded1c95d3be]::run_test::{closure#1}, ()>
[INFO] [stdout]   16:     0x55c0eb86c562 - <std[70759c8f55707aa4]::thread::lifecycle::spawn_unchecked<test[9d35eded1c95d3be]::run_test::{closure#1}, ()>::{closure#1} as core[df12db4294e9bfd3]::ops::function::FnOnce<()>>::call_once::{shim:vtable#0}
[INFO] [stdout]   17:     0x55c0ebdfe989 - <std[70759c8f55707aa4]::sys::thread::unix::Thread>::new::thread_start
[INFO] [stdout]   18:     0x7d31eeb1cdfa - <unknown>
[INFO] [stdout]   19:     0x7d31eebb03d4 - clone
[INFO] [stdout]   20:                0x0 - <unknown>
[INFO] [stdout] 
[INFO] [stdout] ---- every_panel_kind_reaches_the_web_renderer stdout ----
[INFO] [stdout] 
[INFO] [stdout] thread 'every_panel_kind_reaches_the_web_renderer' (3524) panicked at tests/docs_examples.rs:94:32:
[INFO] [stdout] no repository root above /opt/rustwide/workdir
[INFO] [stdout] stack backtrace:
[INFO] [stdout]    0:     0x55c0ebdff7d1 - <<std[70759c8f55707aa4]::sys::backtrace::BacktraceLock>::print::DisplayBacktrace as core[df12db4294e9bfd3]::fmt::Display>::fmt
[INFO] [stdout]    1:     0x55c0ebe1887a - core[df12db4294e9bfd3]::fmt::write
[INFO] [stdout]    2:     0x55c0ebe048cc - <alloc[2182bb758b4b3781]::vec::Vec<u8> as core[df12db4294e9bfd3]::io::write::Write>::write_fmt
[INFO] [stdout]    3:     0x55c0ebdd9c66 - std[70759c8f55707aa4]::panicking::default_hook::{closure#0}
[INFO] [stdout]    4:     0x55c0ebdf6f39 - std[70759c8f55707aa4]::panicking::default_hook
[INFO] [stdout]    5:     0x55c0eb868ab0 - test[9d35eded1c95d3be]::test_main_inner::<test[9d35eded1c95d3be]::test_main_static::{closure#0}>::{closure#0}
[INFO] [stdout]    6:     0x55c0ebdf7262 - std[70759c8f55707aa4]::panicking::panic_with_hook
[INFO] [stdout]    7:     0x55c0ebdd9d44 - std[70759c8f55707aa4]::panicking::panic_handler::{closure#0}
[INFO] [stdout]    8:     0x55c0ebdd2789 - std[70759c8f55707aa4]::sys::backtrace::__rust_end_short_backtrace::<std[70759c8f55707aa4]::panicking::panic_handler::{closure#0}, !>
[INFO] [stdout]    9:     0x55c0ebddaafd - __rustc[8fa7c3cbc660c2b3]::rust_begin_unwind
[INFO] [stdout]   10:     0x55c0ebe1901c - core[df12db4294e9bfd3]::panicking::panic_fmt
[INFO] [stdout]   11:     0x55c0eb844030 - docs_examples[1b6c51b428df2a10]::repo_root
[INFO] [stdout]   12:     0x55c0eb84a7e1 - <docs_examples[1b6c51b428df2a10]::every_panel_kind_reaches_the_web_renderer::{closure#0} as core[df12db4294e9bfd3]::ops::function::FnOnce<()>>::call_once
[INFO] [stdout]   13:     0x55c0eb85bd9b - test[9d35eded1c95d3be]::__rust_begin_short_backtrace::<core[df12db4294e9bfd3]::result::Result<(), alloc[2182bb758b4b3781]::string::String>, fn() -> core[df12db4294e9bfd3]::result::Result<(), alloc[2182bb758b4b3781]::string::String>>
[INFO] [stdout]   14:     0x55c0eb869405 - test[9d35eded1c95d3be]::run_test::{closure#0}
[INFO] [stdout]   15:     0x55c0eb862cc4 - std[70759c8f55707aa4]::sys::backtrace::__rust_begin_short_backtrace::<test[9d35eded1c95d3be]::run_test::{closure#1}, ()>
[INFO] [stdout]   16:     0x55c0eb86c562 - <std[70759c8f55707aa4]::thread::lifecycle::spawn_unchecked<test[9d35eded1c95d3be]::run_test::{closure#1}, ()>::{closure#1} as core[df12db4294e9bfd3]::ops::function::FnOnce<()>>::call_once::{shim:vtable#0}
[INFO] [stdout]   17:     0x55c0ebdfe989 - <std[70759c8f55707aa4]::sys::thread::unix::Thread>::new::thread_start
[INFO] [stdout]   18:     0x7d31eeb1cdfa - <unknown>
[INFO] [stdout]   19:     0x7d31eebb03d4 - clone
[INFO] [stdout]   20:                0x0 - <unknown>
[INFO] [stdout] 
[INFO] [stdout] ---- the_reach_table_sums_to_the_documented_total stdout ----
[INFO] [stdout] 
[INFO] [stdout] thread 'the_reach_table_sums_to_the_documented_total' (3530) panicked at tests/docs_examples.rs:94:32:
[INFO] [stdout] no repository root above /opt/rustwide/workdir
[INFO] [stdout] stack backtrace:
[INFO] [stdout]    0:     0x55c0ebdff7d1 - <<std[70759c8f55707aa4]::sys::backtrace::BacktraceLock>::print::DisplayBacktrace as core[df12db4294e9bfd3]::fmt::Display>::fmt
[INFO] [stdout]    1:     0x55c0ebe1887a - core[df12db4294e9bfd3]::fmt::write
[INFO] [stdout]    2:     0x55c0ebe048cc - <alloc[2182bb758b4b3781]::vec::Vec<u8> as core[df12db4294e9bfd3]::io::write::Write>::write_fmt
[INFO] [stdout]    3:     0x55c0ebdd9c66 - std[70759c8f55707aa4]::panicking::default_hook::{closure#0}
[INFO] [stdout]    4:     0x55c0ebdf6f39 - std[70759c8f55707aa4]::panicking::default_hook
[INFO] [stdout]    5:     0x55c0eb868ab0 - test[9d35eded1c95d3be]::test_main_inner::<test[9d35eded1c95d3be]::test_main_static::{closure#0}>::{closure#0}
[INFO] [stdout]    6:     0x55c0ebdf7262 - std[70759c8f55707aa4]::panicking::panic_with_hook
[INFO] [stdout]    7:     0x55c0ebdd9d44 - std[70759c8f55707aa4]::panicking::panic_handler::{closure#0}
[INFO] [stdout]    8:     0x55c0ebdd2789 - std[70759c8f55707aa4]::sys::backtrace::__rust_end_short_backtrace::<std[70759c8f55707aa4]::panicking::panic_handler::{closure#0}, !>
[INFO] [stdout]    9:     0x55c0ebddaafd - __rustc[8fa7c3cbc660c2b3]::rust_begin_unwind
[INFO] [stdout]   10:     0x55c0ebe1901c - core[df12db4294e9bfd3]::panicking::panic_fmt
[INFO] [stdout]   11:     0x55c0eb844030 - docs_examples[1b6c51b428df2a10]::repo_root
[INFO] [stdout]   12:     0x55c0eb84c2f1 - <docs_examples[1b6c51b428df2a10]::the_reach_table_sums_to_the_documented_total::{closure#0} as core[df12db4294e9bfd3]::ops::function::FnOnce<()>>::call_once
[INFO] [stdout]   13:     0x55c0eb85bd9b - test[9d35eded1c95d3be]::__rust_begin_short_backtrace::<core[df12db4294e9bfd3]::result::Result<(), alloc[2182bb758b4b3781]::string::String>, fn() -> core[df12db4294e9bfd3]::result::Result<(), alloc[2182bb758b4b3781]::string::String>>
[INFO] [stdout]   14:     0x55c0eb869405 - test[9d35eded1c95d3be]::run_test::{closure#0}
[INFO] [stdout]   15:     0x55c0eb862cc4 - std[70759c8f55707aa4]::sys::backtrace::__rust_begin_short_backtrace::<test[9d35eded1c95d3be]::run_test::{closure#1}, ()>
[INFO] [stdout]   16:     0x55c0eb86c562 - <std[70759c8f55707aa4]::thread::lifecycle::spawn_unchecked<test[9d35eded1c95d3be]::run_test::{closure#1}, ()>::{closure#1} as core[df12db4294e9bfd3]::ops::function::FnOnce<()>>::call_once::{shim:vtable#0}
[INFO] [stdout]   17:     0x55c0ebdfe989 - <std[70759c8f55707aa4]::sys::thread::unix::Thread>::new::thread_start
[INFO] [stdout]   18:     0x7d31eeb1cdfa - <unknown>
[INFO] [stdout]   19:     0x7d31eebb03d4 - clone
[INFO] [stdout]   20:                0x0 - <unknown>
[INFO] [stdout] 
[INFO] [stdout] ---- every_documented_json_config_parses stdout ----
[INFO] [stdout] 
[INFO] [stdout] thread 'every_documented_json_config_parses' (3521) panicked at tests/docs_examples.rs:94:32:
[INFO] [stdout] no repository root above /opt/rustwide/workdir
[INFO] [stdout] stack backtrace:
[INFO] [stdout]    0:     0x55c0ebdff7d1 - <<std[70759c8f55707aa4]::sys::backtrace::BacktraceLock>::print::DisplayBacktrace as core[df12db4294e9bfd3]::fmt::Display>::fmt
[INFO] [stdout]    1:     0x55c0ebe1887a - core[df12db4294e9bfd3]::fmt::write
[INFO] [stdout]    2:     0x55c0ebe048cc - <alloc[2182bb758b4b3781]::vec::Vec<u8> as core[df12db4294e9bfd3]::io::write::Write>::write_fmt
[INFO] [stdout]    3:     0x55c0ebdd9c66 - std[70759c8f55707aa4]::panicking::default_hook::{closure#0}
[INFO] [stdout]    4:     0x55c0ebdf6f39 - std[70759c8f55707aa4]::panicking::default_hook
[INFO] [stdout]    5:     0x55c0eb868ab0 - test[9d35eded1c95d3be]::test_main_inner::<test[9d35eded1c95d3be]::test_main_static::{closure#0}>::{closure#0}
[INFO] [stdout]    6:     0x55c0ebdf7262 - std[70759c8f55707aa4]::panicking::panic_with_hook
[INFO] [stdout]    7:     0x55c0ebdd9d44 - std[70759c8f55707aa4]::panicking::panic_handler::{closure#0}
[INFO] [stdout]    8:     0x55c0ebdd2789 - std[70759c8f55707aa4]::sys::backtrace::__rust_end_short_backtrace::<std[70759c8f55707aa4]::panicking::panic_handler::{closure#0}, !>
[INFO] [stdout]    9:     0x55c0ebddaafd - __rustc[8fa7c3cbc660c2b3]::rust_begin_unwind
[INFO] [stdout]   10:     0x55c0ebe1901c - core[df12db4294e9bfd3]::panicking::panic_fmt
[INFO] [stdout]   11:     0x55c0eb844030 - docs_examples[1b6c51b428df2a10]::repo_root
[INFO] [stdout]   12:     0x55c0eb845886 - <docs_examples[1b6c51b428df2a10]::every_documented_json_config_parses::{closure#0} as core[df12db4294e9bfd3]::ops::function::FnOnce<()>>::call_once
[INFO] [stdout]   13:     0x55c0eb85bd9b - test[9d35eded1c95d3be]::__rust_begin_short_backtrace::<core[df12db4294e9bfd3]::result::Result<(), alloc[2182bb758b4b3781]::string::String>, fn() -> core[df12db4294e9bfd3]::result::Result<(), alloc[2182bb758b4b3781]::string::String>>
[INFO] [stdout]   14:     0x55c0eb869405 - test[9d35eded1c95d3be]::run_test::{closure#0}
[INFO] [stdout]   15:     0x55c0eb862cc4 - std[70759c8f55707aa4]::sys::backtrace::__rust_begin_short_backtrace::<test[9d35eded1c95d3be]::run_test::{closure#1}, ()>
[INFO] [stdout]   16:     0x55c0eb86c562 - <std[70759c8f55707aa4]::thread::lifecycle::spawn_unchecked<test[9d35eded1c95d3be]::run_test::{closure#1}, ()>::{closure#1} as core[df12db4294e9bfd3]::ops::function::FnOnce<()>>::call_once::{shim:vtable#0}
[INFO] [stdout]   17:     0x55c0ebdfe989 - <std[70759c8f55707aa4]::sys::thread::unix::Thread>::new::thread_start
[INFO] [stdout]   18:     0x7d31eeb1cdfa - <unknown>
[INFO] [stdout]   19:     0x7d31eebb03d4 - clone
[INFO] [stdout]   20:                0x0 - <unknown>
[INFO] [stdout] 
[INFO] [stdout] ---- every_documented_command_is_accepted stdout ----
[INFO] [stdout] 
[INFO] [stdout] thread 'every_documented_command_is_accepted' (3519) panicked at tests/docs_examples.rs:94:32:
[INFO] [stdout] no repository root above /opt/rustwide/workdir
[INFO] [stdout] stack backtrace:
[INFO] [stdout]    0:     0x55c0ebdff7d1 - <<std[70759c8f55707aa4]::sys::backtrace::BacktraceLock>::print::DisplayBacktrace as core[df12db4294e9bfd3]::fmt::Display>::fmt
[INFO] [stdout]    1:     0x55c0ebe1887a - core[df12db4294e9bfd3]::fmt::write
[INFO] [stdout]    2:     0x55c0ebe048cc - <alloc[2182bb758b4b3781]::vec::Vec<u8> as core[df12db4294e9bfd3]::io::write::Write>::write_fmt
[INFO] [stdout]    3:     0x55c0ebdd9c66 - std[70759c8f55707aa4]::panicking::default_hook::{closure#0}
[INFO] [stdout]    4:     0x55c0ebdf6f39 - std[70759c8f55707aa4]::panicking::default_hook
[INFO] [stdout]    5:     0x55c0eb868ab0 - test[9d35eded1c95d3be]::test_main_inner::<test[9d35eded1c95d3be]::test_main_static::{closure#0}>::{closure#0}
[INFO] [stdout]    6:     0x55c0ebdf7262 - std[70759c8f55707aa4]::panicking::panic_with_hook
[INFO] [stdout]    7:     0x55c0ebdd9d44 - std[70759c8f55707aa4]::panicking::panic_handler::{closure#0}
[INFO] [stdout]    8:     0x55c0ebdd2789 - std[70759c8f55707aa4]::sys::backtrace::__rust_end_short_backtrace::<std[70759c8f55707aa4]::panicking::panic_handler::{closure#0}, !>
[INFO] [stdout]    9:     0x55c0ebddaafd - __rustc[8fa7c3cbc660c2b3]::rust_begin_unwind
[INFO] [stdout]   10:     0x55c0ebe1901c - core[df12db4294e9bfd3]::panicking::panic_fmt
[INFO] [stdout]   11:     0x55c0eb844030 - docs_examples[1b6c51b428df2a10]::repo_root
[INFO] [stdout]   12:     0x55c0eb846be1 - <docs_examples[1b6c51b428df2a10]::every_documented_command_is_accepted::{closure#0} as core[df12db4294e9bfd3]::ops::function::FnOnce<()>>::call_once
[INFO] [stdout]   13:     0x55c0eb85bd9b - test[9d35eded1c95d3be]::__rust_begin_short_backtrace::<core[df12db4294e9bfd3]::result::Result<(), alloc[2182bb758b4b3781]::string::String>, fn() -> core[df12db4294e9bfd3]::result::Result<(), alloc[2182bb758b4b3781]::string::String>>
[INFO] [stdout]   14:     0x55c0eb869405 - test[9d35eded1c95d3be]::run_test::{closure#0}
[INFO] [stdout]   15:     0x55c0eb862cc4 - std[70759c8f55707aa4]::sys::backtrace::__rust_begin_short_backtrace::<test[9d35eded1c95d3be]::run_test::{closure#1}, ()>
[INFO] [stdout]   16:     0x55c0eb86c562 - <std[70759c8f55707aa4]::thread::lifecycle::spawn_unchecked<test[9d35eded1c95d3be]::run_test::{closure#1}, ()>::{closure#1} as core[df12db4294e9bfd3]::ops::function::FnOnce<()>>::call_once::{shim:vtable#0}
[INFO] [stdout]   17:     0x55c0ebdfe989 - <std[70759c8f55707aa4]::sys::thread::unix::Thread>::new::thread_start
[INFO] [stdout]   18:     0x7d31eeb1cdfa - <unknown>
[INFO] [stdout]   19:     0x7d31eebb03d4 - clone
[INFO] [stdout]   20:                0x0 - <unknown>
[INFO] [stdout] 
[INFO] [stdout] ---- every_fuzz_target_is_named_in_the_threat_model stdout ----
[INFO] [stdout] 
[INFO] [stdout] thread 'every_fuzz_target_is_named_in_the_threat_model' (3523) panicked at tests/docs_examples.rs:94:32:
[INFO] [stdout] no repository root above /opt/rustwide/workdir
[INFO] [stdout] stack backtrace:
[INFO] [stdout]    0:     0x55c0ebdff7d1 - <<std[70759c8f55707aa4]::sys::backtrace::BacktraceLock>::print::DisplayBacktrace as core[df12db4294e9bfd3]::fmt::Display>::fmt
[INFO] [stdout]    1:     0x55c0ebe1887a - core[df12db4294e9bfd3]::fmt::write
[INFO] [stdout]    2:     0x55c0ebe048cc - <alloc[2182bb758b4b3781]::vec::Vec<u8> as core[df12db4294e9bfd3]::io::write::Write>::write_fmt
[INFO] [stdout]    3:     0x55c0ebdd9c66 - std[70759c8f55707aa4]::panicking::default_hook::{closure#0}
[INFO] [stdout]    4:     0x55c0ebdf6f39 - std[70759c8f55707aa4]::panicking::default_hook
[INFO] [stdout]    5:     0x55c0eb868ab0 - test[9d35eded1c95d3be]::test_main_inner::<test[9d35eded1c95d3be]::test_main_static::{closure#0}>::{closure#0}
[INFO] [stdout]    6:     0x55c0ebdf7262 - std[70759c8f55707aa4]::panicking::panic_with_hook
[INFO] [stdout]    7:     0x55c0ebdd9d44 - std[70759c8f55707aa4]::panicking::panic_handler::{closure#0}
[INFO] [stdout]    8:     0x55c0ebdd2789 - std[70759c8f55707aa4]::sys::backtrace::__rust_end_short_backtrace::<std[70759c8f55707aa4]::panicking::panic_handler::{closure#0}, !>
[INFO] [stdout]    9:     0x55c0ebddaafd - __rustc[8fa7c3cbc660c2b3]::rust_begin_unwind
[INFO] [stdout]   10:     0x55c0ebe1901c - core[df12db4294e9bfd3]::panicking::panic_fmt
[INFO] [stdout]   11:     0x55c0eb844030 - docs_examples[1b6c51b428df2a10]::repo_root
[INFO] [stdout]   12:     0x55c0eb84d3d1 - <docs_examples[1b6c51b428df2a10]::every_fuzz_target_is_named_in_the_threat_model::{closure#0} as core[df12db4294e9bfd3]::ops::function::FnOnce<()>>::call_once
[INFO] [stdout]   13:     0x55c0eb85bd9b - test[9d35eded1c95d3be]::__rust_begin_short_backtrace::<core[df12db4294e9bfd3]::result::Result<(), alloc[2182bb758b4b3781]::string::String>, fn() -> core[df12db4294e9bfd3]::result::Result<(), alloc[2182bb758b4b3781]::string::String>>
[INFO] [stdout]   14:     0x55c0eb869405 - test[9d35eded1c95d3be]::run_test::{closure#0}
[INFO] [stdout]   15:     0x55c0eb862cc4 - std[70759c8f55707aa4]::sys::backtrace::__rust_begin_short_backtrace::<test[9d35eded1c95d3be]::run_test::{closure#1}, ()>
[INFO] [stdout]   16:     0x55c0eb86c562 - <std[70759c8f55707aa4]::thread::lifecycle::spawn_unchecked<test[9d35eded1c95d3be]::run_test::{closure#1}, ()>::{closure#1} as core[df12db4294e9bfd3]::ops::function::FnOnce<()>>::call_once::{shim:vtable#0}
[INFO] [stdout]   17:     0x55c0ebdfe989 - <std[70759c8f55707aa4]::sys::thread::unix::Thread>::new::thread_start
[INFO] [stdout]   18:     0x7d31eeb1cdfa - <unknown>
[INFO] [stdout]   19:     0x7d31eebb03d4 - clone
[INFO] [stdout]   20:                0x0 - <unknown>
[INFO] [stdout] 
[INFO] [stdout] ---- every_documented_command_is_driven_by_a_binding_suite stdout ----
[INFO] [stdout] 
[INFO] [stdout] thread 'every_documented_command_is_driven_by_a_binding_suite' (3520) panicked at tests/docs_examples.rs:94:32:
[INFO] [stdout] no repository root above /opt/rustwide/workdir
[INFO] [stdout] stack backtrace:
[INFO] [stdout]    0:     0x55c0ebdff7d1 - <<std[70759c8f55707aa4]::sys::backtrace::BacktraceLock>::print::DisplayBacktrace as core[df12db4294e9bfd3]::fmt::Display>::fmt
[INFO] [stdout]    1:     0x55c0ebe1887a - core[df12db4294e9bfd3]::fmt::write
[INFO] [stdout]    2:     0x55c0ebe048cc - <alloc[2182bb758b4b3781]::vec::Vec<u8> as core[df12db4294e9bfd3]::io::write::Write>::write_fmt
[INFO] [stdout]    3:     0x55c0ebdd9c66 - std[70759c8f55707aa4]::panicking::default_hook::{closure#0}
[INFO] [stdout]    4:     0x55c0ebdf6f39 - std[70759c8f55707aa4]::panicking::default_hook
[INFO] [stdout]    5:     0x55c0eb868ab0 - test[9d35eded1c95d3be]::test_main_inner::<test[9d35eded1c95d3be]::test_main_static::{closure#0}>::{closure#0}
[INFO] [stdout]    6:     0x55c0ebdf7262 - std[70759c8f55707aa4]::panicking::panic_with_hook
[INFO] [stdout]    7:     0x55c0ebdd9d44 - std[70759c8f55707aa4]::panicking::panic_handler::{closure#0}
[INFO] [stdout]    8:     0x55c0ebdd2789 - std[70759c8f55707aa4]::sys::backtrace::__rust_end_short_backtrace::<std[70759c8f55707aa4]::panicking::panic_handler::{closure#0}, !>
[INFO] [stdout]    9:     0x55c0ebddaafd - __rustc[8fa7c3cbc660c2b3]::rust_begin_unwind
[INFO] [stdout]   10:     0x55c0ebe1901c - core[df12db4294e9bfd3]::panicking::panic_fmt
[INFO] [stdout]   11:     0x55c0eb844030 - docs_examples[1b6c51b428df2a10]::repo_root
[INFO] [stdout]   12:     0x55c0eb84e4c1 - <docs_examples[1b6c51b428df2a10]::every_documented_command_is_driven_by_a_binding_suite::{closure#0} as core[df12db4294e9bfd3]::ops::function::FnOnce<()>>::call_once
[INFO] [stdout]   13:     0x55c0eb85bd9b - test[9d35eded1c95d3be]::__rust_begin_short_backtrace::<core[df12db4294e9bfd3]::result::Result<(), alloc[2182bb758b4b3781]::string::String>, fn() -> core[df12db4294e9bfd3]::result::Result<(), alloc[2182bb758b4b3781]::string::String>>
[INFO] [stdout]   14:     0x55c0eb869405 - test[9d35eded1c95d3be]::run_test::{closure#0}
[INFO] [stdout]   15:     0x55c0eb862cc4 - std[70759c8f55707aa4]::sys::backtrace::__rust_begin_short_backtrace::<test[9d35eded1c95d3be]::run_test::{closure#1}, ()>
[INFO] [stdout]   16:     0x55c0eb86c562 - <std[70759c8f55707aa4]::thread::lifecycle::spawn_unchecked<test[9d35eded1c95d3be]::run_test::{closure#1}, ()>::{closure#1} as core[df12db4294e9bfd3]::ops::function::FnOnce<()>>::call_once::{shim:vtable#0}
[INFO] [stdout]   17:     0x55c0ebdfe989 - <std[70759c8f55707aa4]::sys::thread::unix::Thread>::new::thread_start
[INFO] [stdout]   18:     0x7d31eeb1cdfa - <unknown>
[INFO] [stdout]   19:     0x7d31eebb03d4 - clone
[INFO] [stdout]   20:                0x0 - <unknown>
[INFO] [stdout] 
[INFO] [stdout] ---- benchmarks_md_lists_the_benchmarks_that_exist stdout ----
[INFO] [stdout] 
[INFO] [stdout] thread 'benchmarks_md_lists_the_benchmarks_that_exist' (3516) panicked at tests/docs_examples.rs:94:32:
[INFO] [stdout] no repository root above /opt/rustwide/workdir
[INFO] [stdout] stack backtrace:
[INFO] [stdout]    0:     0x55c0ebdff7d1 - <<std[70759c8f55707aa4]::sys::backtrace::BacktraceLock>::print::DisplayBacktrace as core[df12db4294e9bfd3]::fmt::Display>::fmt
[INFO] [stdout]    1:     0x55c0ebe1887a - core[df12db4294e9bfd3]::fmt::write
[INFO] [stdout]    2:     0x55c0ebe048cc - <alloc[2182bb758b4b3781]::vec::Vec<u8> as core[df12db4294e9bfd3]::io::write::Write>::write_fmt
[INFO] [stdout]    3:     0x55c0ebdd9c66 - std[70759c8f55707aa4]::panicking::default_hook::{closure#0}
[INFO] [stdout]    4:     0x55c0ebdf6f39 - std[70759c8f55707aa4]::panicking::default_hook
[INFO] [stdout]    5:     0x55c0eb868ab0 - test[9d35eded1c95d3be]::test_main_inner::<test[9d35eded1c95d3be]::test_main_static::{closure#0}>::{closure#0}
[INFO] [stdout]    6:     0x55c0ebdf7262 - std[70759c8f55707aa4]::panicking::panic_with_hook
[INFO] [stdout]    7:     0x55c0ebdd9d44 - std[70759c8f55707aa4]::panicking::panic_handler::{closure#0}
[INFO] [stdout]    8:     0x55c0ebdd2789 - std[70759c8f55707aa4]::sys::backtrace::__rust_end_short_backtrace::<std[70759c8f55707aa4]::panicking::panic_handler::{closure#0}, !>
[INFO] [stdout]    9:     0x55c0ebddaafd - __rustc[8fa7c3cbc660c2b3]::rust_begin_unwind
[INFO] [stdout]   10:     0x55c0ebe1901c - core[df12db4294e9bfd3]::panicking::panic_fmt
[INFO] [stdout]   11:     0x55c0eb844030 - docs_examples[1b6c51b428df2a10]::repo_root
[INFO] [stdout]   12:     0x55c0eb84ce41 - <docs_examples[1b6c51b428df2a10]::benchmarks_md_lists_the_benchmarks_that_exist::{closure#0} as core[df12db4294e9bfd3]::ops::function::FnOnce<()>>::call_once
[INFO] [stdout]   13:     0x55c0eb85bd9b - test[9d35eded1c95d3be]::__rust_begin_short_backtrace::<core[df12db4294e9bfd3]::result::Result<(), alloc[2182bb758b4b3781]::string::String>, fn() -> core[df12db4294e9bfd3]::result::Result<(), alloc[2182bb758b4b3781]::string::String>>
[INFO] [stdout]   14:     0x55c0eb869405 - test[9d35eded1c95d3be]::run_test::{closure#0}
[INFO] [stdout]   15:     0x55c0eb862cc4 - std[70759c8f55707aa4]::sys::backtrace::__rust_begin_short_backtrace::<test[9d35eded1c95d3be]::run_test::{closure#1}, ()>
[INFO] [stdout]   16:     0x55c0eb86c562 - <std[70759c8f55707aa4]::thread::lifecycle::spawn_unchecked<test[9d35eded1c95d3be]::run_test::{closure#1}, ()>::{closure#1} as core[df12db4294e9bfd3]::ops::function::FnOnce<()>>::call_once::{shim:vtable#0}
[INFO] [stdout]   17:     0x55c0ebdfe989 - <std[70759c8f55707aa4]::sys::thread::unix::Thread>::new::thread_start
[INFO] [stdout]   18:     0x7d31eeb1cdfa - <unknown>
[INFO] [stdout]   19:     0x7d31eebb03d4 - clone
[INFO] [stdout]   20:                0x0 - <unknown>
[INFO] [stdout] 
[INFO] [stdout] ---- the_unreachable_indicator_count_adds_up stdout ----
[INFO] [stdout] 
[INFO] [stdout] thread 'the_unreachable_indicator_count_adds_up' (3532) panicked at tests/docs_examples.rs:94:32:
[INFO] [stdout] no repository root above /opt/rustwide/workdir
[INFO] [stdout] stack backtrace:
[INFO] [stdout]    0:     0x55c0ebdff7d1 - <<std[70759c8f55707aa4]::sys::backtrace::BacktraceLock>::print::DisplayBacktrace as core[df12db4294e9bfd3]::fmt::Display>::fmt
[INFO] [stdout]    1:     0x55c0ebe1887a - core[df12db4294e9bfd3]::fmt::write
[INFO] [stdout]    2:     0x55c0ebe048cc - <alloc[2182bb758b4b3781]::vec::Vec<u8> as core[df12db4294e9bfd3]::io::write::Write>::write_fmt
[INFO] [stdout]    3:     0x55c0ebdd9c66 - std[70759c8f55707aa4]::panicking::default_hook::{closure#0}
[INFO] [stdout]    4:     0x55c0ebdf6f39 - std[70759c8f55707aa4]::panicking::default_hook
[INFO] [stdout]    5:     0x55c0eb868ab0 - test[9d35eded1c95d3be]::test_main_inner::<test[9d35eded1c95d3be]::test_main_static::{closure#0}>::{closure#0}
[INFO] [stdout]    6:     0x55c0ebdf7262 - std[70759c8f55707aa4]::panicking::panic_with_hook
[INFO] [stdout]    7:     0x55c0ebdd9d44 - std[70759c8f55707aa4]::panicking::panic_handler::{closure#0}
[INFO] [stdout]    8:     0x55c0ebdd2789 - std[70759c8f55707aa4]::sys::backtrace::__rust_end_short_backtrace::<std[70759c8f55707aa4]::panicking::panic_handler::{closure#0}, !>
[INFO] [stdout]    9:     0x55c0ebddaafd - __rustc[8fa7c3cbc660c2b3]::rust_begin_unwind
[INFO] [stdout]   10:     0x55c0ebe1901c - core[df12db4294e9bfd3]::panicking::panic_fmt
[INFO] [stdout]   11:     0x55c0eb844030 - docs_examples[1b6c51b428df2a10]::repo_root
[INFO] [stdout]   12:     0x55c0eb849dd6 - <docs_examples[1b6c51b428df2a10]::the_unreachable_indicator_count_adds_up::{closure#0} as core[df12db4294e9bfd3]::ops::function::FnOnce<()>>::call_once
[INFO] [stdout]   13:     0x55c0eb85bd9b - test[9d35eded1c95d3be]::__rust_begin_short_backtrace::<core[df12db4294e9bfd3]::result::Result<(), alloc[2182bb758b4b3781]::string::String>, fn() -> core[df12db4294e9bfd3]::result::Result<(), alloc[2182bb758b4b3781]::string::String>>
[INFO] [stdout]   14:     0x55c0eb869405 - test[9d35eded1c95d3be]::run_test::{closure#0}
[INFO] [stdout]   15:     0x55c0eb862cc4 - std[70759c8f55707aa4]::sys::backtrace::__rust_begin_short_backtrace::<test[9d35eded1c95d3be]::run_test::{closure#1}, ()>
[INFO] [stdout]   16:     0x55c0eb86c562 - <std[70759c8f55707aa4]::thread::lifecycle::spawn_unchecked<test[9d35eded1c95d3be]::run_test::{closure#1}, ()>::{closure#1} as core[df12db4294e9bfd3]::ops::function::FnOnce<()>>::call_once::{shim:vtable#0}
[INFO] [stdout]   17:     0x55c0ebdfe989 - <std[70759c8f55707aa4]::sys::thread::unix::Thread>::new::thread_start
[INFO] [stdout]   18:     0x7d31eeb1cdfa - <unknown>
[INFO] [stdout]   19:     0x7d31eebb03d4 - clone
[INFO] [stdout]   20:                0x0 - <unknown>
[INFO] [stdout] 
[INFO] [stdout] ---- the_documented_input_families_are_the_registered_ones stdout ----
[INFO] [stdout] 
[INFO] [stdout] thread 'the_documented_input_families_are_the_registered_ones' (3529) panicked at tests/docs_examples.rs:94:32:
[INFO] [stdout] no repository root above /opt/rustwide/workdir
[INFO] [stdout] stack backtrace:
[INFO] [stdout]    0:     0x55c0ebdff7d1 - <<std[70759c8f55707aa4]::sys::backtrace::BacktraceLock>::print::DisplayBacktrace as core[df12db4294e9bfd3]::fmt::Display>::fmt
[INFO] [stdout]    1:     0x55c0ebe1887a - core[df12db4294e9bfd3]::fmt::write
[INFO] [stdout]    2:     0x55c0ebe048cc - <alloc[2182bb758b4b3781]::vec::Vec<u8> as core[df12db4294e9bfd3]::io::write::Write>::write_fmt
[INFO] [stdout]    3:     0x55c0ebdd9c66 - std[70759c8f55707aa4]::panicking::default_hook::{closure#0}
[INFO] [stdout]    4:     0x55c0ebdf6f39 - std[70759c8f55707aa4]::panicking::default_hook
[INFO] [stdout]    5:     0x55c0eb868ab0 - test[9d35eded1c95d3be]::test_main_inner::<test[9d35eded1c95d3be]::test_main_static::{closure#0}>::{closure#0}
[INFO] [stdout]    6:     0x55c0ebdf7262 - std[70759c8f55707aa4]::panicking::panic_with_hook
[INFO] [stdout]    7:     0x55c0ebdd9d44 - std[70759c8f55707aa4]::panicking::panic_handler::{closure#0}
[INFO] [stdout]    8:     0x55c0ebdd2789 - std[70759c8f55707aa4]::sys::backtrace::__rust_end_short_backtrace::<std[70759c8f55707aa4]::panicking::panic_handler::{closure#0}, !>
[INFO] [stdout]    9:     0x55c0ebddaafd - __rustc[8fa7c3cbc660c2b3]::rust_begin_unwind
[INFO] [stdout]   10:     0x55c0ebe1901c - core[df12db4294e9bfd3]::panicking::panic_fmt
[INFO] [stdout]   11:     0x55c0eb844030 - docs_examples[1b6c51b428df2a10]::repo_root
[INFO] [stdout]   12:     0x55c0eb84f4ce - <docs_examples[1b6c51b428df2a10]::the_documented_input_families_are_the_registered_ones::{closure#0} as core[df12db4294e9bfd3]::ops::function::FnOnce<()>>::call_once
[INFO] [stdout]   13:     0x55c0eb85bd9b - test[9d35eded1c95d3be]::__rust_begin_short_backtrace::<core[df12db4294e9bfd3]::result::Result<(), alloc[2182bb758b4b3781]::string::String>, fn() -> core[df12db4294e9bfd3]::result::Result<(), alloc[2182bb758b4b3781]::string::String>>
[INFO] [stdout]   14:     0x55c0eb869405 - test[9d35eded1c95d3be]::run_test::{closure#0}
[INFO] [stdout]   15:     0x55c0eb862cc4 - std[70759c8f55707aa4]::sys::backtrace::__rust_begin_short_backtrace::<test[9d35eded1c95d3be]::run_test::{closure#1}, ()>
[INFO] [stdout]   16:     0x55c0eb86c562 - <std[70759c8f55707aa4]::thread::lifecycle::spawn_unchecked<test[9d35eded1c95d3be]::run_test::{closure#1}, ()>::{closure#1} as core[df12db4294e9bfd3]::ops::function::FnOnce<()>>::call_once::{shim:vtable#0}
[INFO] [stdout]   17:     0x55c0ebdfe989 - <std[70759c8f55707aa4]::sys::thread::unix::Thread>::new::thread_start
[INFO] [stdout]   18:     0x7d31eeb1cdfa - <unknown>
[INFO] [stdout]   19:     0x7d31eebb03d4 - clone
[INFO] [stdout]   20:                0x0 - <unknown>
[INFO] [stdout] 
[INFO] [stdout] ---- every_binding_readme_documents_every_command stdout ----
[INFO] [stdout] 
[INFO] [stdout] thread 'every_binding_readme_documents_every_command' (3517) panicked at tests/docs_examples.rs:94:32:
[INFO] [stdout] no repository root above /opt/rustwide/workdir
[INFO] [stdout] stack backtrace:
[INFO] [stdout]    0:     0x55c0ebdff7d1 - <<std[70759c8f55707aa4]::sys::backtrace::BacktraceLock>::print::DisplayBacktrace as core[df12db4294e9bfd3]::fmt::Display>::fmt
[INFO] [stdout]    1:     0x55c0ebe1887a - core[df12db4294e9bfd3]::fmt::write
[INFO] [stdout]    2:     0x55c0ebe048cc - <alloc[2182bb758b4b3781]::vec::Vec<u8> as core[df12db4294e9bfd3]::io::write::Write>::write_fmt
[INFO] [stdout]    3:     0x55c0ebdd9c66 - std[70759c8f55707aa4]::panicking::default_hook::{closure#0}
[INFO] [stdout]    4:     0x55c0ebdf6f39 - std[70759c8f55707aa4]::panicking::default_hook
[INFO] [stdout]    5:     0x55c0eb868ab0 - test[9d35eded1c95d3be]::test_main_inner::<test[9d35eded1c95d3be]::test_main_static::{closure#0}>::{closure#0}
[INFO] [stdout]    6:     0x55c0ebdf7262 - std[70759c8f55707aa4]::panicking::panic_with_hook
[INFO] [stdout]    7:     0x55c0ebdd9d44 - std[70759c8f55707aa4]::panicking::panic_handler::{closure#0}
[INFO] [stdout]    8:     0x55c0ebdd2789 - std[70759c8f55707aa4]::sys::backtrace::__rust_end_short_backtrace::<std[70759c8f55707aa4]::panicking::panic_handler::{closure#0}, !>
[INFO] [stdout]    9:     0x55c0ebddaafd - __rustc[8fa7c3cbc660c2b3]::rust_begin_unwind
[INFO] [stdout]   10:     0x55c0ebe1901c - core[df12db4294e9bfd3]::panicking::panic_fmt
[INFO] [stdout]   11:     0x55c0eb844030 - docs_examples[1b6c51b428df2a10]::repo_root
[INFO] [stdout]   12:     0x55c0eb84b056 - <docs_examples[1b6c51b428df2a10]::every_binding_readme_documents_every_command::{closure#0} as core[df12db4294e9bfd3]::ops::function::FnOnce<()>>::call_once
[INFO] [stdout]   13:     0x55c0eb85bd9b - test[9d35eded1c95d3be]::__rust_begin_short_backtrace::<core[df12db4294e9bfd3]::result::Result<(), alloc[2182bb758b4b3781]::string::String>, fn() -> core[df12db4294e9bfd3]::result::Result<(), alloc[2182bb758b4b3781]::string::String>>
[INFO] [stdout]   14:     0x55c0eb869405 - test[9d35eded1c95d3be]::run_test::{closure#0}
[INFO] [stdout]   15:     0x55c0eb862cc4 - std[70759c8f55707aa4]::sys::backtrace::__rust_begin_short_backtrace::<test[9d35eded1c95d3be]::run_test::{closure#1}, ()>
[INFO] [stdout]   16:     0x55c0eb86c562 - <std[70759c8f55707aa4]::thread::lifecycle::spawn_unchecked<test[9d35eded1c95d3be]::run_test::{closure#1}, ()>::{closure#1} as core[df12db4294e9bfd3]::ops::function::FnOnce<()>>::call_once::{shim:vtable#0}
[INFO] [stdout]   17:     0x55c0ebdfe989 - <std[70759c8f55707aa4]::sys::thread::unix::Thread>::new::thread_start
[INFO] [stdout]   18:     0x7d31eeb1cdfa - <unknown>
[INFO] [stdout]   19:     0x7d31eebb03d4 - clone
[INFO] [stdout]   20:                0x0 - <unknown>
[INFO] [stdout] 
[INFO] [stdout] ---- the_readme_and_the_benchmark_page_agree_on_the_numbers stdout ----
[INFO] [stdout] 
[INFO] [stdout] thread 'the_readme_and_the_benchmark_page_agree_on_the_numbers' (3531) panicked at tests/docs_examples.rs:94:32:
[INFO] [stdout] no repository root above /opt/rustwide/workdir
[INFO] [stdout] stack backtrace:
[INFO] [stdout]    0:     0x55c0ebdff7d1 - <<std[70759c8f55707aa4]::sys::backtrace::BacktraceLock>::print::DisplayBacktrace as core[df12db4294e9bfd3]::fmt::Display>::fmt
[INFO] [stdout]    1:     0x55c0ebe1887a - core[df12db4294e9bfd3]::fmt::write
[INFO] [stdout]    2:     0x55c0ebe048cc - <alloc[2182bb758b4b3781]::vec::Vec<u8> as core[df12db4294e9bfd3]::io::write::Write>::write_fmt
[INFO] [stdout]    3:     0x55c0ebdd9c66 - std[70759c8f55707aa4]::panicking::default_hook::{closure#0}
[INFO] [stdout]    4:     0x55c0ebdf6f39 - std[70759c8f55707aa4]::panicking::default_hook
[INFO] [stdout]    5:     0x55c0eb868ab0 - test[9d35eded1c95d3be]::test_main_inner::<test[9d35eded1c95d3be]::test_main_static::{closure#0}>::{closure#0}
[INFO] [stdout]    6:     0x55c0ebdf7262 - std[70759c8f55707aa4]::panicking::panic_with_hook
[INFO] [stdout]    7:     0x55c0ebdd9d44 - std[70759c8f55707aa4]::panicking::panic_handler::{closure#0}
[INFO] [stdout]    8:     0x55c0ebdd2789 - std[70759c8f55707aa4]::sys::backtrace::__rust_end_short_backtrace::<std[70759c8f55707aa4]::panicking::panic_handler::{closure#0}, !>
[INFO] [stdout]    9:     0x55c0ebddaafd - __rustc[8fa7c3cbc660c2b3]::rust_begin_unwind
[INFO] [stdout]   10:     0x55c0ebe1901c - core[df12db4294e9bfd3]::panicking::panic_fmt
[INFO] [stdout]   11:     0x55c0eb844030 - docs_examples[1b6c51b428df2a10]::repo_root
[INFO] [stdout]   12:     0x55c0eb84fd61 - <docs_examples[1b6c51b428df2a10]::the_readme_and_the_benchmark_page_agree_on_the_numbers::{closure#0} as core[df12db4294e9bfd3]::ops::function::FnOnce<()>>::call_once
[INFO] [stdout]   13:     0x55c0eb85bd9b - test[9d35eded1c95d3be]::__rust_begin_short_backtrace::<core[df12db4294e9bfd3]::result::Result<(), alloc[2182bb758b4b3781]::string::String>, fn() -> core[df12db4294e9bfd3]::result::Result<(), alloc[2182bb758b4b3781]::string::String>>
[INFO] [stdout]   14:     0x55c0eb869405 - test[9d35eded1c95d3be]::run_test::{closure#0}
[INFO] [stdout]   15:     0x55c0eb862cc4 - std[70759c8f55707aa4]::sys::backtrace::__rust_begin_short_backtrace::<test[9d35eded1c95d3be]::run_test::{closure#1}, ()>
[INFO] [stdout]   16:     0x55c0eb86c562 - <std[70759c8f55707aa4]::thread::lifecycle::spawn_unchecked<test[9d35eded1c95d3be]::run_test::{closure#1}, ()>::{closure#1} as core[df12db4294e9bfd3]::ops::function::FnOnce<()>>::call_once::{shim:vtable#0}
[INFO] [stdout]   17:     0x55c0ebdfe989 - <std[70759c8f55707aa4]::sys::thread::unix::Thread>::new::thread_start
[INFO] [stdout]   18:     0x7d31eeb1cdfa - <unknown>
[INFO] [stdout]   19:     0x7d31eebb03d4 - clone
[INFO] [stdout]   20:                0x0 - <unknown>
[INFO] [stdout] 
[INFO] [stdout] 
[INFO] [stdout] failures:
[INFO] [stdout]     benchmarks_md_lists_the_benchmarks_that_exist
[INFO] [stdout]     every_binding_readme_documents_every_command
[INFO] [stdout]     every_bound_action_reaches_a_renderer
[INFO] [stdout]     every_documented_command_is_accepted
[INFO] [stdout]     every_documented_command_is_driven_by_a_binding_suite
[INFO] [stdout]     every_documented_json_config_parses
[INFO] [stdout]     every_documented_toml_config_parses
[INFO] [stdout]     every_fuzz_target_is_named_in_the_threat_model
[INFO] [stdout]     every_panel_kind_reaches_the_web_renderer
[INFO] [stdout]     the_citation_abstract_states_the_real_indicator_count
[INFO] [stdout]     the_citation_matches_the_release_state
[INFO] [stdout]     the_documented_bounds_are_the_real_ones
[INFO] [stdout]     the_documented_indicator_count_is_the_real_one
[INFO] [stdout]     the_documented_input_families_are_the_registered_ones
[INFO] [stdout]     the_reach_table_sums_to_the_documented_total
[INFO] [stdout]     the_readme_and_the_benchmark_page_agree_on_the_numbers
[INFO] [stdout]     the_unreachable_indicator_count_adds_up
[INFO] [stdout] 
[INFO] [stdout] test result: FAILED. 0 passed; 17 failed; 0 ignored; 0 measured; 0 filtered out; finished in 0.01s
[INFO] [stdout] 
[INFO] running `Command { std: "docker" "inspect" "88e36ffc7255e2517dda67fdcf9a0959518278e5f954577c3459d725268d99b2", kill_on_drop: false }`
[INFO] running `Command { std: "docker" "rm" "-f" "88e36ffc7255e2517dda67fdcf9a0959518278e5f954577c3459d725268d99b2", kill_on_drop: false }`
[INFO] [stdout] 88e36ffc7255e2517dda67fdcf9a0959518278e5f954577c3459d725268d99b2
