[INFO] fetching crate wickra-synth 0.2.0...
[INFO] testing wickra-synth-0.2.0 against 1.100.0-beta.1+cargoflags=--release for beta-release-1.100-2
[INFO] extracting crate wickra-synth 0.2.0 into /workspace/builds/worker-0-tc2/source
[INFO] started tweaking crates.io crate wickra-synth 0.2.0
[INFO] finished tweaking crates.io crate wickra-synth 0.2.0
[INFO] tweaked toml for crates.io crate wickra-synth 0.2.0 written to /workspace/builds/worker-0-tc2/source/Cargo.toml
[INFO] validating manifest of crates.io crate wickra-synth 0.2.0 on toolchain 1.100.0-beta.1
[INFO] running `Command { std: CARGO_HOME="/workspace/cargo-home" RUSTUP_HOME="/workspace/rustup-home" "/workspace/cargo-home/bin/cargo" "+1.100.0-beta.1" "metadata" "--manifest-path" "Cargo.toml" "--no-deps", kill_on_drop: false }`
[INFO] crate crates.io crate wickra-synth 0.2.0 already has a lockfile, it will not be regenerated
[INFO] running `Command { std: CARGO_HOME="/workspace/cargo-home" RUSTUP_HOME="/workspace/rustup-home" "/workspace/cargo-home/bin/cargo" "+1.100.0-beta.1" "fetch" "--manifest-path" "Cargo.toml", kill_on_drop: false }`
[INFO] running `Command { std: "docker" "create" "-v" "/var/lib/crater-agent-workspace/builds/worker-0-tc2/source:/opt/rustwide/workdir:ro,Z" "-v" "/var/lib/crater-agent-workspace/builds/worker-0-tc2/target:/opt/rustwide/target:rw,Z" "-v" "/var/lib/crater-agent-workspace/cargo-home:/opt/rustwide/cargo-home:ro,Z" "-v" "/var/lib/crater-agent-workspace/rustup-home:/opt/rustwide/rustup-home:ro,Z" "-m" "1610612736" "--network" "none" "ghcr.io/rust-lang/crates-build-env/linux@sha256:77db811e55d90add9212f6832c23229e3de5f1c1f9905e8cb07319ea15df73ac" "sleep" "infinity", kill_on_drop: false }`
[INFO] [stdout] 6276d4237efb728aa82b4ca64dca947a7df7e6ce9bccce8ad80c7d4c3364917e
[INFO] running `Command { std: "docker" "start" "6276d4237efb728aa82b4ca64dca947a7df7e6ce9bccce8ad80c7d4c3364917e", kill_on_drop: false }`
[INFO] running `Command { std: "docker" "inspect" "6276d4237efb728aa82b4ca64dca947a7df7e6ce9bccce8ad80c7d4c3364917e", kill_on_drop: false }`
[INFO] running `Command { std: "docker" "exec" "-e" "SOURCE_DIR=/opt/rustwide/workdir" "-e" "CARGO_HOME=/opt/rustwide/cargo-home" "-e" "RUSTUP_HOME=/opt/rustwide/rustup-home" "-e" "CARGO_TARGET_DIR=/opt/rustwide/target" "-w" "/opt/rustwide/workdir" "--user" "0:0" "6276d4237efb728aa82b4ca64dca947a7df7e6ce9bccce8ad80c7d4c3364917e" "/opt/rustwide/cargo-home/bin/cargo" "+1.100.0-beta.1" "metadata" "--no-deps" "--format-version=1", kill_on_drop: false }`
[INFO] running `Command { std: "docker" "inspect" "6276d4237efb728aa82b4ca64dca947a7df7e6ce9bccce8ad80c7d4c3364917e", kill_on_drop: false }`
[INFO] running `Command { std: "docker" "exec" "-e" "SOURCE_DIR=/opt/rustwide/workdir" "-e" "CARGO_HOME=/opt/rustwide/cargo-home" "-e" "RUSTUP_HOME=/opt/rustwide/rustup-home" "-e" "CARGO_TARGET_DIR=/opt/rustwide/target" "-e" "CARGO_INCREMENTAL=0" "-e" "RUST_BACKTRACE=full" "-e" "RUSTFLAGS=--cap-lints=warn" "-e" "RUSTDOCFLAGS=--cap-lints=warn" "-w" "/opt/rustwide/workdir" "--user" "0:0" "6276d4237efb728aa82b4ca64dca947a7df7e6ce9bccce8ad80c7d4c3364917e" "/opt/rustwide/cargo-home/bin/cargo" "+1.100.0-beta.1" "build" "--frozen" "--message-format=json" "--release", kill_on_drop: false }`
[INFO] [stderr]    Compiling serde_core v1.0.229
[INFO] [stderr]    Compiling winnow v1.0.4
[INFO] [stderr]    Compiling clap_lex v1.1.1
[INFO] [stderr]    Compiling toml_writer v1.1.2+spec-1.1.0
[INFO] [stderr]    Compiling syn v3.0.6
[INFO] [stderr]    Compiling clap_builder v4.6.7
[INFO] [stderr]    Compiling toml_parser v1.1.3+spec-1.1.0
[INFO] [stderr]    Compiling serde_derive v1.0.229
[INFO] [stderr]    Compiling thiserror-impl v2.0.21
[INFO] [stderr]    Compiling clap_derive v4.6.7
[INFO] [stderr]    Compiling toml_datetime v1.1.1+spec-1.1.0
[INFO] [stderr]    Compiling serde_spanned v1.1.1
[INFO] [stderr]    Compiling serde_json v1.0.151
[INFO] [stderr]    Compiling toml v1.1.6+spec-1.1.0
[INFO] [stderr]    Compiling thiserror v2.0.21
[INFO] [stderr]    Compiling clap v4.6.7
[INFO] [stderr]    Compiling serde v1.0.229
[INFO] [stderr]    Compiling wickra-synth-core v0.2.0
[INFO] [stderr]    Compiling wickra-synth v0.2.0 (/opt/rustwide/workdir)
[INFO] [stderr]     Finished `release` profile [optimized] target(s) in 17.15s
[INFO] running `Command { std: "docker" "inspect" "6276d4237efb728aa82b4ca64dca947a7df7e6ce9bccce8ad80c7d4c3364917e", kill_on_drop: false }`
[INFO] running `Command { std: "docker" "exec" "-e" "SOURCE_DIR=/opt/rustwide/workdir" "-e" "CARGO_HOME=/opt/rustwide/cargo-home" "-e" "RUSTUP_HOME=/opt/rustwide/rustup-home" "-e" "CARGO_TARGET_DIR=/opt/rustwide/target" "-e" "CARGO_INCREMENTAL=0" "-e" "RUST_BACKTRACE=full" "-e" "RUSTFLAGS=--cap-lints=warn" "-e" "RUSTDOCFLAGS=--cap-lints=warn" "-w" "/opt/rustwide/workdir" "--user" "0:0" "6276d4237efb728aa82b4ca64dca947a7df7e6ce9bccce8ad80c7d4c3364917e" "/opt/rustwide/cargo-home/bin/cargo" "+1.100.0-beta.1" "test" "--frozen" "--no-run" "--message-format=json" "--release", kill_on_drop: false }`
[INFO] [stderr]    Compiling serde_core v1.0.229
[INFO] [stderr]    Compiling wickra-simd v2.0.0
[INFO] [stderr]    Compiling wickra-core v2.0.0
[INFO] [stderr]    Compiling toml_datetime v1.1.1+spec-1.1.0
[INFO] [stderr]    Compiling serde_spanned v1.1.1
[INFO] [stderr]    Compiling serde v1.0.229
[INFO] [stderr]    Compiling serde_json v1.0.151
[INFO] [stderr]    Compiling csv v1.4.0
[INFO] [stderr]    Compiling toml v1.1.6+spec-1.1.0
[INFO] [stderr]    Compiling wickra-synth-core v0.2.0
[INFO] [stderr]    Compiling wickra-data v2.0.0
[INFO] [stderr]    Compiling wickra-synth v0.2.0 (/opt/rustwide/workdir)
[INFO] [stderr]     Finished `release` profile [optimized] target(s) in 13.35s
[INFO] running `Command { std: "docker" "inspect" "6276d4237efb728aa82b4ca64dca947a7df7e6ce9bccce8ad80c7d4c3364917e", kill_on_drop: false }`
[INFO] running `Command { std: "docker" "exec" "-e" "SOURCE_DIR=/opt/rustwide/workdir" "-e" "CARGO_HOME=/opt/rustwide/cargo-home" "-e" "RUSTUP_HOME=/opt/rustwide/rustup-home" "-e" "CARGO_TARGET_DIR=/opt/rustwide/target" "-e" "CARGO_INCREMENTAL=0" "-e" "RUST_BACKTRACE=full" "-e" "RUSTFLAGS=--cap-lints=warn" "-e" "RUSTDOCFLAGS=--cap-lints=warn" "-w" "/opt/rustwide/workdir" "--user" "0:0" "6276d4237efb728aa82b4ca64dca947a7df7e6ce9bccce8ad80c7d4c3364917e" "/opt/rustwide/cargo-home/bin/cargo" "+1.100.0-beta.1" "test" "--frozen" "--release", kill_on_drop: false }`
[INFO] [stderr]     Finished `release` profile [optimized] target(s) in 0.04s
[INFO] [stderr]      Running unittests src/main.rs (/opt/rustwide/target/release/build/wickra-synth/5af68f11b7289706/out/wickra_synth-5af68f11b7289706)
[INFO] [stdout] 
[INFO] [stdout] running 7 tests
[INFO] [stdout] test run::tests::csv_round_trips_through_wickra_data ... ok
[INFO] [stdout] test run::tests::json_format_matches_generate_byte_for_byte ... ok
[INFO] [stdout] test run::tests::unknown_kind_is_error ... ok
[INFO] [stdout] test run::tests::text_summary_reports_bar_count ... ok
[INFO] [stdout] test run::tests::batch_json_matches_the_command_boundary ... FAILED
[INFO] [stdout] test run::tests::stream_json_matches_the_command_boundary ... FAILED
[INFO] [stdout] test run::tests::stream_is_consistent_with_batch ... ok
[INFO] [stdout] 
[INFO] [stdout] failures:
[INFO] [stdout] 
[INFO] [stdout] ---- run::tests::batch_json_matches_the_command_boundary stdout ----
[INFO] [stdout] 
[INFO] [stdout] thread 'run::tests::batch_json_matches_the_command_boundary' (817) panicked at src/run.rs:320:10:
[INFO] [stdout] called `Result::unwrap()` on an `Err` value: Os { code: 2, kind: NotFound, message: "No such file or directory" }
[INFO] [stdout] stack backtrace:
[INFO] [stdout]    0:     0x631192c8fcc1 - <<std[617be2ca0a6fd877]::sys::backtrace::BacktraceLock>::print::DisplayBacktrace as core[a373ad73a504971]::fmt::Display>::fmt
[INFO] [stdout]    1:     0x631192ca540a - core[a373ad73a504971]::fmt::write
[INFO] [stdout]    2:     0x631192c93efc - <alloc[2e1b2a31b91974c5]::vec::Vec<u8> as core[a373ad73a504971]::io::write::Write>::write_fmt
[INFO] [stdout]    3:     0x631192c6bb86 - std[617be2ca0a6fd877]::panicking::default_hook::{closure#0}
[INFO] [stdout]    4:     0x631192c87ff9 - std[617be2ca0a6fd877]::panicking::default_hook
[INFO] [stdout]    5:     0x631192bd4500 - test[aada8e7e76ba119b]::test_main_inner::{closure#0}
[INFO] [stdout]    6:     0x631192c881b2 - std[617be2ca0a6fd877]::panicking::panic_with_hook
[INFO] [stdout]    7:     0x631192c6bc32 - std[617be2ca0a6fd877]::panicking::panic_handler::{closure#0}
[INFO] [stdout]    8:     0x631192c647b9 - std[617be2ca0a6fd877]::sys::backtrace::__rust_end_short_backtrace::<std[617be2ca0a6fd877]::panicking::panic_handler::{closure#0}, !>
[INFO] [stdout]    9:     0x631192c6c83d - __rustc[ea4f61d10b84890b]::rust_begin_unwind
[INFO] [stdout]   10:     0x631192ca5b7c - core[a373ad73a504971]::panicking::panic_fmt
[INFO] [stdout]   11:     0x631192ca5952 - core[a373ad73a504971]::result::unwrap_failed
[INFO] [stdout]   12:     0x631192bb6016 - <wickra_synth[e6f0176c19df64ad]::run::tests::batch_json_matches_the_command_boundary::{closure#0} as core[a373ad73a504971]::ops::function::FnOnce<()>>::call_once
[INFO] [stdout]   13:     0x631192bc794b - test[aada8e7e76ba119b]::__rust_begin_short_backtrace::<core[a373ad73a504971]::result::Result<(), alloc[2e1b2a31b91974c5]::string::String>, fn() -> core[a373ad73a504971]::result::Result<(), alloc[2e1b2a31b91974c5]::string::String>>
[INFO] [stdout]   14:     0x631192bd4b25 - test[aada8e7e76ba119b]::run_test::{closure#0}
[INFO] [stdout]   15:     0x631192bce414 - std[617be2ca0a6fd877]::sys::backtrace::__rust_begin_short_backtrace::<test[aada8e7e76ba119b]::run_test::{closure#1}, ()>
[INFO] [stdout]   16:     0x631192bd7bb2 - <std[617be2ca0a6fd877]::thread::lifecycle::spawn_unchecked<test[aada8e7e76ba119b]::run_test::{closure#1}, ()>::{closure#1} as core[a373ad73a504971]::ops::function::FnOnce<()>>::call_once::{shim:vtable#0}
[INFO] [stdout]   17:     0x631192c8f1bf - <std[617be2ca0a6fd877]::sys::thread::unix::Thread>::new::thread_start
[INFO] [stdout]   18:     0x7eff6e3fadfa - <unknown>
[INFO] [stdout]   19:     0x7eff6e48e3d4 - clone
[INFO] [stdout]   20:                0x0 - <unknown>
[INFO] [stdout] 
[INFO] [stdout] ---- run::tests::stream_json_matches_the_command_boundary stdout ----
[INFO] [stdout] 
[INFO] [stdout] thread 'run::tests::stream_json_matches_the_command_boundary' (821) panicked at src/run.rs:299:10:
[INFO] [stdout] called `Result::unwrap()` on an `Err` value: Os { code: 2, kind: NotFound, message: "No such file or directory" }
[INFO] [stdout] stack backtrace:
[INFO] [stdout]    0:     0x631192c8fcc1 - <<std[617be2ca0a6fd877]::sys::backtrace::BacktraceLock>::print::DisplayBacktrace as core[a373ad73a504971]::fmt::Display>::fmt
[INFO] [stdout]    1:     0x631192ca540a - core[a373ad73a504971]::fmt::write
[INFO] [stdout]    2:     0x631192c93efc - <alloc[2e1b2a31b91974c5]::vec::Vec<u8> as core[a373ad73a504971]::io::write::Write>::write_fmt
[INFO] [stdout]    3:     0x631192c6bb86 - std[617be2ca0a6fd877]::panicking::default_hook::{closure#0}
[INFO] [stderr] error: test failed, to rerun pass `--bin wickra-synth`
[INFO] [stdout]    4:     0x631192c87ff9 - std[617be2ca0a6fd877]::panicking::default_hook
[INFO] [stdout]    5:     0x631192bd4500 - test[aada8e7e76ba119b]::test_main_inner::{closure#0}
[INFO] [stdout]    6:     0x631192c881b2 - std[617be2ca0a6fd877]::panicking::panic_with_hook
[INFO] [stdout]    7:     0x631192c6bc32 - std[617be2ca0a6fd877]::panicking::panic_handler::{closure#0}
[INFO] [stdout]    8:     0x631192c647b9 - std[617be2ca0a6fd877]::sys::backtrace::__rust_end_short_backtrace::<std[617be2ca0a6fd877]::panicking::panic_handler::{closure#0}, !>
[INFO] [stdout]    9:     0x631192c6c83d - __rustc[ea4f61d10b84890b]::rust_begin_unwind
[INFO] [stdout]   10:     0x631192ca5b7c - core[a373ad73a504971]::panicking::panic_fmt
[INFO] [stdout]   11:     0x631192ca5952 - core[a373ad73a504971]::result::unwrap_failed
[INFO] [stdout]   12:     0x631192bb6749 - <wickra_synth[e6f0176c19df64ad]::run::tests::stream_json_matches_the_command_boundary::{closure#0} as core[a373ad73a504971]::ops::function::FnOnce<()>>::call_once
[INFO] [stdout]   13:     0x631192bc794b - test[aada8e7e76ba119b]::__rust_begin_short_backtrace::<core[a373ad73a504971]::result::Result<(), alloc[2e1b2a31b91974c5]::string::String>, fn() -> core[a373ad73a504971]::result::Result<(), alloc[2e1b2a31b91974c5]::string::String>>
[INFO] [stdout]   14:     0x631192bd4b25 - test[aada8e7e76ba119b]::run_test::{closure#0}
[INFO] [stdout]   15:     0x631192bce414 - std[617be2ca0a6fd877]::sys::backtrace::__rust_begin_short_backtrace::<test[aada8e7e76ba119b]::run_test::{closure#1}, ()>
[INFO] [stdout]   16:     0x631192bd7bb2 - <std[617be2ca0a6fd877]::thread::lifecycle::spawn_unchecked<test[aada8e7e76ba119b]::run_test::{closure#1}, ()>::{closure#1} as core[a373ad73a504971]::ops::function::FnOnce<()>>::call_once::{shim:vtable#0}
[INFO] [stdout]   17:     0x631192c8f1bf - <std[617be2ca0a6fd877]::sys::thread::unix::Thread>::new::thread_start
[INFO] [stdout]   18:     0x7eff6e3fadfa - <unknown>
[INFO] [stdout]   19:     0x7eff6e48e3d4 - clone
[INFO] [stdout]   20:                0x0 - <unknown>
[INFO] [stdout] 
[INFO] [stdout] 
[INFO] [stdout] failures:
[INFO] [stdout]     run::tests::batch_json_matches_the_command_boundary
[INFO] [stdout]     run::tests::stream_json_matches_the_command_boundary
[INFO] [stdout] 
[INFO] [stdout] test result: FAILED. 5 passed; 2 failed; 0 ignored; 0 measured; 0 filtered out; finished in 0.00s
[INFO] [stdout] 
[INFO] running `Command { std: "docker" "inspect" "6276d4237efb728aa82b4ca64dca947a7df7e6ce9bccce8ad80c7d4c3364917e", kill_on_drop: false }`
[INFO] running `Command { std: "docker" "rm" "-f" "6276d4237efb728aa82b4ca64dca947a7df7e6ce9bccce8ad80c7d4c3364917e", kill_on_drop: false }`
[INFO] [stdout] 6276d4237efb728aa82b4ca64dca947a7df7e6ce9bccce8ad80c7d4c3364917e
