[INFO] fetching crate wickra-synth-core 0.2.0...
[INFO] testing wickra-synth-core-0.2.0 against 1.99.0-beta.8+cargoflags=--release for beta-release-1.100-2
[INFO] extracting crate wickra-synth-core 0.2.0 into /workspace/builds/worker-1-tc1/source
[INFO] started tweaking crates.io crate wickra-synth-core 0.2.0
[INFO] removed 0 missing tests
[INFO] finished tweaking crates.io crate wickra-synth-core 0.2.0
[INFO] tweaked toml for crates.io crate wickra-synth-core 0.2.0 written to /workspace/builds/worker-1-tc1/source/Cargo.toml
[INFO] validating manifest of crates.io crate wickra-synth-core 0.2.0 on toolchain 1.99.0-beta.8
[INFO] running `Command { std: CARGO_HOME="/workspace/cargo-home" RUSTUP_HOME="/workspace/rustup-home" "/workspace/cargo-home/bin/cargo" "+1.99.0-beta.8" "metadata" "--manifest-path" "Cargo.toml" "--no-deps", kill_on_drop: false }`
[INFO] crate crates.io crate wickra-synth-core 0.2.0 already has a lockfile, it will not be regenerated
[INFO] running `Command { std: CARGO_HOME="/workspace/cargo-home" RUSTUP_HOME="/workspace/rustup-home" "/workspace/cargo-home/bin/cargo" "+1.99.0-beta.8" "fetch" "--manifest-path" "Cargo.toml", kill_on_drop: false }`
[INFO] [stderr]     Blocking waiting for file lock on package cache
[INFO] [stderr]     Blocking waiting for file lock on package cache
[INFO] running `Command { std: "docker" "create" "-v" "/var/lib/crater-agent-workspace/builds/worker-1-tc1/source:/opt/rustwide/workdir:ro,Z" "-v" "/var/lib/crater-agent-workspace/builds/worker-1-tc1/target:/opt/rustwide/target:rw,Z" "-v" "/var/lib/crater-agent-workspace/cargo-home:/opt/rustwide/cargo-home:ro,Z" "-v" "/var/lib/crater-agent-workspace/rustup-home:/opt/rustwide/rustup-home:ro,Z" "-m" "1610612736" "--network" "none" "ghcr.io/rust-lang/crates-build-env/linux@sha256:77db811e55d90add9212f6832c23229e3de5f1c1f9905e8cb07319ea15df73ac" "sleep" "infinity", kill_on_drop: false }`
[INFO] [stdout] f7c6b213f7decf4ccc6823388fb95b2599502b120de4071648795ee26741c07f
[INFO] running `Command { std: "docker" "start" "f7c6b213f7decf4ccc6823388fb95b2599502b120de4071648795ee26741c07f", kill_on_drop: false }`
[INFO] running `Command { std: "docker" "inspect" "f7c6b213f7decf4ccc6823388fb95b2599502b120de4071648795ee26741c07f", kill_on_drop: false }`
[INFO] running `Command { std: "docker" "exec" "-e" "SOURCE_DIR=/opt/rustwide/workdir" "-e" "CARGO_HOME=/opt/rustwide/cargo-home" "-e" "RUSTUP_HOME=/opt/rustwide/rustup-home" "-e" "CARGO_TARGET_DIR=/opt/rustwide/target" "-w" "/opt/rustwide/workdir" "--user" "0:0" "f7c6b213f7decf4ccc6823388fb95b2599502b120de4071648795ee26741c07f" "/opt/rustwide/cargo-home/bin/cargo" "+1.99.0-beta.8" "metadata" "--no-deps" "--format-version=1", kill_on_drop: false }`
[INFO] running `Command { std: "docker" "inspect" "f7c6b213f7decf4ccc6823388fb95b2599502b120de4071648795ee26741c07f", kill_on_drop: false }`
[INFO] running `Command { std: "docker" "exec" "-e" "SOURCE_DIR=/opt/rustwide/workdir" "-e" "CARGO_HOME=/opt/rustwide/cargo-home" "-e" "RUSTUP_HOME=/opt/rustwide/rustup-home" "-e" "CARGO_TARGET_DIR=/opt/rustwide/target" "-e" "CARGO_INCREMENTAL=0" "-e" "RUST_BACKTRACE=full" "-e" "RUSTFLAGS=--cap-lints=warn" "-e" "RUSTDOCFLAGS=--cap-lints=warn" "-w" "/opt/rustwide/workdir" "--user" "0:0" "f7c6b213f7decf4ccc6823388fb95b2599502b120de4071648795ee26741c07f" "/opt/rustwide/cargo-home/bin/cargo" "+1.99.0-beta.8" "build" "--frozen" "--message-format=json" "--release", kill_on_drop: false }`
[INFO] [stderr]    Compiling syn v3.0.6
[INFO] [stderr]    Compiling thiserror v2.0.21
[INFO] [stderr]    Compiling toml v1.1.6+spec-1.1.0
[INFO] [stderr]    Compiling thiserror-impl v2.0.21
[INFO] [stderr]    Compiling serde_derive v1.0.229
[INFO] [stderr]    Compiling serde v1.0.229
[INFO] [stderr]    Compiling wickra-synth-core v0.2.0 (/opt/rustwide/workdir)
[INFO] [stderr]     Finished `release` profile [optimized] target(s) in 9.14s
[INFO] running `Command { std: "docker" "inspect" "f7c6b213f7decf4ccc6823388fb95b2599502b120de4071648795ee26741c07f", kill_on_drop: false }`
[INFO] running `Command { std: "docker" "exec" "-e" "SOURCE_DIR=/opt/rustwide/workdir" "-e" "CARGO_HOME=/opt/rustwide/cargo-home" "-e" "RUSTUP_HOME=/opt/rustwide/rustup-home" "-e" "CARGO_TARGET_DIR=/opt/rustwide/target" "-e" "CARGO_INCREMENTAL=0" "-e" "RUST_BACKTRACE=full" "-e" "RUSTFLAGS=--cap-lints=warn" "-e" "RUSTDOCFLAGS=--cap-lints=warn" "-w" "/opt/rustwide/workdir" "--user" "0:0" "f7c6b213f7decf4ccc6823388fb95b2599502b120de4071648795ee26741c07f" "/opt/rustwide/cargo-home/bin/cargo" "+1.99.0-beta.8" "test" "--frozen" "--no-run" "--message-format=json" "--release", kill_on_drop: false }`
[INFO] [stderr]    Compiling rustix v1.1.5
[INFO] [stderr]    Compiling zerocopy v0.8.57
[INFO] [stderr]    Compiling getrandom v0.3.4
[INFO] [stderr]    Compiling getrandom v0.4.3
[INFO] [stderr]    Compiling rand_core v0.9.5
[INFO] [stderr]    Compiling rand_xorshift v0.4.0
[INFO] [stderr]    Compiling rand v0.9.5
[INFO] [stderr]    Compiling tempfile v3.27.0
[INFO] [stderr]    Compiling rusty-fork v0.3.1
[INFO] [stderr]    Compiling ppv-lite86 v0.2.21
[INFO] [stderr]    Compiling rand_chacha v0.9.0
[INFO] [stderr]    Compiling proptest v1.11.0
[INFO] [stderr]    Compiling wickra-synth-core v0.2.0 (/opt/rustwide/workdir)
[INFO] [stderr]     Finished `release` profile [optimized] target(s) in 21.26s
[INFO] running `Command { std: "docker" "inspect" "f7c6b213f7decf4ccc6823388fb95b2599502b120de4071648795ee26741c07f", kill_on_drop: false }`
[INFO] running `Command { std: "docker" "exec" "-e" "SOURCE_DIR=/opt/rustwide/workdir" "-e" "CARGO_HOME=/opt/rustwide/cargo-home" "-e" "RUSTUP_HOME=/opt/rustwide/rustup-home" "-e" "CARGO_TARGET_DIR=/opt/rustwide/target" "-e" "CARGO_INCREMENTAL=0" "-e" "RUST_BACKTRACE=full" "-e" "RUSTFLAGS=--cap-lints=warn" "-e" "RUSTDOCFLAGS=--cap-lints=warn" "-w" "/opt/rustwide/workdir" "--user" "0:0" "f7c6b213f7decf4ccc6823388fb95b2599502b120de4071648795ee26741c07f" "/opt/rustwide/cargo-home/bin/cargo" "+1.99.0-beta.8" "test" "--frozen" "--release", kill_on_drop: false }`
[INFO] [stderr]     Finished `release` profile [optimized] target(s) in 0.07s
[INFO] [stderr]      Running unittests src/lib.rs (/opt/rustwide/target/release/deps/wickra_synth_core-4c13d9426c6a4d97)
[INFO] [stdout] 
[INFO] [stdout] running 48 tests
[INFO] [stdout] test config::tests::invalid_spec_rejected ... ok
[INFO] [stdout] test generate::tests::no_funding_when_unset ... ok
[INFO] [stdout] test generate::tests::different_seed_differs ... ok
[INFO] [stdout] test microstructure::tests::book_is_ordered_and_full_depth ... ok
[INFO] [stdout] test config::tests::from_json_parses_and_validates ... ok
[INFO] [stdout] test generate::tests::deterministic_for_same_seed ... ok
[INFO] [stdout] test generate::tests::batch_output_shapes ... ok
[INFO] [stdout] test microstructure::tests::funding_reacts_to_drift ... ok
[INFO] [stdout] test microstructure::tests::spread_widens_with_realized_vol ... ok
[INFO] [stdout] test microstructure::tests::zero_trade_rate_yields_no_trades ... ok
[INFO] [stdout] test output::tests::side_serializes_snake_case ... ok
[INFO] [stdout] test output::tests::candle_json_shape ... ok
[INFO] [stdout] test config::tests::from_toml_parses_and_validates ... ok
[INFO] [stdout] test rng::tests::mix_is_pure_function_of_inputs ... ok
[INFO] [stdout] test output::tests::round_to_is_stable ... ok
[INFO] [stdout] test generate::tests::output_is_all_finite ... ok
[INFO] [stdout] test microstructure::tests::trades_have_monotonic_global_seq_and_side_rule ... ok
[INFO] [stdout] test rng::tests::splitmix64_reference ... ok
[INFO] [stdout] test generate::tests::stream_matches_batch ... ok
[INFO] [stdout] test spec::tests::defaults_apply_when_missing ... ok
[INFO] [stdout] test spec::tests::json_roundtrip ... ok
[INFO] [stdout] test spec::tests::regime_sum_must_equal_bars ... ok
[INFO] [stdout] test spec::tests::start_price_must_be_positive ... ok
[INFO] [stdout] test spec::tests::regimes_must_not_be_empty ... ok
[INFO] [stdout] test synth::tests::bad_spec_is_error_json ... ok
[INFO] [stdout] test synth::tests::generate_stream_command ... ok
[INFO] [stdout] test synth::tests::generate_without_spec_is_error_json ... ok
[INFO] [stdout] test spec::tests::valid_spec_passes ... ok
[INFO] [stdout] test spec::tests::zero_book_depth_rejected ... ok
[INFO] [stdout] test rng::tests::detrng_is_deterministic ... ok
[INFO] [stdout] test synth::tests::unknown_command_is_error_json ... ok
[INFO] [stdout] test synth::tests::version_command ... ok
[INFO] [stdout] test walk::tests::crash_invariants ... ok
[INFO] [stdout] test synth::tests::malformed_json_is_error_json ... ok
[INFO] [stdout] test walk::tests::extreme_drift_yields_numeric_error ... ok
[INFO] [stdout] test walk::tests::range_invariants ... ok
[INFO] [stdout] test walk::tests::trend_invariants ... ok
[INFO] [stdout] test synth::tests::inline_spec_generate ... ok
[INFO] [stdout] test walk::tests::vol_invariants ... ok
[INFO] [stdout] test output::tests::event_is_internally_tagged ... ok
[INFO] [stdout] test rng::tests::next_poisson_zero_lambda_is_zero ... ok
[INFO] [stdout] test synth::tests::stream_candle_keeps_struct_field_order ... ok
[INFO] [stdout] test walk::tests::timestamps_advance_by_bar_secs ... ok
[INFO] [stdout] test synth::tests::set_then_generate ... ok
[INFO] [stdout] test rng::tests::next_normal_is_finite ... ok
[INFO] [stdout] test rng::tests::detrng_seed_42_reference ... ok
[INFO] [stdout] test rng::tests::next_f64_in_unit_interval ... ok
[INFO] [stdout] test rng::tests::next_poisson_mean_is_close ... ok
[INFO] [stdout] 
[INFO] [stdout] test result: ok. 48 passed; 0 failed; 0 ignored; 0 measured; 0 filtered out; finished in 0.09s
[INFO] [stdout] 
[INFO] [stdout] 
[INFO] [stderr]      Running tests/conformance.rs (/opt/rustwide/target/release/deps/conformance-8c51da95212cb821)
[INFO] [stdout] running 8 tests
[INFO] [stdout] test unknown_field_is_rejected ... ok
[INFO] [stdout] test unknown_regime_kind_is_rejected ... ok
[INFO] [stdout] test missing_required_field_is_rejected ... ok
[INFO] [stdout] test every_regime_kind_roundtrips ... ok
[INFO] [stdout] test output_types_roundtrip ... ok
[INFO] [stdout] test spec_roundtrips ... ok
[INFO] [stdout] test event_variants_roundtrip ... ok
[INFO] [stdout] test microstructure_with_and_without_funding_roundtrips ... ok
[INFO] [stdout] 
[INFO] [stdout] test result: ok. 8 passed; 0 failed; 0 ignored; 0 measured; 0 filtered out; finished in 0.01s
[INFO] [stdout] 
[INFO] [stderr]      Running tests/golden.rs (/opt/rustwide/target/release/deps/golden-dcffe15ba7844f01)
[INFO] [stdout] 
[INFO] [stdout] running 1 test
[INFO] [stdout] test every_spec_matches_its_expected_output ... FAILED
[INFO] [stdout] 
[INFO] [stdout] failures:
[INFO] [stdout] 
[INFO] [stdout] ---- every_spec_matches_its_expected_output stdout ----
[INFO] [stdout] 
[INFO] [stdout] thread 'every_spec_matches_its_expected_output' (860) panicked at tests/golden.rs:20:10:
[INFO] [stdout] called `Result::unwrap()` on an `Err` value: Os { code: 2, kind: NotFound, message: "No such file or directory" }
[INFO] [stdout] stack backtrace:
[INFO] [stdout]    0:     0x5ad36a079141 - <<std[70759c8f55707aa4]::sys::backtrace::BacktraceLock>::print::DisplayBacktrace as core[df12db4294e9bfd3]::fmt::Display>::fmt
[INFO] [stdout]    1:     0x5ad36a08dd7a - core[df12db4294e9bfd3]::fmt::write
[INFO] [stdout]    2:     0x5ad36a07d8cc - <alloc[2182bb758b4b3781]::vec::Vec<u8> as core[df12db4294e9bfd3]::io::write::Write>::write_fmt
[INFO] [stdout]    3:     0x5ad36a054a06 - std[70759c8f55707aa4]::panicking::default_hook::{closure#0}
[INFO] [stdout]    4:     0x5ad36a071329 - std[70759c8f55707aa4]::panicking::default_hook
[INFO] [stdout]    5:     0x5ad369ffee30 - test[9d35eded1c95d3be]::test_main_inner::<test[9d35eded1c95d3be]::test_main_static::{closure#0}>::{closure#0}
[INFO] [stdout]    6:     0x5ad36a0714e2 - std[70759c8f55707aa4]::panicking::panic_with_hook
[INFO] [stdout]    7:     0x5ad36a054ab2 - std[70759c8f55707aa4]::panicking::panic_handler::{closure#0}
[INFO] [stdout]    8:     0x5ad36a04d609 - std[70759c8f55707aa4]::sys::backtrace::__rust_end_short_backtrace::<std[70759c8f55707aa4]::panicking::panic_handler::{closure#0}, !>
[INFO] [stdout]    9:     0x5ad36a0556ad - __rustc[8fa7c3cbc660c2b3]::rust_begin_unwind
[INFO] [stdout]   10:     0x5ad36a08e4ac - core[df12db4294e9bfd3]::panicking::panic_fmt
[INFO] [stdout]   11:     0x5ad36a08e282 - core[df12db4294e9bfd3]::result::unwrap_failed
[INFO] [stdout]   12:     0x5ad369feebb9 - <golden[90cf2103393ff2b7]::every_spec_matches_its_expected_output::{closure#0} as core[df12db4294e9bfd3]::ops::function::FnOnce<()>>::call_once
[INFO] [stdout]   13:     0x5ad369ff211b - test[9d35eded1c95d3be]::__rust_begin_short_backtrace::<core[df12db4294e9bfd3]::result::Result<(), alloc[2182bb758b4b3781]::string::String>, fn() -> core[df12db4294e9bfd3]::result::Result<(), alloc[2182bb758b4b3781]::string::String>>
[INFO] [stdout]   14:     0x5ad369fff785 - test[9d35eded1c95d3be]::run_test::{closure#0}
[INFO] [stdout]   15:     0x5ad369ff9044 - std[70759c8f55707aa4]::sys::backtrace::__rust_begin_short_backtrace::<test[9d35eded1c95d3be]::run_test::{closure#1}, ()>
[INFO] [stdout]   16:     0x5ad36a0028e2 - <std[70759c8f55707aa4]::thread::lifecycle::spawn_unchecked<test[9d35eded1c95d3be]::run_test::{closure#1}, ()>::{closure#1} as core[df12db4294e9bfd3]::ops::function::FnOnce<()>>::call_once::{shim:vtable#0}
[INFO] [stdout]   17:     0x5ad36a0786a9 - <std[70759c8f55707aa4]::sys::thread::unix::Thread>::new::thread_start
[INFO] [stdout]   18:     0x788cc48e1dfa - <unknown>
[INFO] [stdout]   19:     0x788cc49753d4 - clone
[INFO] [stdout]   20:                0x0 - <unknown>
[INFO] [stdout] 
[INFO] [stdout] 
[INFO] [stdout] failures:
[INFO] [stdout]     every_spec_matches_its_expected_output
[INFO] [stdout] 
[INFO] [stdout] test result: FAILED. 0 passed; 1 failed; 0 ignored; 0 measured; 0 filtered out; finished in 0.00s
[INFO] [stdout] 
[INFO] [stderr] error: test failed, to rerun pass `--test golden`
[INFO] running `Command { std: "docker" "inspect" "f7c6b213f7decf4ccc6823388fb95b2599502b120de4071648795ee26741c07f", kill_on_drop: false }`
[INFO] running `Command { std: "docker" "rm" "-f" "f7c6b213f7decf4ccc6823388fb95b2599502b120de4071648795ee26741c07f", kill_on_drop: false }`
[INFO] [stdout] f7c6b213f7decf4ccc6823388fb95b2599502b120de4071648795ee26741c07f
