[INFO] fetching crate wickra-strategy-ci-core 0.2.0...
[INFO] testing wickra-strategy-ci-core-0.2.0 against 1.100.0-beta.1+cargoflags=--release for beta-release-1.100-2
[INFO] extracting crate wickra-strategy-ci-core 0.2.0 into /workspace/builds/worker-2-tc2/source
[INFO] started tweaking crates.io crate wickra-strategy-ci-core 0.2.0
[INFO] removed 0 missing tests
[INFO] finished tweaking crates.io crate wickra-strategy-ci-core 0.2.0
[INFO] tweaked toml for crates.io crate wickra-strategy-ci-core 0.2.0 written to /workspace/builds/worker-2-tc2/source/Cargo.toml
[INFO] validating manifest of crates.io crate wickra-strategy-ci-core 0.2.0 on toolchain 1.100.0-beta.1
[INFO] running `Command { std: CARGO_HOME="/workspace/cargo-home" RUSTUP_HOME="/workspace/rustup-home" "/workspace/cargo-home/bin/cargo" "+1.100.0-beta.1" "metadata" "--manifest-path" "Cargo.toml" "--no-deps", kill_on_drop: false }`
[INFO] crate crates.io crate wickra-strategy-ci-core 0.2.0 already has a lockfile, it will not be regenerated
[INFO] running `Command { std: CARGO_HOME="/workspace/cargo-home" RUSTUP_HOME="/workspace/rustup-home" "/workspace/cargo-home/bin/cargo" "+1.100.0-beta.1" "fetch" "--manifest-path" "Cargo.toml", kill_on_drop: false }`
[INFO] running `Command { std: "docker" "create" "-v" "/var/lib/crater-agent-workspace/builds/worker-2-tc2/source:/opt/rustwide/workdir:ro,Z" "-v" "/var/lib/crater-agent-workspace/builds/worker-2-tc2/target:/opt/rustwide/target:rw,Z" "-v" "/var/lib/crater-agent-workspace/cargo-home:/opt/rustwide/cargo-home:ro,Z" "-v" "/var/lib/crater-agent-workspace/rustup-home:/opt/rustwide/rustup-home:ro,Z" "-m" "1610612736" "--network" "none" "ghcr.io/rust-lang/crates-build-env/linux@sha256:77db811e55d90add9212f6832c23229e3de5f1c1f9905e8cb07319ea15df73ac" "sleep" "infinity", kill_on_drop: false }`
[INFO] [stdout] 57e38321ed98154f4fbe3a6ee00054363d84b0cb60e007eeef9da6c68521fcee
[INFO] running `Command { std: "docker" "start" "57e38321ed98154f4fbe3a6ee00054363d84b0cb60e007eeef9da6c68521fcee", kill_on_drop: false }`
[INFO] running `Command { std: "docker" "inspect" "57e38321ed98154f4fbe3a6ee00054363d84b0cb60e007eeef9da6c68521fcee", kill_on_drop: false }`
[INFO] running `Command { std: "docker" "exec" "-e" "SOURCE_DIR=/opt/rustwide/workdir" "-e" "CARGO_HOME=/opt/rustwide/cargo-home" "-e" "RUSTUP_HOME=/opt/rustwide/rustup-home" "-e" "CARGO_TARGET_DIR=/opt/rustwide/target" "-w" "/opt/rustwide/workdir" "--user" "0:0" "57e38321ed98154f4fbe3a6ee00054363d84b0cb60e007eeef9da6c68521fcee" "/opt/rustwide/cargo-home/bin/cargo" "+1.100.0-beta.1" "metadata" "--no-deps" "--format-version=1", kill_on_drop: false }`
[INFO] running `Command { std: "docker" "inspect" "57e38321ed98154f4fbe3a6ee00054363d84b0cb60e007eeef9da6c68521fcee", kill_on_drop: false }`
[INFO] running `Command { std: "docker" "exec" "-e" "SOURCE_DIR=/opt/rustwide/workdir" "-e" "CARGO_HOME=/opt/rustwide/cargo-home" "-e" "RUSTUP_HOME=/opt/rustwide/rustup-home" "-e" "CARGO_TARGET_DIR=/opt/rustwide/target" "-e" "CARGO_INCREMENTAL=0" "-e" "RUST_BACKTRACE=full" "-e" "RUSTFLAGS=--cap-lints=warn" "-e" "RUSTDOCFLAGS=--cap-lints=warn" "-w" "/opt/rustwide/workdir" "--user" "0:0" "57e38321ed98154f4fbe3a6ee00054363d84b0cb60e007eeef9da6c68521fcee" "/opt/rustwide/cargo-home/bin/cargo" "+1.100.0-beta.1" "build" "--frozen" "--message-format=json" "--release", kill_on_drop: false }`
[INFO] [stderr]    Compiling crossbeam-utils v0.8.23
[INFO] [stderr]    Compiling crossbeam-epoch v0.9.21
[INFO] [stderr]    Compiling crossbeam-deque v0.8.8
[INFO] [stderr]    Compiling thiserror v2.0.21
[INFO] [stderr]    Compiling serde_json v1.0.151
[INFO] [stderr]    Compiling wickra-simd v2.0.0
[INFO] [stderr]    Compiling ref-cast v1.0.27
[INFO] [stderr]    Compiling either v1.18.0
[INFO] [stderr]    Compiling dyn-clone v1.0.20
[INFO] [stderr]    Compiling syn v3.0.6
[INFO] [stderr]    Compiling rand v0.10.3
[INFO] [stderr]    Compiling rand_pcg v0.10.2
[INFO] [stderr]    Compiling rayon-core v1.13.0
[INFO] [stderr]    Compiling rayon v1.12.0
[INFO] [stderr]    Compiling serde_derive_internals v0.30.0
[INFO] [stderr]    Compiling serde_derive v1.0.229
[INFO] [stderr]    Compiling ref-cast-impl v1.0.27
[INFO] [stderr]    Compiling thiserror-impl v2.0.21
[INFO] [stderr]    Compiling schemars_derive v1.2.2
[INFO] [stderr]    Compiling wickra-core v2.0.0
[INFO] [stderr]    Compiling serde v1.0.229
[INFO] [stderr]    Compiling schemars v1.2.2
[INFO] [stderr]    Compiling wickra-backtest-core v0.2.0
[INFO] [stderr]    Compiling wickra-strategy-ci-core v0.2.0 (/opt/rustwide/workdir)
[INFO] [stderr]     Finished `release` profile [optimized] target(s) in 48.18s
[INFO] running `Command { std: "docker" "inspect" "57e38321ed98154f4fbe3a6ee00054363d84b0cb60e007eeef9da6c68521fcee", kill_on_drop: false }`
[INFO] running `Command { std: "docker" "exec" "-e" "SOURCE_DIR=/opt/rustwide/workdir" "-e" "CARGO_HOME=/opt/rustwide/cargo-home" "-e" "RUSTUP_HOME=/opt/rustwide/rustup-home" "-e" "CARGO_TARGET_DIR=/opt/rustwide/target" "-e" "CARGO_INCREMENTAL=0" "-e" "RUST_BACKTRACE=full" "-e" "RUSTFLAGS=--cap-lints=warn" "-e" "RUSTDOCFLAGS=--cap-lints=warn" "-w" "/opt/rustwide/workdir" "--user" "0:0" "57e38321ed98154f4fbe3a6ee00054363d84b0cb60e007eeef9da6c68521fcee" "/opt/rustwide/cargo-home/bin/cargo" "+1.100.0-beta.1" "test" "--frozen" "--no-run" "--message-format=json" "--release", kill_on_drop: false }`
[INFO] [stderr]    Compiling rustix v1.1.5
[INFO] [stderr]    Compiling zerocopy v0.8.57
[INFO] [stderr]    Compiling getrandom v0.3.4
[INFO] [stderr]    Compiling getrandom v0.4.3
[INFO] [stderr]    Compiling wait-timeout v0.2.1
[INFO] [stderr]    Compiling quick-error v1.2.3
[INFO] [stderr]    Compiling bit-vec v0.8.0
[INFO] [stderr]    Compiling unarray v0.1.4
[INFO] [stderr]    Compiling rand_core v0.9.5
[INFO] [stderr]    Compiling bit-set v0.8.0
[INFO] [stderr]    Compiling rand v0.9.5
[INFO] [stderr]    Compiling rand_xorshift v0.4.0
[INFO] [stderr]    Compiling tempfile v3.27.0
[INFO] [stderr]    Compiling rusty-fork v0.3.1
[INFO] [stderr]    Compiling ppv-lite86 v0.2.21
[INFO] [stderr]    Compiling rand_chacha v0.9.0
[INFO] [stderr]    Compiling proptest v1.11.0
[INFO] [stderr]    Compiling wickra-strategy-ci-core v0.2.0 (/opt/rustwide/workdir)
[INFO] [stderr]     Finished `release` profile [optimized] target(s) in 30.48s
[INFO] running `Command { std: "docker" "inspect" "57e38321ed98154f4fbe3a6ee00054363d84b0cb60e007eeef9da6c68521fcee", kill_on_drop: false }`
[INFO] running `Command { std: "docker" "exec" "-e" "SOURCE_DIR=/opt/rustwide/workdir" "-e" "CARGO_HOME=/opt/rustwide/cargo-home" "-e" "RUSTUP_HOME=/opt/rustwide/rustup-home" "-e" "CARGO_TARGET_DIR=/opt/rustwide/target" "-e" "CARGO_INCREMENTAL=0" "-e" "RUST_BACKTRACE=full" "-e" "RUSTFLAGS=--cap-lints=warn" "-e" "RUSTDOCFLAGS=--cap-lints=warn" "-w" "/opt/rustwide/workdir" "--user" "0:0" "57e38321ed98154f4fbe3a6ee00054363d84b0cb60e007eeef9da6c68521fcee" "/opt/rustwide/cargo-home/bin/cargo" "+1.100.0-beta.1" "test" "--frozen" "--release", kill_on_drop: false }`
[INFO] [stderr]     Finished `release` profile [optimized] target(s) in 0.07s
[INFO] [stderr]      Running unittests src/lib.rs (/opt/rustwide/target/release/build/wickra-strategy-ci-core/428b2e60425aa8ef/out/wickra_strategy_ci_core-428b2e60425aa8ef)
[INFO] [stdout] 
[INFO] [stdout] running 19 tests
[INFO] [stdout] test tests::model_serde_round_trips ... ok
[INFO] [stdout] test tests::properties_evaluate_against_flat_report ... ok
[INFO] [stdout] test tests::session_reports_errors_as_json_not_panics ... ok
[INFO] [stdout] test tests::diff_reports_respects_tolerances_and_kinds ... ok
[INFO] [stdout] test tests::strategy_test_round_trips_from_a_positional_array ... ok
[INFO] [stdout] test tests::well_formed_repair_preserves_the_drawn_prices ... ok
[INFO] [stdout] test tests::the_json_boundary_is_feature_independent ... ok
[INFO] [stdout] test tests::flatten_walks_scalars_arrays_and_objects ... ok
[INFO] [stdout] test tests::perturbations_keep_candles_well_formed ... ok
[INFO] [stdout] test tests::fuzz_axis_runs_and_reports_clean ... ok
[INFO] [stdout] test tests::diff_star_prefix_tolerance_matches_indexed_keys ... ok
[INFO] [stdout] test tests::a_result_that_ran_serialises_without_the_error_field ... ok
[INFO] [stdout] test tests::self_diff_of_overflowing_field_is_empty ... ok
[INFO] [stdout] test tests::round8_rounds_to_eight_decimals ... ok
[INFO] [stdout] test tests::session_dispatches_commands ... ok
[INFO] [stdout] test tests::fuzz_perturbation_is_deterministic ... ok
[INFO] [stdout] test tests::run_test_and_bless_and_suite_end_to_end ... ok
[INFO] [stdout] test tests::a_broken_test_fails_without_taking_the_suite_down ... ok
[INFO] [stdout] test tests::extreme_floats_survive_a_json_round_trip ... ok
[INFO] [stdout] 
[INFO] [stdout] test result: ok. 19 passed; 0 failed; 0 ignored; 0 measured; 0 filtered out; finished in 0.02s
[INFO] [stdout] 
[INFO] [stderr]      Running tests/conformance.rs (/opt/rustwide/target/release/build/wickra-strategy-ci-core/4276ed3995de96a2/out/conformance-4276ed3995de96a2)
[INFO] [stdout] 
[INFO] [stdout] running 6 tests
[INFO] [stdout] test missing_required_field_is_rejected ... ok
[INFO] [stdout] test property_tags_are_pinned ... ok
[INFO] [stdout] test perturbation_tags_are_pinned ... ok
[INFO] [stdout] test unknown_property_kind_is_rejected ... ok
[INFO] [stdout] test tolerance_and_diffkind_tags_are_pinned ... ok
[INFO] [stdout] test flatten_report_produces_dotted_keys ... ok
[INFO] [stdout] 
[INFO] [stdout] test result: ok. 6 passed; 0 failed; 0 ignored; 0 measured; 0 filtered out; finished in 0.00s
[INFO] [stderr]      Running tests/golden.rs (/opt/rustwide/target/release/build/wickra-strategy-ci-core/249b8ff53825f134/out/golden-249b8ff53825f134)
[INFO] [stdout] 
[INFO] [stdout] 
[INFO] [stdout] running 3 tests
[INFO] [stdout] test suite_matches_expected_bytes ... FAILED
[INFO] [stdout] test per_test_run_matches_suite ... FAILED
[INFO] [stdout] test whole_suite_matches_golden_bytes ... FAILED
[INFO] [stdout] 
[INFO] [stdout] failures:
[INFO] [stdout] 
[INFO] [stdout] ---- suite_matches_expected_bytes stdout ----
[INFO] [stdout] 
[INFO] [stdout] thread 'suite_matches_expected_bytes' (1345) panicked at tests/common/mod.rs:23:10:
[INFO] [stdout] read golden/tests: Os { code: 2, kind: NotFound, message: "No such file or directory" }
[INFO] [stdout] stack backtrace:
[INFO] [stdout]    0:     0x5d7bb2b4f621 - <<std[617be2ca0a6fd877]::sys::backtrace::BacktraceLock>::print::DisplayBacktrace as core[a373ad73a504971]::fmt::Display>::fmt
[INFO] [stdout]    1:     0x5d7bb2b64daa - core[a373ad73a504971]::fmt::write
[INFO] [stdout]    2:     0x5d7bb2b53b7c - <alloc[2e1b2a31b91974c5]::vec::Vec<u8> as core[a373ad73a504971]::io::write::Write>::write_fmt
[INFO] [stdout]    3:     0x5d7bb2b2aac6 - std[617be2ca0a6fd877]::panicking::default_hook::{closure#0}
[INFO] [stdout]    4:     0x5d7bb2b475c9 - std[617be2ca0a6fd877]::panicking::default_hook
[INFO] [stdout]    5:     0x5d7bb29a8140 - test[aada8e7e76ba119b]::test_main_inner::{closure#0}
[INFO] [stdout]    6:     0x5d7bb2b478f2 - std[617be2ca0a6fd877]::panicking::panic_with_hook
[INFO] [stdout]    7:     0x5d7bb2b2ab72 - std[617be2ca0a6fd877]::panicking::panic_handler::{closure#0}
[INFO] [stdout]    8:     0x5d7bb2b23659 - std[617be2ca0a6fd877]::sys::backtrace::__rust_end_short_backtrace::<std[617be2ca0a6fd877]::panicking::panic_handler::{closure#0}, !>
[INFO] [stdout]    9:     0x5d7bb2b2b77d - __rustc[ea4f61d10b84890b]::rust_begin_unwind
[INFO] [stdout]   10:     0x5d7bb2b654dc - core[a373ad73a504971]::panicking::panic_fmt
[INFO] [stdout]   11:     0x5d7bb2b652b2 - core[a373ad73a504971]::result::unwrap_failed
[INFO] [stdout]   12:     0x5d7bb298da91 - golden[85cf368c3a412597]::common::load_tests
[INFO] [stdout]   13:     0x5d7bb2996ad1 - <golden[85cf368c3a412597]::suite_matches_expected_bytes::{closure#0} as core[a373ad73a504971]::ops::function::FnOnce<()>>::call_once
[INFO] [stdout]   14:     0x5d7bb299b58b - test[aada8e7e76ba119b]::__rust_begin_short_backtrace::<core[a373ad73a504971]::result::Result<(), alloc[2e1b2a31b91974c5]::string::String>, fn() -> core[a373ad73a504971]::result::Result<(), alloc[2e1b2a31b91974c5]::string::String>>
[INFO] [stdout]   15:     0x5d7bb29a8765 - test[aada8e7e76ba119b]::run_test::{closure#0}
[INFO] [stdout]   16:     0x5d7bb29a2054 - std[617be2ca0a6fd877]::sys::backtrace::__rust_begin_short_backtrace::<test[aada8e7e76ba119b]::run_test::{closure#1}, ()>
[INFO] [stdout]   17:     0x5d7bb29ab7f2 - <std[617be2ca0a6fd877]::thread::lifecycle::spawn_unchecked<test[aada8e7e76ba119b]::run_test::{closure#1}, ()>::{closure#1} as core[a373ad73a504971]::ops::function::FnOnce<()>>::call_once::{shim:vtable#0}
[INFO] [stdout]   18:     0x5d7bb2b4eb0f - <std[617be2ca0a6fd877]::sys::thread::unix::Thread>::new::thread_start
[INFO] [stdout]   19:     0x7ddd3ebb1dfa - <unknown>
[INFO] [stdout]   20:     0x7ddd3ec453d4 - clone
[INFO] [stdout]   21:                0x0 - <unknown>
[INFO] [stdout] 
[INFO] [stdout] ---- per_test_run_matches_suite stdout ----
[INFO] [stdout] 
[INFO] [stdout] thread 'per_test_run_matches_suite' (1344) panicked at tests/common/mod.rs:23:10:
[INFO] [stdout] read golden/tests: Os { code: 2, kind: NotFound, message: "No such file or directory" }
[INFO] [stdout] stack backtrace:
[INFO] [stdout]    0:     0x5d7bb2b4f621 - <<std[617be2ca0a6fd877]::sys::backtrace::BacktraceLock>::print::DisplayBacktrace as core[a373ad73a504971]::fmt::Display>::fmt
[INFO] [stdout]    1:     0x5d7bb2b64daa - core[a373ad73a504971]::fmt::write
[INFO] [stdout]    2:     0x5d7bb2b53b7c - <alloc[2e1b2a31b91974c5]::vec::Vec<u8> as core[a373ad73a504971]::io::write::Write>::write_fmt
[INFO] [stdout]    3:     0x5d7bb2b2aac6 - std[617be2ca0a6fd877]::panicking::default_hook::{closure#0}
[INFO] [stdout]    4:     0x5d7bb2b475c9 - std[617be2ca0a6fd877]::panicking::default_hook
[INFO] [stdout]    5:     0x5d7bb29a8140 - test[aada8e7e76ba119b]::test_main_inner::{closure#0}
[INFO] [stdout]    6:     0x5d7bb2b478f2 - std[617be2ca0a6fd877]::panicking::panic_with_hook
[INFO] [stdout]    7:     0x5d7bb2b2ab72 - std[617be2ca0a6fd877]::panicking::panic_handler::{closure#0}
[INFO] [stdout]    8:     0x5d7bb2b23659 - std[617be2ca0a6fd877]::sys::backtrace::__rust_end_short_backtrace::<std[617be2ca0a6fd877]::panicking::panic_handler::{closure#0}, !>
[INFO] [stdout]    9:     0x5d7bb2b2b77d - __rustc[ea4f61d10b84890b]::rust_begin_unwind
[INFO] [stdout]   10:     0x5d7bb2b654dc - core[a373ad73a504971]::panicking::panic_fmt
[INFO] [stdout]   11:     0x5d7bb2b652b2 - core[a373ad73a504971]::result::unwrap_failed
[INFO] [stdout]   12:     0x5d7bb298da91 - golden[85cf368c3a412597]::common::load_tests
[INFO] [stderr] error: test failed, to rerun pass `--test golden`
[INFO] [stdout]   13:     0x5d7bb2996343 - <golden[85cf368c3a412597]::per_test_run_matches_suite::{closure#0} as core[a373ad73a504971]::ops::function::FnOnce<()>>::call_once
[INFO] [stdout]   14:     0x5d7bb299b58b - test[aada8e7e76ba119b]::__rust_begin_short_backtrace::<core[a373ad73a504971]::result::Result<(), alloc[2e1b2a31b91974c5]::string::String>, fn() -> core[a373ad73a504971]::result::Result<(), alloc[2e1b2a31b91974c5]::string::String>>
[INFO] [stdout]   15:     0x5d7bb29a8765 - test[aada8e7e76ba119b]::run_test::{closure#0}
[INFO] [stdout]   16:     0x5d7bb29a2054 - std[617be2ca0a6fd877]::sys::backtrace::__rust_begin_short_backtrace::<test[aada8e7e76ba119b]::run_test::{closure#1}, ()>
[INFO] [stdout]   17:     0x5d7bb29ab7f2 - <std[617be2ca0a6fd877]::thread::lifecycle::spawn_unchecked<test[aada8e7e76ba119b]::run_test::{closure#1}, ()>::{closure#1} as core[a373ad73a504971]::ops::function::FnOnce<()>>::call_once::{shim:vtable#0}
[INFO] [stdout]   18:     0x5d7bb2b4eb0f - <std[617be2ca0a6fd877]::sys::thread::unix::Thread>::new::thread_start
[INFO] [stdout]   19:     0x7ddd3ebb1dfa - <unknown>
[INFO] [stdout]   20:     0x7ddd3ec453d4 - clone
[INFO] [stdout]   21:                0x0 - <unknown>
[INFO] [stdout] 
[INFO] [stdout] ---- whole_suite_matches_golden_bytes stdout ----
[INFO] [stdout] 
[INFO] [stdout] thread 'whole_suite_matches_golden_bytes' (1346) panicked at tests/common/mod.rs:23:10:
[INFO] [stdout] read golden/tests: Os { code: 2, kind: NotFound, message: "No such file or directory" }
[INFO] [stdout] stack backtrace:
[INFO] [stdout]    0:     0x5d7bb2b4f621 - <<std[617be2ca0a6fd877]::sys::backtrace::BacktraceLock>::print::DisplayBacktrace as core[a373ad73a504971]::fmt::Display>::fmt
[INFO] [stdout]    1:     0x5d7bb2b64daa - core[a373ad73a504971]::fmt::write
[INFO] [stdout]    2:     0x5d7bb2b53b7c - <alloc[2e1b2a31b91974c5]::vec::Vec<u8> as core[a373ad73a504971]::io::write::Write>::write_fmt
[INFO] [stdout]    3:     0x5d7bb2b2aac6 - std[617be2ca0a6fd877]::panicking::default_hook::{closure#0}
[INFO] [stdout]    4:     0x5d7bb2b475c9 - std[617be2ca0a6fd877]::panicking::default_hook
[INFO] [stdout]    5:     0x5d7bb29a8140 - test[aada8e7e76ba119b]::test_main_inner::{closure#0}
[INFO] [stdout]    6:     0x5d7bb2b478f2 - std[617be2ca0a6fd877]::panicking::panic_with_hook
[INFO] [stdout]    7:     0x5d7bb2b2ab72 - std[617be2ca0a6fd877]::panicking::panic_handler::{closure#0}
[INFO] [stdout]    8:     0x5d7bb2b23659 - std[617be2ca0a6fd877]::sys::backtrace::__rust_end_short_backtrace::<std[617be2ca0a6fd877]::panicking::panic_handler::{closure#0}, !>
[INFO] [stdout]    9:     0x5d7bb2b2b77d - __rustc[ea4f61d10b84890b]::rust_begin_unwind
[INFO] [stdout]   10:     0x5d7bb2b654dc - core[a373ad73a504971]::panicking::panic_fmt
[INFO] [stdout]   11:     0x5d7bb2b652b2 - core[a373ad73a504971]::result::unwrap_failed
[INFO] [stdout]   12:     0x5d7bb298da91 - golden[85cf368c3a412597]::common::load_tests
[INFO] [stdout]   13:     0x5d7bb29973e1 - <golden[85cf368c3a412597]::whole_suite_matches_golden_bytes::{closure#0} as core[a373ad73a504971]::ops::function::FnOnce<()>>::call_once
[INFO] [stdout]   14:     0x5d7bb299b58b - test[aada8e7e76ba119b]::__rust_begin_short_backtrace::<core[a373ad73a504971]::result::Result<(), alloc[2e1b2a31b91974c5]::string::String>, fn() -> core[a373ad73a504971]::result::Result<(), alloc[2e1b2a31b91974c5]::string::String>>
[INFO] [stdout]   15:     0x5d7bb29a8765 - test[aada8e7e76ba119b]::run_test::{closure#0}
[INFO] [stdout]   16:     0x5d7bb29a2054 - std[617be2ca0a6fd877]::sys::backtrace::__rust_begin_short_backtrace::<test[aada8e7e76ba119b]::run_test::{closure#1}, ()>
[INFO] [stdout]   17:     0x5d7bb29ab7f2 - <std[617be2ca0a6fd877]::thread::lifecycle::spawn_unchecked<test[aada8e7e76ba119b]::run_test::{closure#1}, ()>::{closure#1} as core[a373ad73a504971]::ops::function::FnOnce<()>>::call_once::{shim:vtable#0}
[INFO] [stdout]   18:     0x5d7bb2b4eb0f - <std[617be2ca0a6fd877]::sys::thread::unix::Thread>::new::thread_start
[INFO] [stdout]   19:     0x7ddd3ebb1dfa - <unknown>
[INFO] [stdout]   20:     0x7ddd3ec453d4 - clone
[INFO] [stdout]   21:                0x0 - <unknown>
[INFO] [stdout] 
[INFO] [stdout] 
[INFO] [stdout] failures:
[INFO] [stdout]     per_test_run_matches_suite
[INFO] [stdout]     suite_matches_expected_bytes
[INFO] [stdout]     whole_suite_matches_golden_bytes
[INFO] [stdout] 
[INFO] [stdout] test result: FAILED. 0 passed; 3 failed; 0 ignored; 0 measured; 0 filtered out; finished in 0.00s
[INFO] [stdout] 
[INFO] running `Command { std: "docker" "inspect" "57e38321ed98154f4fbe3a6ee00054363d84b0cb60e007eeef9da6c68521fcee", kill_on_drop: false }`
[INFO] running `Command { std: "docker" "rm" "-f" "57e38321ed98154f4fbe3a6ee00054363d84b0cb60e007eeef9da6c68521fcee", kill_on_drop: false }`
[INFO] [stdout] 57e38321ed98154f4fbe3a6ee00054363d84b0cb60e007eeef9da6c68521fcee
