[INFO] fetching crate wickra-shazam-core 0.2.0...
[INFO] testing wickra-shazam-core-0.2.0 against 1.100.0-beta.1+cargoflags=--release for beta-release-1.100-2
[INFO] extracting crate wickra-shazam-core 0.2.0 into /workspace/builds/worker-2-tc2/source
[INFO] started tweaking crates.io crate wickra-shazam-core 0.2.0
[INFO] removed 0 missing tests
[INFO] finished tweaking crates.io crate wickra-shazam-core 0.2.0
[INFO] tweaked toml for crates.io crate wickra-shazam-core 0.2.0 written to /workspace/builds/worker-2-tc2/source/Cargo.toml
[INFO] validating manifest of crates.io crate wickra-shazam-core 0.2.0 on toolchain 1.100.0-beta.1
[INFO] running `Command { std: CARGO_HOME="/workspace/cargo-home" RUSTUP_HOME="/workspace/rustup-home" "/workspace/cargo-home/bin/cargo" "+1.100.0-beta.1" "metadata" "--manifest-path" "Cargo.toml" "--no-deps", kill_on_drop: false }`
[INFO] crate crates.io crate wickra-shazam-core 0.2.0 already has a lockfile, it will not be regenerated
[INFO] running `Command { std: CARGO_HOME="/workspace/cargo-home" RUSTUP_HOME="/workspace/rustup-home" "/workspace/cargo-home/bin/cargo" "+1.100.0-beta.1" "fetch" "--manifest-path" "Cargo.toml", kill_on_drop: false }`
[INFO] running `Command { std: "docker" "create" "-v" "/var/lib/crater-agent-workspace/builds/worker-2-tc2/source:/opt/rustwide/workdir:ro,Z" "-v" "/var/lib/crater-agent-workspace/builds/worker-2-tc2/target:/opt/rustwide/target:rw,Z" "-v" "/var/lib/crater-agent-workspace/cargo-home:/opt/rustwide/cargo-home:ro,Z" "-v" "/var/lib/crater-agent-workspace/rustup-home:/opt/rustwide/rustup-home:ro,Z" "-m" "1610612736" "--network" "none" "ghcr.io/rust-lang/crates-build-env/linux@sha256:77db811e55d90add9212f6832c23229e3de5f1c1f9905e8cb07319ea15df73ac" "sleep" "infinity", kill_on_drop: false }`
[INFO] [stdout] 055bbd711eebd9a99287a358b43cecd4f9fa970ac49c4bab2b9d049f33302502
[INFO] running `Command { std: "docker" "start" "055bbd711eebd9a99287a358b43cecd4f9fa970ac49c4bab2b9d049f33302502", kill_on_drop: false }`
[INFO] running `Command { std: "docker" "inspect" "055bbd711eebd9a99287a358b43cecd4f9fa970ac49c4bab2b9d049f33302502", kill_on_drop: false }`
[INFO] running `Command { std: "docker" "exec" "-e" "SOURCE_DIR=/opt/rustwide/workdir" "-e" "CARGO_HOME=/opt/rustwide/cargo-home" "-e" "RUSTUP_HOME=/opt/rustwide/rustup-home" "-e" "CARGO_TARGET_DIR=/opt/rustwide/target" "-w" "/opt/rustwide/workdir" "--user" "0:0" "055bbd711eebd9a99287a358b43cecd4f9fa970ac49c4bab2b9d049f33302502" "/opt/rustwide/cargo-home/bin/cargo" "+1.100.0-beta.1" "metadata" "--no-deps" "--format-version=1", kill_on_drop: false }`
[INFO] running `Command { std: "docker" "inspect" "055bbd711eebd9a99287a358b43cecd4f9fa970ac49c4bab2b9d049f33302502", kill_on_drop: false }`
[INFO] running `Command { std: "docker" "exec" "-e" "SOURCE_DIR=/opt/rustwide/workdir" "-e" "CARGO_HOME=/opt/rustwide/cargo-home" "-e" "RUSTUP_HOME=/opt/rustwide/rustup-home" "-e" "CARGO_TARGET_DIR=/opt/rustwide/target" "-e" "CARGO_INCREMENTAL=0" "-e" "RUST_BACKTRACE=full" "-e" "RUSTFLAGS=--cap-lints=warn" "-e" "RUSTDOCFLAGS=--cap-lints=warn" "-w" "/opt/rustwide/workdir" "--user" "0:0" "055bbd711eebd9a99287a358b43cecd4f9fa970ac49c4bab2b9d049f33302502" "/opt/rustwide/cargo-home/bin/cargo" "+1.100.0-beta.1" "build" "--frozen" "--message-format=json" "--release", kill_on_drop: false }`
[INFO] [stderr]    Compiling wickra-simd v2.0.0
[INFO] [stderr]    Compiling serde_json v1.0.151
[INFO] [stderr]    Compiling either v1.18.0
[INFO] [stderr]    Compiling num-traits v0.2.19
[INFO] [stderr]    Compiling csv-core v0.1.13
[INFO] [stderr]    Compiling rust_decimal v1.43.0
[INFO] [stderr]    Compiling arrayvec v0.7.8
[INFO] [stderr]    Compiling serde_derive_internals v0.30.0
[INFO] [stderr]    Compiling ref-cast-impl v1.0.27
[INFO] [stderr]    Compiling serde_spanned v1.1.1
[INFO] [stderr]    Compiling toml_datetime v1.1.1+spec-1.1.0
[INFO] [stderr]    Compiling serde v1.0.229
[INFO] [stderr]    Compiling rayon v1.12.0
[INFO] [stderr]    Compiling csv v1.4.0
[INFO] [stderr]    Compiling ref-cast v1.0.27
[INFO] [stderr]    Compiling toml v1.1.6+spec-1.1.0
[INFO] [stderr]    Compiling schemars_derive v1.2.2
[INFO] [stderr]    Compiling schemars v1.2.2
[INFO] [stderr]    Compiling wickra-core v2.0.0
[INFO] [stderr]    Compiling wickra-data v2.0.0
[INFO] [stderr]    Compiling wickra-backtest-core v0.2.0
[INFO] [stderr]    Compiling wickra-shazam-core v0.2.0 (/opt/rustwide/workdir)
[INFO] [stderr] warning: unused dependency `rust_decimal`
[INFO] [stderr]  --> Cargo.toml:5:15
[INFO] [stderr]   |
[INFO] [stderr] 5 | [dependencies.rust_decimal]
[INFO] [stderr]   |               ^^^^^^^^^^^^^
[INFO] [stderr]   |
[INFO] [stderr]   = note: `cargo::unused_dependencies` is set to `warn` by default
[INFO] [stderr] help: consider removing the dependency on `rust_decimal`
[INFO] [stderr] warning: unused dependency `wickra-data`
[INFO] [stderr]   --> Cargo.toml:28:15
[INFO] [stderr]    |
[INFO] [stderr] 28 | [dependencies.wickra-data]
[INFO] [stderr]    |               ^^^^^^^^^^^^
[INFO] [stderr]    |
[INFO] [stderr] help: consider removing the dependency on `wickra-data`
[INFO] [stderr] warning: `wickra-shazam-core` (manifest) generated 2 warnings
[INFO] [stderr]     Finished `release` profile [optimized] target(s) in 42.52s
[INFO] running `Command { std: "docker" "inspect" "055bbd711eebd9a99287a358b43cecd4f9fa970ac49c4bab2b9d049f33302502", kill_on_drop: false }`
[INFO] running `Command { std: "docker" "exec" "-e" "SOURCE_DIR=/opt/rustwide/workdir" "-e" "CARGO_HOME=/opt/rustwide/cargo-home" "-e" "RUSTUP_HOME=/opt/rustwide/rustup-home" "-e" "CARGO_TARGET_DIR=/opt/rustwide/target" "-e" "CARGO_INCREMENTAL=0" "-e" "RUST_BACKTRACE=full" "-e" "RUSTFLAGS=--cap-lints=warn" "-e" "RUSTDOCFLAGS=--cap-lints=warn" "-w" "/opt/rustwide/workdir" "--user" "0:0" "055bbd711eebd9a99287a358b43cecd4f9fa970ac49c4bab2b9d049f33302502" "/opt/rustwide/cargo-home/bin/cargo" "+1.100.0-beta.1" "test" "--frozen" "--no-run" "--message-format=json" "--release", kill_on_drop: false }`
[INFO] [stderr]    Compiling zerocopy v0.8.57
[INFO] [stderr]    Compiling num-traits v0.2.19
[INFO] [stderr]    Compiling getrandom v0.3.4
[INFO] [stderr]    Compiling getrandom v0.4.3
[INFO] [stderr]    Compiling wait-timeout v0.2.1
[INFO] [stderr]    Compiling rand_core v0.9.5
[INFO] [stderr]    Compiling tempfile v3.27.0
[INFO] [stderr]    Compiling rand_xorshift v0.4.0
[INFO] [stderr]    Compiling rand v0.9.5
[INFO] [stderr]    Compiling rusty-fork v0.3.1
[INFO] [stderr]    Compiling rust_decimal v1.43.0
[INFO] [stderr]    Compiling wickra-shazam-core v0.2.0 (/opt/rustwide/workdir)
[INFO] [stderr]    Compiling ppv-lite86 v0.2.21
[INFO] [stderr]    Compiling rand_chacha v0.9.0
[INFO] [stderr]    Compiling proptest v1.11.0
[INFO] [stderr] warning: unused dependency `rust_decimal`
[INFO] [stderr]  --> Cargo.toml:5:15
[INFO] [stderr]   |
[INFO] [stderr] 5 | [dependencies.rust_decimal]
[INFO] [stderr]   |               ^^^^^^^^^^^^^
[INFO] [stderr]   |
[INFO] [stderr]   = note: `cargo::unused_dependencies` is set to `warn` by default
[INFO] [stderr] help: consider removing the dependency on `rust_decimal`
[INFO] [stderr] warning: unused dependency `wickra-data`
[INFO] [stderr]   --> Cargo.toml:28:15
[INFO] [stderr]    |
[INFO] [stderr] 28 | [dependencies.wickra-data]
[INFO] [stderr]    |               ^^^^^^^^^^^^
[INFO] [stderr]    |
[INFO] [stderr] help: consider removing the dependency on `wickra-data`
[INFO] [stderr] warning: `wickra-shazam-core` (manifest) generated 2 warnings
[INFO] [stderr]     Finished `release` profile [optimized] target(s) in 27.68s
[INFO] running `Command { std: "docker" "inspect" "055bbd711eebd9a99287a358b43cecd4f9fa970ac49c4bab2b9d049f33302502", kill_on_drop: false }`
[INFO] running `Command { std: "docker" "exec" "-e" "SOURCE_DIR=/opt/rustwide/workdir" "-e" "CARGO_HOME=/opt/rustwide/cargo-home" "-e" "RUSTUP_HOME=/opt/rustwide/rustup-home" "-e" "CARGO_TARGET_DIR=/opt/rustwide/target" "-e" "CARGO_INCREMENTAL=0" "-e" "RUST_BACKTRACE=full" "-e" "RUSTFLAGS=--cap-lints=warn" "-e" "RUSTDOCFLAGS=--cap-lints=warn" "-w" "/opt/rustwide/workdir" "--user" "0:0" "055bbd711eebd9a99287a358b43cecd4f9fa970ac49c4bab2b9d049f33302502" "/opt/rustwide/cargo-home/bin/cargo" "+1.100.0-beta.1" "test" "--frozen" "--release", kill_on_drop: false }`
[INFO] [stderr] warning: unused dependency `rust_decimal`
[INFO] [stderr]  --> Cargo.toml:5:15
[INFO] [stderr]   |
[INFO] [stderr] 5 | [dependencies.rust_decimal]
[INFO] [stderr]   |               ^^^^^^^^^^^^^
[INFO] [stderr]   |
[INFO] [stderr]   = note: `cargo::unused_dependencies` is set to `warn` by default
[INFO] [stderr] help: consider removing the dependency on `rust_decimal`
[INFO] [stderr] warning: unused dependency `wickra-data`
[INFO] [stderr]   --> Cargo.toml:28:15
[INFO] [stderr]    |
[INFO] [stderr] 28 | [dependencies.wickra-data]
[INFO] [stderr]    |               ^^^^^^^^^^^^
[INFO] [stderr]    |
[INFO] [stderr] help: consider removing the dependency on `wickra-data`
[INFO] [stderr] warning: `wickra-shazam-core` (manifest) generated 2 warnings
[INFO] [stderr]     Finished `release` profile [optimized] target(s) in 0.16s
[INFO] [stderr]      Running unittests src/lib.rs (/opt/rustwide/target/release/build/wickra-shazam-core/3942de2c5dce311c/out/wickra_shazam_core-3942de2c5dce311c)
[INFO] [stdout] 
[INFO] [stdout] running 50 tests
[INFO] [stdout] test feature::tests::indicator_with_field_keys ... ok
[INFO] [stdout] test config::tests::loads_from_toml ... ok
[INFO] [stdout] test feature::tests::indicator_roundtrips_and_keys ... ok
[INFO] [stdout] test feature::tests::indicator_json_shape_is_tagged ... ok
[INFO] [stdout] test config::tests::loads_from_json ... ok
[INFO] [stdout] test feature::tests::microstructure_roundtrips_and_keys ... ok
[INFO] [stdout] test feature_set::tests::indicator_gates_row_until_warmup ... ok
[INFO] [stdout] test feature::tests::price_field_names_are_snake_case ... ok
[INFO] [stdout] test feature::tests::price_roundtrips_and_keys ... ok
[INFO] [stdout] test feature_set::tests::duplicate_indicator_resolved_once ... ok
[INFO] [stdout] test index::tests::none_normalize_leaves_axes_empty ... ok
[INFO] [stdout] test fingerprint::tests::ring_drops_oldest ... ok
[INFO] [stdout] test metric::tests::dtw_identical_sequences_are_maximally_similar ... ok
[INFO] [stdout] test metric::tests::orthogonal_cosine_is_a_half ... ok
[INFO] [stdout] test feature_set::tests::price_only_is_ready_immediately_and_ordered ... ok
[INFO] [stdout] test fingerprint::tests::window_flatten_is_axis_major_and_deterministic ... ok
[INFO] [stdout] test normalize::tests::empty_prints_yield_zero_stats ... ok
[INFO] [stdout] test index::tests::window_gates_first_fingerprint ... ok
[INFO] [stdout] test index::tests::zscore_normalizes_the_index ... ok
[INFO] [stdout] test metric::tests::dtw_band_restricts_warping ... ok
[INFO] [stdout] test index::tests::labels_can_be_set ... ok
[INFO] [stdout] test metric::tests::zero_norm_cosine_is_a_half ... ok
[INFO] [stdout] test feature_set::tests::unknown_feature_errors ... ok
[INFO] [stdout] test index::tests::indexes_price_history_window_one ... ok
[INFO] [stdout] test fingerprint::tests::window_one_is_the_raw_row ... ok
[INFO] [stdout] test metric::tests::euclid_is_monotone_in_distance ... ok
[INFO] [stdout] test metric::tests::identical_vectors_are_maximally_similar ... ok
[INFO] [stdout] test metric::tests::dtw_equals_euclid_at_window_one ... ok
[INFO] [stdout] test shazam::tests::reset_clears_index ... ok
[INFO] [stdout] test normalize::tests::none_is_passthrough ... ok
[INFO] [stdout] test normalize::tests::fits_mean_std_min_max ... ok
[INFO] [stdout] test normalize::tests::zscore_normalizes_and_clamps_degenerate ... ok
[INFO] [stdout] test shazam::tests::unknown_cmd_is_in_band_error ... ok
[INFO] [stdout] test shazam::tests::version_command ... ok
[INFO] [stdout] test search::tests::too_few_current_bars_errors ... ok
[INFO] [stdout] test spec::tests::empty_features_rejected ... ok
[INFO] [stdout] test normalize::tests::minmax_normalizes_and_clamps_degenerate ... ok
[INFO] [stdout] test search::tests::zero_k_is_rejected ... ok
[INFO] [stdout] test shazam::tests::match_without_index_is_in_band_error ... ok
[INFO] [stdout] test spec::tests::parses_from_toml ... ok
[INFO] [stdout] test shazam::tests::empty_handle_then_set_spec ... ok
[INFO] [stdout] test shazam::tests::index_then_match ... ok
[INFO] [stdout] test spec::tests::zero_window_rejected ... ok
[INFO] [stdout] test search::tests::labels_ride_along ... ok
[INFO] [stdout] test shazam::tests::label_rides_a_match ... ok
[INFO] [stdout] test search::tests::finds_the_closest_and_sorts_descending ... ok
[INFO] [stdout] test spec::tests::over_max_dim_rejected ... ok
[INFO] [stdout] test spec::tests::defaults_apply ... ok
[INFO] [stdout] test spec::tests::parses_and_computes_dim ... ok
[INFO] [stdout] test spec::tests::roundtrips_through_json ... ok
[INFO] [stdout] 
[INFO] [stdout] test result: ok. 50 passed; 0 failed; 0 ignored; 0 measured; 0 filtered out; finished in 0.02s
[INFO] [stdout] 
[INFO] [stderr]      Running tests/conformance.rs (/opt/rustwide/target/release/build/wickra-shazam-core/40254f1321dbeed0/out/conformance-40254f1321dbeed0)
[INFO] [stdout] 
[INFO] [stdout] running 9 tests
[INFO] [stdout] test dimension_over_max_dim_is_a_bad_spec ... ok
[INFO] [stdout] test empty_features_is_a_bad_spec ... ok
[INFO] [stdout] test feature_variants_round_trip ... ok
[INFO] [stdout] test feature_keys_are_canonical ... ok
[INFO] [stdout] test unknown_indicator_is_an_unknown_feature ... ok
[INFO] [stdout] test normalize_variants_round_trip ... ok
[INFO] [stdout] test price_field_variants_round_trip ... ok
[INFO] [stderr]      Running tests/golden.rs (/opt/rustwide/target/release/build/wickra-shazam-core/5081eb5db03922d4/out/golden-5081eb5db03922d4)
[INFO] [stdout] test metric_variants_round_trip ... ok
[INFO] [stdout] test unknown_price_field_fails_to_parse ... ok
[INFO] [stdout] 
[INFO] [stdout] test result: ok. 9 passed; 0 failed; 0 ignored; 0 measured; 0 filtered out; finished in 0.00s
[INFO] [stdout] 
[INFO] [stdout] 
[INFO] [stdout] running 1 test
[INFO] [stdout] test golden_reports_match_byte_for_byte ... FAILED
[INFO] [stdout] 
[INFO] [stdout] failures:
[INFO] [stdout] 
[INFO] [stdout] ---- golden_reports_match_byte_for_byte stdout ----
[INFO] [stdout] 
[INFO] [stdout] thread 'golden_reports_match_byte_for_byte' (1252) panicked at tests/golden.rs:21:41:
[INFO] [stdout] called `Result::unwrap()` on an `Err` value: Os { code: 2, kind: NotFound, message: "No such file or directory" }
[INFO] [stdout] stack backtrace:
[INFO] [stdout]    0:     0x64034a03ae21 - <<std[617be2ca0a6fd877]::sys::backtrace::BacktraceLock>::print::DisplayBacktrace as core[a373ad73a504971]::fmt::Display>::fmt
[INFO] [stdout]    1:     0x64034a04fbaa - core[a373ad73a504971]::fmt::write
[INFO] [stdout]    2:     0x64034a03f35c - <alloc[2e1b2a31b91974c5]::vec::Vec<u8> as core[a373ad73a504971]::io::write::Write>::write_fmt
[INFO] [stdout]    3:     0x64034a016326 - std[617be2ca0a6fd877]::panicking::default_hook::{closure#0}
[INFO] [stdout]    4:     0x64034a032dc9 - std[617be2ca0a6fd877]::panicking::default_hook
[INFO] [stdout]    5:     0x640349ede7c0 - test[aada8e7e76ba119b]::test_main_inner::{closure#0}
[INFO] [stdout]    6:     0x64034a0330f2 - std[617be2ca0a6fd877]::panicking::panic_with_hook
[INFO] [stdout]    7:     0x64034a0163d2 - std[617be2ca0a6fd877]::panicking::panic_handler::{closure#0}
[INFO] [stdout]    8:     0x64034a00eeb9 - std[617be2ca0a6fd877]::sys::backtrace::__rust_end_short_backtrace::<std[617be2ca0a6fd877]::panicking::panic_handler::{closure#0}, !>
[INFO] [stdout]    9:     0x64034a016fdd - __rustc[ea4f61d10b84890b]::rust_begin_unwind
[INFO] [stdout]   10:     0x64034a0502dc - core[a373ad73a504971]::panicking::panic_fmt
[INFO] [stdout]   11:     0x64034a0500b2 - core[a373ad73a504971]::result::unwrap_failed
[INFO] [stdout]   12:     0x640349ed0895 - golden[e759edb68cb06b9d]::load_csv
[INFO] [stdout]   13:     0x640349ed0b47 - <golden[e759edb68cb06b9d]::golden_reports_match_byte_for_byte::{closure#0} as core[a373ad73a504971]::ops::function::FnOnce<()>>::call_once
[INFO] [stdout]   14:     0x640349ed1c0b - test[aada8e7e76ba119b]::__rust_begin_short_backtrace::<core[a373ad73a504971]::result::Result<(), alloc[2e1b2a31b91974c5]::string::String>, fn() -> core[a373ad73a504971]::result::Result<(), alloc[2e1b2a31b91974c5]::string::String>>
[INFO] [stdout]   15:     0x640349edede5 - test[aada8e7e76ba119b]::run_test::{closure#0}
[INFO] [stdout]   16:     0x640349ed86d4 - std[617be2ca0a6fd877]::sys::backtrace::__rust_begin_short_backtrace::<test[aada8e7e76ba119b]::run_test::{closure#1}, ()>
[INFO] [stdout]   17:     0x640349ee1e72 - <std[617be2ca0a6fd877]::thread::lifecycle::spawn_unchecked<test[aada8e7e76ba119b]::run_test::{closure#1}, ()>::{closure#1} as core[a373ad73a504971]::ops::function::FnOnce<()>>::call_once::{shim:vtable#0}
[INFO] [stdout]   18:     0x64034a03a30f - <std[617be2ca0a6fd877]::sys::thread::unix::Thread>::new::thread_start
[INFO] [stdout]   19:     0x78ed423fedfa - <unknown>
[INFO] [stdout]   20:     0x78ed424923d4 - clone
[INFO] [stdout]   21:                0x0 - <unknown>
[INFO] [stdout] 
[INFO] [stdout] 
[INFO] [stdout] failures:
[INFO] [stdout]     golden_reports_match_byte_for_byte
[INFO] [stdout] 
[INFO] [stdout] test result: FAILED. 0 passed; 1 failed; 0 ignored; 0 measured; 0 filtered out; finished in 0.00s
[INFO] [stdout] 
[INFO] [stderr] error: test failed, to rerun pass `--test golden`
[INFO] running `Command { std: "docker" "inspect" "055bbd711eebd9a99287a358b43cecd4f9fa970ac49c4bab2b9d049f33302502", kill_on_drop: false }`
[INFO] running `Command { std: "docker" "rm" "-f" "055bbd711eebd9a99287a358b43cecd4f9fa970ac49c4bab2b9d049f33302502", kill_on_drop: false }`
[INFO] [stdout] 055bbd711eebd9a99287a358b43cecd4f9fa970ac49c4bab2b9d049f33302502
