[INFO] fetching crate wickra-radar-core 0.2.0...
[INFO] testing wickra-radar-core-0.2.0 against 1.99.0-beta.8+cargoflags=--release for beta-release-1.100-2
[INFO] extracting crate wickra-radar-core 0.2.0 into /workspace/builds/worker-3-tc1/source
[INFO] started tweaking crates.io crate wickra-radar-core 0.2.0
[INFO] removed 0 missing tests
[INFO] finished tweaking crates.io crate wickra-radar-core 0.2.0
[INFO] tweaked toml for crates.io crate wickra-radar-core 0.2.0 written to /workspace/builds/worker-3-tc1/source/Cargo.toml
[INFO] validating manifest of crates.io crate wickra-radar-core 0.2.0 on toolchain 1.99.0-beta.8
[INFO] running `Command { std: CARGO_HOME="/workspace/cargo-home" RUSTUP_HOME="/workspace/rustup-home" "/workspace/cargo-home/bin/cargo" "+1.99.0-beta.8" "metadata" "--manifest-path" "Cargo.toml" "--no-deps", kill_on_drop: false }`
[INFO] crate crates.io crate wickra-radar-core 0.2.0 already has a lockfile, it will not be regenerated
[INFO] running `Command { std: CARGO_HOME="/workspace/cargo-home" RUSTUP_HOME="/workspace/rustup-home" "/workspace/cargo-home/bin/cargo" "+1.99.0-beta.8" "fetch" "--manifest-path" "Cargo.toml", kill_on_drop: false }`
[INFO] [stderr]     Updating crates.io index
[INFO] [stderr]  Downloading crates ...
[INFO] [stderr]   Downloaded zeroize_derive v1.5.0
[INFO] [stderr]   Downloaded unicode-ident v1.0.26
[INFO] [stderr]   Downloaded hyper-rustls v0.27.10
[INFO] [stderr]   Downloaded unarray v0.1.4
[INFO] [stderr]   Downloaded subtle v2.6.1
[INFO] [stderr]   Downloaded futures-io v0.3.34
[INFO] [stderr]   Downloaded wickra-simd v2.0.0
[INFO] [stderr]   Downloaded rusty-fork v0.3.1
[INFO] [stderr]   Downloaded tower-layer v0.3.3
[INFO] [stderr]   Downloaded ctutils v0.4.2
[INFO] [stderr]   Downloaded wickra-exchange v0.2.0
[INFO] [stderr]   Downloaded const-oid v0.10.2
[INFO] [stderr]   Downloaded hmac v0.13.0
[INFO] [stderr]   Downloaded wit-bindgen v0.46.0
[INFO] [stderr]   Downloaded rand_xorshift v0.4.0
[INFO] [stderr]   Downloaded rand v0.9.5
[INFO] [stderr]   Downloaded toml_edit v0.25.15+spec-1.1.0
[INFO] [stderr]   Downloaded ecdsa v0.17.0
[INFO] [stderr]   Downloaded cmov v0.5.4
[INFO] [stderr]   Downloaded wasm-bindgen-macro-support v0.2.128
[INFO] [stderr]   Downloaded rust_decimal v1.43.0
[INFO] [stderr]   Downloaded quinn-udp v0.5.15
[INFO] [stderr]   Downloaded hyper v1.11.1
[INFO] [stderr]   Downloaded toml_writer v1.1.2+spec-1.1.0
[INFO] [stderr]   Downloaded serde_spanned v1.1.1
[INFO] [stderr]   Downloaded bit-set v0.8.0
[INFO] [stderr]   Downloaded sec1 v0.8.1
[INFO] [stderr]   Downloaded tungstenite v0.30.0
[INFO] [stderr]   Downloaded wasm-bindgen-futures v0.4.78
[INFO] [stderr]   Downloaded proptest v1.11.0
[INFO] [stderr]   Downloaded wait-timeout v0.2.1
[INFO] [stderr]   Downloaded wickra-exchange-core v0.2.0
[INFO] [stderr]   Downloaded thiserror v2.0.21
[INFO] [stderr]   Downloaded crypto-common v0.2.2
[INFO] [stderr]   Downloaded wasm-bindgen v0.2.128
[INFO] [stderr]   Downloaded wasm-bindgen-macro v0.2.128
[INFO] [stderr]   Downloaded wasip2 v1.0.1+wasi-0.2.4
[INFO] [stderr]   Downloaded zerocopy v0.8.57
[INFO] [stderr]   Downloaded toml v1.1.6+spec-1.1.0
[INFO] [stderr]   Downloaded elliptic-curve v0.14.1
[INFO] [stderr]   Downloaded rfc6979 v0.6.0
[INFO] [stderr]   Downloaded sha1 v0.11.0
[INFO] [stderr]   Downloaded wnaf v0.14.1
[INFO] [stderr]   Downloaded icu_properties_data v2.2.0
[INFO] [stderr]   Downloaded serdect v0.4.3
[INFO] [stderr]   Downloaded icu_properties v2.2.0
[INFO] [stderr]   Downloaded http-body v1.1.0
[INFO] [stderr]   Downloaded lru-slab v0.1.3
[INFO] [stderr]   Downloaded want v0.3.1
[INFO] [stderr]   Downloaded futures-macro v0.3.34
[INFO] [stderr]   Downloaded pem-rfc7468 v1.0.0
[INFO] [stderr]   Downloaded rand_chacha v0.3.1
[INFO] [stderr]   Downloaded webpki-roots v0.26.11
[INFO] [stderr]   Downloaded rand_pcg v0.10.2
[INFO] [stderr]   Downloaded primeorder v0.14.0
[INFO] [stderr]   Downloaded sync_wrapper v1.0.2
[INFO] [stderr]   Downloaded ff v0.14.0
[INFO] [stderr]   Downloaded futures-channel v0.3.34
[INFO] [stderr]   Downloaded base64ct v1.8.3
[INFO] [stderr]   Downloaded digest v0.11.3
[INFO] [stderr]   Downloaded crypto-bigint v0.7.5
[INFO] [stderr]   Downloaded spki v0.8.0
[INFO] [stderr]   Downloaded tokio-rustls v0.26.5
[INFO] [stderr]   Downloaded yoke-derive v0.8.4
[INFO] [stderr]   Downloaded synstructure v0.14.0
[INFO] [stderr]   Downloaded group v0.14.0
[INFO] [stderr]   Downloaded tinyvec v1.13.3
[INFO] [stderr]   Downloaded rustls-webpki v0.103.15
[INFO] [stderr]   Downloaded icu_locale_core v2.2.0
[INFO] [stderr]   Downloaded icu_normalizer v2.2.0
[INFO] [stderr]   Downloaded icu_normalizer_data v2.2.0
[INFO] [stderr]   Downloaded quinn v0.11.12
[INFO] [stderr]   Downloaded hyper-util v0.1.20
[INFO] [stderr]   Downloaded js-sys v0.3.105
[INFO] [stderr]   Downloaded der v0.8.2
[INFO] [stderr]   Downloaded webpki-roots v1.0.9
[INFO] [stderr]   Downloaded cc v1.4.7
[INFO] [stderr]   Downloaded rand v0.10.3
[INFO] [stderr]   Downloaded reqwest v0.12.28
[INFO] [stderr]   Downloaded tower-http v0.6.11
[INFO] [stderr]   Downloaded syn v3.0.6
[INFO] [stderr]   Downloaded wickra-core v2.0.0
[INFO] [stderr]   Downloaded bit-vec v0.8.0
[INFO] [stderr]   Downloaded wasm-bindgen-shared v0.2.128
[INFO] [stderr]   Downloaded block-buffer v0.12.1
[INFO] [stderr]   Downloaded http-body-util v0.1.5
[INFO] [stderr]   Downloaded base16ct v1.0.0
[INFO] [stderr]   Downloaded tokio-tungstenite v0.30.0
[INFO] [stderr]   Downloaded icu_collections v2.2.0
[INFO] [stderr]   Downloaded try-lock v0.2.5
[INFO] [stderr]   Downloaded quinn-proto v0.11.18
[INFO] [stderr]   Downloaded p256 v0.14.0
[INFO] [stderr]   Downloaded rustls v0.23.45
[INFO] [stderr]   Downloaded data-encoding v2.11.1
[INFO] [stderr]   Downloaded zerofrom-derive v0.1.8
[INFO] [stderr]   Downloaded ipnet v2.12.2
[INFO] [stderr]   Downloaded signature v3.0.0
[INFO] [stderr]   Downloaded sha2 v0.11.0
[INFO] [stderr]   Downloaded tower v0.5.3
[INFO] [stderr]   Downloaded thiserror-impl v2.0.21
[INFO] [stderr]   Downloaded zerocopy-derive v0.8.57
[INFO] [stderr]   Downloaded cpubits v0.1.1
[INFO] [stderr]   Downloaded primefield v0.14.0
[INFO] [stderr]   Downloaded icu_provider v2.2.0
[INFO] [stderr]   Downloaded hybrid-array v0.4.15
[INFO] [stderr]   Downloaded web-sys v0.3.105
[INFO] [stderr]   Downloaded rand v0.8.8
[INFO] [stderr]   Downloaded pkcs8 v0.11.0
[INFO] [stderr]   Downloaded tower-service v0.3.3
[INFO] [stderr]   Downloaded find-msvc-tools v0.1.13
[INFO] [stderr]   Downloaded rustls-pki-types v1.15.1
[INFO] [stderr]   Downloaded serde_urlencoded v0.7.1
[INFO] running `Command { std: "docker" "create" "-v" "/var/lib/crater-agent-workspace/builds/worker-3-tc1/source:/opt/rustwide/workdir:ro,Z" "-v" "/var/lib/crater-agent-workspace/builds/worker-3-tc1/target:/opt/rustwide/target:rw,Z" "-v" "/var/lib/crater-agent-workspace/cargo-home:/opt/rustwide/cargo-home:ro,Z" "-v" "/var/lib/crater-agent-workspace/rustup-home:/opt/rustwide/rustup-home:ro,Z" "-m" "1610612736" "--network" "none" "ghcr.io/rust-lang/crates-build-env/linux@sha256:77db811e55d90add9212f6832c23229e3de5f1c1f9905e8cb07319ea15df73ac" "sleep" "infinity", kill_on_drop: false }`
[INFO] [stdout] b99f553d5b67ba75e4ea2129a8160168b8733bd92622cfac363e226cc62138b2
[INFO] running `Command { std: "docker" "start" "b99f553d5b67ba75e4ea2129a8160168b8733bd92622cfac363e226cc62138b2", kill_on_drop: false }`
[INFO] running `Command { std: "docker" "inspect" "b99f553d5b67ba75e4ea2129a8160168b8733bd92622cfac363e226cc62138b2", kill_on_drop: false }`
[INFO] running `Command { std: "docker" "exec" "-e" "SOURCE_DIR=/opt/rustwide/workdir" "-e" "CARGO_HOME=/opt/rustwide/cargo-home" "-e" "RUSTUP_HOME=/opt/rustwide/rustup-home" "-e" "CARGO_TARGET_DIR=/opt/rustwide/target" "-w" "/opt/rustwide/workdir" "--user" "0:0" "b99f553d5b67ba75e4ea2129a8160168b8733bd92622cfac363e226cc62138b2" "/opt/rustwide/cargo-home/bin/cargo" "+1.99.0-beta.8" "metadata" "--no-deps" "--format-version=1", kill_on_drop: false }`
[INFO] running `Command { std: "docker" "inspect" "b99f553d5b67ba75e4ea2129a8160168b8733bd92622cfac363e226cc62138b2", kill_on_drop: false }`
[INFO] running `Command { std: "docker" "exec" "-e" "SOURCE_DIR=/opt/rustwide/workdir" "-e" "CARGO_HOME=/opt/rustwide/cargo-home" "-e" "RUSTUP_HOME=/opt/rustwide/rustup-home" "-e" "CARGO_TARGET_DIR=/opt/rustwide/target" "-e" "CARGO_INCREMENTAL=0" "-e" "RUST_BACKTRACE=full" "-e" "RUSTFLAGS=--cap-lints=warn" "-e" "RUSTDOCFLAGS=--cap-lints=warn" "-w" "/opt/rustwide/workdir" "--user" "0:0" "b99f553d5b67ba75e4ea2129a8160168b8733bd92622cfac363e226cc62138b2" "/opt/rustwide/cargo-home/bin/cargo" "+1.99.0-beta.8" "build" "--frozen" "--message-format=json" "--release", kill_on_drop: false }`
[INFO] [stderr]    Compiling proc-macro2 v1.0.107
[INFO] [stderr]    Compiling serde_core v1.0.229
[INFO] [stderr]    Compiling unicode-ident v1.0.26
[INFO] [stderr]    Compiling quote v1.0.47
[INFO] [stderr]    Compiling crossbeam-utils v0.8.23
[INFO] [stderr]    Compiling crossbeam-epoch v0.9.21
[INFO] [stderr]    Compiling crossbeam-deque v0.8.8
[INFO] [stderr]    Compiling rayon-core v1.13.0
[INFO] [stderr]    Compiling zmij v1.0.23
[INFO] [stderr]    Compiling serde_json v1.0.151
[INFO] [stderr]    Compiling serde v1.0.229
[INFO] [stderr]    Compiling thiserror v2.0.21
[INFO] [stderr]    Compiling winnow v1.0.4
[INFO] [stderr]    Compiling itoa v1.0.18
[INFO] [stderr]    Compiling toml_writer v1.1.2+spec-1.1.0
[INFO] [stderr]    Compiling either v1.18.0
[INFO] [stderr]    Compiling memchr v2.8.3
[INFO] [stderr]    Compiling toml_parser v1.1.3+spec-1.1.0
[INFO] [stderr]    Compiling syn v3.0.6
[INFO] [stderr]    Compiling rayon v1.12.0
[INFO] [stderr]    Compiling toml_datetime v1.1.1+spec-1.1.0
[INFO] [stderr]    Compiling serde_spanned v1.1.1
[INFO] [stderr]    Compiling thiserror-impl v2.0.21
[INFO] [stderr]    Compiling serde_derive v1.0.229
[INFO] [stderr]    Compiling toml v1.1.6+spec-1.1.0
[INFO] [stderr]    Compiling wickra-radar-core v0.2.0 (/opt/rustwide/workdir)
[INFO] [stderr]     Finished `release` profile [optimized] target(s) in 35.15s
[INFO] running `Command { std: "docker" "inspect" "b99f553d5b67ba75e4ea2129a8160168b8733bd92622cfac363e226cc62138b2", kill_on_drop: false }`
[INFO] running `Command { std: "docker" "exec" "-e" "SOURCE_DIR=/opt/rustwide/workdir" "-e" "CARGO_HOME=/opt/rustwide/cargo-home" "-e" "RUSTUP_HOME=/opt/rustwide/rustup-home" "-e" "CARGO_TARGET_DIR=/opt/rustwide/target" "-e" "CARGO_INCREMENTAL=0" "-e" "RUST_BACKTRACE=full" "-e" "RUSTFLAGS=--cap-lints=warn" "-e" "RUSTDOCFLAGS=--cap-lints=warn" "-w" "/opt/rustwide/workdir" "--user" "0:0" "b99f553d5b67ba75e4ea2129a8160168b8733bd92622cfac363e226cc62138b2" "/opt/rustwide/cargo-home/bin/cargo" "+1.99.0-beta.8" "test" "--frozen" "--no-run" "--message-format=json" "--release", kill_on_drop: false }`
[INFO] [stderr]    Compiling libc v0.2.189
[INFO] [stderr]    Compiling cfg-if v1.0.5
[INFO] [stderr]    Compiling getrandom v0.3.4
[INFO] [stderr]    Compiling getrandom v0.4.3
[INFO] [stderr]    Compiling zerocopy v0.8.57
[INFO] [stderr]    Compiling rustix v1.1.5
[INFO] [stderr]    Compiling bitflags v2.13.2
[INFO] [stderr]    Compiling autocfg v1.5.1
[INFO] [stderr]    Compiling linux-raw-sys v0.12.1
[INFO] [stderr]    Compiling fastrand v2.5.0
[INFO] [stderr]    Compiling once_cell v1.21.4
[INFO] [stderr]    Compiling bit-vec v0.8.0
[INFO] [stderr]    Compiling quick-error v1.2.3
[INFO] [stderr]    Compiling fnv v1.0.7
[INFO] [stderr]    Compiling unarray v0.1.4
[INFO] [stderr]    Compiling regex-syntax v0.8.11
[INFO] [stderr]    Compiling num-traits v0.2.19
[INFO] [stderr]    Compiling bit-set v0.8.0
[INFO] [stderr]    Compiling wait-timeout v0.2.1
[INFO] [stderr]    Compiling rand_core v0.9.5
[INFO] [stderr]    Compiling rand_xorshift v0.4.0
[INFO] [stderr]    Compiling rand v0.9.5
[INFO] [stderr]    Compiling tempfile v3.27.0
[INFO] [stderr]    Compiling rusty-fork v0.3.1
[INFO] [stderr]    Compiling ppv-lite86 v0.2.21
[INFO] [stderr]    Compiling rand_chacha v0.9.0
[INFO] [stderr]    Compiling proptest v1.11.0
[INFO] [stderr]    Compiling wickra-radar-core v0.2.0 (/opt/rustwide/workdir)
[INFO] [stderr]     Finished `release` profile [optimized] target(s) in 49.91s
[INFO] running `Command { std: "docker" "inspect" "b99f553d5b67ba75e4ea2129a8160168b8733bd92622cfac363e226cc62138b2", kill_on_drop: false }`
[INFO] running `Command { std: "docker" "exec" "-e" "SOURCE_DIR=/opt/rustwide/workdir" "-e" "CARGO_HOME=/opt/rustwide/cargo-home" "-e" "RUSTUP_HOME=/opt/rustwide/rustup-home" "-e" "CARGO_TARGET_DIR=/opt/rustwide/target" "-e" "CARGO_INCREMENTAL=0" "-e" "RUST_BACKTRACE=full" "-e" "RUSTFLAGS=--cap-lints=warn" "-e" "RUSTDOCFLAGS=--cap-lints=warn" "-w" "/opt/rustwide/workdir" "--user" "0:0" "b99f553d5b67ba75e4ea2129a8160168b8733bd92622cfac363e226cc62138b2" "/opt/rustwide/cargo-home/bin/cargo" "+1.99.0-beta.8" "test" "--frozen" "--release", kill_on_drop: false }`
[INFO] [stderr]     Finished `release` profile [optimized] target(s) in 0.16s
[INFO] [stderr]      Running unittests src/lib.rs (/opt/rustwide/target/release/deps/wickra_radar_core-32ac88ba442d1bd7)
[INFO] [stdout] 
[INFO] [stdout] running 42 tests
[INFO] [stdout] test aggregate::tests::severity_is_weighted_mean_with_factors ... ok
[INFO] [stdout] test config::tests::parses_toml_config ... ok
[INFO] [stdout] test radar::tests::feed_batch_matches_individual_feeds ... ok
[INFO] [stdout] test config::tests::parses_json_config ... ok
[INFO] [stdout] test config::tests::rejects_an_invalid_spec ... ok
[INFO] [stdout] test aggregate::tests::zero_weight_sum_yields_zero_severity ... ok
[INFO] [stdout] test radar::tests::feed_then_alerts_equals_scan ... ok
[INFO] [stdout] test radar::tests::malformed_json_returns_error_json ... ok
[INFO] [stdout] test radar::tests::new_rejects_a_duplicate_signal_key ... ok
[INFO] [stdout] test radar::tests::missing_field_returns_error_json ... ok
[INFO] [stdout] test radar::tests::reset_clears_streaming_state ... ok
[INFO] [stdout] test radar::tests::set_spec_with_wrong_arity_returns_error_json ... ok
[INFO] [stdout] test radar::tests::set_spec_command_reconfigures ... ok
[INFO] [stdout] test radar::tests::version_command ... ok
[INFO] [stdout] test scan::tests::limit_truncates_after_sort ... ok
[INFO] [stdout] test radar::tests::unknown_cmd_returns_error_json ... ok
[INFO] [stdout] test scan::tests::invalid_spec_errors ... ok
[INFO] [stdout] test spec::tests::duplicate_signal_key_rejected ... ok
[INFO] [stdout] test signal::tests::key_formats_kind_and_params ... ok
[INFO] [stdout] test signal::tests::round_to_snaps_trailing_drift ... ok
[INFO] [stdout] test scan::tests::scan_filters_sorts_and_stamps ... ok
[INFO] [stdout] test spec::tests::empty_signals_rejected ... ok
[INFO] [stdout] test spec::tests::from_json_parses_defaults_and_validates ... ok
[INFO] [stdout] test spec::tests::negative_or_nonfinite_weight_rejected ... ok
[INFO] [stdout] test spec::tests::nonfinite_threshold_rejected ... ok
[INFO] [stdout] test spec::tests::valid_spec_passes ... ok
[INFO] [stdout] test spec::tests::wrong_arity_rejected ... ok
[INFO] [stdout] test symbol_state::tests::funding_flip_doubles_on_sign_change ... ok
[INFO] [stdout] test symbol_state::tests::liq_cluster_sums_window ... ok
[INFO] [stdout] test signal::tests::arity_matches_each_kind ... ok
[INFO] [stdout] test signal::tests::signal_json_round_trip_defaults_weight ... ok
[INFO] [stdout] test spec::tests::zero_limit_rejected ... ok
[INFO] [stdout] test symbol_state::tests::book_imbalance_scores_thin_side ... ok
[INFO] [stdout] test symbol_state::tests::non_finite_input_scores_zero ... ok
[INFO] [stdout] test symbol_state::tests::oi_delta_not_ready_scores_zero ... ok
[INFO] [stdout] test symbol_state::tests::oi_delta_scores_relative_change ... ok
[INFO] [stdout] test symbol_state::tests::oi_price_divergence_fires_only_on_opposite_moves ... ok
[INFO] [stdout] test universe::tests::ensure_creates_once_and_fold_routes ... ok
[INFO] [stdout] test universe::tests::scanned_counts_distinct_symbols ... ok
[INFO] [stdout] test scan::tests::threshold_filters_out_below ... ok
[INFO] [stdout] test universe::tests::fold_absent_symbol_is_noop ... ok
[INFO] [stdout] test scan::tests::tie_broken_by_symbol_ascending ... ok
[INFO] [stdout] 
[INFO] [stdout] test result: ok. 42 passed; 0 failed; 0 ignored; 0 measured; 0 filtered out; finished in 0.03s
[INFO] [stdout] 
[INFO] [stderr]      Running tests/conformance.rs (/opt/rustwide/target/release/deps/conformance-bb0ca9f60d29435f)
[INFO] [stdout] 
[INFO] [stdout] running 8 tests
[INFO] [stdout] test bad_spec_command_yields_error_json ... ok
[INFO] [stdout] test enum_tags_are_snake_case ... ok
[INFO] [stdout] test event_variants_round_trip ... ok
[INFO] [stdout] test factors_carry_one_entry_per_signal_plus_severity ... ok
[INFO] [stdout] test spec_and_signal_round_trip ... ok
[INFO] [stdout] test invalid_spec_on_construction_errors ... ok
[INFO] [stdout] test signal_kinds_round_trip ... ok
[INFO] [stderr]      Running tests/golden.rs (/opt/rustwide/target/release/deps/golden-504b03511f0ed1f1)
[INFO] [stdout] test unknown_command_yields_error_json ... ok
[INFO] [stdout] 
[INFO] [stdout] test result: ok. 8 passed; 0 failed; 0 ignored; 0 measured; 0 filtered out; finished in 0.01s
[INFO] [stdout] 
[INFO] [stdout] 
[INFO] [stdout] running 1 test
[INFO] [stdout] test every_spec_reproduces_its_blessed_report ... FAILED
[INFO] [stdout] 
[INFO] [stdout] failures:
[INFO] [stdout] 
[INFO] [stdout] ---- every_spec_reproduces_its_blessed_report stdout ----
[INFO] [stdout] 
[INFO] [stdout] thread 'every_spec_reproduces_its_blessed_report' (1433) panicked at tests/golden.rs:29:65:
[INFO] [stdout] called `Result::unwrap()` on an `Err` value: Os { code: 2, kind: NotFound, message: "No such file or directory" }
[INFO] [stdout] stack backtrace:
[INFO] [stdout]    0:     0x58f4941bce31 - <<std[70759c8f55707aa4]::sys::backtrace::BacktraceLock>::print::DisplayBacktrace as core[df12db4294e9bfd3]::fmt::Display>::fmt
[INFO] [stdout]    1:     0x58f4941d1aca - core[df12db4294e9bfd3]::fmt::write
[INFO] [stdout]    2:     0x58f4941c15ec - <alloc[2182bb758b4b3781]::vec::Vec<u8> as core[df12db4294e9bfd3]::io::write::Write>::write_fmt
[INFO] [stdout]    3:     0x58f494198446 - std[70759c8f55707aa4]::panicking::default_hook::{closure#0}
[INFO] [stdout]    4:     0x58f4941b4e99 - std[70759c8f55707aa4]::panicking::default_hook
[INFO] [stdout]    5:     0x58f4941167d0 - test[9d35eded1c95d3be]::test_main_inner::<test[9d35eded1c95d3be]::test_main_static::{closure#0}>::{closure#0}
[INFO] [stdout]    6:     0x58f4941b51c2 - std[70759c8f55707aa4]::panicking::panic_with_hook
[INFO] [stdout]    7:     0x58f4941984f2 - std[70759c8f55707aa4]::panicking::panic_handler::{closure#0}
[INFO] [stdout]    8:     0x58f494191049 - std[70759c8f55707aa4]::sys::backtrace::__rust_end_short_backtrace::<std[70759c8f55707aa4]::panicking::panic_handler::{closure#0}, !>
[INFO] [stdout]    9:     0x58f4941990ed - __rustc[8fa7c3cbc660c2b3]::rust_begin_unwind
[INFO] [stdout]   10:     0x58f4941d21fc - core[df12db4294e9bfd3]::panicking::panic_fmt
[INFO] [stdout]   11:     0x58f4941d1fd2 - core[df12db4294e9bfd3]::result::unwrap_failed
[INFO] [stdout]   12:     0x58f494107a0e - <golden[f9074dae214ea90b]::every_spec_reproduces_its_blessed_report::{closure#0} as core[df12db4294e9bfd3]::ops::function::FnOnce<()>>::call_once
[INFO] [stdout]   13:     0x58f494109abb - test[9d35eded1c95d3be]::__rust_begin_short_backtrace::<core[df12db4294e9bfd3]::result::Result<(), alloc[2182bb758b4b3781]::string::String>, fn() -> core[df12db4294e9bfd3]::result::Result<(), alloc[2182bb758b4b3781]::string::String>>
[INFO] [stdout]   14:     0x58f494117125 - test[9d35eded1c95d3be]::run_test::{closure#0}
[INFO] [stdout]   15:     0x58f4941109e4 - std[70759c8f55707aa4]::sys::backtrace::__rust_begin_short_backtrace::<test[9d35eded1c95d3be]::run_test::{closure#1}, ()>
[INFO] [stdout]   16:     0x58f49411a282 - <std[70759c8f55707aa4]::thread::lifecycle::spawn_unchecked<test[9d35eded1c95d3be]::run_test::{closure#1}, ()>::{closure#1} as core[df12db4294e9bfd3]::ops::function::FnOnce<()>>::call_once::{shim:vtable#0}
[INFO] [stdout]   17:     0x58f4941bc389 - <std[70759c8f55707aa4]::sys::thread::unix::Thread>::new::thread_start
[INFO] [stdout]   18:     0x7e8de130cdfa - <unknown>
[INFO] [stdout]   19:     0x7e8de13a03d4 - clone
[INFO] [stdout]   20:                0x0 - <unknown>
[INFO] [stdout] 
[INFO] [stdout] 
[INFO] [stdout] failures:
[INFO] [stdout]     every_spec_reproduces_its_blessed_report
[INFO] [stdout] 
[INFO] [stdout] test result: FAILED. 0 passed; 1 failed; 0 ignored; 0 measured; 0 filtered out; finished in 0.00s
[INFO] [stdout] 
[INFO] [stderr] error: test failed, to rerun pass `--test golden`
[INFO] running `Command { std: "docker" "inspect" "b99f553d5b67ba75e4ea2129a8160168b8733bd92622cfac363e226cc62138b2", kill_on_drop: false }`
[INFO] running `Command { std: "docker" "rm" "-f" "b99f553d5b67ba75e4ea2129a8160168b8733bd92622cfac363e226cc62138b2", kill_on_drop: false }`
[INFO] [stdout] b99f553d5b67ba75e4ea2129a8160168b8733bd92622cfac363e226cc62138b2
