[INFO] fetching crate wickra-proof-core 0.2.0...
[INFO] testing wickra-proof-core-0.2.0 against 1.99.0-beta.8+cargoflags=--release for beta-release-1.100-2
[INFO] extracting crate wickra-proof-core 0.2.0 into /workspace/builds/worker-7-tc1/source
[INFO] started tweaking crates.io crate wickra-proof-core 0.2.0
[INFO] removed 0 missing tests
[INFO] finished tweaking crates.io crate wickra-proof-core 0.2.0
[INFO] tweaked toml for crates.io crate wickra-proof-core 0.2.0 written to /workspace/builds/worker-7-tc1/source/Cargo.toml
[INFO] validating manifest of crates.io crate wickra-proof-core 0.2.0 on toolchain 1.99.0-beta.8
[INFO] running `Command { std: CARGO_HOME="/workspace/cargo-home" RUSTUP_HOME="/workspace/rustup-home" "/workspace/cargo-home/bin/cargo" "+1.99.0-beta.8" "metadata" "--manifest-path" "Cargo.toml" "--no-deps", kill_on_drop: false }`
[INFO] crate crates.io crate wickra-proof-core 0.2.0 already has a lockfile, it will not be regenerated
[INFO] running `Command { std: CARGO_HOME="/workspace/cargo-home" RUSTUP_HOME="/workspace/rustup-home" "/workspace/cargo-home/bin/cargo" "+1.99.0-beta.8" "fetch" "--manifest-path" "Cargo.toml", kill_on_drop: false }`
[INFO] running `Command { std: "docker" "create" "-v" "/var/lib/crater-agent-workspace/builds/worker-7-tc1/source:/opt/rustwide/workdir:ro,Z" "-v" "/var/lib/crater-agent-workspace/builds/worker-7-tc1/target:/opt/rustwide/target:rw,Z" "-v" "/var/lib/crater-agent-workspace/cargo-home:/opt/rustwide/cargo-home:ro,Z" "-v" "/var/lib/crater-agent-workspace/rustup-home:/opt/rustwide/rustup-home:ro,Z" "-m" "1610612736" "--network" "none" "ghcr.io/rust-lang/crates-build-env/linux@sha256:77db811e55d90add9212f6832c23229e3de5f1c1f9905e8cb07319ea15df73ac" "sleep" "infinity", kill_on_drop: false }`
[INFO] [stdout] 05219f659dda6645ccc3a1ac10956f7cc1074e7e10907cf6cca77f1960fafb5a
[INFO] running `Command { std: "docker" "start" "05219f659dda6645ccc3a1ac10956f7cc1074e7e10907cf6cca77f1960fafb5a", kill_on_drop: false }`
[INFO] running `Command { std: "docker" "inspect" "05219f659dda6645ccc3a1ac10956f7cc1074e7e10907cf6cca77f1960fafb5a", kill_on_drop: false }`
[INFO] running `Command { std: "docker" "exec" "-e" "SOURCE_DIR=/opt/rustwide/workdir" "-e" "CARGO_HOME=/opt/rustwide/cargo-home" "-e" "RUSTUP_HOME=/opt/rustwide/rustup-home" "-e" "CARGO_TARGET_DIR=/opt/rustwide/target" "-w" "/opt/rustwide/workdir" "--user" "0:0" "05219f659dda6645ccc3a1ac10956f7cc1074e7e10907cf6cca77f1960fafb5a" "/opt/rustwide/cargo-home/bin/cargo" "+1.99.0-beta.8" "metadata" "--no-deps" "--format-version=1", kill_on_drop: false }`
[INFO] running `Command { std: "docker" "inspect" "05219f659dda6645ccc3a1ac10956f7cc1074e7e10907cf6cca77f1960fafb5a", kill_on_drop: false }`
[INFO] running `Command { std: "docker" "exec" "-e" "SOURCE_DIR=/opt/rustwide/workdir" "-e" "CARGO_HOME=/opt/rustwide/cargo-home" "-e" "RUSTUP_HOME=/opt/rustwide/rustup-home" "-e" "CARGO_TARGET_DIR=/opt/rustwide/target" "-e" "CARGO_INCREMENTAL=0" "-e" "RUST_BACKTRACE=full" "-e" "RUSTFLAGS=--cap-lints=warn" "-e" "RUSTDOCFLAGS=--cap-lints=warn" "-w" "/opt/rustwide/workdir" "--user" "0:0" "05219f659dda6645ccc3a1ac10956f7cc1074e7e10907cf6cca77f1960fafb5a" "/opt/rustwide/cargo-home/bin/cargo" "+1.99.0-beta.8" "build" "--frozen" "--message-format=json" "--release", kill_on_drop: false }`
[INFO] [stderr]    Compiling find-msvc-tools v0.1.13
[INFO] [stderr]    Compiling wickra-simd v2.0.0
[INFO] [stderr]    Compiling serde_json v1.0.151
[INFO] [stderr]    Compiling ref-cast-impl v1.0.27
[INFO] [stderr]    Compiling serde_derive_internals v0.30.0
[INFO] [stderr]    Compiling either v1.18.0
[INFO] [stderr]    Compiling serde v1.0.229
[INFO] [stderr]    Compiling toml_datetime v1.1.1+spec-1.1.0
[INFO] [stderr]    Compiling serde_spanned v1.1.1
[INFO] [stderr]    Compiling cpufeatures v0.3.1
[INFO] [stderr]    Compiling cc v1.4.7
[INFO] [stderr]    Compiling rayon v1.12.0
[INFO] [stderr]    Compiling toml v1.1.6+spec-1.1.0
[INFO] [stderr]    Compiling ref-cast v1.0.27
[INFO] [stderr]    Compiling schemars_derive v1.2.2
[INFO] [stderr]    Compiling blake3 v1.8.7
[INFO] [stderr]    Compiling schemars v1.2.2
[INFO] [stderr]    Compiling wickra-core v2.0.0
[INFO] [stderr]    Compiling wickra-backtest-core v0.2.0
[INFO] [stderr]    Compiling wickra-proof-core v0.2.0 (/opt/rustwide/workdir)
[INFO] [stderr]     Finished `release` profile [optimized] target(s) in 48.95s
[INFO] running `Command { std: "docker" "inspect" "05219f659dda6645ccc3a1ac10956f7cc1074e7e10907cf6cca77f1960fafb5a", kill_on_drop: false }`
[INFO] running `Command { std: "docker" "exec" "-e" "SOURCE_DIR=/opt/rustwide/workdir" "-e" "CARGO_HOME=/opt/rustwide/cargo-home" "-e" "RUSTUP_HOME=/opt/rustwide/rustup-home" "-e" "CARGO_TARGET_DIR=/opt/rustwide/target" "-e" "CARGO_INCREMENTAL=0" "-e" "RUST_BACKTRACE=full" "-e" "RUSTFLAGS=--cap-lints=warn" "-e" "RUSTDOCFLAGS=--cap-lints=warn" "-w" "/opt/rustwide/workdir" "--user" "0:0" "05219f659dda6645ccc3a1ac10956f7cc1074e7e10907cf6cca77f1960fafb5a" "/opt/rustwide/cargo-home/bin/cargo" "+1.99.0-beta.8" "test" "--frozen" "--no-run" "--message-format=json" "--release", kill_on_drop: false }`
[INFO] [stderr]    Compiling zerocopy v0.8.57
[INFO] [stderr]    Compiling rustix v1.1.5
[INFO] [stderr]    Compiling getrandom v0.3.4
[INFO] [stderr]    Compiling bitflags v2.13.2
[INFO] [stderr]    Compiling rand_core v0.9.5
[INFO] [stderr]    Compiling rand v0.9.5
[INFO] [stderr]    Compiling rand_xorshift v0.4.0
[INFO] [stderr]    Compiling tempfile v3.27.0
[INFO] [stderr]    Compiling rusty-fork v0.3.1
[INFO] [stderr]    Compiling ppv-lite86 v0.2.21
[INFO] [stderr]    Compiling rand_chacha v0.9.0
[INFO] [stderr]    Compiling proptest v1.11.0
[INFO] [stderr]    Compiling wickra-proof-core v0.2.0 (/opt/rustwide/workdir)
[INFO] [stderr]     Finished `release` profile [optimized] target(s) in 27.03s
[INFO] running `Command { std: "docker" "inspect" "05219f659dda6645ccc3a1ac10956f7cc1074e7e10907cf6cca77f1960fafb5a", kill_on_drop: false }`
[INFO] running `Command { std: "docker" "exec" "-e" "SOURCE_DIR=/opt/rustwide/workdir" "-e" "CARGO_HOME=/opt/rustwide/cargo-home" "-e" "RUSTUP_HOME=/opt/rustwide/rustup-home" "-e" "CARGO_TARGET_DIR=/opt/rustwide/target" "-e" "CARGO_INCREMENTAL=0" "-e" "RUST_BACKTRACE=full" "-e" "RUSTFLAGS=--cap-lints=warn" "-e" "RUSTDOCFLAGS=--cap-lints=warn" "-w" "/opt/rustwide/workdir" "--user" "0:0" "05219f659dda6645ccc3a1ac10956f7cc1074e7e10907cf6cca77f1960fafb5a" "/opt/rustwide/cargo-home/bin/cargo" "+1.99.0-beta.8" "test" "--frozen" "--release", kill_on_drop: false }`
[INFO] [stderr]     Finished `release` profile [optimized] target(s) in 0.08s
[INFO] [stderr]      Running unittests src/lib.rs (/opt/rustwide/target/release/deps/wickra_proof_core-89530b5671d9f821)
[INFO] [stdout] 
[INFO] [stdout] running 21 tests
[INFO] [stdout] test tests::canonicalize_rounds_floats_and_keeps_integers ... ok
[INFO] [stdout] test tests::canonicalize_is_deterministic ... ok
[INFO] [stdout] test tests::canonicalize_sorts_keys_and_strips_whitespace ... ok
[INFO] [stdout] test tests::command_json_unknown_cmd_returns_error_envelope ... ok
[INFO] [stdout] test tests::bad_spec_is_rejected ... ok
[INFO] [stdout] test tests::command_json_canonicalize_exposes_the_string ... ok
[INFO] [stdout] test tests::canonicalize_preserves_array_order ... ok
[INFO] [stdout] test tests::an_edited_candle_changes_the_commitment ... ok
[INFO] [stdout] test tests::engine_version_mismatch_is_rejected ... ok
[INFO] [stdout] test tests::missing_symbol_data_is_reported ... ok
[INFO] [stdout] test tests::command_json_prove_matches_direct_prove ... ok
[INFO] [stdout] test tests::config_roundtrips_from_json ... ok
[INFO] [stdout] test tests::command_json_version_reports_both_versions ... ok
[INFO] [stdout] test tests::command_json_verify_reports_valid ... ok
[INFO] [stdout] test tests::hash_candles_differs_from_the_inputs_hash ... ok
[INFO] [stdout] test tests::hash_candles_is_deterministic_and_order_sensitive ... ok
[INFO] [stdout] test tests::hash_report_equals_the_hash_prove_reports ... ok
[INFO] [stdout] test tests::hash_value_is_the_hash_of_the_canonical_form ... ok
[INFO] [stdout] test tests::prove_then_verify_is_true ... ok
[INFO] [stdout] test tests::prove_is_reproducible ... ok
[INFO] [stdout] test tests::tampered_report_fails_verification ... ok
[INFO] [stderr]      Running tests/canonical.rs (/opt/rustwide/target/release/deps/canonical-701581230d9ce68c)
[INFO] [stdout] 
[INFO] [stdout] test result: ok. 21 passed; 0 failed; 0 ignored; 0 measured; 0 filtered out; finished in 0.08s
[INFO] [stdout] 
[INFO] [stdout] 
[INFO] [stdout] running 9 tests
[INFO] [stdout] test a_whole_float_and_its_integer_are_indistinguishable ... ok
[INFO] [stdout] test a_difference_below_1e8_canonicalizes_identically ... ok
[INFO] [stdout] test empty_containers_and_null ... ok
[INFO] [stdout] test canonicalization_is_idempotent_for_extreme_magnitudes ... ok
[INFO] [stdout] test key_order_does_not_affect_the_canonical_form ... ok
[INFO] [stdout] test keys_are_sorted_at_every_depth ... ok
[INFO] [stdout] test is_deterministic ... ok
[INFO] [stderr]      Running tests/conformance.rs (/opt/rustwide/target/release/deps/conformance-1e365bf4429272a4)
[INFO] [stdout] test floats_round_to_1e8_and_trim_trailing_zeros ... ok
[INFO] [stdout] test is_whitespace_free ... ok
[INFO] [stdout] 
[INFO] [stdout] test result: ok. 9 passed; 0 failed; 0 ignored; 0 measured; 0 filtered out; finished in 0.01s
[INFO] [stdout] 
[INFO] [stdout] 
[INFO] [stdout] running 5 tests
[INFO] [stdout] test strategy_must_be_an_object ... ok
[INFO] [stdout] test proof_spec_json_round_trips ... ok
[INFO] [stdout] test missing_field_is_rejected ... ok
[INFO] [stderr]      Running tests/golden.rs (/opt/rustwide/target/release/deps/golden-8e0bca3e65a710e6)
[INFO] [stdout] test proof_json_round_trips ... ok
[INFO] [stdout] test proof_spec_toml_round_trips ... ok
[INFO] [stdout] 
[INFO] [stdout] test result: ok. 5 passed; 0 failed; 0 ignored; 0 measured; 0 filtered out; finished in 0.01s
[INFO] [stdout] 
[INFO] [stdout] 
[INFO] [stdout] running 1 test
[INFO] [stdout] test golden_proofs_are_byte_identical ... FAILED
[INFO] [stdout] 
[INFO] [stdout] failures:
[INFO] [stdout] 
[INFO] [stdout] ---- golden_proofs_are_byte_identical stdout ----
[INFO] [stdout] 
[INFO] [stdout] thread 'golden_proofs_are_byte_identical' (1102) panicked at tests/golden.rs:39:49:
[INFO] [stdout] called `Result::unwrap()` on an `Err` value: Os { code: 2, kind: NotFound, message: "No such file or directory" }
[INFO] [stdout] stack backtrace:
[INFO] [stdout]    0:     0x642296a42881 - <<std[70759c8f55707aa4]::sys::backtrace::BacktraceLock>::print::DisplayBacktrace as core[df12db4294e9bfd3]::fmt::Display>::fmt
[INFO] [stdout]    1:     0x642296a5802a - core[df12db4294e9bfd3]::fmt::write
[INFO] [stdout]    2:     0x642296a46fec - <alloc[2182bb758b4b3781]::vec::Vec<u8> as core[df12db4294e9bfd3]::io::write::Write>::write_fmt
[INFO] [stdout]    3:     0x642296a1e496 - std[70759c8f55707aa4]::panicking::default_hook::{closure#0}
[INFO] [stdout]    4:     0x642296a3aa69 - std[70759c8f55707aa4]::panicking::default_hook
[INFO] [stdout]    5:     0x6422968a1c60 - test[9d35eded1c95d3be]::test_main_inner::<test[9d35eded1c95d3be]::test_main_static::{closure#0}>::{closure#0}
[INFO] [stdout]    6:     0x642296a3ac22 - std[70759c8f55707aa4]::panicking::panic_with_hook
[INFO] [stdout]    7:     0x642296a1e542 - std[70759c8f55707aa4]::panicking::panic_handler::{closure#0}
[INFO] [stdout]    8:     0x642296a17099 - std[70759c8f55707aa4]::sys::backtrace::__rust_end_short_backtrace::<std[70759c8f55707aa4]::panicking::panic_handler::{closure#0}, !>
[INFO] [stdout]    9:     0x642296a1f13d - __rustc[8fa7c3cbc660c2b3]::rust_begin_unwind
[INFO] [stdout]   10:     0x642296a5875c - core[df12db4294e9bfd3]::panicking::panic_fmt
[INFO] [stdout]   11:     0x642296a58532 - core[df12db4294e9bfd3]::result::unwrap_failed
[INFO] [stdout]   12:     0x64229688c059 - <golden[1176500254f4144f]::golden_proofs_are_byte_identical::{closure#0} as core[df12db4294e9bfd3]::ops::function::FnOnce<()>>::call_once
[INFO] [stdout]   13:     0x642296894f4b - test[9d35eded1c95d3be]::__rust_begin_short_backtrace::<core[df12db4294e9bfd3]::result::Result<(), alloc[2182bb758b4b3781]::string::String>, fn() -> core[df12db4294e9bfd3]::result::Result<(), alloc[2182bb758b4b3781]::string::String>>
[INFO] [stdout]   14:     0x6422968a25b5 - test[9d35eded1c95d3be]::run_test::{closure#0}
[INFO] [stdout]   15:     0x64229689be74 - std[70759c8f55707aa4]::sys::backtrace::__rust_begin_short_backtrace::<test[9d35eded1c95d3be]::run_test::{closure#1}, ()>
[INFO] [stdout]   16:     0x6422968a5712 - <std[70759c8f55707aa4]::thread::lifecycle::spawn_unchecked<test[9d35eded1c95d3be]::run_test::{closure#1}, ()>::{closure#1} as core[df12db4294e9bfd3]::ops::function::FnOnce<()>>::call_once::{shim:vtable#0}
[INFO] [stdout]   17:     0x642296a41de9 - <std[70759c8f55707aa4]::sys::thread::unix::Thread>::new::thread_start
[INFO] [stdout]   18:     0x703e5ff94dfa - <unknown>
[INFO] [stdout]   19:     0x703e600283d4 - clone
[INFO] [stdout]   20:                0x0 - <unknown>
[INFO] [stdout] 
[INFO] [stdout] 
[INFO] [stdout] failures:
[INFO] [stdout]     golden_proofs_are_byte_identical
[INFO] [stdout] 
[INFO] [stdout] test result: FAILED. 0 passed; 1 failed; 0 ignored; 0 measured; 0 filtered out; finished in 0.00s
[INFO] [stdout] 
[INFO] [stderr] error: test failed, to rerun pass `--test golden`
[INFO] running `Command { std: "docker" "inspect" "05219f659dda6645ccc3a1ac10956f7cc1074e7e10907cf6cca77f1960fafb5a", kill_on_drop: false }`
[INFO] running `Command { std: "docker" "rm" "-f" "05219f659dda6645ccc3a1ac10956f7cc1074e7e10907cf6cca77f1960fafb5a", kill_on_drop: false }`
[INFO] [stdout] 05219f659dda6645ccc3a1ac10956f7cc1074e7e10907cf6cca77f1960fafb5a
