[INFO] fetching crate wickra-impact-core 0.2.0...
[INFO] testing wickra-impact-core-0.2.0 against 1.99.0-beta.8+cargoflags=--release for beta-release-1.100-2
[INFO] extracting crate wickra-impact-core 0.2.0 into /workspace/builds/worker-7-tc1/source
[INFO] started tweaking crates.io crate wickra-impact-core 0.2.0
[INFO] removed 0 missing tests
[INFO] finished tweaking crates.io crate wickra-impact-core 0.2.0
[INFO] tweaked toml for crates.io crate wickra-impact-core 0.2.0 written to /workspace/builds/worker-7-tc1/source/Cargo.toml
[INFO] validating manifest of crates.io crate wickra-impact-core 0.2.0 on toolchain 1.99.0-beta.8
[INFO] running `Command { std: CARGO_HOME="/workspace/cargo-home" RUSTUP_HOME="/workspace/rustup-home" "/workspace/cargo-home/bin/cargo" "+1.99.0-beta.8" "metadata" "--manifest-path" "Cargo.toml" "--no-deps", kill_on_drop: false }`
[INFO] crate crates.io crate wickra-impact-core 0.2.0 already has a lockfile, it will not be regenerated
[INFO] running `Command { std: CARGO_HOME="/workspace/cargo-home" RUSTUP_HOME="/workspace/rustup-home" "/workspace/cargo-home/bin/cargo" "+1.99.0-beta.8" "fetch" "--manifest-path" "Cargo.toml", kill_on_drop: false }`
[INFO] [stderr]     Updating crates.io index
[INFO] [stderr]  Downloading crates ...
[INFO] [stderr]   Downloaded p256 v0.14.0
[INFO] [stderr]   Downloaded spki v0.8.0
[INFO] [stderr]   Downloaded serdect v0.4.3
[INFO] [stderr]   Downloaded find-msvc-tools v0.1.13
[INFO] [stderr]   Downloaded wickra-backtest v0.2.0
[INFO] [stderr]   Downloaded pkcs8 v0.11.0
[INFO] [stderr]   Downloaded wickra-backtest-data v0.2.0
[INFO] [stderr]   Downloaded wickra-exchange v0.2.0
[INFO] [stderr]   Downloaded cc v1.4.7
[INFO] [stderr]   Downloaded wickra-backtest-core v0.2.0
[INFO] [stderr]   Downloaded wickra-exchange-core v0.2.0
[INFO] [stderr]   Downloaded wickra-core v2.0.0
[INFO] [stderr]   Downloaded wickra-simd v2.0.0
[INFO] running `Command { std: "docker" "create" "-v" "/var/lib/crater-agent-workspace/builds/worker-7-tc1/source:/opt/rustwide/workdir:ro,Z" "-v" "/var/lib/crater-agent-workspace/builds/worker-7-tc1/target:/opt/rustwide/target:rw,Z" "-v" "/var/lib/crater-agent-workspace/cargo-home:/opt/rustwide/cargo-home:ro,Z" "-v" "/var/lib/crater-agent-workspace/rustup-home:/opt/rustwide/rustup-home:ro,Z" "-m" "1610612736" "--network" "none" "ghcr.io/rust-lang/crates-build-env/linux@sha256:77db811e55d90add9212f6832c23229e3de5f1c1f9905e8cb07319ea15df73ac" "sleep" "infinity", kill_on_drop: false }`
[INFO] [stdout] 1fc30991bf50404b9ce7852380c9f45f1ff845f00e807f5918b2f3f69c489b03
[INFO] running `Command { std: "docker" "start" "1fc30991bf50404b9ce7852380c9f45f1ff845f00e807f5918b2f3f69c489b03", kill_on_drop: false }`
[INFO] running `Command { std: "docker" "inspect" "1fc30991bf50404b9ce7852380c9f45f1ff845f00e807f5918b2f3f69c489b03", kill_on_drop: false }`
[INFO] running `Command { std: "docker" "exec" "-e" "SOURCE_DIR=/opt/rustwide/workdir" "-e" "CARGO_HOME=/opt/rustwide/cargo-home" "-e" "RUSTUP_HOME=/opt/rustwide/rustup-home" "-e" "CARGO_TARGET_DIR=/opt/rustwide/target" "-w" "/opt/rustwide/workdir" "--user" "0:0" "1fc30991bf50404b9ce7852380c9f45f1ff845f00e807f5918b2f3f69c489b03" "/opt/rustwide/cargo-home/bin/cargo" "+1.99.0-beta.8" "metadata" "--no-deps" "--format-version=1", kill_on_drop: false }`
[INFO] running `Command { std: "docker" "inspect" "1fc30991bf50404b9ce7852380c9f45f1ff845f00e807f5918b2f3f69c489b03", kill_on_drop: false }`
[INFO] running `Command { std: "docker" "exec" "-e" "SOURCE_DIR=/opt/rustwide/workdir" "-e" "CARGO_HOME=/opt/rustwide/cargo-home" "-e" "RUSTUP_HOME=/opt/rustwide/rustup-home" "-e" "CARGO_TARGET_DIR=/opt/rustwide/target" "-e" "CARGO_INCREMENTAL=0" "-e" "RUST_BACKTRACE=full" "-e" "RUSTFLAGS=--cap-lints=warn" "-e" "RUSTDOCFLAGS=--cap-lints=warn" "-w" "/opt/rustwide/workdir" "--user" "0:0" "1fc30991bf50404b9ce7852380c9f45f1ff845f00e807f5918b2f3f69c489b03" "/opt/rustwide/cargo-home/bin/cargo" "+1.99.0-beta.8" "build" "--frozen" "--message-format=json" "--release", kill_on_drop: false }`
[INFO] [stderr]    Compiling unicode-ident v1.0.26
[INFO] [stderr]    Compiling crossbeam-utils v0.8.23
[INFO] [stderr]    Compiling crossbeam-epoch v0.9.21
[INFO] [stderr]    Compiling crossbeam-deque v0.8.8
[INFO] [stderr]    Compiling serde_core v1.0.229
[INFO] [stderr]    Compiling wickra-simd v2.0.0
[INFO] [stderr]    Compiling ref-cast v1.0.27
[INFO] [stderr]    Compiling serde_json v1.0.151
[INFO] [stderr]    Compiling proc-macro2 v1.0.107
[INFO] [stderr]    Compiling serde v1.0.229
[INFO] [stderr]    Compiling either v1.18.0
[INFO] [stderr]    Compiling dyn-clone v1.0.20
[INFO] [stderr]    Compiling quote v1.0.47
[INFO] [stderr]    Compiling syn v3.0.6
[INFO] [stderr]    Compiling rayon-core v1.13.0
[INFO] [stderr]    Compiling rayon v1.12.0
[INFO] [stderr]    Compiling serde_derive_internals v0.30.0
[INFO] [stderr]    Compiling ref-cast-impl v1.0.27
[INFO] [stderr]    Compiling serde_derive v1.0.229
[INFO] [stderr]    Compiling thiserror-impl v2.0.21
[INFO] [stderr]    Compiling schemars_derive v1.2.2
[INFO] [stderr]    Compiling thiserror v2.0.21
[INFO] [stderr]    Compiling wickra-core v2.0.0
[INFO] [stderr]    Compiling schemars v1.2.2
[INFO] [stderr]    Compiling wickra-backtest-core v0.2.0
[INFO] [stderr]    Compiling wickra-backtest-data v0.2.0
[INFO] [stderr]    Compiling wickra-backtest v0.2.0
[INFO] [stderr]    Compiling wickra-impact-core v0.2.0 (/opt/rustwide/workdir)
[INFO] [stderr]     Finished `release` profile [optimized] target(s) in 1m 22s
[INFO] running `Command { std: "docker" "inspect" "1fc30991bf50404b9ce7852380c9f45f1ff845f00e807f5918b2f3f69c489b03", kill_on_drop: false }`
[INFO] running `Command { std: "docker" "exec" "-e" "SOURCE_DIR=/opt/rustwide/workdir" "-e" "CARGO_HOME=/opt/rustwide/cargo-home" "-e" "RUSTUP_HOME=/opt/rustwide/rustup-home" "-e" "CARGO_TARGET_DIR=/opt/rustwide/target" "-e" "CARGO_INCREMENTAL=0" "-e" "RUST_BACKTRACE=full" "-e" "RUSTFLAGS=--cap-lints=warn" "-e" "RUSTDOCFLAGS=--cap-lints=warn" "-w" "/opt/rustwide/workdir" "--user" "0:0" "1fc30991bf50404b9ce7852380c9f45f1ff845f00e807f5918b2f3f69c489b03" "/opt/rustwide/cargo-home/bin/cargo" "+1.99.0-beta.8" "test" "--frozen" "--no-run" "--message-format=json" "--release", kill_on_drop: false }`
[INFO] [stderr]    Compiling getrandom v0.3.4
[INFO] [stderr]    Compiling zerocopy v0.8.57
[INFO] [stderr]    Compiling rustix v1.1.5
[INFO] [stderr]    Compiling bitflags v2.13.2
[INFO] [stderr]    Compiling getrandom v0.4.3
[INFO] [stderr]    Compiling wait-timeout v0.2.1
[INFO] [stderr]    Compiling bit-vec v0.8.0
[INFO] [stderr]    Compiling quick-error v1.2.3
[INFO] [stderr]    Compiling unarray v0.1.4
[INFO] [stderr]    Compiling bit-set v0.8.0
[INFO] [stderr]    Compiling rand_core v0.9.5
[INFO] [stderr]    Compiling rand_xorshift v0.4.0
[INFO] [stderr]    Compiling rand v0.9.5
[INFO] [stderr]    Compiling tempfile v3.27.0
[INFO] [stderr]    Compiling rusty-fork v0.3.1
[INFO] [stderr]    Compiling ppv-lite86 v0.2.21
[INFO] [stderr]    Compiling rand_chacha v0.9.0
[INFO] [stderr]    Compiling proptest v1.11.0
[INFO] [stderr]    Compiling wickra-impact-core v0.2.0 (/opt/rustwide/workdir)
[INFO] [stderr]     Finished `release` profile [optimized] target(s) in 1m 04s
[INFO] running `Command { std: "docker" "inspect" "1fc30991bf50404b9ce7852380c9f45f1ff845f00e807f5918b2f3f69c489b03", kill_on_drop: false }`
[INFO] running `Command { std: "docker" "exec" "-e" "SOURCE_DIR=/opt/rustwide/workdir" "-e" "CARGO_HOME=/opt/rustwide/cargo-home" "-e" "RUSTUP_HOME=/opt/rustwide/rustup-home" "-e" "CARGO_TARGET_DIR=/opt/rustwide/target" "-e" "CARGO_INCREMENTAL=0" "-e" "RUST_BACKTRACE=full" "-e" "RUSTFLAGS=--cap-lints=warn" "-e" "RUSTDOCFLAGS=--cap-lints=warn" "-w" "/opt/rustwide/workdir" "--user" "0:0" "1fc30991bf50404b9ce7852380c9f45f1ff845f00e807f5918b2f3f69c489b03" "/opt/rustwide/cargo-home/bin/cargo" "+1.99.0-beta.8" "test" "--frozen" "--release", kill_on_drop: false }`
[INFO] [stderr]     Finished `release` profile [optimized] target(s) in 0.19s
[INFO] [stdout] 
[INFO] [stderr]      Running unittests src/lib.rs (/opt/rustwide/target/release/deps/wickra_impact_core-f906a5d8e84b29b4)
[INFO] [stdout] running 17 tests
[INFO] [stdout] test book_model::tests::round_to_kills_non_finite ... ok
[INFO] [stdout] test book_model::tests::square_root_impact_matches_formula ... ok
[INFO] [stdout] test book_model::tests::participation_cap_leaves_a_partial ... ok
[INFO] [stdout] test impact::tests::run_command_returns_a_report ... ok
[INFO] [stdout] test book_model::tests::worked_example_thin_book_is_44_bps ... ok
[INFO] [stdout] test book_model::tests::linear_impact_moves_the_price_up_for_a_buy ... ok
[INFO] [stdout] test book_model::tests::levels_cap_bounds_the_walk ... ok
[INFO] [stdout] test book_model::tests::empty_side_falls_back_to_reference ... ok
[INFO] [stdout] test run::tests::thin_book_worked_example_shows_44_bps ... ok
[INFO] [stdout] test run::tests::zero_impact_matches_the_inherited_engine ... ok
[INFO] [stdout] test latency::tests::rejects_bad_timeframes ... ok
[INFO] [stdout] test latency::tests::zero_latency_next_open_is_next_bar ... ok
[INFO] [stdout] test tests::versions_are_reported ... ok
[INFO] [stdout] test impact::tests::unknown_command_is_error_json ... ok
[INFO] [stdout] test impact::tests::version_command ... ok
[INFO] [stdout] test latency::tests::latency_shifts_forward_and_can_cancel ... ok
[INFO] [stdout] test latency::tests::parses_common_timeframes ... ok
[INFO] [stdout] 
[INFO] [stdout] test result: ok. 17 passed; 0 failed; 0 ignored; 0 measured; 0 filtered out; finished in 0.01s
[INFO] [stdout] 
[INFO] [stderr]      Running tests/book_required.rs (/opt/rustwide/target/release/deps/book_required-2a1085f6b991c84d)
[INFO] [stdout] 
[INFO] [stdout] running 2 tests
[INFO] [stdout] test the_walk_refuses_a_run_with_no_book ... ok
[INFO] [stdout] test an_analytic_model_needs_no_book ... ok
[INFO] [stdout] 
[INFO] [stdout] test result: ok. 2 passed; 0 failed; 0 ignored; 0 measured; 0 filtered out; finished in 0.00s
[INFO] [stdout] 
[INFO] [stderr]      Running tests/conformance.rs (/opt/rustwide/target/release/deps/conformance-c9e4151ca359d56b)
[INFO] [stdout] 
[INFO] [stdout] running 6 tests
[INFO] [stdout] test missing_book_for_orderbook_walk_is_a_run_error ... ok
[INFO] [stderr]      Running tests/golden.rs (/opt/rustwide/target/release/deps/golden-02425af31891b820)
[INFO] [stdout] test embedded_slippage_is_a_spec_error ... ok
[INFO] [stdout] test side_variants_round_trip ... ok
[INFO] [stdout] test unknown_book_model_kind_is_rejected ... ok
[INFO] [stdout] test structs_round_trip ... ok
[INFO] [stdout] test book_model_variants_round_trip ... ok
[INFO] [stdout] 
[INFO] [stdout] test result: ok. 6 passed; 0 failed; 0 ignored; 0 measured; 0 filtered out; finished in 0.01s
[INFO] [stdout] 
[INFO] [stdout] 
[INFO] [stdout] running 1 test
[INFO] [stdout] test every_spec_matches_its_expected_output ... FAILED
[INFO] [stdout] 
[INFO] [stdout] failures:
[INFO] [stdout] 
[INFO] [stdout] ---- every_spec_matches_its_expected_output stdout ----
[INFO] [stdout] 
[INFO] [stdout] thread 'every_spec_matches_its_expected_output' (1323) panicked at tests/golden.rs:24:10:
[INFO] [stdout] called `Result::unwrap()` on an `Err` value: Os { code: 2, kind: NotFound, message: "No such file or directory" }
[INFO] [stdout] stack backtrace:
[INFO] [stdout]    0:     0x62ec538c25c1 - <<std[70759c8f55707aa4]::sys::backtrace::BacktraceLock>::print::DisplayBacktrace as core[df12db4294e9bfd3]::fmt::Display>::fmt
[INFO] [stdout]    1:     0x62ec538d75aa - core[df12db4294e9bfd3]::fmt::write
[INFO] [stdout]    2:     0x62ec538c6d2c - <alloc[2182bb758b4b3781]::vec::Vec<u8> as core[df12db4294e9bfd3]::io::write::Write>::write_fmt
[INFO] [stdout]    3:     0x62ec5389dc96 - std[70759c8f55707aa4]::panicking::default_hook::{closure#0}
[INFO] [stdout]    4:     0x62ec538ba5b9 - std[70759c8f55707aa4]::panicking::default_hook
[INFO] [stdout]    5:     0x62ec537716f0 - test[9d35eded1c95d3be]::test_main_inner::<test[9d35eded1c95d3be]::test_main_static::{closure#0}>::{closure#0}
[INFO] [stdout]    6:     0x62ec538ba772 - std[70759c8f55707aa4]::panicking::panic_with_hook
[INFO] [stdout]    7:     0x62ec5389dd42 - std[70759c8f55707aa4]::panicking::panic_handler::{closure#0}
[INFO] [stdout]    8:     0x62ec53896899 - std[70759c8f55707aa4]::sys::backtrace::__rust_end_short_backtrace::<std[70759c8f55707aa4]::panicking::panic_handler::{closure#0}, !>
[INFO] [stdout]    9:     0x62ec5389e93d - __rustc[8fa7c3cbc660c2b3]::rust_begin_unwind
[INFO] [stdout]   10:     0x62ec538d7cdc - core[df12db4294e9bfd3]::panicking::panic_fmt
[INFO] [stdout]   11:     0x62ec538d7ab2 - core[df12db4294e9bfd3]::result::unwrap_failed
[INFO] [stdout]   12:     0x62ec53760621 - <golden[5ad703cd75920e7c]::every_spec_matches_its_expected_output::{closure#0} as core[df12db4294e9bfd3]::ops::function::FnOnce<()>>::call_once
[INFO] [stdout]   13:     0x62ec537649db - test[9d35eded1c95d3be]::__rust_begin_short_backtrace::<core[df12db4294e9bfd3]::result::Result<(), alloc[2182bb758b4b3781]::string::String>, fn() -> core[df12db4294e9bfd3]::result::Result<(), alloc[2182bb758b4b3781]::string::String>>
[INFO] [stdout]   14:     0x62ec53772045 - test[9d35eded1c95d3be]::run_test::{closure#0}
[INFO] [stdout]   15:     0x62ec5376b904 - std[70759c8f55707aa4]::sys::backtrace::__rust_begin_short_backtrace::<test[9d35eded1c95d3be]::run_test::{closure#1}, ()>
[INFO] [stdout]   16:     0x62ec537751a2 - <std[70759c8f55707aa4]::thread::lifecycle::spawn_unchecked<test[9d35eded1c95d3be]::run_test::{closure#1}, ()>::{closure#1} as core[df12db4294e9bfd3]::ops::function::FnOnce<()>>::call_once::{shim:vtable#0}
[INFO] [stdout]   17:     0x62ec538c1939 - <std[70759c8f55707aa4]::sys::thread::unix::Thread>::new::thread_start
[INFO] [stdout]   18:     0x7b377652edfa - <unknown>
[INFO] [stdout]   19:     0x7b37765c23d4 - clone
[INFO] [stdout]   20:                0x0 - <unknown>
[INFO] [stdout] 
[INFO] [stdout] 
[INFO] [stdout] failures:
[INFO] [stdout]     every_spec_matches_its_expected_output
[INFO] [stdout] 
[INFO] [stdout] test result: FAILED. 0 passed; 1 failed; 0 ignored; 0 measured; 0 filtered out; finished in 0.01s
[INFO] [stdout] 
[INFO] [stderr] error: test failed, to rerun pass `--test golden`
[INFO] running `Command { std: "docker" "inspect" "1fc30991bf50404b9ce7852380c9f45f1ff845f00e807f5918b2f3f69c489b03", kill_on_drop: false }`
[INFO] running `Command { std: "docker" "rm" "-f" "1fc30991bf50404b9ce7852380c9f45f1ff845f00e807f5918b2f3f69c489b03", kill_on_drop: false }`
[INFO] [stdout] 1fc30991bf50404b9ce7852380c9f45f1ff845f00e807f5918b2f3f69c489b03
