[INFO] fetching crate wickra-gym-core 0.2.0...
[INFO] testing wickra-gym-core-0.2.0 against 1.99.0-beta.8+cargoflags=--release for beta-release-1.100-2
[INFO] extracting crate wickra-gym-core 0.2.0 into /workspace/builds/worker-7-tc1/source
[INFO] started tweaking crates.io crate wickra-gym-core 0.2.0
[INFO] removed 0 missing tests
[INFO] finished tweaking crates.io crate wickra-gym-core 0.2.0
[INFO] tweaked toml for crates.io crate wickra-gym-core 0.2.0 written to /workspace/builds/worker-7-tc1/source/Cargo.toml
[INFO] validating manifest of crates.io crate wickra-gym-core 0.2.0 on toolchain 1.99.0-beta.8
[INFO] running `Command { std: CARGO_HOME="/workspace/cargo-home" RUSTUP_HOME="/workspace/rustup-home" "/workspace/cargo-home/bin/cargo" "+1.99.0-beta.8" "metadata" "--manifest-path" "Cargo.toml" "--no-deps", kill_on_drop: false }`
[INFO] crate crates.io crate wickra-gym-core 0.2.0 already has a lockfile, it will not be regenerated
[INFO] running `Command { std: CARGO_HOME="/workspace/cargo-home" RUSTUP_HOME="/workspace/rustup-home" "/workspace/cargo-home/bin/cargo" "+1.99.0-beta.8" "fetch" "--manifest-path" "Cargo.toml", kill_on_drop: false }`
[INFO] [stderr]     Updating crates.io index
[INFO] [stderr]  Downloading crates ...
[INFO] [stderr]   Downloaded wickra-exchange v0.2.0
[INFO] [stderr]   Downloaded wickra-exchange-core v0.2.0
[INFO] [stderr]   Downloaded wickra-backtest v0.2.0
[INFO] [stderr]   Downloaded wickra-data v2.0.0
[INFO] [stderr]   Downloaded wickra-backtest-data v0.2.0
[INFO] running `Command { std: "docker" "create" "-v" "/var/lib/crater-agent-workspace/builds/worker-7-tc1/source:/opt/rustwide/workdir:ro,Z" "-v" "/var/lib/crater-agent-workspace/builds/worker-7-tc1/target:/opt/rustwide/target:rw,Z" "-v" "/var/lib/crater-agent-workspace/cargo-home:/opt/rustwide/cargo-home:ro,Z" "-v" "/var/lib/crater-agent-workspace/rustup-home:/opt/rustwide/rustup-home:ro,Z" "-m" "1610612736" "--network" "none" "ghcr.io/rust-lang/crates-build-env/linux@sha256:77db811e55d90add9212f6832c23229e3de5f1c1f9905e8cb07319ea15df73ac" "sleep" "infinity", kill_on_drop: false }`
[INFO] [stdout] 123b7d15069cb9686730a9396279d4ec160c4df7c69c04d7a82e48c6ee3152f5
[INFO] running `Command { std: "docker" "start" "123b7d15069cb9686730a9396279d4ec160c4df7c69c04d7a82e48c6ee3152f5", kill_on_drop: false }`
[INFO] running `Command { std: "docker" "inspect" "123b7d15069cb9686730a9396279d4ec160c4df7c69c04d7a82e48c6ee3152f5", kill_on_drop: false }`
[INFO] running `Command { std: "docker" "exec" "-e" "SOURCE_DIR=/opt/rustwide/workdir" "-e" "CARGO_HOME=/opt/rustwide/cargo-home" "-e" "RUSTUP_HOME=/opt/rustwide/rustup-home" "-e" "CARGO_TARGET_DIR=/opt/rustwide/target" "-w" "/opt/rustwide/workdir" "--user" "0:0" "123b7d15069cb9686730a9396279d4ec160c4df7c69c04d7a82e48c6ee3152f5" "/opt/rustwide/cargo-home/bin/cargo" "+1.99.0-beta.8" "metadata" "--no-deps" "--format-version=1", kill_on_drop: false }`
[INFO] running `Command { std: "docker" "inspect" "123b7d15069cb9686730a9396279d4ec160c4df7c69c04d7a82e48c6ee3152f5", kill_on_drop: false }`
[INFO] running `Command { std: "docker" "exec" "-e" "SOURCE_DIR=/opt/rustwide/workdir" "-e" "CARGO_HOME=/opt/rustwide/cargo-home" "-e" "RUSTUP_HOME=/opt/rustwide/rustup-home" "-e" "CARGO_TARGET_DIR=/opt/rustwide/target" "-e" "CARGO_INCREMENTAL=0" "-e" "RUST_BACKTRACE=full" "-e" "RUSTFLAGS=--cap-lints=warn" "-e" "RUSTDOCFLAGS=--cap-lints=warn" "-w" "/opt/rustwide/workdir" "--user" "0:0" "123b7d15069cb9686730a9396279d4ec160c4df7c69c04d7a82e48c6ee3152f5" "/opt/rustwide/cargo-home/bin/cargo" "+1.99.0-beta.8" "build" "--frozen" "--message-format=json" "--release", kill_on_drop: false }`
[INFO] [stderr]    Compiling syn v3.0.6
[INFO] [stderr]    Compiling wickra-simd v2.0.0
[INFO] [stderr]    Compiling serde_json v1.0.151
[INFO] [stderr]    Compiling either v1.18.0
[INFO] [stderr]    Compiling num-traits v0.2.19
[INFO] [stderr]    Compiling rust_decimal v1.43.0
[INFO] [stderr]    Compiling toml_datetime v1.1.1+spec-1.1.0
[INFO] [stderr]    Compiling serde_spanned v1.1.1
[INFO] [stderr]    Compiling csv v1.4.0
[INFO] [stderr]    Compiling arrayvec v0.7.8
[INFO] [stderr]    Compiling rand v0.10.3
[INFO] [stderr]    Compiling rayon v1.12.0
[INFO] [stderr]    Compiling toml v1.1.6+spec-1.1.0
[INFO] [stderr]    Compiling serde_derive_internals v0.30.0
[INFO] [stderr]    Compiling serde_derive v1.0.229
[INFO] [stderr]    Compiling thiserror-impl v2.0.21
[INFO] [stderr]    Compiling ref-cast-impl v1.0.27
[INFO] [stderr]    Compiling schemars_derive v1.2.2
[INFO] [stderr]    Compiling ref-cast v1.0.27
[INFO] [stderr]    Compiling thiserror v2.0.21
[INFO] [stderr]    Compiling wickra-core v2.0.0
[INFO] [stderr]    Compiling serde v1.0.229
[INFO] [stderr]    Compiling schemars v1.2.2
[INFO] [stderr]    Compiling wickra-backtest-core v0.2.0
[INFO] [stderr]    Compiling wickra-data v2.0.0
[INFO] [stderr]    Compiling wickra-backtest-data v0.2.0
[INFO] [stderr]    Compiling wickra-backtest v0.2.0
[INFO] [stderr]    Compiling wickra-gym-core v0.2.0 (/opt/rustwide/workdir)
[INFO] [stderr]     Finished `release` profile [optimized] target(s) in 54.33s
[INFO] running `Command { std: "docker" "inspect" "123b7d15069cb9686730a9396279d4ec160c4df7c69c04d7a82e48c6ee3152f5", kill_on_drop: false }`
[INFO] running `Command { std: "docker" "exec" "-e" "SOURCE_DIR=/opt/rustwide/workdir" "-e" "CARGO_HOME=/opt/rustwide/cargo-home" "-e" "RUSTUP_HOME=/opt/rustwide/rustup-home" "-e" "CARGO_TARGET_DIR=/opt/rustwide/target" "-e" "CARGO_INCREMENTAL=0" "-e" "RUST_BACKTRACE=full" "-e" "RUSTFLAGS=--cap-lints=warn" "-e" "RUSTDOCFLAGS=--cap-lints=warn" "-w" "/opt/rustwide/workdir" "--user" "0:0" "123b7d15069cb9686730a9396279d4ec160c4df7c69c04d7a82e48c6ee3152f5" "/opt/rustwide/cargo-home/bin/cargo" "+1.99.0-beta.8" "test" "--frozen" "--no-run" "--message-format=json" "--release", kill_on_drop: false }`
[INFO] [stderr]    Compiling getrandom v0.3.4
[INFO] [stderr]    Compiling zerocopy v0.8.57
[INFO] [stderr]    Compiling num-traits v0.2.19
[INFO] [stderr]    Compiling wait-timeout v0.2.1
[INFO] [stderr]    Compiling rusty-fork v0.3.1
[INFO] [stderr]    Compiling rand_core v0.9.5
[INFO] [stderr]    Compiling rand_xorshift v0.4.0
[INFO] [stderr]    Compiling rand v0.9.5
[INFO] [stderr]    Compiling rust_decimal v1.43.0
[INFO] [stderr]    Compiling wickra-gym-core v0.2.0 (/opt/rustwide/workdir)
[INFO] [stderr]    Compiling ppv-lite86 v0.2.21
[INFO] [stderr]    Compiling rand_chacha v0.9.0
[INFO] [stderr]    Compiling proptest v1.11.0
[INFO] [stderr]     Finished `release` profile [optimized] target(s) in 31.97s
[INFO] running `Command { std: "docker" "inspect" "123b7d15069cb9686730a9396279d4ec160c4df7c69c04d7a82e48c6ee3152f5", kill_on_drop: false }`
[INFO] running `Command { std: "docker" "exec" "-e" "SOURCE_DIR=/opt/rustwide/workdir" "-e" "CARGO_HOME=/opt/rustwide/cargo-home" "-e" "RUSTUP_HOME=/opt/rustwide/rustup-home" "-e" "CARGO_TARGET_DIR=/opt/rustwide/target" "-e" "CARGO_INCREMENTAL=0" "-e" "RUST_BACKTRACE=full" "-e" "RUSTFLAGS=--cap-lints=warn" "-e" "RUSTDOCFLAGS=--cap-lints=warn" "-w" "/opt/rustwide/workdir" "--user" "0:0" "123b7d15069cb9686730a9396279d4ec160c4df7c69c04d7a82e48c6ee3152f5" "/opt/rustwide/cargo-home/bin/cargo" "+1.99.0-beta.8" "test" "--frozen" "--release", kill_on_drop: false }`
[INFO] [stderr]     Finished `release` profile [optimized] target(s) in 0.22s
[INFO] [stderr]      Running unittests src/lib.rs (/opt/rustwide/target/release/deps/wickra_gym_core-4330189a63242f9f)
[INFO] [stdout] 
[INFO] [stdout] running 33 tests
[INFO] [stdout] test config::tests::loads_from_json ... ok
[INFO] [stdout] test env::tests::spec_info_has_finite_bounds ... ok
[INFO] [stdout] test feature::tests::feature_json_round_trips ... ok
[INFO] [stdout] test env::tests::deterministic_reset_is_identical ... ok
[INFO] [stdout] test env::tests::unknown_cmd_and_bad_action ... ok
[INFO] [stdout] test env::tests::version_command ... ok
[INFO] [stdout] test feeds::tests::a_bar_with_funding_supplies_the_derivatives_tick ... ok
[INFO] [stdout] test feeds::tests::a_plain_ohlcv_bar_supplies_no_side_feed ... ok
[INFO] [stdout] test config::tests::loads_from_toml ... ok
[INFO] [stdout] test env::tests::step_before_reset_is_not_reset ... ok
[INFO] [stdout] test feeds::tests::an_empty_dataset_supplies_nothing ... ok
[INFO] [stdout] test env::tests::step_before_load_is_no_data ... ok
[INFO] [stdout] test env::tests::full_rollout_and_episode_done ... ok
[INFO] [stdout] test feature::tests::price_and_micro_keys ... ok
[INFO] [stdout] test feeds::tests::a_bar_with_levels_supplies_the_book ... ok
[INFO] [stdout] test feeds::tests::feed_kind_classifies_the_families ... ok
[INFO] [stdout] test feature::tests::indicator_key_formats_params_and_field ... ok
[INFO] [stdout] test feeds::tests::availability_needs_every_bar_to_carry_the_feed ... ok
[INFO] [stdout] test tensor::tests::empty_dataset_is_no_data ... ok
[INFO] [stdout] test tensor::tests::price_feature_tensor_is_exact ... ok
[INFO] [stdout] test reward::tests::log_return_is_position_times_log ... ok
[INFO] [stdout] test tests::version_is_non_empty ... ok
[INFO] [stdout] test tensor::tests::unknown_indicator_is_rejected ... ok
[INFO] [stdout] test tests::end_to_end_pnl_rollout_is_deterministic ... ok
[INFO] [stdout] test feeds::tests::the_three_families_an_environment_cannot_have_are_never_available ... ok
[INFO] [stdout] test spec::tests::round8_collapses_non_finite ... ok
[INFO] [stdout] test spec::tests::validate_rejects_bad_specs ... ok
[INFO] [stdout] test reward::tests::pnl_is_position_times_delta ... ok
[INFO] [stdout] test reward::tests::sharpe_is_running_delta ... ok
[INFO] [stdout] test spec::tests::continuous_action_clamps ... ok
[INFO] [stdout] test spec::tests::discrete_action_maps_to_band ... ok
[INFO] [stdout] test spec::tests::feature_dim_and_keys_follow_canonical_order ... ok
[INFO] [stdout] test tensor::tests::microstructure_columns_default_to_zero ... ok
[INFO] [stdout] 
[INFO] [stdout] test result: ok. 33 passed; 0 failed; 0 ignored; 0 measured; 0 filtered out; finished in 0.02s
[INFO] [stdout] 
[INFO] [stderr]      Running tests/conformance.rs (/opt/rustwide/target/release/deps/conformance-100142fdfa79e130)
[INFO] [stdout] 
[INFO] [stdout] running 7 tests
[INFO] [stdout] test feature_keys_follow_canonical_order ... ok
[INFO] [stdout] test feature_key_snapshots ... ok
[INFO] [stdout] test feature_tags_are_snake_case ... ok
[INFO] [stdout] test unknown_indicator_is_rejected ... ok
[INFO] [stdout] test zero_max_steps_is_rejected ... ok
[INFO] [stdout] test feature_variants_round_trip ... ok
[INFO] [stdout] test scalar_enums_round_trip ... ok
[INFO] [stdout] 
[INFO] [stdout] test result: ok. 7 passed; 0 failed; 0 ignored; 0 measured; 0 filtered out; finished in 0.01s
[INFO] [stdout] 
[INFO] [stderr]      Running tests/determinism.rs (/opt/rustwide/target/release/deps/determinism-3d37c753e1c79364)
[INFO] [stdout] 
[INFO] [stdout] running 2 tests
[INFO] [stdout] test distinct_runs_are_reproducible ... ok
[INFO] [stdout] test same_seed_is_byte_identical ... ok
[INFO] [stderr]      Running tests/feeds.rs (/opt/rustwide/target/release/deps/feeds-975c0cc011b4db48)
[INFO] [stdout] 
[INFO] [stdout] test result: ok. 2 passed; 0 failed; 0 ignored; 0 measured; 0 filtered out; finished in 0.01s
[INFO] [stdout] 
[INFO] [stdout] 
[INFO] [stdout] running 6 tests
[INFO] [stdout] test a_book_on_only_some_bars_is_not_available ... ok
[INFO] [stdout] test a_derivatives_indicator_reads_the_funding_the_bar_carries ... ok
[INFO] [stdout] test an_order_book_indicator_reads_the_book_the_bar_carries ... ok
[INFO] [stdout] test every_pairwise_name_is_refused ... ok
[INFO] [stdout] test the_families_an_environment_cannot_have_are_refused_with_a_reason ... ok
[INFO] [stdout] test a_candle_only_indicator_still_needs_nothing ... ok
[INFO] [stdout] 
[INFO] [stdout] test result: ok. 6 passed; 0 failed; 0 ignored; 0 measured; 0 filtered out; finished in 0.01s
[INFO] [stdout] 
[INFO] [stderr]      Running tests/golden.rs (/opt/rustwide/target/release/deps/golden-181b9fe832a19aa7)
[INFO] [stdout] 
[INFO] [stdout] running 1 test
[INFO] [stdout] test golden_rollouts_match ... FAILED
[INFO] [stdout] 
[INFO] [stdout] failures:
[INFO] [stdout] 
[INFO] [stdout] ---- golden_rollouts_match stdout ----
[INFO] [stdout] 
[INFO] [stdout] thread 'golden_rollouts_match' (1316) panicked at tests/golden.rs:19:38:
[INFO] [stdout] golden dir: Os { code: 2, kind: NotFound, message: "No such file or directory" }
[INFO] [stdout] stack backtrace:
[INFO] [stdout]    0:     0x650dc69b5a91 - <<std[70759c8f55707aa4]::sys::backtrace::BacktraceLock>::print::DisplayBacktrace as core[df12db4294e9bfd3]::fmt::Display>::fmt
[INFO] [stdout]    1:     0x650dc69cae7a - core[df12db4294e9bfd3]::fmt::write
[INFO] [stdout]    2:     0x650dc69ba21c - <alloc[2182bb758b4b3781]::vec::Vec<u8> as core[df12db4294e9bfd3]::io::write::Write>::write_fmt
[INFO] [stdout]    3:     0x650dc6991826 - std[70759c8f55707aa4]::panicking::default_hook::{closure#0}
[INFO] [stdout]    4:     0x650dc69adc79 - std[70759c8f55707aa4]::panicking::default_hook
[INFO] [stdout]    5:     0x650dc6853840 - test[9d35eded1c95d3be]::test_main_inner::<test[9d35eded1c95d3be]::test_main_static::{closure#0}>::{closure#0}
[INFO] [stdout]    6:     0x650dc69ade32 - std[70759c8f55707aa4]::panicking::panic_with_hook
[INFO] [stdout]    7:     0x650dc69918d2 - std[70759c8f55707aa4]::panicking::panic_handler::{closure#0}
[INFO] [stdout]    8:     0x650dc698a429 - std[70759c8f55707aa4]::sys::backtrace::__rust_end_short_backtrace::<std[70759c8f55707aa4]::panicking::panic_handler::{closure#0}, !>
[INFO] [stdout]    9:     0x650dc69924cd - __rustc[8fa7c3cbc660c2b3]::rust_begin_unwind
[INFO] [stdout]   10:     0x650dc69cb5ac - core[df12db4294e9bfd3]::panicking::panic_fmt
[INFO] [stdout]   11:     0x650dc69cb382 - core[df12db4294e9bfd3]::result::unwrap_failed
[INFO] [stdout]   12:     0x650dc6843261 - <golden[22788ee5131cdf1c]::golden_rollouts_match::{closure#0} as core[df12db4294e9bfd3]::ops::function::FnOnce<()>>::call_once
[INFO] [stdout]   13:     0x650dc6846b2b - test[9d35eded1c95d3be]::__rust_begin_short_backtrace::<core[df12db4294e9bfd3]::result::Result<(), alloc[2182bb758b4b3781]::string::String>, fn() -> core[df12db4294e9bfd3]::result::Result<(), alloc[2182bb758b4b3781]::string::String>>
[INFO] [stdout]   14:     0x650dc6854195 - test[9d35eded1c95d3be]::run_test::{closure#0}
[INFO] [stdout]   15:     0x650dc684da54 - std[70759c8f55707aa4]::sys::backtrace::__rust_begin_short_backtrace::<test[9d35eded1c95d3be]::run_test::{closure#1}, ()>
[INFO] [stdout]   16:     0x650dc68572f2 - <std[70759c8f55707aa4]::thread::lifecycle::spawn_unchecked<test[9d35eded1c95d3be]::run_test::{closure#1}, ()>::{closure#1} as core[df12db4294e9bfd3]::ops::function::FnOnce<()>>::call_once::{shim:vtable#0}
[INFO] [stdout]   17:     0x650dc69b4ff9 - <std[70759c8f55707aa4]::sys::thread::unix::Thread>::new::thread_start
[INFO] [stdout]   18:     0x7e2c34d2fdfa - <unknown>
[INFO] [stdout]   19:     0x7e2c34dc33d4 - clone
[INFO] [stdout]   20:                0x0 - <unknown>
[INFO] [stdout] 
[INFO] [stdout] 
[INFO] [stdout] failures:
[INFO] [stdout]     golden_rollouts_match
[INFO] [stdout] 
[INFO] [stdout] test result: FAILED. 0 passed; 1 failed; 0 ignored; 0 measured; 0 filtered out; finished in 0.01s
[INFO] [stdout] 
[INFO] [stderr] error: test failed, to rerun pass `--test golden`
[INFO] running `Command { std: "docker" "inspect" "123b7d15069cb9686730a9396279d4ec160c4df7c69c04d7a82e48c6ee3152f5", kill_on_drop: false }`
[INFO] running `Command { std: "docker" "rm" "-f" "123b7d15069cb9686730a9396279d4ec160c4df7c69c04d7a82e48c6ee3152f5", kill_on_drop: false }`
[INFO] [stdout] 123b7d15069cb9686730a9396279d4ec160c4df7c69c04d7a82e48c6ee3152f5
