[INFO] fetching crate wickra-genome-core 0.2.0...
[INFO] testing wickra-genome-core-0.2.0 against 1.99.0-beta.8+cargoflags=--release for beta-release-1.100-2
[INFO] extracting crate wickra-genome-core 0.2.0 into /workspace/builds/worker-7-tc1/source
[INFO] started tweaking crates.io crate wickra-genome-core 0.2.0
[INFO] removed 0 missing tests
[INFO] finished tweaking crates.io crate wickra-genome-core 0.2.0
[INFO] tweaked toml for crates.io crate wickra-genome-core 0.2.0 written to /workspace/builds/worker-7-tc1/source/Cargo.toml
[INFO] validating manifest of crates.io crate wickra-genome-core 0.2.0 on toolchain 1.99.0-beta.8
[INFO] running `Command { std: CARGO_HOME="/workspace/cargo-home" RUSTUP_HOME="/workspace/rustup-home" "/workspace/cargo-home/bin/cargo" "+1.99.0-beta.8" "metadata" "--manifest-path" "Cargo.toml" "--no-deps", kill_on_drop: false }`
[INFO] crate crates.io crate wickra-genome-core 0.2.0 already has a lockfile, it will not be regenerated
[INFO] running `Command { std: CARGO_HOME="/workspace/cargo-home" RUSTUP_HOME="/workspace/rustup-home" "/workspace/cargo-home/bin/cargo" "+1.99.0-beta.8" "fetch" "--manifest-path" "Cargo.toml", kill_on_drop: false }`
[INFO] [stderr]     Updating crates.io index
[INFO] [stderr]  Downloading crates ...
[INFO] [stderr]   Downloaded wickra-simd v2.0.0
[INFO] [stderr]   Downloaded wickra-exchange v0.2.0
[INFO] [stderr]   Downloaded wickra-exchange-core v0.2.0
[INFO] [stderr]   Downloaded wickra-data v2.0.0
[INFO] [stderr]   Downloaded wickra-core v2.0.0
[INFO] [stderr]   Downloaded wickra-backtest-core v0.2.0
[INFO] running `Command { std: "docker" "create" "-v" "/var/lib/crater-agent-workspace/builds/worker-7-tc1/source:/opt/rustwide/workdir:ro,Z" "-v" "/var/lib/crater-agent-workspace/builds/worker-7-tc1/target:/opt/rustwide/target:rw,Z" "-v" "/var/lib/crater-agent-workspace/cargo-home:/opt/rustwide/cargo-home:ro,Z" "-v" "/var/lib/crater-agent-workspace/rustup-home:/opt/rustwide/rustup-home:ro,Z" "-m" "1610612736" "--network" "none" "ghcr.io/rust-lang/crates-build-env/linux@sha256:77db811e55d90add9212f6832c23229e3de5f1c1f9905e8cb07319ea15df73ac" "sleep" "infinity", kill_on_drop: false }`
[INFO] [stdout] b91415ea059bf19d0ceb74a4b9b3411b738acc8b39b12b6bb02da7f62dbd9ae5
[INFO] running `Command { std: "docker" "start" "b91415ea059bf19d0ceb74a4b9b3411b738acc8b39b12b6bb02da7f62dbd9ae5", kill_on_drop: false }`
[INFO] running `Command { std: "docker" "inspect" "b91415ea059bf19d0ceb74a4b9b3411b738acc8b39b12b6bb02da7f62dbd9ae5", kill_on_drop: false }`
[INFO] running `Command { std: "docker" "exec" "-e" "SOURCE_DIR=/opt/rustwide/workdir" "-e" "CARGO_HOME=/opt/rustwide/cargo-home" "-e" "RUSTUP_HOME=/opt/rustwide/rustup-home" "-e" "CARGO_TARGET_DIR=/opt/rustwide/target" "-w" "/opt/rustwide/workdir" "--user" "0:0" "b91415ea059bf19d0ceb74a4b9b3411b738acc8b39b12b6bb02da7f62dbd9ae5" "/opt/rustwide/cargo-home/bin/cargo" "+1.99.0-beta.8" "metadata" "--no-deps" "--format-version=1", kill_on_drop: false }`
[INFO] running `Command { std: "docker" "inspect" "b91415ea059bf19d0ceb74a4b9b3411b738acc8b39b12b6bb02da7f62dbd9ae5", kill_on_drop: false }`
[INFO] running `Command { std: "docker" "exec" "-e" "SOURCE_DIR=/opt/rustwide/workdir" "-e" "CARGO_HOME=/opt/rustwide/cargo-home" "-e" "RUSTUP_HOME=/opt/rustwide/rustup-home" "-e" "CARGO_TARGET_DIR=/opt/rustwide/target" "-e" "CARGO_INCREMENTAL=0" "-e" "RUST_BACKTRACE=full" "-e" "RUSTFLAGS=--cap-lints=warn" "-e" "RUSTDOCFLAGS=--cap-lints=warn" "-w" "/opt/rustwide/workdir" "--user" "0:0" "b91415ea059bf19d0ceb74a4b9b3411b738acc8b39b12b6bb02da7f62dbd9ae5" "/opt/rustwide/cargo-home/bin/cargo" "+1.99.0-beta.8" "build" "--frozen" "--message-format=json" "--release", kill_on_drop: false }`
[INFO] [stderr]    Compiling syn v3.0.6
[INFO] [stderr]    Compiling serde_core v1.0.229
[INFO] [stderr]    Compiling crossbeam-utils v0.8.23
[INFO] [stderr]    Compiling crossbeam-epoch v0.9.21
[INFO] [stderr]    Compiling crossbeam-deque v0.8.8
[INFO] [stderr]    Compiling serde_json v1.0.151
[INFO] [stderr]    Compiling wickra-simd v2.0.0
[INFO] [stderr]    Compiling ref-cast v1.0.27
[INFO] [stderr]    Compiling either v1.18.0
[INFO] [stderr]    Compiling csv-core v0.1.13
[INFO] [stderr]    Compiling rayon-core v1.13.0
[INFO] [stderr]    Compiling rayon v1.12.0
[INFO] [stderr]    Compiling serde_derive_internals v0.30.0
[INFO] [stderr]    Compiling serde_derive v1.0.229
[INFO] [stderr]    Compiling thiserror-impl v2.0.21
[INFO] [stderr]    Compiling ref-cast-impl v1.0.27
[INFO] [stderr]    Compiling schemars_derive v1.2.2
[INFO] [stderr]    Compiling csv v1.4.0
[INFO] [stderr]    Compiling toml_datetime v1.1.1+spec-1.1.0
[INFO] [stderr]    Compiling serde_spanned v1.1.1
[INFO] [stderr]    Compiling toml v1.1.6+spec-1.1.0
[INFO] [stderr]    Compiling thiserror v2.0.21
[INFO] [stderr]    Compiling serde v1.0.229
[INFO] [stderr]    Compiling wickra-core v2.0.0
[INFO] [stderr]    Compiling schemars v1.2.2
[INFO] [stderr]    Compiling wickra-backtest-core v0.2.0
[INFO] [stderr]    Compiling wickra-data v2.0.0
[INFO] [stderr]    Compiling wickra-genome-core v0.2.0 (/opt/rustwide/workdir)
[INFO] [stderr]     Finished `release` profile [optimized] target(s) in 49.71s
[INFO] running `Command { std: "docker" "inspect" "b91415ea059bf19d0ceb74a4b9b3411b738acc8b39b12b6bb02da7f62dbd9ae5", kill_on_drop: false }`
[INFO] running `Command { std: "docker" "exec" "-e" "SOURCE_DIR=/opt/rustwide/workdir" "-e" "CARGO_HOME=/opt/rustwide/cargo-home" "-e" "RUSTUP_HOME=/opt/rustwide/rustup-home" "-e" "CARGO_TARGET_DIR=/opt/rustwide/target" "-e" "CARGO_INCREMENTAL=0" "-e" "RUST_BACKTRACE=full" "-e" "RUSTFLAGS=--cap-lints=warn" "-e" "RUSTDOCFLAGS=--cap-lints=warn" "-w" "/opt/rustwide/workdir" "--user" "0:0" "b91415ea059bf19d0ceb74a4b9b3411b738acc8b39b12b6bb02da7f62dbd9ae5" "/opt/rustwide/cargo-home/bin/cargo" "+1.99.0-beta.8" "test" "--frozen" "--no-run" "--message-format=json" "--release", kill_on_drop: false }`
[INFO] [stderr]    Compiling zerocopy v0.8.57
[INFO] [stderr]    Compiling getrandom v0.3.4
[INFO] [stderr]    Compiling getrandom v0.4.3
[INFO] [stderr]    Compiling wait-timeout v0.2.1
[INFO] [stderr]    Compiling rand_core v0.9.5
[INFO] [stderr]    Compiling rand_xorshift v0.4.0
[INFO] [stderr]    Compiling rand v0.9.5
[INFO] [stderr]    Compiling tempfile v3.27.0
[INFO] [stderr]    Compiling rusty-fork v0.3.1
[INFO] [stderr]    Compiling ppv-lite86 v0.2.21
[INFO] [stderr]    Compiling rand_chacha v0.9.0
[INFO] [stderr]    Compiling proptest v1.11.0
[INFO] [stderr]    Compiling wickra-genome-core v0.2.0 (/opt/rustwide/workdir)
[INFO] [stderr]     Finished `release` profile [optimized] target(s) in 28.59s
[INFO] running `Command { std: "docker" "inspect" "b91415ea059bf19d0ceb74a4b9b3411b738acc8b39b12b6bb02da7f62dbd9ae5", kill_on_drop: false }`
[INFO] running `Command { std: "docker" "exec" "-e" "SOURCE_DIR=/opt/rustwide/workdir" "-e" "CARGO_HOME=/opt/rustwide/cargo-home" "-e" "RUSTUP_HOME=/opt/rustwide/rustup-home" "-e" "CARGO_TARGET_DIR=/opt/rustwide/target" "-e" "CARGO_INCREMENTAL=0" "-e" "RUST_BACKTRACE=full" "-e" "RUSTFLAGS=--cap-lints=warn" "-e" "RUSTDOCFLAGS=--cap-lints=warn" "-w" "/opt/rustwide/workdir" "--user" "0:0" "b91415ea059bf19d0ceb74a4b9b3411b738acc8b39b12b6bb02da7f62dbd9ae5" "/opt/rustwide/cargo-home/bin/cargo" "+1.99.0-beta.8" "test" "--frozen" "--release", kill_on_drop: false }`
[INFO] [stderr]     Finished `release` profile [optimized] target(s) in 0.16s
[INFO] [stderr]      Running unittests src/lib.rs (/opt/rustwide/target/release/deps/wickra_genome_core-8a46e34119c3affc)
[INFO] [stdout] 
[INFO] [stdout] running 51 tests
[INFO] [stdout] test cluster::tests::k_ge_n_gives_singletons ... ok
[INFO] [stdout] test cluster::tests::same_seed_same_result ... ok
[INFO] [stdout] test cluster::tests::separates_two_obvious_clusters ... ok
[INFO] [stdout] test cluster::tests::k_at_least_one ... ok
[INFO] [stdout] test cluster::tests::empty_rows_empty_result ... ok
[INFO] [stdout] test feature::tests::indicator_key_with_field_and_multiple_params ... ok
[INFO] [stdout] test config::tests::bare_spec_json_loads ... ok
[INFO] [stdout] test feature::tests::indicator_key_renders_params ... ok
[INFO] [stdout] test cluster::tests::cluster_list_sorted_by_smallest_member ... ok
[INFO] [stdout] test config::tests::wrapped_spec_json_loads ... ok
[INFO] [stdout] test feature::tests::paramless_indicator_key_has_empty_parens ... ok
[INFO] [stdout] test feeds::tests::a_short_feed_is_an_error_rather_than_a_fold_that_runs_out ... ok
[INFO] [stdout] test feeds::tests::all_reports_every_family_present ... ok
[INFO] [stdout] test metric::tests::cosine_identical_vectors_zero_distance ... ok
[INFO] [stdout] test metric::tests::cosine_orthogonal_is_one ... ok
[INFO] [stdout] test metric::tests::cosine_zero_norm_is_one ... ok
[INFO] [stdout] test metric::tests::euclid_is_l2 ... ok
[INFO] [stdout] test normalize::tests::minmax_maps_to_unit_interval ... ok
[INFO] [stdout] test normalize::tests::single_row_is_all_zero ... ok
[INFO] [stdout] test prng::tests::different_seed_diverges ... ok
[INFO] [stdout] test prng::tests::f64_in_unit_interval ... ok
[INFO] [stdout] test prng::tests::first_output_is_pinned ... ok
[INFO] [stdout] test prng::tests::same_seed_same_stream ... ok
[INFO] [stdout] test feeds::tests::the_candle_feed_is_always_available ... ok
[INFO] [stdout] test genome::tests::unknown_cmd_is_error_json_not_panic ... ok
[INFO] [stdout] test genome::tests::version_command ... ok
[INFO] [stdout] test query::tests::anomaly_biggest_outlier_first ... ok
[INFO] [stdout] test feeds::tests::a_bare_candle_array_widens_to_a_series_with_no_feeds ... ok
[INFO] [stdout] test indicator_set::tests::resolves_and_folds_an_sma ... ok
[INFO] [stdout] test query::tests::round_to_snaps_and_kills_negative_zero ... ok
[INFO] [stdout] test indicator_set::tests::unknown_indicator_errors ... ok
[INFO] [stdout] test feeds::tests::a_supplied_reference_reports_as_available_and_reaches_the_bar ... ok
[INFO] [stdout] test feature::tests::price_key_is_prefixed ... ok
[INFO] [stdout] test feeds::tests::trade_quote_needs_both_trades_and_a_book ... ok
[INFO] [stdout] test query::tests::similar_excludes_self_and_orders_by_distance_then_key ... ok
[INFO] [stdout] test genome::tests::reset_clears_universe ... ok
[INFO] [stdout] test query::tests::vector_unknown_symbol_errors ... ok
[INFO] [stdout] test spec::tests::duplicate_feature_rejected ... ok
[INFO] [stdout] test spec::tests::duplicate_symbol_rejected ... ok
[INFO] [stdout] test spec::tests::empty_features_rejected ... ok
[INFO] [stdout] test spec::tests::metric_and_normalize_serialize_snake_case ... ok
[INFO] [stdout] test spec::tests::parses_and_defaults ... ok
[INFO] [stdout] test spec::tests::unknown_indicator_rejected ... ok
[INFO] [stdout] test genome::tests::build_via_command_matches_feed ... ok
[INFO] [stdout] test feeds::tests::every_feed_kind_renders_a_name ... ok
[INFO] [stdout] test genome::tests::feed_then_similar_and_anomaly ... ok
[INFO] [stdout] test genome::tests::malformed_json_is_error ... ok
[INFO] [stdout] test symbol_state::tests::not_ready_inside_warmup ... ok
[INFO] [stderr]      Running tests/conformance.rs (/opt/rustwide/target/release/deps/conformance-6323e0862e1c3b92)
[INFO] [stdout] test symbol_state::tests::raw_vector_in_feature_order ... ok
[INFO] [stdout] test universe::tests::ready_rows_in_key_order ... ok
[INFO] [stdout] test normalize::tests::zscore_centers_and_zeroes_constant_axis ... ok
[INFO] [stdout] 
[INFO] [stdout] test result: ok. 51 passed; 0 failed; 0 ignored; 0 measured; 0 filtered out; finished in 0.01s
[INFO] [stdout] 
[INFO] [stdout] 
[INFO] [stdout] running 8 tests
[INFO] [stdout] test empty_features_is_a_spec_error ... ok
[INFO] [stdout] test feature_keys_are_canonical ... ok
[INFO] [stdout] test empty_symbols_is_a_spec_error ... ok
[INFO] [stdout] test feature_variants_round_trip ... ok
[INFO] [stdout] test price_field_variants_round_trip ... ok
[INFO] [stdout] test normalize_and_metric_variants_round_trip ... ok
[INFO] [stdout] test spec_round_trips_through_json ... ok
[INFO] [stdout] test unknown_indicator_is_a_build_error ... ok
[INFO] [stdout] 
[INFO] [stdout] test result: ok. 8 passed; 0 failed; 0 ignored; 0 measured; 0 filtered out; finished in 0.00s
[INFO] [stdout] 
[INFO] [stderr]      Running tests/feeds.rs (/opt/rustwide/target/release/deps/feeds-461510eaae2c36a3)
[INFO] [stdout] 
[INFO] [stdout] running 10 tests
[INFO] [stdout] test a_feed_shorter_than_the_candles_is_refused_by_length ... ok
[INFO] [stdout] test trade_quote_indicators_need_trades_and_a_book ... ok
[INFO] [stdout] test breadth_indicators_read_a_cross_section ... ok
[INFO] [stdout] test derivatives_indicators_need_a_derivatives_tick ... ok
[INFO] [stdout] test a_candle_only_indicator_still_needs_nothing ... ok
[INFO] [stdout] test pairwise_indicators_need_a_reference_series ... ok
[INFO] [stdout] test trade_flow_indicators_need_trades ... ok
[INFO] [stdout] test one_unfed_axis_would_have_emptied_the_ready_universe ... ok
[INFO] [stdout] test order_book_indicators_need_a_book ... ok
[INFO] [stdout] test every_pairwise_name_behaves_like_one ... ok
[INFO] [stdout] 
[INFO] [stdout] test result: ok. 10 passed; 0 failed; 0 ignored; 0 measured; 0 filtered out; finished in 0.01s
[INFO] [stdout] 
[INFO] [stderr]      Running tests/golden.rs (/opt/rustwide/target/release/deps/golden-43a4d674b54e7d48)
[INFO] [stdout] 
[INFO] [stdout] running 1 test
[INFO] [stderr] error: test failed, to rerun pass `--test golden`
[INFO] [stdout] test every_spec_and_op_matches_its_expected_output ... FAILED
[INFO] [stdout] 
[INFO] [stdout] failures:
[INFO] [stdout] 
[INFO] [stdout] ---- every_spec_and_op_matches_its_expected_output stdout ----
[INFO] [stdout] 
[INFO] [stdout] thread 'every_spec_and_op_matches_its_expected_output' (1409) panicked at tests/golden.rs:51:37:
[INFO] [stdout] called `Result::unwrap()` on an `Err` value: Os { code: 2, kind: NotFound, message: "No such file or directory" }
[INFO] [stdout] stack backtrace:
[INFO] [stdout]    0:     0x5dfffed8e291 - <<std[70759c8f55707aa4]::sys::backtrace::BacktraceLock>::print::DisplayBacktrace as core[df12db4294e9bfd3]::fmt::Display>::fmt
[INFO] [stdout]    1:     0x5dfffeda39ea - core[df12db4294e9bfd3]::fmt::write
[INFO] [stdout]    2:     0x5dfffed92a4c - <alloc[2182bb758b4b3781]::vec::Vec<u8> as core[df12db4294e9bfd3]::io::write::Write>::write_fmt
[INFO] [stdout]    3:     0x5dfffed68d86 - std[70759c8f55707aa4]::panicking::default_hook::{closure#0}
[INFO] [stdout]    4:     0x5dfffed86109 - std[70759c8f55707aa4]::panicking::default_hook
[INFO] [stdout]    5:     0x5dfffebf3bc0 - test[9d35eded1c95d3be]::test_main_inner::<test[9d35eded1c95d3be]::test_main_static::{closure#0}>::{closure#0}
[INFO] [stdout]    6:     0x5dfffed86432 - std[70759c8f55707aa4]::panicking::panic_with_hook
[INFO] [stdout]    7:     0x5dfffed68e32 - std[70759c8f55707aa4]::panicking::panic_handler::{closure#0}
[INFO] [stdout]    8:     0x5dfffed61869 - std[70759c8f55707aa4]::sys::backtrace::__rust_end_short_backtrace::<std[70759c8f55707aa4]::panicking::panic_handler::{closure#0}, !>
[INFO] [stdout]    9:     0x5dfffed69a2d - __rustc[8fa7c3cbc660c2b3]::rust_begin_unwind
[INFO] [stdout]   10:     0x5dfffeda411c - core[df12db4294e9bfd3]::panicking::panic_fmt
[INFO] [stdout]   11:     0x5dfffeda3ef2 - core[df12db4294e9bfd3]::result::unwrap_failed
[INFO] [stdout]   12:     0x5dfffebe082d - <golden[d649fcf3d80adda0]::every_spec_and_op_matches_its_expected_output::{closure#0} as core[df12db4294e9bfd3]::ops::function::FnOnce<()>>::call_once
[INFO] [stdout]   13:     0x5dfffebe6eab - test[9d35eded1c95d3be]::__rust_begin_short_backtrace::<core[df12db4294e9bfd3]::result::Result<(), alloc[2182bb758b4b3781]::string::String>, fn() -> core[df12db4294e9bfd3]::result::Result<(), alloc[2182bb758b4b3781]::string::String>>
[INFO] [stdout]   14:     0x5dfffebf4515 - test[9d35eded1c95d3be]::run_test::{closure#0}
[INFO] [stdout]   15:     0x5dfffebeddd4 - std[70759c8f55707aa4]::sys::backtrace::__rust_begin_short_backtrace::<test[9d35eded1c95d3be]::run_test::{closure#1}, ()>
[INFO] [stdout]   16:     0x5dfffebf7672 - <std[70759c8f55707aa4]::thread::lifecycle::spawn_unchecked<test[9d35eded1c95d3be]::run_test::{closure#1}, ()>::{closure#1} as core[df12db4294e9bfd3]::ops::function::FnOnce<()>>::call_once::{shim:vtable#0}
[INFO] [stdout]   17:     0x5dfffed8d5f9 - <std[70759c8f55707aa4]::sys::thread::unix::Thread>::new::thread_start
[INFO] [stdout]   18:     0x765518aefdfa - <unknown>
[INFO] [stdout]   19:     0x765518b833d4 - clone
[INFO] [stdout]   20:                0x0 - <unknown>
[INFO] [stdout] 
[INFO] [stdout] 
[INFO] [stdout] failures:
[INFO] [stdout]     every_spec_and_op_matches_its_expected_output
[INFO] [stdout] 
[INFO] [stdout] test result: FAILED. 0 passed; 1 failed; 0 ignored; 0 measured; 0 filtered out; finished in 0.15s
[INFO] [stdout] 
[INFO] running `Command { std: "docker" "inspect" "b91415ea059bf19d0ceb74a4b9b3411b738acc8b39b12b6bb02da7f62dbd9ae5", kill_on_drop: false }`
[INFO] running `Command { std: "docker" "rm" "-f" "b91415ea059bf19d0ceb74a4b9b3411b738acc8b39b12b6bb02da7f62dbd9ae5", kill_on_drop: false }`
[INFO] [stdout] b91415ea059bf19d0ceb74a4b9b3411b738acc8b39b12b6bb02da7f62dbd9ae5
