[INFO] fetching crate wickra-feature-store-core 0.2.0...
[INFO] testing wickra-feature-store-core-0.2.0 against 1.99.0-beta.8+cargoflags=--release for beta-release-1.100-2
[INFO] extracting crate wickra-feature-store-core 0.2.0 into /workspace/builds/worker-6-tc1/source
[INFO] started tweaking crates.io crate wickra-feature-store-core 0.2.0
[INFO] removed 0 missing tests
[INFO] finished tweaking crates.io crate wickra-feature-store-core 0.2.0
[INFO] tweaked toml for crates.io crate wickra-feature-store-core 0.2.0 written to /workspace/builds/worker-6-tc1/source/Cargo.toml
[INFO] validating manifest of crates.io crate wickra-feature-store-core 0.2.0 on toolchain 1.99.0-beta.8
[INFO] running `Command { std: CARGO_HOME="/workspace/cargo-home" RUSTUP_HOME="/workspace/rustup-home" "/workspace/cargo-home/bin/cargo" "+1.99.0-beta.8" "metadata" "--manifest-path" "Cargo.toml" "--no-deps", kill_on_drop: false }`
[INFO] crate crates.io crate wickra-feature-store-core 0.2.0 already has a lockfile, it will not be regenerated
[INFO] running `Command { std: CARGO_HOME="/workspace/cargo-home" RUSTUP_HOME="/workspace/rustup-home" "/workspace/cargo-home/bin/cargo" "+1.99.0-beta.8" "fetch" "--manifest-path" "Cargo.toml", kill_on_drop: false }`
[INFO] [stderr]     Updating crates.io index
[INFO] [stderr]     Blocking waiting for file lock on package cache
[INFO] [stderr]  Downloading crates ...
[INFO] [stderr]   Downloaded wickra-simd v2.0.0
[INFO] [stderr]   Downloaded thiserror-impl v2.0.21
[INFO] [stderr]   Downloaded thiserror v2.0.21
[INFO] [stderr]   Downloaded windows-result v0.4.1
[INFO] [stderr]   Downloaded unarray v0.1.4
[INFO] [stderr]   Downloaded windows-link v0.2.1
[INFO] [stderr]   Downloaded dyn-clone v1.0.20
[INFO] [stderr]   Downloaded crossbeam-deque v0.8.8
[INFO] [stderr]   Downloaded wait-timeout v0.2.1
[INFO] [stderr]   Downloaded windows-implement v0.60.2
[INFO] [stderr]   Downloaded serde_derive_internals v0.30.0
[INFO] [stderr]   Downloaded serde v1.0.229
[INFO] [stderr]   Downloaded either v1.18.0
[INFO] [stderr]   Downloaded zmij v1.0.23
[INFO] [stderr]   Downloaded unicode-ident v1.0.26
[INFO] [stderr]   Downloaded ref-cast v1.0.27
[INFO] [stderr]   Downloaded rand_core v0.9.5
[INFO] [stderr]   Downloaded fnv v1.0.7
[INFO] [stderr]   Downloaded toml_parser v1.1.3+spec-1.1.0
[INFO] [stderr]   Downloaded toml_datetime v1.1.1+spec-1.1.0
[INFO] [stderr]   Downloaded serde_spanned v1.1.1
[INFO] [stderr]   Downloaded bitflags v2.13.2
[INFO] [stderr]   Downloaded quote v1.0.47
[INFO] [stderr]   Downloaded toml_writer v1.1.2+spec-1.1.0
[INFO] [stderr]   Downloaded errno v0.3.14
[INFO] [stderr]   Downloaded shlex v2.0.1
[INFO] [stderr]   Downloaded serde_derive v1.0.229
[INFO] [stderr]   Downloaded schemars_derive v1.2.2
[INFO] [stderr]   Downloaded bit-vec v0.8.0
[INFO] [stderr]   Downloaded pkg-config v0.3.34
[INFO] [stderr]   Downloaded ref-cast-impl v1.0.27
[INFO] [stderr]   Downloaded tempfile v3.27.0
[INFO] [stderr]   Downloaded once_cell v1.21.4
[INFO] [stderr]   Downloaded r-efi v6.0.0
[INFO] [stderr]   Downloaded crossbeam-epoch v0.9.21
[INFO] [stderr]   Downloaded getrandom v0.4.3
[INFO] [stderr]   Downloaded proc-macro2 v1.0.107
[INFO] [stderr]   Downloaded half v2.7.1
[INFO] [stderr]   Downloaded quick-error v1.2.3
[INFO] [stderr]   Downloaded fastrand v2.5.0
[INFO] [stderr]   Downloaded seq-macro v0.3.6
[INFO] [stderr]   Downloaded iana-time-zone v0.1.65
[INFO] [stderr]   Downloaded rusty-fork v0.3.1
[INFO] [stderr]   Downloaded simdutf8 v0.1.5
[INFO] [stderr]   Downloaded ppv-lite86 v0.2.21
[INFO] [stderr]   Downloaded cc v1.4.7
[INFO] [stderr]   Downloaded crossbeam-utils v0.8.23
[INFO] [stderr]   Downloaded getrandom v0.3.4
[INFO] [stderr]   Downloaded wit-bindgen v0.46.0
[INFO] [stderr]   Downloaded rand v0.9.5
[INFO] [stderr]   Downloaded rayon-core v1.13.0
[INFO] [stderr]   Downloaded wickra-backtest-core v0.2.0
[INFO] [stderr]   Downloaded memchr v2.8.3
[INFO] [stderr]   Downloaded schemars v1.2.2
[INFO] [stderr]   Downloaded indexmap v2.14.2
[INFO] [stderr]   Downloaded syn v3.0.6
[INFO] [stderr]   Downloaded itoa v1.0.18
[INFO] [stderr]   Downloaded autocfg v1.5.1
[INFO] [stderr]   Downloaded bit-set v0.8.0
[INFO] [stderr]   Downloaded jobserver v0.1.35
[INFO] [stderr]   Downloaded winnow v1.0.4
[INFO] [stderr]   Downloaded cfg-if v1.0.5
[INFO] [stderr]   Downloaded rayon v1.12.0
[INFO] [stderr]   Downloaded flate2 v1.1.10
[INFO] [stderr]   Downloaded serde_json v1.0.151
[INFO] [stderr]   Downloaded proptest v1.11.0
[INFO] [stderr]   Downloaded zstd-safe v7.3.0
[INFO] [stderr]   Downloaded crunchy v0.2.4
[INFO] [stderr]   Downloaded windows-interface v0.59.3
[INFO] [stderr]   Downloaded find-msvc-tools v0.1.13
[INFO] [stderr]   Downloaded equivalent v1.0.2
[INFO] [stderr]   Downloaded snap v1.1.2
[INFO] [stderr]   Downloaded num-bigint v0.5.1
[INFO] [stderr]   Downloaded zlib-rs v0.6.8
[INFO] [stderr]   Downloaded rand_chacha v0.9.0
[INFO] [stderr]   Downloaded wasm-bindgen v0.2.128
[INFO] [stderr]   Downloaded regex-syntax v0.8.11
[INFO] [stderr]   Downloaded rand_xorshift v0.4.0
[INFO] [stderr]   Downloaded libm v0.2.16
[INFO] [stderr]   Downloaded chrono v0.4.45
[INFO] [stderr]   Downloaded zstd v0.13.3
[INFO] [stderr]   Downloaded serde_core v1.0.229
[INFO] [stderr]   Downloaded num-integer v0.1.47
[INFO] [stderr]   Downloaded rustix v1.1.5
[INFO] [stderr]   Downloaded wickra-core v2.0.0
[INFO] [stderr]   Downloaded zstd-sys v2.1.0+zstd.1.5.7
[INFO] [stderr]   Downloaded r-efi v5.3.0
[INFO] [stderr]   Downloaded zerocopy v0.8.57
[INFO] [stderr]   Downloaded toml v1.1.6+spec-1.1.0
[INFO] [stderr]   Downloaded windows-strings v0.5.1
[INFO] [stderr]   Downloaded hashbrown v0.17.1
[INFO] [stderr]   Downloaded lz4_flex v0.14.0
[INFO] [stderr]   Downloaded num-traits v0.2.19
[INFO] [stderr]   Downloaded twox-hash v2.1.4
[INFO] [stderr]   Downloaded libc v0.2.189
[INFO] [stderr]   Downloaded syn v2.0.119
[INFO] [stderr]   Downloaded wasip2 v1.0.1+wasi-0.2.4
[INFO] [stderr]   Downloaded windows-core v0.62.2
[INFO] [stderr]   Downloaded parquet v59.3.0
[INFO] [stderr]   Downloaded rustversion v1.0.23
[INFO] [stderr]   Downloaded bumpalo v3.20.3
[INFO] [stderr]   Downloaded zerocopy-derive v0.8.57
[INFO] [stderr]   Downloaded windows-sys v0.61.2
[INFO] [stderr]   Downloaded arrow-row v59.3.0
[INFO] [stderr]   Downloaded android_system_properties v0.1.6
[INFO] [stderr]   Downloaded version_check v0.9.5
[INFO] [stderr]   Downloaded const-random-macro v0.1.16
[INFO] [stderr]   Downloaded atoi v2.0.0
[INFO] [stderr]   Downloaded iana-time-zone-haiku v0.1.2
[INFO] [stderr]   Downloaded const-random v0.1.18
[INFO] [stderr]   Downloaded futures-task v0.3.34
[INFO] [stderr]   Downloaded wasm-bindgen-macro v0.2.128
[INFO] [stderr]   Downloaded linux-raw-sys v0.12.1
[INFO] [stderr]   Downloaded futures-core v0.3.34
[INFO] [stderr]   Downloaded alloc-no-stdlib v2.0.4
[INFO] [stderr]   Downloaded wasm-bindgen-shared v0.2.128
[INFO] [stderr]   Downloaded alloc-stdlib v0.2.4
[INFO] [stderr]   Downloaded log v0.4.34
[INFO] [stderr]   Downloaded rustc_version v0.4.1
[INFO] [stderr]   Downloaded slab v0.4.12
[INFO] [stderr]   Downloaded tiny-keccak v2.0.2
[INFO] [stderr]   Downloaded flatbuffers v25.12.19
[INFO] [stderr]   Downloaded num-complex v0.4.6
[INFO] [stderr]   Downloaded lexical-core v1.0.6
[INFO] [stderr]   Downloaded pin-project-lite v0.2.17
[INFO] [stderr]   Downloaded ahash v0.8.12
[INFO] [stderr]   Downloaded csv-core v0.1.13
[INFO] [stderr]   Downloaded wasi v0.11.1+wasi-snapshot-preview1
[INFO] [stderr]   Downloaded semver v1.0.28
[INFO] [stderr]   Downloaded core-foundation-sys v0.8.7
[INFO] [stderr]   Downloaded getrandom v0.2.17
[INFO] [stderr]   Downloaded lexical-parse-integer v1.0.6
[INFO] [stderr]   Downloaded arrow-csv v59.3.0
[INFO] [stderr]   Downloaded arrow-arith v59.3.0
[INFO] [stderr]   Downloaded lexical-write-integer v1.0.6
[INFO] [stderr]   Downloaded arrow-string v59.3.0
[INFO] [stderr]   Downloaded bytes v1.12.1
[INFO] [stderr]   Downloaded arrow-data v59.3.0
[INFO] [stderr]   Downloaded arrow-ord v59.3.0
[INFO] [stderr]   Downloaded ryu v1.0.23
[INFO] [stderr]   Downloaded arrow-schema v59.3.0
[INFO] [stderr]   Downloaded arrow-json v59.3.0
[INFO] [stderr]   Downloaded js-sys v0.3.105
[INFO] [stderr]   Downloaded lexical-util v1.0.7
[INFO] [stderr]   Downloaded base64 v0.23.1
[INFO] [stderr]   Downloaded wasm-bindgen-macro-support v0.2.128
[INFO] [stderr]   Downloaded lexical-write-float v1.0.6
[INFO] [stderr]   Downloaded arrow v59.3.0
[INFO] [stderr]   Downloaded arrow-select v59.3.0
[INFO] [stderr]   Downloaded arrow-buffer v59.3.0
[INFO] [stderr]   Downloaded arrow-cast v59.3.0
[INFO] [stderr]   Downloaded regex v1.13.1
[INFO] [stderr]   Downloaded arrow-ipc v59.3.0
[INFO] [stderr]   Downloaded aho-corasick v1.1.5
[INFO] [stderr]   Downloaded brotli-decompressor v5.0.3
[INFO] [stderr]   Downloaded futures-util v0.3.34
[INFO] [stderr]   Downloaded lexical-parse-float v1.0.6
[INFO] [stderr]   Downloaded arrow-array v59.3.0
[INFO] [stderr]   Downloaded regex-automata v0.4.18
[INFO] [stderr]   Downloaded brotli v8.0.4
[INFO] [stderr]   Downloaded csv v1.4.0
[INFO] running `Command { std: "docker" "create" "-v" "/var/lib/crater-agent-workspace/builds/worker-6-tc1/source:/opt/rustwide/workdir:ro,Z" "-v" "/var/lib/crater-agent-workspace/builds/worker-6-tc1/target:/opt/rustwide/target:rw,Z" "-v" "/var/lib/crater-agent-workspace/cargo-home:/opt/rustwide/cargo-home:ro,Z" "-v" "/var/lib/crater-agent-workspace/rustup-home:/opt/rustwide/rustup-home:ro,Z" "-m" "1610612736" "--network" "none" "ghcr.io/rust-lang/crates-build-env/linux@sha256:77db811e55d90add9212f6832c23229e3de5f1c1f9905e8cb07319ea15df73ac" "sleep" "infinity", kill_on_drop: false }`
[INFO] [stdout] f643d9689c7a2c57a842d99b43a130590282a17a910bc450abb13bcc0baf1845
[INFO] running `Command { std: "docker" "start" "f643d9689c7a2c57a842d99b43a130590282a17a910bc450abb13bcc0baf1845", kill_on_drop: false }`
[INFO] running `Command { std: "docker" "inspect" "f643d9689c7a2c57a842d99b43a130590282a17a910bc450abb13bcc0baf1845", kill_on_drop: false }`
[INFO] running `Command { std: "docker" "exec" "-e" "SOURCE_DIR=/opt/rustwide/workdir" "-e" "CARGO_HOME=/opt/rustwide/cargo-home" "-e" "RUSTUP_HOME=/opt/rustwide/rustup-home" "-e" "CARGO_TARGET_DIR=/opt/rustwide/target" "-w" "/opt/rustwide/workdir" "--user" "0:0" "f643d9689c7a2c57a842d99b43a130590282a17a910bc450abb13bcc0baf1845" "/opt/rustwide/cargo-home/bin/cargo" "+1.99.0-beta.8" "metadata" "--no-deps" "--format-version=1", kill_on_drop: false }`
[INFO] running `Command { std: "docker" "inspect" "f643d9689c7a2c57a842d99b43a130590282a17a910bc450abb13bcc0baf1845", kill_on_drop: false }`
[INFO] running `Command { std: "docker" "exec" "-e" "SOURCE_DIR=/opt/rustwide/workdir" "-e" "CARGO_HOME=/opt/rustwide/cargo-home" "-e" "RUSTUP_HOME=/opt/rustwide/rustup-home" "-e" "CARGO_TARGET_DIR=/opt/rustwide/target" "-e" "CARGO_INCREMENTAL=0" "-e" "RUST_BACKTRACE=full" "-e" "RUSTFLAGS=--cap-lints=warn" "-e" "RUSTDOCFLAGS=--cap-lints=warn" "-w" "/opt/rustwide/workdir" "--user" "0:0" "f643d9689c7a2c57a842d99b43a130590282a17a910bc450abb13bcc0baf1845" "/opt/rustwide/cargo-home/bin/cargo" "+1.99.0-beta.8" "build" "--frozen" "--message-format=json" "--release", kill_on_drop: false }`
[INFO] [stderr]    Compiling proc-macro2 v1.0.107
[INFO] [stderr]    Compiling unicode-ident v1.0.26
[INFO] [stderr]    Compiling quote v1.0.47
[INFO] [stderr]    Compiling serde_core v1.0.229
[INFO] [stderr]    Compiling crossbeam-utils v0.8.23
[INFO] [stderr]    Compiling crossbeam-epoch v0.9.21
[INFO] [stderr]    Compiling crossbeam-deque v0.8.8
[INFO] [stderr]    Compiling rayon-core v1.13.0
[INFO] [stderr]    Compiling zmij v1.0.23
[INFO] [stderr]    Compiling wickra-simd v2.0.0
[INFO] [stderr]    Compiling serde v1.0.229
[INFO] [stderr]    Compiling thiserror v2.0.21
[INFO] [stderr]    Compiling ref-cast v1.0.27
[INFO] [stderr]    Compiling serde_json v1.0.151
[INFO] [stderr]    Compiling either v1.18.0
[INFO] [stderr]    Compiling itoa v1.0.18
[INFO] [stderr]    Compiling memchr v2.8.3
[INFO] [stderr]    Compiling dyn-clone v1.0.20
[INFO] [stderr]    Compiling winnow v1.0.4
[INFO] [stderr]    Compiling toml_writer v1.1.2+spec-1.1.0
[INFO] [stderr]    Compiling toml_parser v1.1.3+spec-1.1.0
[INFO] [stderr]    Compiling syn v3.0.6
[INFO] [stderr]    Compiling rayon v1.12.0
[INFO] [stderr]    Compiling serde_derive_internals v0.30.0
[INFO] [stderr]    Compiling thiserror-impl v2.0.21
[INFO] [stderr]    Compiling ref-cast-impl v1.0.27
[INFO] [stderr]    Compiling serde_derive v1.0.229
[INFO] [stderr]    Compiling toml_datetime v1.1.1+spec-1.1.0
[INFO] [stderr]    Compiling serde_spanned v1.1.1
[INFO] [stderr]    Compiling toml v1.1.6+spec-1.1.0
[INFO] [stderr]    Compiling schemars_derive v1.2.2
[INFO] [stderr]    Compiling wickra-core v2.0.0
[INFO] [stderr]    Compiling schemars v1.2.2
[INFO] [stderr]    Compiling wickra-backtest-core v0.2.0
[INFO] [stderr]    Compiling wickra-feature-store-core v0.2.0 (/opt/rustwide/workdir)
[INFO] [stderr]     Finished `release` profile [optimized] target(s) in 48.13s
[INFO] running `Command { std: "docker" "inspect" "f643d9689c7a2c57a842d99b43a130590282a17a910bc450abb13bcc0baf1845", kill_on_drop: false }`
[INFO] running `Command { std: "docker" "exec" "-e" "SOURCE_DIR=/opt/rustwide/workdir" "-e" "CARGO_HOME=/opt/rustwide/cargo-home" "-e" "RUSTUP_HOME=/opt/rustwide/rustup-home" "-e" "CARGO_TARGET_DIR=/opt/rustwide/target" "-e" "CARGO_INCREMENTAL=0" "-e" "RUST_BACKTRACE=full" "-e" "RUSTFLAGS=--cap-lints=warn" "-e" "RUSTDOCFLAGS=--cap-lints=warn" "-w" "/opt/rustwide/workdir" "--user" "0:0" "f643d9689c7a2c57a842d99b43a130590282a17a910bc450abb13bcc0baf1845" "/opt/rustwide/cargo-home/bin/cargo" "+1.99.0-beta.8" "test" "--frozen" "--no-run" "--message-format=json" "--release", kill_on_drop: false }`
[INFO] [stderr]    Compiling libc v0.2.189
[INFO] [stderr]    Compiling cfg-if v1.0.5
[INFO] [stderr]    Compiling getrandom v0.3.4
[INFO] [stderr]    Compiling zerocopy v0.8.57
[INFO] [stderr]    Compiling rustix v1.1.5
[INFO] [stderr]    Compiling getrandom v0.4.3
[INFO] [stderr]    Compiling linux-raw-sys v0.12.1
[INFO] [stderr]    Compiling autocfg v1.5.1
[INFO] [stderr]    Compiling bitflags v2.13.2
[INFO] [stderr]    Compiling once_cell v1.21.4
[INFO] [stderr]    Compiling fastrand v2.5.0
[INFO] [stderr]    Compiling quick-error v1.2.3
[INFO] [stderr]    Compiling fnv v1.0.7
[INFO] [stderr]    Compiling bit-vec v0.8.0
[INFO] [stderr]    Compiling unarray v0.1.4
[INFO] [stderr]    Compiling regex-syntax v0.8.11
[INFO] [stderr]    Compiling bit-set v0.8.0
[INFO] [stderr]    Compiling num-traits v0.2.19
[INFO] [stderr]    Compiling wait-timeout v0.2.1
[INFO] [stderr]    Compiling rand_core v0.9.5
[INFO] [stderr]    Compiling rand v0.9.5
[INFO] [stderr]    Compiling rand_xorshift v0.4.0
[INFO] [stderr]    Compiling tempfile v3.27.0
[INFO] [stderr]    Compiling rusty-fork v0.3.1
[INFO] [stderr]    Compiling ppv-lite86 v0.2.21
[INFO] [stderr]    Compiling rand_chacha v0.9.0
[INFO] [stderr]    Compiling proptest v1.11.0
[INFO] [stderr]    Compiling wickra-feature-store-core v0.2.0 (/opt/rustwide/workdir)
[INFO] [stderr]     Finished `release` profile [optimized] target(s) in 40.34s
[INFO] running `Command { std: "docker" "inspect" "f643d9689c7a2c57a842d99b43a130590282a17a910bc450abb13bcc0baf1845", kill_on_drop: false }`
[INFO] running `Command { std: "docker" "exec" "-e" "SOURCE_DIR=/opt/rustwide/workdir" "-e" "CARGO_HOME=/opt/rustwide/cargo-home" "-e" "RUSTUP_HOME=/opt/rustwide/rustup-home" "-e" "CARGO_TARGET_DIR=/opt/rustwide/target" "-e" "CARGO_INCREMENTAL=0" "-e" "RUST_BACKTRACE=full" "-e" "RUSTFLAGS=--cap-lints=warn" "-e" "RUSTDOCFLAGS=--cap-lints=warn" "-w" "/opt/rustwide/workdir" "--user" "0:0" "f643d9689c7a2c57a842d99b43a130590282a17a910bc450abb13bcc0baf1845" "/opt/rustwide/cargo-home/bin/cargo" "+1.99.0-beta.8" "test" "--frozen" "--release", kill_on_drop: false }`
[INFO] [stderr]     Finished `release` profile [optimized] target(s) in 0.11s
[INFO] [stderr]      Running unittests src/lib.rs (/opt/rustwide/target/release/deps/wickra_feature_store_core-c471e23677458de8)
[INFO] [stdout] 
[INFO] [stdout] running 60 tests
[INFO] [stdout] test feature::tests::fractional_param_key ... ok
[INFO] [stdout] test build::tests::unknown_indicator_errors_even_without_data ... ok
[INFO] [stdout] test feature::tests::indicator_key ... ok
[INFO] [stdout] test feature::tests::price_key ... ok
[INFO] [stdout] test build::tests::price_and_forward_return_columns ... ok
[INFO] [stdout] test build::tests::scaling_applies_to_feature_columns_only ... ok
[INFO] [stdout] test build::tests::window_keeps_trailing_rows ... ok
[INFO] [stdout] test feature_store::tests::labels_command_projects_label_columns ... ok
[INFO] [stdout] test feature::tests::feature_json_roundtrip ... ok
[INFO] [stdout] test config::tests::loads_spec_from_json ... ok
[INFO] [stdout] test config::tests::loads_spec_from_toml ... ok
[INFO] [stdout] test feature::tests::microstructure_key ... ok
[INFO] [stdout] test build::tests::symbols_emit_in_sorted_order ... ok
[INFO] [stdout] test feeds::tests::all_reports_every_family_present ... ok
[INFO] [stdout] test feeds::tests::every_feed_kind_renders_a_name ... ok
[INFO] [stdout] test feeds::tests::the_candle_feed_is_always_available ... ok
[INFO] [stdout] test indicator_set::tests::price_feature_registers_nothing ... ok
[INFO] [stdout] test indicator_set::tests::resolves_and_folds_an_sma ... ok
[INFO] [stdout] test indicator_set::tests::unknown_indicator_errors ... ok
[INFO] [stdout] test label::tests::forward_return_zero_base_is_nan ... ok
[INFO] [stdout] test label::tests::keys ... ok
[INFO] [stdout] test label::tests::forward_return_missing_future_is_nan ... ok
[INFO] [stdout] test label::tests::triple_barrier_down_wins_tie ... ok
[INFO] [stdout] test label::tests::triple_barrier_missing_future_is_nan ... ok
[INFO] [stdout] test build::tests::warmup_skip_drops_not_ready_rows ... ok
[INFO] [stdout] test label::tests::triple_barrier_up_hit ... ok
[INFO] [stdout] test label::tests::triple_barrier_none_hit_is_zero ... ok
[INFO] [stdout] test label::tests::forward_return_simple_and_log ... ok
[INFO] [stdout] test feature_store::tests::parquet_over_ffi_is_rejected ... ok
[INFO] [stdout] test feature_store::tests::reset_clears_universe ... ok
[INFO] [stdout] test feature::tests::indicator_field_key ... ok
[INFO] [stdout] test scaling::tests::nan_excluded_and_preserved ... ok
[INFO] [stdout] test feature_store::tests::streaming_build_matches_batch ... ok
[INFO] [stdout] test feature_store::tests::unknown_cmd_errors ... ok
[INFO] [stdout] test feature_store::tests::version_command ... ok
[INFO] [stdout] test matrix::tests::csv_has_header_and_empty_nan ... ok
[INFO] [stdout] test matrix::tests::nan_serializes_as_null ... ok
[INFO] [stdout] test scaling::tests::minmax_maps_to_unit_range ... ok
[INFO] [stdout] test feeds::tests::a_supplied_reference_reports_as_available_and_reaches_the_bar ... ok
[INFO] [stdout] test feature_store::tests::bad_spec_over_command_errors ... ok
[INFO] [stdout] test scaling::tests::zscore_centers_and_scales ... ok
[INFO] [stdout] test scaling::tests::minmax_constant_column_is_zero ... ok
[INFO] [stdout] test feature_store::tests::csv_format_override ... ok
[INFO] [stdout] test feeds::tests::a_bare_candle_array_widens_to_a_series_with_no_feeds ... ok
[INFO] [stdout] test feeds::tests::a_short_feed_is_an_error_rather_than_a_fold_that_runs_out ... ok
[INFO] [stdout] test spec::tests::toml_parses ... ok
[INFO] [stdout] test universe::tests::empty_push_feeds_report_empty ... ok
[INFO] [stdout] test symbol_state::tests::indicator_is_nan_during_warmup ... ok
[INFO] [stdout] test scaling::tests::zscore_constant_column_is_zero ... ok
[INFO] [stdout] test matrix::tests::round_to_grids ... ok
[INFO] [stdout] test universe::tests::a_carried_reference_accumulates_alongside_the_candles ... ok
[INFO] [stdout] test universe::tests::a_feed_carried_on_only_some_bars_stays_short ... ok
[INFO] [stdout] test spec::tests::empty_features_rejected ... ok
[INFO] [stdout] test spec::tests::columns_are_features_then_labels_in_order ... ok
[INFO] [stdout] test universe::tests::push_accumulates_in_sorted_symbol_order ... ok
[INFO] [stdout] test spec::tests::zero_horizon_rejected ... ok
[INFO] [stdout] test spec::tests::parses_and_defaults ... ok
[INFO] [stdout] test feeds::tests::trade_quote_needs_both_trades_and_a_book ... ok
[INFO] [stdout] test symbol_state::tests::price_features_ready_immediately ... ok
[INFO] [stdout] test tests::version_is_nonempty ... ok
[INFO] [stdout] 
[INFO] [stdout] test result: ok. 60 passed; 0 failed; 0 ignored; 0 measured; 0 filtered out; finished in 0.06s
[INFO] [stdout] 
[INFO] [stderr]      Running tests/arrow_roundtrip.rs (/opt/rustwide/target/release/deps/arrow_roundtrip-f5ffa9c7b583fa3d)
[INFO] [stdout] 
[INFO] [stdout] running 0 tests
[INFO] [stdout] 
[INFO] [stdout] test result: ok. 0 passed; 0 failed; 0 ignored; 0 measured; 0 filtered out; finished in 0.00s
[INFO] [stdout] 
[INFO] [stderr]      Running tests/conformance.rs (/opt/rustwide/target/release/deps/conformance-f1e948bbbf0df6e5)
[INFO] [stdout] 
[INFO] [stdout] running 11 tests
[INFO] [stdout] test enum_tags_are_pinned ... ok
[INFO] [stdout] test column_keys_are_the_documented_strings ... ok
[INFO] [stdout] test feature_tags_are_pinned ... ok
[INFO] [stdout] test label_tags_are_pinned ... ok
[INFO] [stdout] test price_field_tags_are_pinned ... ok
[INFO] [stdout] test empty_features_is_rejected ... ok
[INFO] [stdout] test zero_label_horizon_is_rejected ... ok
[INFO] [stdout] test unknown_indicator_is_rejected ... ok
[INFO] [stdout] test spec_defaults_are_stable ... ok
[INFO] [stdout] test zero_window_is_rejected ... ok
[INFO] [stdout] test empty_universe_is_rejected ... ok
[INFO] [stdout] 
[INFO] [stdout] test result: ok. 11 passed; 0 failed; 0 ignored; 0 measured; 0 filtered out; finished in 0.01s
[INFO] [stdout] 
[INFO] [stderr]      Running tests/feeds.rs (/opt/rustwide/target/release/deps/feeds-2ccd11bd50617432)
[INFO] [stdout] 
[INFO] [stdout] running 10 tests
[INFO] [stdout] test a_feed_shorter_than_the_candles_is_refused_by_length ... ok
[INFO] [stdout] test a_microstructure_metric_is_checked_like_any_other_column ... ok
[INFO] [stdout] test a_candle_only_indicator_still_needs_nothing ... ok
[INFO] [stdout] test pairwise_indicators_need_a_reference_series ... ok
[INFO] [stdout] test order_book_indicators_need_a_book ... ok
[INFO] [stdout] test trade_quote_indicators_need_trades_and_a_book ... ok
[INFO] [stdout] test breadth_indicators_read_a_cross_section ... ok
[INFO] [stdout] test trade_flow_indicators_need_trades ... ok
[INFO] [stdout] test derivatives_indicators_need_a_derivatives_tick ... ok
[INFO] [stdout] test every_pairwise_name_behaves_like_one ... ok
[INFO] [stdout] 
[INFO] [stdout] test result: ok. 10 passed; 0 failed; 0 ignored; 0 measured; 0 filtered out; finished in 0.01s
[INFO] [stdout] 
[INFO] [stderr]      Running tests/golden.rs (/opt/rustwide/target/release/deps/golden-c543b5efa415fcec)
[INFO] [stdout] 
[INFO] [stdout] running 2 tests
[INFO] [stdout] test bless ... ignored, writes golden fixtures; run explicitly to re-bless
[INFO] [stdout] test every_spec_matches_its_golden_bytes ... FAILED
[INFO] [stdout] 
[INFO] [stdout] failures:
[INFO] [stdout] 
[INFO] [stdout] ---- every_spec_matches_its_golden_bytes stdout ----
[INFO] [stdout] 
[INFO] [stdout] thread 'every_spec_matches_its_golden_bytes' (2085) panicked at tests/common/mod.rs:29:10:
[INFO] [stdout] read golden/specs: Os { code: 2, kind: NotFound, message: "No such file or directory" }
[INFO] [stdout] stack backtrace:
[INFO] [stdout]    0:     0x571799edc691 - <<std[70759c8f55707aa4]::sys::backtrace::BacktraceLock>::print::DisplayBacktrace as core[df12db4294e9bfd3]::fmt::Display>::fmt
[INFO] [stdout]    1:     0x571799ef1eda - core[df12db4294e9bfd3]::fmt::write
[INFO] [stdout]    2:     0x571799ee0e6c - <alloc[2182bb758b4b3781]::vec::Vec<u8> as core[df12db4294e9bfd3]::io::write::Write>::write_fmt
[INFO] [stdout]    3:     0x571799eb7206 - std[70759c8f55707aa4]::panicking::default_hook::{closure#0}
[INFO] [stdout]    4:     0x571799ed4509 - std[70759c8f55707aa4]::panicking::default_hook
[INFO] [stdout]    5:     0x571799d6f860 - test[9d35eded1c95d3be]::test_main_inner::<test[9d35eded1c95d3be]::test_main_static::{closure#0}>::{closure#0}
[INFO] [stdout]    6:     0x571799ed4832 - std[70759c8f55707aa4]::panicking::panic_with_hook
[INFO] [stdout]    7:     0x571799eb72b2 - std[70759c8f55707aa4]::panicking::panic_handler::{closure#0}
[INFO] [stdout]    8:     0x571799eafce9 - std[70759c8f55707aa4]::sys::backtrace::__rust_end_short_backtrace::<std[70759c8f55707aa4]::panicking::panic_handler::{closure#0}, !>
[INFO] [stdout]    9:     0x571799eb7ead - __rustc[8fa7c3cbc660c2b3]::rust_begin_unwind
[INFO] [stdout]   10:     0x571799ef260c - core[df12db4294e9bfd3]::panicking::panic_fmt
[INFO] [stdout]   11:     0x571799ef23e2 - core[df12db4294e9bfd3]::result::unwrap_failed
[INFO] [stdout]   12:     0x571799d53f13 - golden[9a170bff0851f00e]::common::load_specs
[INFO] [stdout]   13:     0x571799d5ebe4 - <golden[9a170bff0851f00e]::every_spec_matches_its_golden_bytes::{closure#0} as core[df12db4294e9bfd3]::ops::function::FnOnce<()>>::call_once
[INFO] [stdout]   14:     0x571799d62b4b - test[9d35eded1c95d3be]::__rust_begin_short_backtrace::<core[df12db4294e9bfd3]::result::Result<(), alloc[2182bb758b4b3781]::string::String>, fn() -> core[df12db4294e9bfd3]::result::Result<(), alloc[2182bb758b4b3781]::string::String>>
[INFO] [stdout]   15:     0x571799d701b5 - test[9d35eded1c95d3be]::run_test::{closure#0}
[INFO] [stdout]   16:     0x571799d69a74 - std[70759c8f55707aa4]::sys::backtrace::__rust_begin_short_backtrace::<test[9d35eded1c95d3be]::run_test::{closure#1}, ()>
[INFO] [stdout]   17:     0x571799d73312 - <std[70759c8f55707aa4]::thread::lifecycle::spawn_unchecked<test[9d35eded1c95d3be]::run_test::{closure#1}, ()>::{closure#1} as core[df12db4294e9bfd3]::ops::function::FnOnce<()>>::call_once::{shim:vtable#0}
[INFO] [stdout]   18:     0x571799edb9f9 - <std[70759c8f55707aa4]::sys::thread::unix::Thread>::new::thread_start
[INFO] [stdout]   19:     0x7a6aeed9ddfa - <unknown>
[INFO] [stdout]   20:     0x7a6aeee313d4 - clone
[INFO] [stdout]   21:                0x0 - <unknown>
[INFO] [stdout] 
[INFO] [stdout] 
[INFO] [stdout] failures:
[INFO] [stdout]     every_spec_matches_its_golden_bytes
[INFO] [stdout] 
[INFO] [stdout] test result: FAILED. 0 passed; 1 failed; 1 ignored; 0 measured; 0 filtered out; finished in 0.00s
[INFO] [stdout] 
[INFO] [stderr] error: test failed, to rerun pass `--test golden`
[INFO] running `Command { std: "docker" "inspect" "f643d9689c7a2c57a842d99b43a130590282a17a910bc450abb13bcc0baf1845", kill_on_drop: false }`
[INFO] running `Command { std: "docker" "rm" "-f" "f643d9689c7a2c57a842d99b43a130590282a17a910bc450abb13bcc0baf1845", kill_on_drop: false }`
[INFO] [stdout] f643d9689c7a2c57a842d99b43a130590282a17a910bc450abb13bcc0baf1845
