[INFO] fetching crate wickra-darwin-core 0.2.0...
[INFO] testing wickra-darwin-core-0.2.0 against 1.100.0-beta.1+cargoflags=--release for beta-release-1.100-2
[INFO] extracting crate wickra-darwin-core 0.2.0 into /workspace/builds/worker-6-tc2/source
[INFO] started tweaking crates.io crate wickra-darwin-core 0.2.0
[INFO] removed 0 missing tests
[INFO] finished tweaking crates.io crate wickra-darwin-core 0.2.0
[INFO] tweaked toml for crates.io crate wickra-darwin-core 0.2.0 written to /workspace/builds/worker-6-tc2/source/Cargo.toml
[INFO] validating manifest of crates.io crate wickra-darwin-core 0.2.0 on toolchain 1.100.0-beta.1
[INFO] running `Command { std: CARGO_HOME="/workspace/cargo-home" RUSTUP_HOME="/workspace/rustup-home" "/workspace/cargo-home/bin/cargo" "+1.100.0-beta.1" "metadata" "--manifest-path" "Cargo.toml" "--no-deps", kill_on_drop: false }`
[INFO] crate crates.io crate wickra-darwin-core 0.2.0 already has a lockfile, it will not be regenerated
[INFO] running `Command { std: CARGO_HOME="/workspace/cargo-home" RUSTUP_HOME="/workspace/rustup-home" "/workspace/cargo-home/bin/cargo" "+1.100.0-beta.1" "fetch" "--manifest-path" "Cargo.toml", kill_on_drop: false }`
[INFO] running `Command { std: "docker" "create" "-v" "/var/lib/crater-agent-workspace/builds/worker-6-tc2/source:/opt/rustwide/workdir:ro,Z" "-v" "/var/lib/crater-agent-workspace/builds/worker-6-tc2/target:/opt/rustwide/target:rw,Z" "-v" "/var/lib/crater-agent-workspace/cargo-home:/opt/rustwide/cargo-home:ro,Z" "-v" "/var/lib/crater-agent-workspace/rustup-home:/opt/rustwide/rustup-home:ro,Z" "-m" "1610612736" "--network" "none" "ghcr.io/rust-lang/crates-build-env/linux@sha256:77db811e55d90add9212f6832c23229e3de5f1c1f9905e8cb07319ea15df73ac" "sleep" "infinity", kill_on_drop: false }`
[INFO] [stdout] e45a7b13df73be554a4626a075162c1f3e1d57e600565e5bc8ad4c9b4ac0e6ca
[INFO] running `Command { std: "docker" "start" "e45a7b13df73be554a4626a075162c1f3e1d57e600565e5bc8ad4c9b4ac0e6ca", kill_on_drop: false }`
[INFO] running `Command { std: "docker" "inspect" "e45a7b13df73be554a4626a075162c1f3e1d57e600565e5bc8ad4c9b4ac0e6ca", kill_on_drop: false }`
[INFO] running `Command { std: "docker" "exec" "-e" "SOURCE_DIR=/opt/rustwide/workdir" "-e" "CARGO_HOME=/opt/rustwide/cargo-home" "-e" "RUSTUP_HOME=/opt/rustwide/rustup-home" "-e" "CARGO_TARGET_DIR=/opt/rustwide/target" "-w" "/opt/rustwide/workdir" "--user" "0:0" "e45a7b13df73be554a4626a075162c1f3e1d57e600565e5bc8ad4c9b4ac0e6ca" "/opt/rustwide/cargo-home/bin/cargo" "+1.100.0-beta.1" "metadata" "--no-deps" "--format-version=1", kill_on_drop: false }`
[INFO] running `Command { std: "docker" "inspect" "e45a7b13df73be554a4626a075162c1f3e1d57e600565e5bc8ad4c9b4ac0e6ca", kill_on_drop: false }`
[INFO] running `Command { std: "docker" "exec" "-e" "SOURCE_DIR=/opt/rustwide/workdir" "-e" "CARGO_HOME=/opt/rustwide/cargo-home" "-e" "RUSTUP_HOME=/opt/rustwide/rustup-home" "-e" "CARGO_TARGET_DIR=/opt/rustwide/target" "-e" "CARGO_INCREMENTAL=0" "-e" "RUST_BACKTRACE=full" "-e" "RUSTFLAGS=--cap-lints=warn" "-e" "RUSTDOCFLAGS=--cap-lints=warn" "-w" "/opt/rustwide/workdir" "--user" "0:0" "e45a7b13df73be554a4626a075162c1f3e1d57e600565e5bc8ad4c9b4ac0e6ca" "/opt/rustwide/cargo-home/bin/cargo" "+1.100.0-beta.1" "build" "--frozen" "--message-format=json" "--release", kill_on_drop: false }`
[INFO] [stderr]    Compiling syn v3.0.6
[INFO] [stderr]    Compiling wickra-simd v2.0.0
[INFO] [stderr]    Compiling serde_json v1.0.151
[INFO] [stderr]    Compiling either v1.18.0
[INFO] [stderr]    Compiling toml_writer v1.1.2+spec-1.1.0
[INFO] [stderr]    Compiling toml_datetime v1.1.1+spec-1.1.0
[INFO] [stderr]    Compiling serde_spanned v1.1.1
[INFO] [stderr]    Compiling toml v1.1.6+spec-1.1.0
[INFO] [stderr]    Compiling rayon v1.12.0
[INFO] [stderr]    Compiling serde_derive_internals v0.30.0
[INFO] [stderr]    Compiling ref-cast-impl v1.0.27
[INFO] [stderr]    Compiling serde_derive v1.0.229
[INFO] [stderr]    Compiling thiserror-impl v2.0.21
[INFO] [stderr]    Compiling ref-cast v1.0.27
[INFO] [stderr]    Compiling schemars_derive v1.2.2
[INFO] [stderr]    Compiling thiserror v2.0.21
[INFO] [stderr]    Compiling wickra-core v2.0.0
[INFO] [stderr]    Compiling serde v1.0.229
[INFO] [stderr]    Compiling schemars v1.2.2
[INFO] [stderr]    Compiling wickra-backtest-core v0.2.0
[INFO] [stderr]    Compiling wickra-backtest-data v0.2.0
[INFO] [stderr]    Compiling wickra-backtest v0.2.0
[INFO] [stderr]    Compiling wickra-darwin-core v0.2.0 (/opt/rustwide/workdir)
[INFO] [stderr]     Finished `release` profile [optimized] target(s) in 49.15s
[INFO] running `Command { std: "docker" "inspect" "e45a7b13df73be554a4626a075162c1f3e1d57e600565e5bc8ad4c9b4ac0e6ca", kill_on_drop: false }`
[INFO] running `Command { std: "docker" "exec" "-e" "SOURCE_DIR=/opt/rustwide/workdir" "-e" "CARGO_HOME=/opt/rustwide/cargo-home" "-e" "RUSTUP_HOME=/opt/rustwide/rustup-home" "-e" "CARGO_TARGET_DIR=/opt/rustwide/target" "-e" "CARGO_INCREMENTAL=0" "-e" "RUST_BACKTRACE=full" "-e" "RUSTFLAGS=--cap-lints=warn" "-e" "RUSTDOCFLAGS=--cap-lints=warn" "-w" "/opt/rustwide/workdir" "--user" "0:0" "e45a7b13df73be554a4626a075162c1f3e1d57e600565e5bc8ad4c9b4ac0e6ca" "/opt/rustwide/cargo-home/bin/cargo" "+1.100.0-beta.1" "test" "--frozen" "--no-run" "--message-format=json" "--release", kill_on_drop: false }`
[INFO] [stderr]    Compiling getrandom v0.3.4
[INFO] [stderr]    Compiling rustix v1.1.5
[INFO] [stderr]    Compiling getrandom v0.4.3
[INFO] [stderr]    Compiling ppv-lite86 v0.2.21
[INFO] [stderr]    Compiling rand_core v0.9.5
[INFO] [stderr]    Compiling rand_xorshift v0.4.0
[INFO] [stderr]    Compiling rand v0.9.5
[INFO] [stderr]    Compiling rand_chacha v0.9.0
[INFO] [stderr]    Compiling tempfile v3.27.0
[INFO] [stderr]    Compiling rusty-fork v0.3.1
[INFO] [stderr]    Compiling proptest v1.11.0
[INFO] [stderr]    Compiling wickra-darwin-core v0.2.0 (/opt/rustwide/workdir)
[INFO] [stderr]     Finished `release` profile [optimized] target(s) in 23.85s
[INFO] running `Command { std: "docker" "inspect" "e45a7b13df73be554a4626a075162c1f3e1d57e600565e5bc8ad4c9b4ac0e6ca", kill_on_drop: false }`
[INFO] running `Command { std: "docker" "exec" "-e" "SOURCE_DIR=/opt/rustwide/workdir" "-e" "CARGO_HOME=/opt/rustwide/cargo-home" "-e" "RUSTUP_HOME=/opt/rustwide/rustup-home" "-e" "CARGO_TARGET_DIR=/opt/rustwide/target" "-e" "CARGO_INCREMENTAL=0" "-e" "RUST_BACKTRACE=full" "-e" "RUSTFLAGS=--cap-lints=warn" "-e" "RUSTDOCFLAGS=--cap-lints=warn" "-w" "/opt/rustwide/workdir" "--user" "0:0" "e45a7b13df73be554a4626a075162c1f3e1d57e600565e5bc8ad4c9b4ac0e6ca" "/opt/rustwide/cargo-home/bin/cargo" "+1.100.0-beta.1" "test" "--frozen" "--release", kill_on_drop: false }`
[INFO] [stderr]     Finished `release` profile [optimized] target(s) in 0.08s
[INFO] [stderr]      Running unittests src/lib.rs (/opt/rustwide/target/release/build/wickra-darwin-core/590977b84015170a/out/wickra_darwin_core-590977b84015170a)
[INFO] [stdout] 
[INFO] [stdout] running 6 tests
[INFO] [stdout] test evolve::tests::empty_data_errors ... ok
[INFO] [stdout] test rng::tests::next_f64_in_unit_interval ... ok
[INFO] [stdout] test rng::tests::stream_is_seed_deterministic_and_seed_sensitive ... ok
[INFO] [stdout] test rng::tests::below_stays_in_range ... ok
[INFO] [stdout] test evolve::tests::history_best_is_monotonic_with_elitism ... ok
[INFO] [stdout] test evolve::tests::evolve_is_deterministic_and_produces_valid_specs ... ok
[INFO] [stdout] 
[INFO] [stdout] test result: ok. 6 passed; 0 failed; 0 ignored; 0 measured; 0 filtered out; finished in 0.02s
[INFO] [stdout] 
[INFO] [stderr]      Running tests/command_json.rs (/opt/rustwide/target/release/build/wickra-darwin-core/7e0d1d865babd1a3/out/command_json-7e0d1d865babd1a3)
[INFO] [stdout] 
[INFO] [stdout] running 7 tests
[INFO] [stdout] test a_malformed_spec_is_refused_at_construction ... ok
[INFO] [stdout] test an_empty_spec_defers_configuration ... ok
[INFO] [stdout] test every_malformed_envelope_is_named ... FAILED
[INFO] [stdout] test set_spec_then_evolve_then_best ... FAILED
[INFO] [stdout] test the_handle_can_be_constructed_with_its_spec ... FAILED
[INFO] [stdout] test set_spec_rebinds_the_handle ... FAILED
[INFO] [stderr] error: test failed, to rerun pass `--test command_json`
[INFO] [stdout] test version_answers_the_crate_version ... ok
[INFO] [stdout] 
[INFO] [stdout] failures:
[INFO] [stdout] 
[INFO] [stdout] ---- every_malformed_envelope_is_named stdout ----
[INFO] [stdout] 
[INFO] [stdout] thread 'every_malformed_envelope_is_named' (1237) panicked at tests/command_json.rs:40:10:
[INFO] [stdout] called `Result::unwrap()` on an `Err` value: Os { code: 2, kind: NotFound, message: "No such file or directory" }
[INFO] [stdout] stack backtrace:
[INFO] [stdout]    0:     0x569622349791 - <<std[617be2ca0a6fd877]::sys::backtrace::BacktraceLock>::print::DisplayBacktrace as core[a373ad73a504971]::fmt::Display>::fmt
[INFO] [stdout]    1:     0x56962235efea - core[a373ad73a504971]::fmt::write
[INFO] [stdout]    2:     0x56962234dcec - <alloc[2e1b2a31b91974c5]::vec::Vec<u8> as core[a373ad73a504971]::io::write::Write>::write_fmt
[INFO] [stdout]    3:     0x569622324d16 - std[617be2ca0a6fd877]::panicking::default_hook::{closure#0}
[INFO] [stdout]    4:     0x569622341739 - std[617be2ca0a6fd877]::panicking::default_hook
[INFO] [stdout]    5:     0x569622193800 - test[aada8e7e76ba119b]::test_main_inner::{closure#0}
[INFO] [stdout]    6:     0x569622341a62 - std[617be2ca0a6fd877]::panicking::panic_with_hook
[INFO] [stdout]    7:     0x569622324dc2 - std[617be2ca0a6fd877]::panicking::panic_handler::{closure#0}
[INFO] [stdout]    8:     0x56962231d8a9 - std[617be2ca0a6fd877]::sys::backtrace::__rust_end_short_backtrace::<std[617be2ca0a6fd877]::panicking::panic_handler::{closure#0}, !>
[INFO] [stdout]    9:     0x5696223259cd - __rustc[ea4f61d10b84890b]::rust_begin_unwind
[INFO] [stdout]   10:     0x56962235f71c - core[a373ad73a504971]::panicking::panic_fmt
[INFO] [stdout]   11:     0x56962235f4f2 - core[a373ad73a504971]::result::unwrap_failed
[INFO] [stdout]   12:     0x56962216df80 - command_json[63ed5c5ad6733432]::a_spec
[INFO] [stdout]   13:     0x56962217156b - <command_json[63ed5c5ad6733432]::every_malformed_envelope_is_named::{closure#0} as core[a373ad73a504971]::ops::function::FnOnce<()>>::call_once
[INFO] [stdout]   14:     0x569622186c4b - test[aada8e7e76ba119b]::__rust_begin_short_backtrace::<core[a373ad73a504971]::result::Result<(), alloc[2e1b2a31b91974c5]::string::String>, fn() -> core[a373ad73a504971]::result::Result<(), alloc[2e1b2a31b91974c5]::string::String>>
[INFO] [stdout]   15:     0x569622193e25 - test[aada8e7e76ba119b]::run_test::{closure#0}
[INFO] [stdout]   16:     0x56962218d714 - std[617be2ca0a6fd877]::sys::backtrace::__rust_begin_short_backtrace::<test[aada8e7e76ba119b]::run_test::{closure#1}, ()>
[INFO] [stdout]   17:     0x569622196eb2 - <std[617be2ca0a6fd877]::thread::lifecycle::spawn_unchecked<test[aada8e7e76ba119b]::run_test::{closure#1}, ()>::{closure#1} as core[a373ad73a504971]::ops::function::FnOnce<()>>::call_once::{shim:vtable#0}
[INFO] [stdout]   18:     0x569622348c7f - <std[617be2ca0a6fd877]::sys::thread::unix::Thread>::new::thread_start
[INFO] [stdout]   19:     0x769564bafdfa - <unknown>
[INFO] [stdout]   20:     0x769564c433d4 - clone
[INFO] [stdout]   21:                0x0 - <unknown>
[INFO] [stdout] 
[INFO] [stdout] ---- set_spec_then_evolve_then_best stdout ----
[INFO] [stdout] 
[INFO] [stdout] thread 'set_spec_then_evolve_then_best' (1239) panicked at tests/command_json.rs:40:10:
[INFO] [stdout] called `Result::unwrap()` on an `Err` value: Os { code: 2, kind: NotFound, message: "No such file or directory" }
[INFO] [stdout] stack backtrace:
[INFO] [stdout]    0:     0x569622349791 - <<std[617be2ca0a6fd877]::sys::backtrace::BacktraceLock>::print::DisplayBacktrace as core[a373ad73a504971]::fmt::Display>::fmt
[INFO] [stdout]    1:     0x56962235efea - core[a373ad73a504971]::fmt::write
[INFO] [stdout]    2:     0x56962234dcec - <alloc[2e1b2a31b91974c5]::vec::Vec<u8> as core[a373ad73a504971]::io::write::Write>::write_fmt
[INFO] [stdout]    3:     0x569622324d16 - std[617be2ca0a6fd877]::panicking::default_hook::{closure#0}
[INFO] [stdout]    4:     0x569622341739 - std[617be2ca0a6fd877]::panicking::default_hook
[INFO] [stdout]    5:     0x569622193800 - test[aada8e7e76ba119b]::test_main_inner::{closure#0}
[INFO] [stdout]    6:     0x569622341a62 - std[617be2ca0a6fd877]::panicking::panic_with_hook
[INFO] [stdout]    7:     0x569622324dc2 - std[617be2ca0a6fd877]::panicking::panic_handler::{closure#0}
[INFO] [stdout]    8:     0x56962231d8a9 - std[617be2ca0a6fd877]::sys::backtrace::__rust_end_short_backtrace::<std[617be2ca0a6fd877]::panicking::panic_handler::{closure#0}, !>
[INFO] [stdout]    9:     0x5696223259cd - __rustc[ea4f61d10b84890b]::rust_begin_unwind
[INFO] [stdout]   10:     0x56962235f71c - core[a373ad73a504971]::panicking::panic_fmt
[INFO] [stdout]   11:     0x56962235f4f2 - core[a373ad73a504971]::result::unwrap_failed
[INFO] [stdout]   12:     0x56962216df80 - command_json[63ed5c5ad6733432]::a_spec
[INFO] [stdout]   13:     0x56962216fd01 - <command_json[63ed5c5ad6733432]::set_spec_then_evolve_then_best::{closure#0} as core[a373ad73a504971]::ops::function::FnOnce<()>>::call_once
[INFO] [stdout]   14:     0x569622186c4b - test[aada8e7e76ba119b]::__rust_begin_short_backtrace::<core[a373ad73a504971]::result::Result<(), alloc[2e1b2a31b91974c5]::string::String>, fn() -> core[a373ad73a504971]::result::Result<(), alloc[2e1b2a31b91974c5]::string::String>>
[INFO] [stdout]   15:     0x569622193e25 - test[aada8e7e76ba119b]::run_test::{closure#0}
[INFO] [stdout]   16:     0x56962218d714 - std[617be2ca0a6fd877]::sys::backtrace::__rust_begin_short_backtrace::<test[aada8e7e76ba119b]::run_test::{closure#1}, ()>
[INFO] [stdout]   17:     0x569622196eb2 - <std[617be2ca0a6fd877]::thread::lifecycle::spawn_unchecked<test[aada8e7e76ba119b]::run_test::{closure#1}, ()>::{closure#1} as core[a373ad73a504971]::ops::function::FnOnce<()>>::call_once::{shim:vtable#0}
[INFO] [stdout]   18:     0x569622348c7f - <std[617be2ca0a6fd877]::sys::thread::unix::Thread>::new::thread_start
[INFO] [stdout]   19:     0x769564bafdfa - <unknown>
[INFO] [stdout]   20:     0x769564c433d4 - clone
[INFO] [stdout]   21:                0x0 - <unknown>
[INFO] [stdout] 
[INFO] [stdout] ---- the_handle_can_be_constructed_with_its_spec stdout ----
[INFO] [stdout] 
[INFO] [stdout] thread 'the_handle_can_be_constructed_with_its_spec' (1240) panicked at tests/command_json.rs:40:10:
[INFO] [stdout] called `Result::unwrap()` on an `Err` value: Os { code: 2, kind: NotFound, message: "No such file or directory" }
[INFO] [stdout] stack backtrace:
[INFO] [stdout]    0:     0x569622349791 - <<std[617be2ca0a6fd877]::sys::backtrace::BacktraceLock>::print::DisplayBacktrace as core[a373ad73a504971]::fmt::Display>::fmt
[INFO] [stdout]    1:     0x56962235efea - core[a373ad73a504971]::fmt::write
[INFO] [stdout]    2:     0x56962234dcec - <alloc[2e1b2a31b91974c5]::vec::Vec<u8> as core[a373ad73a504971]::io::write::Write>::write_fmt
[INFO] [stdout]    3:     0x569622324d16 - std[617be2ca0a6fd877]::panicking::default_hook::{closure#0}
[INFO] [stdout]    4:     0x569622341739 - std[617be2ca0a6fd877]::panicking::default_hook
[INFO] [stdout]    5:     0x569622193800 - test[aada8e7e76ba119b]::test_main_inner::{closure#0}
[INFO] [stdout]    6:     0x569622341a62 - std[617be2ca0a6fd877]::panicking::panic_with_hook
[INFO] [stdout]    7:     0x569622324dc2 - std[617be2ca0a6fd877]::panicking::panic_handler::{closure#0}
[INFO] [stdout]    8:     0x56962231d8a9 - std[617be2ca0a6fd877]::sys::backtrace::__rust_end_short_backtrace::<std[617be2ca0a6fd877]::panicking::panic_handler::{closure#0}, !>
[INFO] [stdout]    9:     0x5696223259cd - __rustc[ea4f61d10b84890b]::rust_begin_unwind
[INFO] [stdout]   10:     0x56962235f71c - core[a373ad73a504971]::panicking::panic_fmt
[INFO] [stdout]   11:     0x56962235f4f2 - core[a373ad73a504971]::result::unwrap_failed
[INFO] [stdout]   12:     0x56962216df80 - command_json[63ed5c5ad6733432]::a_spec
[INFO] [stdout]   13:     0x569622172c61 - <command_json[63ed5c5ad6733432]::the_handle_can_be_constructed_with_its_spec::{closure#0} as core[a373ad73a504971]::ops::function::FnOnce<()>>::call_once
[INFO] [stdout]   14:     0x569622186c4b - test[aada8e7e76ba119b]::__rust_begin_short_backtrace::<core[a373ad73a504971]::result::Result<(), alloc[2e1b2a31b91974c5]::string::String>, fn() -> core[a373ad73a504971]::result::Result<(), alloc[2e1b2a31b91974c5]::string::String>>
[INFO] [stdout]   15:     0x569622193e25 - test[aada8e7e76ba119b]::run_test::{closure#0}
[INFO] [stdout]   16:     0x56962218d714 - std[617be2ca0a6fd877]::sys::backtrace::__rust_begin_short_backtrace::<test[aada8e7e76ba119b]::run_test::{closure#1}, ()>
[INFO] [stdout]   17:     0x569622196eb2 - <std[617be2ca0a6fd877]::thread::lifecycle::spawn_unchecked<test[aada8e7e76ba119b]::run_test::{closure#1}, ()>::{closure#1} as core[a373ad73a504971]::ops::function::FnOnce<()>>::call_once::{shim:vtable#0}
[INFO] [stdout]   18:     0x569622348c7f - <std[617be2ca0a6fd877]::sys::thread::unix::Thread>::new::thread_start
[INFO] [stdout]   19:     0x769564bafdfa - <unknown>
[INFO] [stdout]   20:     0x769564c433d4 - clone
[INFO] [stdout]   21:                0x0 - <unknown>
[INFO] [stdout] 
[INFO] [stdout] ---- set_spec_rebinds_the_handle stdout ----
[INFO] [stdout] 
[INFO] [stdout] thread 'set_spec_rebinds_the_handle' (1238) panicked at tests/command_json.rs:40:10:
[INFO] [stdout] called `Result::unwrap()` on an `Err` value: Os { code: 2, kind: NotFound, message: "No such file or directory" }
[INFO] [stdout] stack backtrace:
[INFO] [stdout]    0:     0x569622349791 - <<std[617be2ca0a6fd877]::sys::backtrace::BacktraceLock>::print::DisplayBacktrace as core[a373ad73a504971]::fmt::Display>::fmt
[INFO] [stdout]    1:     0x56962235efea - core[a373ad73a504971]::fmt::write
[INFO] [stdout]    2:     0x56962234dcec - <alloc[2e1b2a31b91974c5]::vec::Vec<u8> as core[a373ad73a504971]::io::write::Write>::write_fmt
[INFO] [stdout]    3:     0x569622324d16 - std[617be2ca0a6fd877]::panicking::default_hook::{closure#0}
[INFO] [stdout]    4:     0x569622341739 - std[617be2ca0a6fd877]::panicking::default_hook
[INFO] [stdout]    5:     0x569622193800 - test[aada8e7e76ba119b]::test_main_inner::{closure#0}
[INFO] [stdout]    6:     0x569622341a62 - std[617be2ca0a6fd877]::panicking::panic_with_hook
[INFO] [stdout]    7:     0x569622324dc2 - std[617be2ca0a6fd877]::panicking::panic_handler::{closure#0}
[INFO] [stdout]    8:     0x56962231d8a9 - std[617be2ca0a6fd877]::sys::backtrace::__rust_end_short_backtrace::<std[617be2ca0a6fd877]::panicking::panic_handler::{closure#0}, !>
[INFO] [stdout]    9:     0x5696223259cd - __rustc[ea4f61d10b84890b]::rust_begin_unwind
[INFO] [stdout]   10:     0x56962235f71c - core[a373ad73a504971]::panicking::panic_fmt
[INFO] [stdout]   11:     0x56962235f4f2 - core[a373ad73a504971]::result::unwrap_failed
[INFO] [stdout]   12:     0x56962216df80 - command_json[63ed5c5ad6733432]::a_spec
[INFO] [stdout]   13:     0x56962216f2e9 - <command_json[63ed5c5ad6733432]::set_spec_rebinds_the_handle::{closure#0} as core[a373ad73a504971]::ops::function::FnOnce<()>>::call_once
[INFO] [stdout]   14:     0x569622186c4b - test[aada8e7e76ba119b]::__rust_begin_short_backtrace::<core[a373ad73a504971]::result::Result<(), alloc[2e1b2a31b91974c5]::string::String>, fn() -> core[a373ad73a504971]::result::Result<(), alloc[2e1b2a31b91974c5]::string::String>>
[INFO] [stdout]   15:     0x569622193e25 - test[aada8e7e76ba119b]::run_test::{closure#0}
[INFO] [stdout]   16:     0x56962218d714 - std[617be2ca0a6fd877]::sys::backtrace::__rust_begin_short_backtrace::<test[aada8e7e76ba119b]::run_test::{closure#1}, ()>
[INFO] [stdout]   17:     0x569622196eb2 - <std[617be2ca0a6fd877]::thread::lifecycle::spawn_unchecked<test[aada8e7e76ba119b]::run_test::{closure#1}, ()>::{closure#1} as core[a373ad73a504971]::ops::function::FnOnce<()>>::call_once::{shim:vtable#0}
[INFO] [stdout]   18:     0x569622348c7f - <std[617be2ca0a6fd877]::sys::thread::unix::Thread>::new::thread_start
[INFO] [stdout]   19:     0x769564bafdfa - <unknown>
[INFO] [stdout]   20:     0x769564c433d4 - clone
[INFO] [stdout]   21:                0x0 - <unknown>
[INFO] [stdout] 
[INFO] [stdout] 
[INFO] [stdout] failures:
[INFO] [stdout]     every_malformed_envelope_is_named
[INFO] [stdout]     set_spec_rebinds_the_handle
[INFO] [stdout]     set_spec_then_evolve_then_best
[INFO] [stdout]     the_handle_can_be_constructed_with_its_spec
[INFO] [stdout] 
[INFO] [stdout] test result: FAILED. 3 passed; 4 failed; 0 ignored; 0 measured; 0 filtered out; finished in 0.01s
[INFO] [stdout] 
[INFO] running `Command { std: "docker" "inspect" "e45a7b13df73be554a4626a075162c1f3e1d57e600565e5bc8ad4c9b4ac0e6ca", kill_on_drop: false }`
[INFO] running `Command { std: "docker" "rm" "-f" "e45a7b13df73be554a4626a075162c1f3e1d57e600565e5bc8ad4c9b4ac0e6ca", kill_on_drop: false }`
[INFO] [stdout] e45a7b13df73be554a4626a075162c1f3e1d57e600565e5bc8ad4c9b4ac0e6ca
