[INFO] fetching crate wickra-compile-core 0.2.0...
[INFO] testing wickra-compile-core-0.2.0 against 1.100.0-beta.1+cargoflags=--release for beta-release-1.100-2
[INFO] extracting crate wickra-compile-core 0.2.0 into /workspace/builds/worker-4-tc2/source
[INFO] started tweaking crates.io crate wickra-compile-core 0.2.0
[INFO] removed 0 missing tests
[INFO] finished tweaking crates.io crate wickra-compile-core 0.2.0
[INFO] tweaked toml for crates.io crate wickra-compile-core 0.2.0 written to /workspace/builds/worker-4-tc2/source/Cargo.toml
[INFO] validating manifest of crates.io crate wickra-compile-core 0.2.0 on toolchain 1.100.0-beta.1
[INFO] running `Command { std: CARGO_HOME="/workspace/cargo-home" RUSTUP_HOME="/workspace/rustup-home" "/workspace/cargo-home/bin/cargo" "+1.100.0-beta.1" "metadata" "--manifest-path" "Cargo.toml" "--no-deps", kill_on_drop: false }`
[INFO] crate crates.io crate wickra-compile-core 0.2.0 already has a lockfile, it will not be regenerated
[INFO] running `Command { std: CARGO_HOME="/workspace/cargo-home" RUSTUP_HOME="/workspace/rustup-home" "/workspace/cargo-home/bin/cargo" "+1.100.0-beta.1" "fetch" "--manifest-path" "Cargo.toml", kill_on_drop: false }`
[INFO] running `Command { std: "docker" "create" "-v" "/var/lib/crater-agent-workspace/builds/worker-4-tc2/source:/opt/rustwide/workdir:ro,Z" "-v" "/var/lib/crater-agent-workspace/builds/worker-4-tc2/target:/opt/rustwide/target:rw,Z" "-v" "/var/lib/crater-agent-workspace/cargo-home:/opt/rustwide/cargo-home:ro,Z" "-v" "/var/lib/crater-agent-workspace/rustup-home:/opt/rustwide/rustup-home:ro,Z" "-m" "1610612736" "--network" "none" "ghcr.io/rust-lang/crates-build-env/linux@sha256:77db811e55d90add9212f6832c23229e3de5f1c1f9905e8cb07319ea15df73ac" "sleep" "infinity", kill_on_drop: false }`
[INFO] [stdout] 09572f6094c39dab1dc1875395cbafd9bf16021941e4dfe1af10b042b2e9ce30
[INFO] running `Command { std: "docker" "start" "09572f6094c39dab1dc1875395cbafd9bf16021941e4dfe1af10b042b2e9ce30", kill_on_drop: false }`
[INFO] running `Command { std: "docker" "inspect" "09572f6094c39dab1dc1875395cbafd9bf16021941e4dfe1af10b042b2e9ce30", kill_on_drop: false }`
[INFO] running `Command { std: "docker" "exec" "-e" "SOURCE_DIR=/opt/rustwide/workdir" "-e" "CARGO_HOME=/opt/rustwide/cargo-home" "-e" "RUSTUP_HOME=/opt/rustwide/rustup-home" "-e" "CARGO_TARGET_DIR=/opt/rustwide/target" "-w" "/opt/rustwide/workdir" "--user" "0:0" "09572f6094c39dab1dc1875395cbafd9bf16021941e4dfe1af10b042b2e9ce30" "/opt/rustwide/cargo-home/bin/cargo" "+1.100.0-beta.1" "metadata" "--no-deps" "--format-version=1", kill_on_drop: false }`
[INFO] running `Command { std: "docker" "inspect" "09572f6094c39dab1dc1875395cbafd9bf16021941e4dfe1af10b042b2e9ce30", kill_on_drop: false }`
[INFO] running `Command { std: "docker" "exec" "-e" "SOURCE_DIR=/opt/rustwide/workdir" "-e" "CARGO_HOME=/opt/rustwide/cargo-home" "-e" "RUSTUP_HOME=/opt/rustwide/rustup-home" "-e" "CARGO_TARGET_DIR=/opt/rustwide/target" "-e" "CARGO_INCREMENTAL=0" "-e" "RUST_BACKTRACE=full" "-e" "RUSTFLAGS=--cap-lints=warn" "-e" "RUSTDOCFLAGS=--cap-lints=warn" "-w" "/opt/rustwide/workdir" "--user" "0:0" "09572f6094c39dab1dc1875395cbafd9bf16021941e4dfe1af10b042b2e9ce30" "/opt/rustwide/cargo-home/bin/cargo" "+1.100.0-beta.1" "build" "--frozen" "--message-format=json" "--release", kill_on_drop: false }`
[INFO] [stderr]    Compiling serde_json v1.0.151
[INFO] [stderr]    Compiling wickra-simd v2.0.0
[INFO] [stderr]    Compiling ref-cast v1.0.27
[INFO] [stderr]    Compiling indexmap v2.14.2
[INFO] [stderr]    Compiling either v1.18.0
[INFO] [stderr]    Compiling hybrid-array v0.4.15
[INFO] [stderr]    Compiling dyn-clone v1.0.20
[INFO] [stderr]    Compiling winnow v1.0.4
[INFO] [stderr]    Compiling toml_writer v1.1.2+spec-1.1.0
[INFO] [stderr]    Compiling serde_spanned v1.1.1
[INFO] [stderr]    Compiling toml_datetime v1.1.1+spec-1.1.0
[INFO] [stderr]    Compiling cpufeatures v0.3.1
[INFO] [stderr]    Compiling ref-cast-impl v1.0.27
[INFO] [stderr]    Compiling serde_derive_internals v0.30.0
[INFO] [stderr]    Compiling rayon v1.12.0
[INFO] [stderr]    Compiling toml_parser v1.1.3+spec-1.1.0
[INFO] [stderr]    Compiling schemars_derive v1.2.2
[INFO] [stderr]    Compiling block-buffer v0.12.1
[INFO] [stderr]    Compiling crypto-common v0.2.2
[INFO] [stderr]    Compiling toml v1.1.6+spec-1.1.0
[INFO] [stderr]    Compiling digest v0.11.3
[INFO] [stderr]    Compiling sha2 v0.11.0
[INFO] [stderr]    Compiling schemars v1.2.2
[INFO] [stderr]    Compiling wickra-core v2.0.0
[INFO] [stderr]    Compiling wickra-backtest-core v0.2.0
[INFO] [stderr]    Compiling wickra-backtest-data v0.2.0
[INFO] [stderr]    Compiling wickra-backtest v0.2.0
[INFO] [stderr]    Compiling wickra-compile-core v0.2.0 (/opt/rustwide/workdir)
[INFO] [stderr]     Finished `release` profile [optimized] target(s) in 1m 04s
[INFO] running `Command { std: "docker" "inspect" "09572f6094c39dab1dc1875395cbafd9bf16021941e4dfe1af10b042b2e9ce30", kill_on_drop: false }`
[INFO] running `Command { std: "docker" "exec" "-e" "SOURCE_DIR=/opt/rustwide/workdir" "-e" "CARGO_HOME=/opt/rustwide/cargo-home" "-e" "RUSTUP_HOME=/opt/rustwide/rustup-home" "-e" "CARGO_TARGET_DIR=/opt/rustwide/target" "-e" "CARGO_INCREMENTAL=0" "-e" "RUST_BACKTRACE=full" "-e" "RUSTFLAGS=--cap-lints=warn" "-e" "RUSTDOCFLAGS=--cap-lints=warn" "-w" "/opt/rustwide/workdir" "--user" "0:0" "09572f6094c39dab1dc1875395cbafd9bf16021941e4dfe1af10b042b2e9ce30" "/opt/rustwide/cargo-home/bin/cargo" "+1.100.0-beta.1" "test" "--frozen" "--no-run" "--message-format=json" "--release", kill_on_drop: false }`
[INFO] [stderr]    Compiling zerocopy v0.8.57
[INFO] [stderr]    Compiling getrandom v0.3.4
[INFO] [stderr]    Compiling tempfile v3.27.0
[INFO] [stderr]    Compiling rand_core v0.9.5
[INFO] [stderr]    Compiling rusty-fork v0.3.1
[INFO] [stderr]    Compiling rand_xorshift v0.4.0
[INFO] [stderr]    Compiling rand v0.9.5
[INFO] [stderr]    Compiling ppv-lite86 v0.2.21
[INFO] [stderr]    Compiling rand_chacha v0.9.0
[INFO] [stderr]    Compiling proptest v1.11.0
[INFO] [stderr]    Compiling wickra-compile-core v0.2.0 (/opt/rustwide/workdir)
[INFO] [stderr]     Finished `release` profile [optimized] target(s) in 24.85s
[INFO] running `Command { std: "docker" "inspect" "09572f6094c39dab1dc1875395cbafd9bf16021941e4dfe1af10b042b2e9ce30", kill_on_drop: false }`
[INFO] running `Command { std: "docker" "exec" "-e" "SOURCE_DIR=/opt/rustwide/workdir" "-e" "CARGO_HOME=/opt/rustwide/cargo-home" "-e" "RUSTUP_HOME=/opt/rustwide/rustup-home" "-e" "CARGO_TARGET_DIR=/opt/rustwide/target" "-e" "CARGO_INCREMENTAL=0" "-e" "RUST_BACKTRACE=full" "-e" "RUSTFLAGS=--cap-lints=warn" "-e" "RUSTDOCFLAGS=--cap-lints=warn" "-w" "/opt/rustwide/workdir" "--user" "0:0" "09572f6094c39dab1dc1875395cbafd9bf16021941e4dfe1af10b042b2e9ce30" "/opt/rustwide/cargo-home/bin/cargo" "+1.100.0-beta.1" "test" "--frozen" "--release", kill_on_drop: false }`
[INFO] [stderr]     Finished `release` profile [optimized] target(s) in 0.11s
[INFO] [stderr]      Running unittests src/lib.rs (/opt/rustwide/target/release/build/wickra-compile-core/e6bbb07a1f0c80e4/out/wickra_compile_core-e6bbb07a1f0c80e4)
[INFO] [stdout] 
[INFO] [stdout] running 25 tests
[INFO] [stdout] test canonical::tests::arrays_keep_order ... ok
[INFO] [stdout] test canonical::tests::sha256_is_stable_and_lowercase_hex ... ok
[INFO] [stdout] test codegen::tests::different_target_changes_project_hash ... ok
[INFO] [stdout] test compiler::tests::version_and_targets_roundtrip ... ok
[INFO] [stdout] test spec::tests::crate_name_derives_from_symbol ... ok
[INFO] [stdout] test compiler::tests::dry_run_compile_returns_manifest_not_built ... ok
[INFO] [stdout] test compiler::tests::reset_is_ok ... ok
[INFO] [stdout] test manifest::tests::generated_files_are_sorted_by_path ... ok
[INFO] [stdout] test spec::tests::invalid_crate_name_is_rejected ... ok
[INFO] [stdout] test compiler::tests::bad_envelope_is_error_json ... ok
[INFO] [stdout] test compiler::tests::bad_spec_is_error_json ... ok
[INFO] [stdout] test spec::tests::opt_level_defaults_to_release ... ok
[INFO] [stdout] test config::tests::loads_a_json_spec ... ok
[INFO] [stdout] test codegen::tests::manifest_lists_expected_wasm_files ... ok
[INFO] [stdout] test canonical::tests::keys_are_sorted_recursively ... ok
[INFO] [stdout] test templates::tests::no_std_config_uses_the_mcu_triple ... ok
[INFO] [stdout] test compiler::tests::unknown_cmd_is_error_json_not_panic ... ok
[INFO] [stdout] test templates::tests::spec_json_is_not_templated ... ok
[INFO] [stdout] test templates::tests::wasm_render_contains_crate_name_and_dep_and_spec ... ok
[INFO] [stdout] test codegen::tests::generate_is_deterministic ... ok
[INFO] [stdout] test targets::tests::binary_debug_has_no_target_or_release ... ok
[INFO] [stdout] test targets::tests::wasm_cargo_args_include_target ... ok
[INFO] [stdout] test templates::tests::binary_render_has_main_no_cdylib ... ok
[INFO] [stdout] test manifest::tests::project_hash_is_order_independent_of_insertion ... ok
[INFO] [stdout] test targets::tests::allowlist_accepts_known_and_rejects_unknown ... ok
[INFO] [stdout] 
[INFO] [stdout] test result: ok. 25 passed; 0 failed; 0 ignored; 0 measured; 0 filtered out; finished in 0.01s
[INFO] [stdout] 
[INFO] [stderr]      Running tests/canonical_determinism.rs (/opt/rustwide/target/release/build/wickra-compile-core/0247d1084f3d5714/out/canonical_determinism-0247d1084f3d5714)
[INFO] [stdout] 
[INFO] [stdout] running 1 test
[INFO] [stderr]      Running tests/conformance.rs (/opt/rustwide/target/release/build/wickra-compile-core/ae87f25ea077c21d/out/conformance-ae87f25ea077c21d)
[INFO] [stdout] test key_order_does_not_change_the_hashes ... ok
[INFO] [stdout] 
[INFO] [stdout] test result: ok. 1 passed; 0 failed; 0 ignored; 0 measured; 0 filtered out; finished in 0.00s
[INFO] [stdout] 
[INFO] [stdout] 
[INFO] [stdout] running 6 tests
[INFO] [stdout] test opt_level_variants_round_trip ... ok
[INFO] [stdout] test target_variants_round_trip ... ok
[INFO] [stdout] test spec_hash_is_stable_and_hex ... ok
[INFO] [stdout] test dataset_ref_variants_round_trip ... ok
[INFO] [stdout] test bad_crate_name_is_rejected ... ok
[INFO] [stdout] test unknown_mcu_is_rejected ... ok
[INFO] [stdout] 
[INFO] [stdout] test result: ok. 6 passed; 0 failed; 0 ignored; 0 measured; 0 filtered out; finished in 0.00s
[INFO] [stdout] 
[INFO] [stderr]      Running tests/golden.rs (/opt/rustwide/target/release/build/wickra-compile-core/7a607acf91e13176/out/golden-7a607acf91e13176)
[INFO] [stdout] 
[INFO] [stdout] running 1 test
[INFO] [stdout] test every_spec_matches_its_expected_manifest ... FAILED
[INFO] [stdout] 
[INFO] [stdout] failures:
[INFO] [stdout] 
[INFO] [stdout] ---- every_spec_matches_its_expected_manifest stdout ----
[INFO] [stdout] 
[INFO] [stdout] thread 'every_spec_matches_its_expected_manifest' (1158) panicked at tests/golden.rs:21:47:
[INFO] [stdout] called `Result::unwrap()` on an `Err` value: Os { code: 2, kind: NotFound, message: "No such file or directory" }
[INFO] [stdout] stack backtrace:
[INFO] [stdout]    0:     0x640b3a489e31 - <<std[617be2ca0a6fd877]::sys::backtrace::BacktraceLock>::print::DisplayBacktrace as core[a373ad73a504971]::fmt::Display>::fmt
[INFO] [stdout]    1:     0x640b3a49e81a - core[a373ad73a504971]::fmt::write
[INFO] [stdout]    2:     0x640b3a48e33c - <alloc[2e1b2a31b91974c5]::vec::Vec<u8> as core[a373ad73a504971]::io::write::Write>::write_fmt
[INFO] [stdout]    3:     0x640b3a465496 - std[617be2ca0a6fd877]::panicking::default_hook::{closure#0}
[INFO] [stdout]    4:     0x640b3a481e69 - std[617be2ca0a6fd877]::panicking::default_hook
[INFO] [stdout]    5:     0x640b3a3ce720 - test[aada8e7e76ba119b]::test_main_inner::{closure#0}
[INFO] [stdout]    6:     0x640b3a482022 - std[617be2ca0a6fd877]::panicking::panic_with_hook
[INFO] [stdout]    7:     0x640b3a465542 - std[617be2ca0a6fd877]::panicking::panic_handler::{closure#0}
[INFO] [stdout]    8:     0x640b3a45df99 - std[617be2ca0a6fd877]::sys::backtrace::__rust_end_short_backtrace::<std[617be2ca0a6fd877]::panicking::panic_handler::{closure#0}, !>
[INFO] [stdout]    9:     0x640b3a46614d - __rustc[ea4f61d10b84890b]::rust_begin_unwind
[INFO] [stdout]   10:     0x640b3a49ef4c - core[a373ad73a504971]::panicking::panic_fmt
[INFO] [stdout]   11:     0x640b3a49ed22 - core[a373ad73a504971]::result::unwrap_failed
[INFO] [stdout]   12:     0x640b3a3c0398 - <golden[cc10d111b2d1146d]::every_spec_matches_its_expected_manifest::{closure#0} as core[a373ad73a504971]::ops::function::FnOnce<()>>::call_once
[INFO] [stdout]   13:     0x640b3a3c1b6b - test[aada8e7e76ba119b]::__rust_begin_short_backtrace::<core[a373ad73a504971]::result::Result<(), alloc[2e1b2a31b91974c5]::string::String>, fn() -> core[a373ad73a504971]::result::Result<(), alloc[2e1b2a31b91974c5]::string::String>>
[INFO] [stdout]   14:     0x640b3a3ced45 - test[aada8e7e76ba119b]::run_test::{closure#0}
[INFO] [stdout]   15:     0x640b3a3c8634 - std[617be2ca0a6fd877]::sys::backtrace::__rust_begin_short_backtrace::<test[aada8e7e76ba119b]::run_test::{closure#1}, ()>
[INFO] [stdout]   16:     0x640b3a3d1dd2 - <std[617be2ca0a6fd877]::thread::lifecycle::spawn_unchecked<test[aada8e7e76ba119b]::run_test::{closure#1}, ()>::{closure#1} as core[a373ad73a504971]::ops::function::FnOnce<()>>::call_once::{shim:vtable#0}
[INFO] [stdout]   17:     0x640b3a48932f - <std[617be2ca0a6fd877]::sys::thread::unix::Thread>::new::thread_start
[INFO] [stdout]   18:     0x7bf375d3adfa - <unknown>
[INFO] [stdout]   19:     0x7bf375dce3d4 - clone
[INFO] [stdout]   20:                0x0 - <unknown>
[INFO] [stdout] 
[INFO] [stdout] 
[INFO] [stdout] failures:
[INFO] [stdout]     every_spec_matches_its_expected_manifest
[INFO] [stdout] 
[INFO] [stdout] test result: FAILED. 0 passed; 1 failed; 0 ignored; 0 measured; 0 filtered out; finished in 0.00s
[INFO] [stdout] 
[INFO] [stderr] error: test failed, to rerun pass `--test golden`
[INFO] running `Command { std: "docker" "inspect" "09572f6094c39dab1dc1875395cbafd9bf16021941e4dfe1af10b042b2e9ce30", kill_on_drop: false }`
[INFO] running `Command { std: "docker" "rm" "-f" "09572f6094c39dab1dc1875395cbafd9bf16021941e4dfe1af10b042b2e9ce30", kill_on_drop: false }`
[INFO] [stdout] 09572f6094c39dab1dc1875395cbafd9bf16021941e4dfe1af10b042b2e9ce30
