[INFO] fetching crate wickra-benchmark-core 0.2.0...
[INFO] testing wickra-benchmark-core-0.2.0 against 1.100.0-beta.1+cargoflags=--release for beta-release-1.100-2
[INFO] extracting crate wickra-benchmark-core 0.2.0 into /workspace/builds/worker-7-tc2/source
[INFO] started tweaking crates.io crate wickra-benchmark-core 0.2.0
[INFO] removed 0 missing tests
[INFO] finished tweaking crates.io crate wickra-benchmark-core 0.2.0
[INFO] tweaked toml for crates.io crate wickra-benchmark-core 0.2.0 written to /workspace/builds/worker-7-tc2/source/Cargo.toml
[INFO] validating manifest of crates.io crate wickra-benchmark-core 0.2.0 on toolchain 1.100.0-beta.1
[INFO] running `Command { std: CARGO_HOME="/workspace/cargo-home" RUSTUP_HOME="/workspace/rustup-home" "/workspace/cargo-home/bin/cargo" "+1.100.0-beta.1" "metadata" "--manifest-path" "Cargo.toml" "--no-deps", kill_on_drop: false }`
[INFO] crate crates.io crate wickra-benchmark-core 0.2.0 already has a lockfile, it will not be regenerated
[INFO] running `Command { std: CARGO_HOME="/workspace/cargo-home" RUSTUP_HOME="/workspace/rustup-home" "/workspace/cargo-home/bin/cargo" "+1.100.0-beta.1" "fetch" "--manifest-path" "Cargo.toml", kill_on_drop: false }`
[INFO] running `Command { std: "docker" "create" "-v" "/var/lib/crater-agent-workspace/builds/worker-7-tc2/source:/opt/rustwide/workdir:ro,Z" "-v" "/var/lib/crater-agent-workspace/builds/worker-7-tc2/target:/opt/rustwide/target:rw,Z" "-v" "/var/lib/crater-agent-workspace/cargo-home:/opt/rustwide/cargo-home:ro,Z" "-v" "/var/lib/crater-agent-workspace/rustup-home:/opt/rustwide/rustup-home:ro,Z" "-m" "1610612736" "--network" "none" "ghcr.io/rust-lang/crates-build-env/linux@sha256:77db811e55d90add9212f6832c23229e3de5f1c1f9905e8cb07319ea15df73ac" "sleep" "infinity", kill_on_drop: false }`
[INFO] [stdout] 43c356f36f643333cb1f5321b13bac6b9e86ad00e452536ed9db36444e143ce6
[INFO] running `Command { std: "docker" "start" "43c356f36f643333cb1f5321b13bac6b9e86ad00e452536ed9db36444e143ce6", kill_on_drop: false }`
[INFO] running `Command { std: "docker" "inspect" "43c356f36f643333cb1f5321b13bac6b9e86ad00e452536ed9db36444e143ce6", kill_on_drop: false }`
[INFO] running `Command { std: "docker" "exec" "-e" "SOURCE_DIR=/opt/rustwide/workdir" "-e" "CARGO_HOME=/opt/rustwide/cargo-home" "-e" "RUSTUP_HOME=/opt/rustwide/rustup-home" "-e" "CARGO_TARGET_DIR=/opt/rustwide/target" "-w" "/opt/rustwide/workdir" "--user" "0:0" "43c356f36f643333cb1f5321b13bac6b9e86ad00e452536ed9db36444e143ce6" "/opt/rustwide/cargo-home/bin/cargo" "+1.100.0-beta.1" "metadata" "--no-deps" "--format-version=1", kill_on_drop: false }`
[INFO] running `Command { std: "docker" "inspect" "43c356f36f643333cb1f5321b13bac6b9e86ad00e452536ed9db36444e143ce6", kill_on_drop: false }`
[INFO] running `Command { std: "docker" "exec" "-e" "SOURCE_DIR=/opt/rustwide/workdir" "-e" "CARGO_HOME=/opt/rustwide/cargo-home" "-e" "RUSTUP_HOME=/opt/rustwide/rustup-home" "-e" "CARGO_TARGET_DIR=/opt/rustwide/target" "-e" "CARGO_INCREMENTAL=0" "-e" "RUST_BACKTRACE=full" "-e" "RUSTFLAGS=--cap-lints=warn" "-e" "RUSTDOCFLAGS=--cap-lints=warn" "-w" "/opt/rustwide/workdir" "--user" "0:0" "43c356f36f643333cb1f5321b13bac6b9e86ad00e452536ed9db36444e143ce6" "/opt/rustwide/cargo-home/bin/cargo" "+1.100.0-beta.1" "build" "--frozen" "--message-format=json" "--release", kill_on_drop: false }`
[INFO] [stderr]    Compiling syn v3.0.6
[INFO] [stderr]    Compiling serde_core v1.0.229
[INFO] [stderr]    Compiling serde_json v1.0.151
[INFO] [stderr]    Compiling serde v1.0.229
[INFO] [stderr]    Compiling wickra-simd v2.0.0
[INFO] [stderr]    Compiling find-msvc-tools v0.1.13
[INFO] [stderr]    Compiling ref-cast v1.0.27
[INFO] [stderr]    Compiling memchr v2.8.3
[INFO] [stderr]    Compiling dyn-clone v1.0.20
[INFO] [stderr]    Compiling winnow v1.0.4
[INFO] [stderr]    Compiling toml_writer v1.1.2+spec-1.1.0
[INFO] [stderr]    Compiling cc v1.4.7
[INFO] [stderr]    Compiling toml_parser v1.1.3+spec-1.1.0
[INFO] [stderr]    Compiling blake3 v1.8.7
[INFO] [stderr]    Compiling serde_derive_internals v0.30.0
[INFO] [stderr]    Compiling serde_derive v1.0.229
[INFO] [stderr]    Compiling ref-cast-impl v1.0.27
[INFO] [stderr]    Compiling thiserror-impl v2.0.21
[INFO] [stderr]    Compiling schemars_derive v1.2.2
[INFO] [stderr]    Compiling thiserror v2.0.21
[INFO] [stderr]    Compiling wickra-core v2.0.0
[INFO] [stderr]    Compiling serde_spanned v1.1.1
[INFO] [stderr]    Compiling toml_datetime v1.1.1+spec-1.1.0
[INFO] [stderr]    Compiling toml v1.1.6+spec-1.1.0
[INFO] [stderr]    Compiling schemars v1.2.2
[INFO] [stderr]    Compiling wickra-backtest-core v0.2.0
[INFO] [stderr]    Compiling wickra-benchmark-core v0.2.0 (/opt/rustwide/workdir)
[INFO] [stderr]     Finished `release` profile [optimized] target(s) in 47.30s
[INFO] running `Command { std: "docker" "inspect" "43c356f36f643333cb1f5321b13bac6b9e86ad00e452536ed9db36444e143ce6", kill_on_drop: false }`
[INFO] running `Command { std: "docker" "exec" "-e" "SOURCE_DIR=/opt/rustwide/workdir" "-e" "CARGO_HOME=/opt/rustwide/cargo-home" "-e" "RUSTUP_HOME=/opt/rustwide/rustup-home" "-e" "CARGO_TARGET_DIR=/opt/rustwide/target" "-e" "CARGO_INCREMENTAL=0" "-e" "RUST_BACKTRACE=full" "-e" "RUSTFLAGS=--cap-lints=warn" "-e" "RUSTDOCFLAGS=--cap-lints=warn" "-w" "/opt/rustwide/workdir" "--user" "0:0" "43c356f36f643333cb1f5321b13bac6b9e86ad00e452536ed9db36444e143ce6" "/opt/rustwide/cargo-home/bin/cargo" "+1.100.0-beta.1" "test" "--frozen" "--no-run" "--message-format=json" "--release", kill_on_drop: false }`
[INFO] [stderr]    Compiling zerocopy v0.8.57
[INFO] [stderr]    Compiling rustix v1.1.5
[INFO] [stderr]    Compiling getrandom v0.4.3
[INFO] [stderr]    Compiling bitflags v2.13.2
[INFO] [stderr]    Compiling getrandom v0.3.4
[INFO] [stderr]    Compiling once_cell v1.21.4
[INFO] [stderr]    Compiling num-traits v0.2.19
[INFO] [stderr]    Compiling bit-set v0.8.0
[INFO] [stderr]    Compiling unarray v0.1.4
[INFO] [stderr]    Compiling rand_core v0.9.5
[INFO] [stderr]    Compiling rand_xorshift v0.4.0
[INFO] [stderr]    Compiling rand v0.9.5
[INFO] [stderr]    Compiling tempfile v3.27.0
[INFO] [stderr]    Compiling rusty-fork v0.3.1
[INFO] [stderr]    Compiling ppv-lite86 v0.2.21
[INFO] [stderr]    Compiling rand_chacha v0.9.0
[INFO] [stderr]    Compiling proptest v1.11.0
[INFO] [stderr]    Compiling wickra-benchmark-core v0.2.0 (/opt/rustwide/workdir)
[INFO] [stderr]     Finished `release` profile [optimized] target(s) in 30.76s
[INFO] running `Command { std: "docker" "inspect" "43c356f36f643333cb1f5321b13bac6b9e86ad00e452536ed9db36444e143ce6", kill_on_drop: false }`
[INFO] running `Command { std: "docker" "exec" "-e" "SOURCE_DIR=/opt/rustwide/workdir" "-e" "CARGO_HOME=/opt/rustwide/cargo-home" "-e" "RUSTUP_HOME=/opt/rustwide/rustup-home" "-e" "CARGO_TARGET_DIR=/opt/rustwide/target" "-e" "CARGO_INCREMENTAL=0" "-e" "RUST_BACKTRACE=full" "-e" "RUSTFLAGS=--cap-lints=warn" "-e" "RUSTDOCFLAGS=--cap-lints=warn" "-w" "/opt/rustwide/workdir" "--user" "0:0" "43c356f36f643333cb1f5321b13bac6b9e86ad00e452536ed9db36444e143ce6" "/opt/rustwide/cargo-home/bin/cargo" "+1.100.0-beta.1" "test" "--frozen" "--release", kill_on_drop: false }`
[INFO] [stderr]     Finished `release` profile [optimized] target(s) in 0.09s
[INFO] [stderr]      Running unittests src/lib.rs (/opt/rustwide/target/release/build/wickra-benchmark-core/de0b267f1172fbb1/out/wickra_benchmark_core-de0b267f1172fbb1)
[INFO] [stdout] 
[INFO] [stdout] running 14 tests
[INFO] [stdout] test tests::config_round_trips ... ok
[INFO] [stdout] test tests::missing_dataset_is_a_data_error ... ok
[INFO] [stdout] test tests::fudged_expected_fails_passed_but_not_hash ... ok
[INFO] [stdout] test tests::case_validation_rejects_bad_input ... ok
[INFO] [stdout] test tests::command_json_run_case_round_trips ... ok
[INFO] [stdout] test tests::fudged_hash_fails_hash_match_but_not_passed ... ok
[INFO] [stdout] test tests::hash_report_matches_manual_hash ... ok
[INFO] [stdout] test tests::path_run_equals_inline_run ... ok
[INFO] [stdout] test tests::honest_case_passes_on_both_axes ... ok
[INFO] [stdout] test tests::command_json_run_suite_and_list_cases ... ok
[INFO] [stdout] test tests::canonicalization_is_idempotent_and_key_order_invariant ... ok
[INFO] [stdout] test tests::suite_rejects_duplicate_ids ... ok
[INFO] [stdout] test tests::suite_results_are_sorted_and_tallied ... ok
[INFO] [stdout] test tests::command_json_version_and_unknown ... ok
[INFO] [stdout] 
[INFO] [stdout] test result: ok. 14 passed; 0 failed; 0 ignored; 0 measured; 0 filtered out; finished in 0.05s
[INFO] [stdout] 
[INFO] [stderr]      Running tests/conformance.rs (/opt/rustwide/target/release/build/wickra-benchmark-core/720dcaee8f5b9b44/out/conformance-720dcaee8f5b9b44)
[INFO] [stdout] 
[INFO] [stdout] running 12 tests
[INFO] [stdout] test empty_id_and_dataset_ref_are_rejected ... ok
[INFO] [stdout] test non_object_strategy_and_expected_are_rejected ... ok
[INFO] [stdout] test case_toml_round_trips ... ok
[INFO] [stdout] test case_json_round_trips ... ok
[INFO] [stdout] test unknown_case_field_is_rejected ... ok
[INFO] [stdout] test bad_expected_hash_is_rejected ... ok
[INFO] [stdout] test canonicalize_is_key_order_invariant ... ok
[INFO] [stdout] test case_result_and_suite_report_round_trip ... ok
[INFO] [stderr]      Running tests/golden.rs (/opt/rustwide/target/release/build/wickra-benchmark-core/0e26b557633c71d9/out/golden-0e26b557633c71d9)
[INFO] [stdout] test canonicalize_collapses_non_finite_to_null ... ok
[INFO] [stdout] test strategy_value_passes_through_untouched ... ok
[INFO] [stdout] test suite_json_round_trips ... ok
[INFO] [stdout] test duplicate_case_id_is_rejected ... ok
[INFO] [stdout] 
[INFO] [stdout] test result: ok. 12 passed; 0 failed; 0 ignored; 0 measured; 0 filtered out; finished in 0.00s
[INFO] [stdout] 
[INFO] [stdout] 
[INFO] [stdout] running 1 test
[INFO] [stdout] test golden_commands_are_byte_identical ... FAILED
[INFO] [stdout] 
[INFO] [stdout] failures:
[INFO] [stdout] 
[INFO] [stdout] ---- golden_commands_are_byte_identical stdout ----
[INFO] [stdout] 
[INFO] [stdout] thread 'golden_commands_are_byte_identical' (1504) panicked at tests/golden.rs:263:53:
[INFO] [stdout] called `Result::unwrap()` on an `Err` value: Os { code: 2, kind: NotFound, message: "No such file or directory" }
[INFO] [stdout] stack backtrace:
[INFO] [stdout]    0:     0x595930e68971 - <<std[617be2ca0a6fd877]::sys::backtrace::BacktraceLock>::print::DisplayBacktrace as core[a373ad73a504971]::fmt::Display>::fmt
[INFO] [stdout]    1:     0x595930e7e0da - core[a373ad73a504971]::fmt::write
[INFO] [stdout]    2:     0x595930e6cecc - <alloc[2e1b2a31b91974c5]::vec::Vec<u8> as core[a373ad73a504971]::io::write::Write>::write_fmt
[INFO] [stdout]    3:     0x595930e431e6 - std[617be2ca0a6fd877]::panicking::default_hook::{closure#0}
[INFO] [stdout]    4:     0x595930e5fa69 - std[617be2ca0a6fd877]::panicking::default_hook
[INFO] [stdout]    5:     0x595930cb38e0 - test[aada8e7e76ba119b]::test_main_inner::{closure#0}
[INFO] [stdout]    6:     0x595930e5fd92 - std[617be2ca0a6fd877]::panicking::panic_with_hook
[INFO] [stdout]    7:     0x595930e43292 - std[617be2ca0a6fd877]::panicking::panic_handler::{closure#0}
[INFO] [stdout]    8:     0x595930e3bd79 - std[617be2ca0a6fd877]::sys::backtrace::__rust_end_short_backtrace::<std[617be2ca0a6fd877]::panicking::panic_handler::{closure#0}, !>
[INFO] [stdout]    9:     0x595930e43e9d - __rustc[ea4f61d10b84890b]::rust_begin_unwind
[INFO] [stdout]   10:     0x595930e7e80c - core[a373ad73a504971]::panicking::panic_fmt
[INFO] [stdout]   11:     0x595930e7e5e2 - core[a373ad73a504971]::result::unwrap_failed
[INFO] [stdout]   12:     0x595930c975bb - golden[1f3a013383f0589b]::golden_commands_are_byte_identical
[INFO] [stdout]   13:     0x595930c99a79 - <golden[1f3a013383f0589b]::golden_commands_are_byte_identical::{closure#0} as core[a373ad73a504971]::ops::function::FnOnce<()>>::call_once
[INFO] [stdout]   14:     0x595930ca6d2b - test[aada8e7e76ba119b]::__rust_begin_short_backtrace::<core[a373ad73a504971]::result::Result<(), alloc[2e1b2a31b91974c5]::string::String>, fn() -> core[a373ad73a504971]::result::Result<(), alloc[2e1b2a31b91974c5]::string::String>>
[INFO] [stdout]   15:     0x595930cb3f05 - test[aada8e7e76ba119b]::run_test::{closure#0}
[INFO] [stdout]   16:     0x595930cad7f4 - std[617be2ca0a6fd877]::sys::backtrace::__rust_begin_short_backtrace::<test[aada8e7e76ba119b]::run_test::{closure#1}, ()>
[INFO] [stdout]   17:     0x595930cb6f92 - <std[617be2ca0a6fd877]::thread::lifecycle::spawn_unchecked<test[aada8e7e76ba119b]::run_test::{closure#1}, ()>::{closure#1} as core[a373ad73a504971]::ops::function::FnOnce<()>>::call_once::{shim:vtable#0}
[INFO] [stdout]   18:     0x595930e67bbf - <std[617be2ca0a6fd877]::sys::thread::unix::Thread>::new::thread_start
[INFO] [stdout]   19:     0x750fded69dfa - <unknown>
[INFO] [stdout]   20:     0x750fdedfd3d4 - clone
[INFO] [stdout]   21:                0x0 - <unknown>
[INFO] [stdout] 
[INFO] [stdout] 
[INFO] [stdout] failures:
[INFO] [stdout]     golden_commands_are_byte_identical
[INFO] [stdout] 
[INFO] [stdout] test result: FAILED. 0 passed; 1 failed; 0 ignored; 0 measured; 0 filtered out; finished in 0.00s
[INFO] [stdout] 
[INFO] [stderr] error: test failed, to rerun pass `--test golden`
[INFO] running `Command { std: "docker" "inspect" "43c356f36f643333cb1f5321b13bac6b9e86ad00e452536ed9db36444e143ce6", kill_on_drop: false }`
[INFO] running `Command { std: "docker" "rm" "-f" "43c356f36f643333cb1f5321b13bac6b9e86ad00e452536ed9db36444e143ce6", kill_on_drop: false }`
[INFO] [stdout] 43c356f36f643333cb1f5321b13bac6b9e86ad00e452536ed9db36444e143ce6
