[INFO] fetching crate whitespace-sifter 2.3.7...
[INFO] testing whitespace-sifter-2.3.7 against 1.99.0-beta.8+cargoflags=--release for beta-release-1.100-2
[INFO] extracting crate whitespace-sifter 2.3.7 into /workspace/builds/worker-5-tc1/source
[INFO] started tweaking crates.io crate whitespace-sifter 2.3.7
[INFO] finished tweaking crates.io crate whitespace-sifter 2.3.7
[INFO] tweaked toml for crates.io crate whitespace-sifter 2.3.7 written to /workspace/builds/worker-5-tc1/source/Cargo.toml
[INFO] validating manifest of crates.io crate whitespace-sifter 2.3.7 on toolchain 1.99.0-beta.8
[INFO] running `Command { std: CARGO_HOME="/workspace/cargo-home" RUSTUP_HOME="/workspace/rustup-home" "/workspace/cargo-home/bin/cargo" "+1.99.0-beta.8" "metadata" "--manifest-path" "Cargo.toml" "--no-deps", kill_on_drop: false }`
[INFO] crate crates.io crate whitespace-sifter 2.3.7 already has a lockfile, it will not be regenerated
[INFO] running `Command { std: CARGO_HOME="/workspace/cargo-home" RUSTUP_HOME="/workspace/rustup-home" "/workspace/cargo-home/bin/cargo" "+1.99.0-beta.8" "fetch" "--manifest-path" "Cargo.toml", kill_on_drop: false }`
[INFO] [stderr]  Downloading crates ...
[INFO] [stderr]   Downloaded clap_lex v1.0.0
[INFO] [stderr]   Downloaded clap v4.5.59
[INFO] [stderr]   Downloaded clap_builder v4.5.59
[INFO] running `Command { std: "docker" "create" "-v" "/var/lib/crater-agent-workspace/builds/worker-5-tc1/source:/opt/rustwide/workdir:ro,Z" "-v" "/var/lib/crater-agent-workspace/builds/worker-5-tc1/target:/opt/rustwide/target:rw,Z" "-v" "/var/lib/crater-agent-workspace/cargo-home:/opt/rustwide/cargo-home:ro,Z" "-v" "/var/lib/crater-agent-workspace/rustup-home:/opt/rustwide/rustup-home:ro,Z" "-m" "1610612736" "--network" "none" "ghcr.io/rust-lang/crates-build-env/linux@sha256:77db811e55d90add9212f6832c23229e3de5f1c1f9905e8cb07319ea15df73ac" "sleep" "infinity", kill_on_drop: false }`
[INFO] [stdout] b17e4157ba1a87ac843956296de98872966db49319f911f50d6f3c7c26484fa7
[INFO] running `Command { std: "docker" "start" "b17e4157ba1a87ac843956296de98872966db49319f911f50d6f3c7c26484fa7", kill_on_drop: false }`
[INFO] running `Command { std: "docker" "inspect" "b17e4157ba1a87ac843956296de98872966db49319f911f50d6f3c7c26484fa7", kill_on_drop: false }`
[INFO] running `Command { std: "docker" "exec" "-e" "SOURCE_DIR=/opt/rustwide/workdir" "-e" "CARGO_HOME=/opt/rustwide/cargo-home" "-e" "RUSTUP_HOME=/opt/rustwide/rustup-home" "-e" "CARGO_TARGET_DIR=/opt/rustwide/target" "-w" "/opt/rustwide/workdir" "--user" "0:0" "b17e4157ba1a87ac843956296de98872966db49319f911f50d6f3c7c26484fa7" "/opt/rustwide/cargo-home/bin/cargo" "+1.99.0-beta.8" "metadata" "--no-deps" "--format-version=1", kill_on_drop: false }`
[INFO] running `Command { std: "docker" "inspect" "b17e4157ba1a87ac843956296de98872966db49319f911f50d6f3c7c26484fa7", kill_on_drop: false }`
[INFO] running `Command { std: "docker" "exec" "-e" "SOURCE_DIR=/opt/rustwide/workdir" "-e" "CARGO_HOME=/opt/rustwide/cargo-home" "-e" "RUSTUP_HOME=/opt/rustwide/rustup-home" "-e" "CARGO_TARGET_DIR=/opt/rustwide/target" "-e" "CARGO_INCREMENTAL=0" "-e" "RUST_BACKTRACE=full" "-e" "RUSTFLAGS=--cap-lints=warn" "-e" "RUSTDOCFLAGS=--cap-lints=warn" "-w" "/opt/rustwide/workdir" "--user" "0:0" "b17e4157ba1a87ac843956296de98872966db49319f911f50d6f3c7c26484fa7" "/opt/rustwide/cargo-home/bin/cargo" "+1.99.0-beta.8" "build" "--frozen" "--message-format=json" "--release", kill_on_drop: false }`
[INFO] [stderr]    Compiling quote v1.0.44
[INFO] [stderr]    Compiling colorchoice v1.0.4
[INFO] [stderr]    Compiling anstyle v1.0.13
[INFO] [stderr]    Compiling clap_lex v1.0.0
[INFO] [stderr]    Compiling anstyle-parse v0.2.7
[INFO] [stderr]    Compiling anstream v0.6.21
[INFO] [stderr]    Compiling syn v2.0.116
[INFO] [stderr]    Compiling clap_builder v4.5.59
[INFO] [stderr]    Compiling clap_derive v4.5.55
[INFO] [stderr]    Compiling clap v4.5.59
[INFO] [stderr]    Compiling whitespace-sifter v2.3.7 (/opt/rustwide/workdir)
[INFO] [stderr]     Finished `release` profile [optimized] target(s) in 12.46s
[INFO] running `Command { std: "docker" "inspect" "b17e4157ba1a87ac843956296de98872966db49319f911f50d6f3c7c26484fa7", kill_on_drop: false }`
[INFO] running `Command { std: "docker" "exec" "-e" "SOURCE_DIR=/opt/rustwide/workdir" "-e" "CARGO_HOME=/opt/rustwide/cargo-home" "-e" "RUSTUP_HOME=/opt/rustwide/rustup-home" "-e" "CARGO_TARGET_DIR=/opt/rustwide/target" "-e" "CARGO_INCREMENTAL=0" "-e" "RUST_BACKTRACE=full" "-e" "RUSTFLAGS=--cap-lints=warn" "-e" "RUSTDOCFLAGS=--cap-lints=warn" "-w" "/opt/rustwide/workdir" "--user" "0:0" "b17e4157ba1a87ac843956296de98872966db49319f911f50d6f3c7c26484fa7" "/opt/rustwide/cargo-home/bin/cargo" "+1.99.0-beta.8" "test" "--frozen" "--no-run" "--message-format=json" "--release", kill_on_drop: false }`
[INFO] [stderr]    Compiling whitespace-sifter v2.3.7 (/opt/rustwide/workdir)
[INFO] [stderr]     Finished `release` profile [optimized] target(s) in 0.64s
[INFO] running `Command { std: "docker" "inspect" "b17e4157ba1a87ac843956296de98872966db49319f911f50d6f3c7c26484fa7", kill_on_drop: false }`
[INFO] running `Command { std: "docker" "exec" "-e" "SOURCE_DIR=/opt/rustwide/workdir" "-e" "CARGO_HOME=/opt/rustwide/cargo-home" "-e" "RUSTUP_HOME=/opt/rustwide/rustup-home" "-e" "CARGO_TARGET_DIR=/opt/rustwide/target" "-e" "CARGO_INCREMENTAL=0" "-e" "RUST_BACKTRACE=full" "-e" "RUSTFLAGS=--cap-lints=warn" "-e" "RUSTDOCFLAGS=--cap-lints=warn" "-w" "/opt/rustwide/workdir" "--user" "0:0" "b17e4157ba1a87ac843956296de98872966db49319f911f50d6f3c7c26484fa7" "/opt/rustwide/cargo-home/bin/cargo" "+1.99.0-beta.8" "test" "--frozen" "--release", kill_on_drop: false }`
[INFO] [stderr]     Finished `release` profile [optimized] target(s) in 0.03s
[INFO] [stdout] 
[INFO] [stderr]      Running unittests src/lib.rs (/opt/rustwide/target/release/deps/whitespace_sifter-179e4236ebeaf490)
[INFO] [stdout] running 9 tests
[INFO] [stdout] test tests::test_sift ... ok
[INFO] [stdout] test tests::test_sift_preserve_newlines_leading_whitespaces ... ok
[INFO] [stdout] test tests::test_unicode_compatibility ... ok
[INFO] [stdout] test tests::test_sift_leading_whitespaces ... ok
[INFO] [stdout] test tests::test_sift_preserve_newlines ... ok
[INFO] [stdout] test tests::test_docs ... ok
[INFO] [stdout] test tests::test_all_blank_output ... ok
[INFO] [stdout] test compliance_test::test_old_versions ... FAILED
[INFO] [stdout] test msrv_test::verify_msrv ... FAILED
[INFO] [stdout] 
[INFO] [stdout] failures:
[INFO] [stdout] 
[INFO] [stdout] ---- compliance_test::test_old_versions stdout ----
[INFO] [stdout] 
[INFO] [stdout] thread 'compliance_test::test_old_versions' (395) panicked at src/compliance_test.rs:14:5:
[INFO] [stdout] assertion failed: cargo_new.status.success()
[INFO] [stdout] stack backtrace:
[INFO] [stdout]    0:     0x611e749fd8a1 - <<std[70759c8f55707aa4]::sys::backtrace::BacktraceLock>::print::DisplayBacktrace as core[df12db4294e9bfd3]::fmt::Display>::fmt
[INFO] [stdout]    1:     0x611e74a11cda - core[df12db4294e9bfd3]::fmt::write
[INFO] [stdout]    2:     0x611e74a01f9c - <alloc[2182bb758b4b3781]::vec::Vec<u8> as core[df12db4294e9bfd3]::io::write::Write>::write_fmt
[INFO] [stdout]    3:     0x611e749d91c6 - std[70759c8f55707aa4]::panicking::default_hook::{closure#0}
[INFO] [stdout]    4:     0x611e749f5749 - std[70759c8f55707aa4]::panicking::default_hook
[INFO] [stdout]    5:     0x611e74991640 - test[9d35eded1c95d3be]::test_main_inner::<test[9d35eded1c95d3be]::test_main_static::{closure#0}>::{closure#0}
[INFO] [stdout]    6:     0x611e749f5902 - std[70759c8f55707aa4]::panicking::panic_with_hook
[INFO] [stdout]    7:     0x611e749d92a4 - std[70759c8f55707aa4]::panicking::panic_handler::{closure#0}
[INFO] [stdout]    8:     0x611e749d1f49 - std[70759c8f55707aa4]::sys::backtrace::__rust_end_short_backtrace::<std[70759c8f55707aa4]::panicking::panic_handler::{closure#0}, !>
[INFO] [stdout]    9:     0x611e749d9e6d - __rustc[8fa7c3cbc660c2b3]::rust_begin_unwind
[INFO] [stdout]   10:     0x611e74a1240c - core[df12db4294e9bfd3]::panicking::panic_fmt
[INFO] [stdout]   11:     0x611e74a123d2 - core[df12db4294e9bfd3]::panicking::panic
[INFO] [stdout]   12:     0x611e74984185 - whitespace_sifter[f492f0fc9bff48c0]::compliance_test::test_old_versions
[INFO] [stdout]   13:     0x611e74981499 - <whitespace_sifter[f492f0fc9bff48c0]::compliance_test::test_old_versions::{closure#0} as core[df12db4294e9bfd3]::ops::function::FnOnce<()>>::call_once
[INFO] [stdout]   14:     0x611e7498492b - test[9d35eded1c95d3be]::__rust_begin_short_backtrace::<core[df12db4294e9bfd3]::result::Result<(), alloc[2182bb758b4b3781]::string::String>, fn() -> core[df12db4294e9bfd3]::result::Result<(), alloc[2182bb758b4b3781]::string::String>>
[INFO] [stdout]   15:     0x611e74991f95 - test[9d35eded1c95d3be]::run_test::{closure#0}
[INFO] [stdout]   16:     0x611e7498b854 - std[70759c8f55707aa4]::sys::backtrace::__rust_begin_short_backtrace::<test[9d35eded1c95d3be]::run_test::{closure#1}, ()>
[INFO] [stdout]   17:     0x611e749950f2 - <std[70759c8f55707aa4]::thread::lifecycle::spawn_unchecked<test[9d35eded1c95d3be]::run_test::{closure#1}, ()>::{closure#1} as core[df12db4294e9bfd3]::ops::function::FnOnce<()>>::call_once::{shim:vtable#0}
[INFO] [stdout]   18:     0x611e749fcf89 - <std[70759c8f55707aa4]::sys::thread::unix::Thread>::new::thread_start
[INFO] [stdout]   19:     0x724cd58a3dfa - <unknown>
[INFO] [stdout]   20:     0x724cd59373d4 - clone
[INFO] [stdout]   21:                0x0 - <unknown>
[INFO] [stdout] 
[INFO] [stdout] ---- msrv_test::verify_msrv stdout ----
[INFO] [stdout] 
[INFO] [stdout] thread 'msrv_test::verify_msrv' (396) panicked at src/msrv_test.rs:10:5:
[INFO] [stdout] assertion failed: verify_out.status.success()
[INFO] [stdout] stack backtrace:
[INFO] [stdout]    0:     0x611e749fd8a1 - <<std[70759c8f55707aa4]::sys::backtrace::BacktraceLock>::print::DisplayBacktrace as core[df12db4294e9bfd3]::fmt::Display>::fmt
[INFO] [stdout]    1:     0x611e74a11cda - core[df12db4294e9bfd3]::fmt::write
[INFO] [stderr] error: test failed, to rerun pass `--lib`
[INFO] [stdout]    2:     0x611e74a01f9c - <alloc[2182bb758b4b3781]::vec::Vec<u8> as core[df12db4294e9bfd3]::io::write::Write>::write_fmt
[INFO] [stdout]    3:     0x611e749d91c6 - std[70759c8f55707aa4]::panicking::default_hook::{closure#0}
[INFO] [stdout]    4:     0x611e749f5749 - std[70759c8f55707aa4]::panicking::default_hook
[INFO] [stdout]    5:     0x611e74991640 - test[9d35eded1c95d3be]::test_main_inner::<test[9d35eded1c95d3be]::test_main_static::{closure#0}>::{closure#0}
[INFO] [stdout]    6:     0x611e749f5902 - std[70759c8f55707aa4]::panicking::panic_with_hook
[INFO] [stdout]    7:     0x611e749d92a4 - std[70759c8f55707aa4]::panicking::panic_handler::{closure#0}
[INFO] [stdout]    8:     0x611e749d1f49 - std[70759c8f55707aa4]::sys::backtrace::__rust_end_short_backtrace::<std[70759c8f55707aa4]::panicking::panic_handler::{closure#0}, !>
[INFO] [stdout]    9:     0x611e749d9e6d - __rustc[8fa7c3cbc660c2b3]::rust_begin_unwind
[INFO] [stdout]   10:     0x611e74a1240c - core[df12db4294e9bfd3]::panicking::panic_fmt
[INFO] [stdout]   11:     0x611e74a123d2 - core[df12db4294e9bfd3]::panicking::panic
[INFO] [stdout]   12:     0x611e74982d94 - <whitespace_sifter[f492f0fc9bff48c0]::msrv_test::verify_msrv::{closure#0} as core[df12db4294e9bfd3]::ops::function::FnOnce<()>>::call_once
[INFO] [stdout]   13:     0x611e7498492b - test[9d35eded1c95d3be]::__rust_begin_short_backtrace::<core[df12db4294e9bfd3]::result::Result<(), alloc[2182bb758b4b3781]::string::String>, fn() -> core[df12db4294e9bfd3]::result::Result<(), alloc[2182bb758b4b3781]::string::String>>
[INFO] [stdout]   14:     0x611e74991f95 - test[9d35eded1c95d3be]::run_test::{closure#0}
[INFO] [stdout]   15:     0x611e7498b854 - std[70759c8f55707aa4]::sys::backtrace::__rust_begin_short_backtrace::<test[9d35eded1c95d3be]::run_test::{closure#1}, ()>
[INFO] [stdout]   16:     0x611e749950f2 - <std[70759c8f55707aa4]::thread::lifecycle::spawn_unchecked<test[9d35eded1c95d3be]::run_test::{closure#1}, ()>::{closure#1} as core[df12db4294e9bfd3]::ops::function::FnOnce<()>>::call_once::{shim:vtable#0}
[INFO] [stdout]   17:     0x611e749fcf89 - <std[70759c8f55707aa4]::sys::thread::unix::Thread>::new::thread_start
[INFO] [stdout]   18:     0x724cd58a3dfa - <unknown>
[INFO] [stdout]   19:     0x724cd59373d4 - clone
[INFO] [stdout]   20:                0x0 - <unknown>
[INFO] [stdout] 
[INFO] [stdout] 
[INFO] [stdout] failures:
[INFO] [stdout]     compliance_test::test_old_versions
[INFO] [stdout]     msrv_test::verify_msrv
[INFO] [stdout] 
[INFO] [stdout] test result: FAILED. 7 passed; 2 failed; 0 ignored; 0 measured; 0 filtered out; finished in 0.10s
[INFO] [stdout] 
[INFO] running `Command { std: "docker" "inspect" "b17e4157ba1a87ac843956296de98872966db49319f911f50d6f3c7c26484fa7", kill_on_drop: false }`
[INFO] running `Command { std: "docker" "rm" "-f" "b17e4157ba1a87ac843956296de98872966db49319f911f50d6f3c7c26484fa7", kill_on_drop: false }`
[INFO] [stdout] b17e4157ba1a87ac843956296de98872966db49319f911f50d6f3c7c26484fa7
