[INFO] fetching crate whiteout-cli 1.0.0...
[INFO] testing whiteout-cli-1.0.0 against 1.100.0-beta.1+cargoflags=--release for beta-release-1.100-2
[INFO] extracting crate whiteout-cli 1.0.0 into /workspace/builds/worker-2-tc2/source
[INFO] started tweaking crates.io crate whiteout-cli 1.0.0
[INFO] removed 0 missing examples
[INFO] finished tweaking crates.io crate whiteout-cli 1.0.0
[INFO] tweaked toml for crates.io crate whiteout-cli 1.0.0 written to /workspace/builds/worker-2-tc2/source/Cargo.toml
[INFO] validating manifest of crates.io crate whiteout-cli 1.0.0 on toolchain 1.100.0-beta.1
[INFO] running `Command { std: CARGO_HOME="/workspace/cargo-home" RUSTUP_HOME="/workspace/rustup-home" "/workspace/cargo-home/bin/cargo" "+1.100.0-beta.1" "metadata" "--manifest-path" "Cargo.toml" "--no-deps", kill_on_drop: false }`
[INFO] crate crates.io crate whiteout-cli 1.0.0 already has a lockfile, it will not be regenerated
[INFO] running `Command { std: CARGO_HOME="/workspace/cargo-home" RUSTUP_HOME="/workspace/rustup-home" "/workspace/cargo-home/bin/cargo" "+1.100.0-beta.1" "fetch" "--manifest-path" "Cargo.toml", kill_on_drop: false }`
[INFO] [stderr] warning: `package.homepage` is redundant with `package.repository`
[INFO] [stderr]    --> Cargo.toml:103:12
[INFO] [stderr]     |
[INFO] [stderr] 103 | homepage = "https://github.com/bytware/whiteout"
[INFO] [stderr]     |            ^^^^^^^^^^^^^^^^^^^^^^^^^^^^^^^^^^^^^
[INFO] [stderr] ...
[INFO] [stderr] 108 | repository = "https://github.com/bytware/whiteout"
[INFO] [stderr]     |              -------------------------------------
[INFO] [stderr]     |
[INFO] [stderr]     = note: `cargo::redundant_homepage` is set to `warn` by default
[INFO] [stderr] help: consider removing `package.homepage`
[INFO] [stderr] warning: `whiteout-cli` (manifest) generated 1 warning
[INFO] running `Command { std: "docker" "create" "-v" "/var/lib/crater-agent-workspace/builds/worker-2-tc2/source:/opt/rustwide/workdir:ro,Z" "-v" "/var/lib/crater-agent-workspace/builds/worker-2-tc2/target:/opt/rustwide/target:rw,Z" "-v" "/var/lib/crater-agent-workspace/cargo-home:/opt/rustwide/cargo-home:ro,Z" "-v" "/var/lib/crater-agent-workspace/rustup-home:/opt/rustwide/rustup-home:ro,Z" "-m" "1610612736" "--network" "none" "ghcr.io/rust-lang/crates-build-env/linux@sha256:77db811e55d90add9212f6832c23229e3de5f1c1f9905e8cb07319ea15df73ac" "sleep" "infinity", kill_on_drop: false }`
[INFO] [stdout] e6f446b0df1c4d541f17b30bce28cdbb791a3e974dadd645900f3c106bbe3a63
[INFO] running `Command { std: "docker" "start" "e6f446b0df1c4d541f17b30bce28cdbb791a3e974dadd645900f3c106bbe3a63", kill_on_drop: false }`
[INFO] running `Command { std: "docker" "inspect" "e6f446b0df1c4d541f17b30bce28cdbb791a3e974dadd645900f3c106bbe3a63", kill_on_drop: false }`
[INFO] running `Command { std: "docker" "exec" "-e" "SOURCE_DIR=/opt/rustwide/workdir" "-e" "CARGO_HOME=/opt/rustwide/cargo-home" "-e" "RUSTUP_HOME=/opt/rustwide/rustup-home" "-e" "CARGO_TARGET_DIR=/opt/rustwide/target" "-w" "/opt/rustwide/workdir" "--user" "0:0" "e6f446b0df1c4d541f17b30bce28cdbb791a3e974dadd645900f3c106bbe3a63" "/opt/rustwide/cargo-home/bin/cargo" "+1.100.0-beta.1" "metadata" "--no-deps" "--format-version=1", kill_on_drop: false }`
[INFO] running `Command { std: "docker" "inspect" "e6f446b0df1c4d541f17b30bce28cdbb791a3e974dadd645900f3c106bbe3a63", kill_on_drop: false }`
[INFO] running `Command { std: "docker" "exec" "-e" "SOURCE_DIR=/opt/rustwide/workdir" "-e" "CARGO_HOME=/opt/rustwide/cargo-home" "-e" "RUSTUP_HOME=/opt/rustwide/rustup-home" "-e" "CARGO_TARGET_DIR=/opt/rustwide/target" "-e" "CARGO_INCREMENTAL=0" "-e" "RUST_BACKTRACE=full" "-e" "RUSTFLAGS=--cap-lints=warn" "-e" "RUSTDOCFLAGS=--cap-lints=warn" "-w" "/opt/rustwide/workdir" "--user" "0:0" "e6f446b0df1c4d541f17b30bce28cdbb791a3e974dadd645900f3c106bbe3a63" "/opt/rustwide/cargo-home/bin/cargo" "+1.100.0-beta.1" "build" "--frozen" "--message-format=json" "--release", kill_on_drop: false }`
[INFO] [stderr] warning: `package.homepage` is redundant with `package.repository`
[INFO] [stderr]    --> Cargo.toml:103:12
[INFO] [stderr]     |
[INFO] [stderr] 103 | homepage = "https://github.com/bytware/whiteout"
[INFO] [stderr]     |            ^^^^^^^^^^^^^^^^^^^^^^^^^^^^^^^^^^^^^
[INFO] [stderr] ...
[INFO] [stderr] 108 | repository = "https://github.com/bytware/whiteout"
[INFO] [stderr]     |              -------------------------------------
[INFO] [stderr]     |
[INFO] [stderr]     = note: `cargo::redundant_homepage` is set to `warn` by default
[INFO] [stderr] help: consider removing `package.homepage`
[INFO] [stderr] warning: `whiteout-cli` (manifest) generated 1 warning
[INFO] [stderr]    Compiling proc-macro2 v1.0.101
[INFO] [stderr]    Compiling libc v0.2.175
[INFO] [stderr]    Compiling unicode-ident v1.0.18
[INFO] [stderr]    Compiling cfg-if v1.0.3
[INFO] [stderr]    Compiling version_check v0.9.5
[INFO] [stderr]    Compiling typenum v1.18.0
[INFO] [stderr]    Compiling find-msvc-tools v0.1.1
[INFO] [stderr]    Compiling shlex v1.3.0
[INFO] [stderr]    Compiling stable_deref_trait v1.2.0
[INFO] [stderr]    Compiling pkg-config v0.3.32
[INFO] [stderr]    Compiling vcpkg v0.2.15
[INFO] [stderr]    Compiling serde v1.0.219
[INFO] [stderr]    Compiling subtle v2.6.1
[INFO] [stderr]    Compiling generic-array v0.14.7
[INFO] [stderr]    Compiling litemap v0.8.0
[INFO] [stderr]    Compiling writeable v0.6.1
[INFO] [stderr]    Compiling icu_properties_data v2.0.1
[INFO] [stderr]    Compiling icu_normalizer_data v2.0.0
[INFO] [stderr]    Compiling cpufeatures v0.2.17
[INFO] [stderr]    Compiling memchr v2.7.5
[INFO] [stderr]    Compiling smallvec v1.15.1
[INFO] [stderr]    Compiling zerocopy v0.8.27
[INFO] [stderr]    Compiling quote v1.0.40
[INFO] [stderr]    Compiling once_cell v1.21.3
[INFO] [stderr]    Compiling autocfg v1.5.0
[INFO] [stderr]    Compiling syn v2.0.106
[INFO] [stderr]    Compiling jobserver v0.1.34
[INFO] [stderr]    Compiling getrandom v0.2.16
[INFO] [stderr]    Compiling aho-corasick v1.1.3
[INFO] [stderr]    Compiling utf8parse v0.2.2
[INFO] [stderr]    Compiling regex-syntax v0.8.6
[INFO] [stderr]    Compiling rand_core v0.6.4
[INFO] [stderr]    Compiling cc v1.2.36
[INFO] [stderr]    Compiling num-traits v0.2.19
[INFO] [stderr]    Compiling anstyle-parse v0.2.7
[INFO] [stderr]    Compiling tracing-core v0.1.34
[INFO] [stderr]    Compiling log v0.4.28
[INFO] [stderr]    Compiling crypto-common v0.1.6
[INFO] [stderr]    Compiling inout v0.1.4
[INFO] [stderr]    Compiling block-buffer v0.10.4
[INFO] [stderr]    Compiling cipher v0.4.4
[INFO] [stderr]    Compiling digest v0.10.7
[INFO] [stderr]    Compiling universal-hash v0.5.1
[INFO] [stderr]    Compiling hashbrown v0.15.5
[INFO] [stderr]    Compiling anstyle v1.0.11
[INFO] [stderr]    Compiling utf8_iter v1.0.4
[INFO] [stderr]    Compiling is_terminal_polyfill v1.70.1
[INFO] [stderr]    Compiling percent-encoding v2.3.2
[INFO] [stderr]    Compiling anstyle-query v1.1.4
[INFO] [stderr]    Compiling lazy_static v1.5.0
[INFO] [stderr]    Compiling equivalent v1.0.2
[INFO] [stderr]    Compiling colorchoice v1.0.4
[INFO] [stderr]    Compiling opaque-debug v0.3.1
[INFO] [stderr]    Compiling anstream v0.6.20
[INFO] [stderr]    Compiling polyval v0.6.2
[INFO] [stderr]    Compiling form_urlencoded v1.2.2
[INFO] [stderr]    Compiling toml_write v0.1.2
[INFO] [stderr]    Compiling winnow v0.7.13
[INFO] [stderr]    Compiling indexmap v2.11.1
[INFO] [stderr]    Compiling clap_lex v0.7.5
[INFO] [stderr]    Compiling thiserror v2.0.16
[INFO] [stderr]    Compiling libz-sys v1.1.22
[INFO] [stderr]    Compiling openssl-sys v0.9.109
[INFO] [stderr]    Compiling libssh2-sys v0.3.1
[INFO] [stderr]    Compiling regex-automata v0.4.10
[INFO] [stderr]    Compiling libgit2-sys v0.16.2+1.7.2
[INFO] [stderr]    Compiling ppv-lite86 v0.2.21
[INFO] [stderr]    Compiling serde_json v1.0.143
[INFO] [stderr]    Compiling strsim v0.11.1
[INFO] [stderr]    Compiling pin-project-lite v0.2.16
[INFO] [stderr]    Compiling option-ext v0.2.0
[INFO] [stderr]    Compiling base64ct v1.8.0
[INFO] [stderr]    Compiling anyhow v1.0.99
[INFO] [stderr]    Compiling heck v0.5.0
[INFO] [stderr]    Compiling password-hash v0.5.0
[INFO] [stderr]    Compiling clap_builder v4.5.47
[INFO] [stderr]    Compiling dirs-sys v0.4.1
[INFO] [stderr]    Compiling rand_chacha v0.3.1
[INFO] [stderr]    Compiling synstructure v0.13.2
[INFO] [stderr]    Compiling ghash v0.5.1
[INFO] [stderr]    Compiling sharded-slab v0.1.7
[INFO] [stderr]    Compiling blake2 v0.10.6
[INFO] [stderr]    Compiling ctr v0.9.2
[INFO] [stderr]    Compiling aes v0.8.4
[INFO] [stderr]    Compiling tracing-log v0.2.0
[INFO] [stderr]    Compiling aead v0.5.2
[INFO] [stderr]    Compiling thread_local v1.1.9
[INFO] [stderr]    Compiling nu-ansi-term v0.50.1
[INFO] [stderr]    Compiling same-file v1.0.6
[INFO] [stderr]    Compiling ryu v1.0.20
[INFO] [stderr]    Compiling iana-time-zone v0.1.63
[INFO] [stderr]    Compiling openssl-probe v0.1.6
[INFO] [stderr]    Compiling itoa v1.0.15
[INFO] [stderr]    Compiling bitflags v2.9.4
[INFO] [stderr]    Compiling aes-gcm v0.10.3
[INFO] [stderr]    Compiling walkdir v2.5.0
[INFO] [stderr]    Compiling argon2 v0.5.3
[INFO] [stderr]    Compiling rand v0.8.5
[INFO] [stderr]    Compiling directories v5.0.1
[INFO] [stderr]    Compiling zerofrom-derive v0.1.6
[INFO] [stderr]    Compiling yoke-derive v0.8.0
[INFO] [stderr]    Compiling zerovec-derive v0.11.1
[INFO] [stderr]    Compiling displaydoc v0.2.5
[INFO] [stderr]    Compiling serde_derive v1.0.219
[INFO] [stderr]    Compiling tracing-attributes v0.1.30
[INFO] [stderr]    Compiling clap_derive v4.5.47
[INFO] [stderr]    Compiling zerofrom v0.1.6
[INFO] [stderr]    Compiling matchers v0.2.0
[INFO] [stderr]    Compiling yoke v0.8.0
[INFO] [stderr]    Compiling thiserror-impl v2.0.16
[INFO] [stderr]    Compiling zerovec v0.11.4
[INFO] [stderr]    Compiling zerotrie v0.2.2
[INFO] [stderr]    Compiling tracing v0.1.41
[INFO] [stderr]    Compiling tracing-subscriber v0.3.20
[INFO] [stderr]    Compiling regex v1.11.2
[INFO] [stderr]    Compiling tinystr v0.8.1
[INFO] [stderr]    Compiling icu_locale_core v2.0.0
[INFO] [stderr]    Compiling potential_utf v0.1.3
[INFO] [stderr]    Compiling icu_collections v2.0.0
[INFO] [stderr]    Compiling clap v4.5.47
[INFO] [stderr]    Compiling colored v2.2.0
[INFO] [stderr]    Compiling icu_provider v2.0.0
[INFO] [stderr]    Compiling sha2 v0.10.9
[INFO] [stderr]    Compiling icu_normalizer v2.0.0
[INFO] [stderr]    Compiling icu_properties v2.0.1
[INFO] [stderr]    Compiling base64 v0.22.1
[INFO] [stderr]    Compiling idna_adapter v1.2.1
[INFO] [stderr]    Compiling idna v1.1.0
[INFO] [stderr]    Compiling serde_spanned v0.6.9
[INFO] [stderr]    Compiling toml_datetime v0.6.11
[INFO] [stderr]    Compiling url v2.5.7
[INFO] [stderr]    Compiling toml_edit v0.22.27
[INFO] [stderr]    Compiling chrono v0.4.42
[INFO] [stderr]    Compiling toml v0.8.23
[INFO] [stderr]    Compiling git2 v0.18.3
[INFO] [stderr]    Compiling whiteout-cli v1.0.0 (/opt/rustwide/workdir)
[INFO] [stderr] warning: unused dependency `git2`
[INFO] [stderr]   --> Cargo.toml:32:15
[INFO] [stderr]    |
[INFO] [stderr] 32 | [dependencies.git2]
[INFO] [stderr]    |               ^^^^^
[INFO] [stderr]    |
[INFO] [stderr]    = note: `cargo::unused_dependencies` is set to `warn` by default
[INFO] [stderr] help: consider removing the dependency on `git2`
[INFO] [stderr] warning: unused dependency `serde_json`
[INFO] [stderr]   --> Cargo.toml:51:15
[INFO] [stderr]    |
[INFO] [stderr] 51 | [dependencies.serde_json]
[INFO] [stderr]    |               ^^^^^^^^^^^
[INFO] [stderr]    |
[INFO] [stderr] help: consider removing the dependency on `serde_json`
[INFO] [stderr] warning: unused dependency `sha2`
[INFO] [stderr]   --> Cargo.toml:54:15
[INFO] [stderr]    |
[INFO] [stderr] 54 | [dependencies.sha2]
[INFO] [stderr]    |               ^^^^^
[INFO] [stderr]    |
[INFO] [stderr] help: consider removing the dependency on `sha2`
[INFO] [stderr] warning: unused dependency `thiserror`
[INFO] [stderr]   --> Cargo.toml:57:15
[INFO] [stderr]    |
[INFO] [stderr] 57 | [dependencies.thiserror]
[INFO] [stderr]    |               ^^^^^^^^^^
[INFO] [stderr]    |
[INFO] [stderr] help: consider removing the dependency on `thiserror`
[INFO] [stderr] warning: `whiteout-cli` (manifest) generated 4 warnings
[INFO] [stderr]     Finished `release` profile [optimized] target(s) in 4m 05s
[INFO] running `Command { std: "docker" "inspect" "e6f446b0df1c4d541f17b30bce28cdbb791a3e974dadd645900f3c106bbe3a63", kill_on_drop: false }`
[INFO] running `Command { std: "docker" "exec" "-e" "SOURCE_DIR=/opt/rustwide/workdir" "-e" "CARGO_HOME=/opt/rustwide/cargo-home" "-e" "RUSTUP_HOME=/opt/rustwide/rustup-home" "-e" "CARGO_TARGET_DIR=/opt/rustwide/target" "-e" "CARGO_INCREMENTAL=0" "-e" "RUST_BACKTRACE=full" "-e" "RUSTFLAGS=--cap-lints=warn" "-e" "RUSTDOCFLAGS=--cap-lints=warn" "-w" "/opt/rustwide/workdir" "--user" "0:0" "e6f446b0df1c4d541f17b30bce28cdbb791a3e974dadd645900f3c106bbe3a63" "/opt/rustwide/cargo-home/bin/cargo" "+1.100.0-beta.1" "test" "--frozen" "--no-run" "--message-format=json" "--release", kill_on_drop: false }`
[INFO] [stderr] warning: `package.homepage` is redundant with `package.repository`
[INFO] [stderr]    --> Cargo.toml:103:12
[INFO] [stderr]     |
[INFO] [stderr] 103 | homepage = "https://github.com/bytware/whiteout"
[INFO] [stderr]     |            ^^^^^^^^^^^^^^^^^^^^^^^^^^^^^^^^^^^^^
[INFO] [stderr] ...
[INFO] [stderr] 108 | repository = "https://github.com/bytware/whiteout"
[INFO] [stderr]     |              -------------------------------------
[INFO] [stderr]     |
[INFO] [stderr]     = note: `cargo::redundant_homepage` is set to `warn` by default
[INFO] [stderr] help: consider removing `package.homepage`
[INFO] [stderr] warning: `whiteout-cli` (manifest) generated 1 warning
[INFO] [stderr]    Compiling bitflags v2.9.4
[INFO] [stderr]    Compiling rustix v1.1.1
[INFO] [stderr]    Compiling getrandom v0.3.3
[INFO] [stderr]    Compiling linux-raw-sys v0.11.0
[INFO] [stderr]    Compiling console v0.15.11
[INFO] [stderr]    Compiling diff v0.1.13
[INFO] [stderr]    Compiling fastrand v2.3.0
[INFO] [stderr]    Compiling yansi v1.0.1
[INFO] [stderr]    Compiling git2 v0.18.3
[INFO] [stderr]    Compiling similar v2.7.0
[INFO] [stderr]    Compiling pretty_assertions v1.4.1
[INFO] [stderr]    Compiling insta v1.43.2
[INFO] [stderr]    Compiling tempfile v3.21.0
[INFO] [stderr]    Compiling whiteout-cli v1.0.0 (/opt/rustwide/workdir)
[INFO] [stderr] warning: unused dependency `git2`
[INFO] [stderr]   --> Cargo.toml:32:15
[INFO] [stderr]    |
[INFO] [stderr] 32 | [dependencies.git2]
[INFO] [stderr]    |               ^^^^^
[INFO] [stderr]    |
[INFO] [stderr]    = note: `cargo::unused_dependencies` is set to `warn` by default
[INFO] [stderr] help: consider removing the dependency on `git2`
[INFO] [stderr] warning: unused dependency `serde_json`
[INFO] [stderr]   --> Cargo.toml:51:15
[INFO] [stderr]    |
[INFO] [stderr] 51 | [dependencies.serde_json]
[INFO] [stderr]    |               ^^^^^^^^^^^
[INFO] [stderr]    |
[INFO] [stderr] help: consider removing the dependency on `serde_json`
[INFO] [stderr] warning: unused dependency `sha2`
[INFO] [stderr]   --> Cargo.toml:54:15
[INFO] [stderr]    |
[INFO] [stderr] 54 | [dependencies.sha2]
[INFO] [stderr]    |               ^^^^^
[INFO] [stderr]    |
[INFO] [stderr] help: consider removing the dependency on `sha2`
[INFO] [stderr] warning: unused dependency `thiserror`
[INFO] [stderr]   --> Cargo.toml:57:15
[INFO] [stderr]    |
[INFO] [stderr] 57 | [dependencies.thiserror]
[INFO] [stderr]    |               ^^^^^^^^^^
[INFO] [stderr]    |
[INFO] [stderr] help: consider removing the dependency on `thiserror`
[INFO] [stderr] warning: `whiteout-cli` (manifest) generated 4 warnings
[INFO] [stderr]     Finished `release` profile [optimized] target(s) in 1m 20s
[INFO] running `Command { std: "docker" "inspect" "e6f446b0df1c4d541f17b30bce28cdbb791a3e974dadd645900f3c106bbe3a63", kill_on_drop: false }`
[INFO] running `Command { std: "docker" "exec" "-e" "SOURCE_DIR=/opt/rustwide/workdir" "-e" "CARGO_HOME=/opt/rustwide/cargo-home" "-e" "RUSTUP_HOME=/opt/rustwide/rustup-home" "-e" "CARGO_TARGET_DIR=/opt/rustwide/target" "-e" "CARGO_INCREMENTAL=0" "-e" "RUST_BACKTRACE=full" "-e" "RUSTFLAGS=--cap-lints=warn" "-e" "RUSTDOCFLAGS=--cap-lints=warn" "-w" "/opt/rustwide/workdir" "--user" "0:0" "e6f446b0df1c4d541f17b30bce28cdbb791a3e974dadd645900f3c106bbe3a63" "/opt/rustwide/cargo-home/bin/cargo" "+1.100.0-beta.1" "test" "--frozen" "--release", kill_on_drop: false }`
[INFO] [stderr] warning: `package.homepage` is redundant with `package.repository`
[INFO] [stderr]    --> Cargo.toml:103:12
[INFO] [stderr]     |
[INFO] [stderr] 103 | homepage = "https://github.com/bytware/whiteout"
[INFO] [stderr]     |            ^^^^^^^^^^^^^^^^^^^^^^^^^^^^^^^^^^^^^
[INFO] [stderr] ...
[INFO] [stderr] 108 | repository = "https://github.com/bytware/whiteout"
[INFO] [stderr]     |              -------------------------------------
[INFO] [stderr]     |
[INFO] [stderr]     = note: `cargo::redundant_homepage` is set to `warn` by default
[INFO] [stderr] help: consider removing `package.homepage`
[INFO] [stderr] warning: `whiteout-cli` (manifest) generated 1 warning
[INFO] [stderr] warning: unused dependency `git2`
[INFO] [stderr]   --> Cargo.toml:32:15
[INFO] [stderr]    |
[INFO] [stderr] 32 | [dependencies.git2]
[INFO] [stderr]    |               ^^^^^
[INFO] [stderr]    |
[INFO] [stderr]    = note: `cargo::unused_dependencies` is set to `warn` by default
[INFO] [stderr] help: consider removing the dependency on `git2`
[INFO] [stderr] warning: unused dependency `serde_json`
[INFO] [stderr]   --> Cargo.toml:51:15
[INFO] [stderr]    |
[INFO] [stderr] 51 | [dependencies.serde_json]
[INFO] [stderr]    |               ^^^^^^^^^^^
[INFO] [stderr]    |
[INFO] [stderr] help: consider removing the dependency on `serde_json`
[INFO] [stderr] warning: unused dependency `sha2`
[INFO] [stderr]   --> Cargo.toml:54:15
[INFO] [stderr]    |
[INFO] [stderr] 54 | [dependencies.sha2]
[INFO] [stderr]    |               ^^^^^
[INFO] [stderr]    |
[INFO] [stderr] help: consider removing the dependency on `sha2`
[INFO] [stderr] warning: unused dependency `thiserror`
[INFO] [stderr]   --> Cargo.toml:57:15
[INFO] [stderr]    |
[INFO] [stderr] 57 | [dependencies.thiserror]
[INFO] [stderr]    |               ^^^^^^^^^^
[INFO] [stderr]    |
[INFO] [stderr] help: consider removing the dependency on `thiserror`
[INFO] [stderr] warning: `whiteout-cli` (manifest) generated 4 warnings
[INFO] [stderr]     Finished `release` profile [optimized] target(s) in 0.18s
[INFO] [stderr]      Running unittests src/lib.rs (/opt/rustwide/target/release/build/whiteout-cli/d4036c041d507edf/out/whiteout-d4036c041d507edf)
[INFO] [stdout] 
[INFO] [stdout] running 28 tests
[INFO] [stdout] test parser::block::tests::test_incomplete_block_not_matched ... ok
[INFO] [stdout] test parser::inline::tests::test_inline_parser ... ok
[INFO] [stdout] test parser::inline::tests::test_multiple_inline_decorations ... ok
[INFO] [stdout] test parser::partial::tests::test_multiple_partial_replacements_with_decorator ... ok
[INFO] [stdout] test parser::block::tests::test_block_parser ... ok
[INFO] [stdout] test parser::partial::tests::test_partial_parser_without_decorator_ignores ... ok
[INFO] [stdout] test parser::partial::tests::test_safe_from_accidental_matches ... ok
[INFO] [stdout] test parser::partial::tests::test_partial_parser_with_decorator ... ok
[INFO] [stdout] test parser::simple::tests::test_simple_parser ... FAILED
[INFO] [stdout] test parser::tests::test_parse_inline ... ok
[INFO] [stdout] test parser::tests::test_apply_decorations_clean ... ok
[INFO] [stdout] test parser::tests::test_apply_decorations_smudge ... ok
[INFO] [stdout] test parser::tests::test_parse_block ... ok
[INFO] [stdout] test storage::atomic::tests::test_file_locking ... ok
[INFO] [stdout] test storage::atomic::tests::test_path_validation ... ok
[INFO] [stdout] test parser::tests::test_incomplete_block ... ok
[INFO] [stdout] test storage::atomic::tests::test_atomic_write_read ... ok
[INFO] [stdout] test storage::local::tests::test_storage_init ... ok
[INFO] [stdout] test storage::local::tests::test_remove_value ... ok
[INFO] [stdout] test transform::smudge::tests::test_smudge_block ... ok
[INFO] [stdout] test parser::block::tests::test_multiple_blocks ... ok
[INFO] [stdout] test transform::smudge::tests::test_smudge_inline ... ok
[INFO] [stdout] test transform::clean::tests::test_clean_block ... ok
[INFO] [stdout] test transform::clean::tests::test_clean_inline ... ok
[INFO] [stdout] test storage::local::tests::test_store_and_get_value ... ok
[INFO] [stdout] test storage::crypto::tests::test_encrypt_decrypt ... ok
[INFO] [stdout] test storage::crypto::tests::test_different_passphrases ... ok
[INFO] [stdout] test storage::crypto::tests::test_salt_persistence ... ok
[INFO] [stdout] 
[INFO] [stdout] failures:
[INFO] [stdout] 
[INFO] [stdout] ---- parser::simple::tests::test_simple_parser stdout ----
[INFO] [stdout] 
[INFO] [stdout] thread 'parser::simple::tests::test_simple_parser' (2589) panicked at src/parser/simple.rs:87:9:
[INFO] [stdout] assertion `left == right` failed
[INFO] [stdout]   left: 0
[INFO] [stdout]  right: 1
[INFO] [stdout] stack backtrace:
[INFO] [stdout]    0:     0x63557b43a545 - <unknown>
[INFO] [stdout]    1:     0x63557b370e0a - <unknown>
[INFO] [stdout]    2:     0x63557b439bdb - <unknown>
[INFO] [stdout]    3:     0x63557b4396bf - <unknown>
[INFO] [stdout]    4:     0x63557b4392ea - <unknown>
[INFO] [stdout]    5:     0x63557b438e25 - <unknown>
[INFO] [stdout]    6:     0x63557b45fc51 - <unknown>
[INFO] [stdout]    7:     0x63557b45fc09 - <unknown>
[INFO] [stdout]    8:     0x63557b46010c - <unknown>
[INFO] [stdout]    9:     0x63557b370c9b - <unknown>
[INFO] [stdout]   10:     0x63557b370bbe - <unknown>
[INFO] [stdout]   11:     0x63557b37209c - <unknown>
[INFO] [stdout]   12:     0x63557b3341a0 - <unknown>
[INFO] [stdout]   13:     0x63557b47cd3b - <unknown>
[INFO] [stdout]   14:     0x63557b47817f - <unknown>
[INFO] [stdout]   15:     0x63557b477bfc - <unknown>
[INFO] [stdout]   16:     0x63557b49818c - <unknown>
[INFO] [stdout]   17:     0x63557b461814 - <unknown>
[INFO] [stdout]   18:     0x717ad65addfa - <unknown>
[INFO] [stdout]   19:     0x717ad66413d4 - clone
[INFO] [stdout]   20:                0x0 - <unknown>
[INFO] [stdout] 
[INFO] [stdout] 
[INFO] [stdout] failures:
[INFO] [stdout]     parser::simple::tests::test_simple_parser
[INFO] [stdout] 
[INFO] [stdout] test result: FAILED. 27 passed; 1 failed; 0 ignored; 0 measured; 0 filtered out; finished in 0.24s
[INFO] [stdout] 
[INFO] [stderr] error: test failed, to rerun pass `--lib`
[INFO] running `Command { std: "docker" "inspect" "e6f446b0df1c4d541f17b30bce28cdbb791a3e974dadd645900f3c106bbe3a63", kill_on_drop: false }`
[INFO] running `Command { std: "docker" "rm" "-f" "e6f446b0df1c4d541f17b30bce28cdbb791a3e974dadd645900f3c106bbe3a63", kill_on_drop: false }`
[INFO] [stdout] e6f446b0df1c4d541f17b30bce28cdbb791a3e974dadd645900f3c106bbe3a63
