[INFO] fetching crate whisker 0.15.4...
[INFO] testing whisker-0.15.4 against 1.100.0-beta.1+cargoflags=--release for beta-release-1.100-2
[INFO] extracting crate whisker 0.15.4 into /workspace/builds/worker-3-tc2/source
[INFO] started tweaking crates.io crate whisker 0.15.4
[INFO] removed 0 missing tests
[INFO] finished tweaking crates.io crate whisker 0.15.4
[INFO] tweaked toml for crates.io crate whisker 0.15.4 written to /workspace/builds/worker-3-tc2/source/Cargo.toml
[INFO] validating manifest of crates.io crate whisker 0.15.4 on toolchain 1.100.0-beta.1
[INFO] running `Command { std: CARGO_HOME="/workspace/cargo-home" RUSTUP_HOME="/workspace/rustup-home" "/workspace/cargo-home/bin/cargo" "+1.100.0-beta.1" "metadata" "--manifest-path" "Cargo.toml" "--no-deps", kill_on_drop: false }`
[INFO] crate crates.io crate whisker 0.15.4 already has a lockfile, it will not be regenerated
[INFO] running `Command { std: CARGO_HOME="/workspace/cargo-home" RUSTUP_HOME="/workspace/rustup-home" "/workspace/cargo-home/bin/cargo" "+1.100.0-beta.1" "fetch" "--manifest-path" "Cargo.toml", kill_on_drop: false }`
[INFO] [stderr]     Blocking waiting for file lock on package cache
[INFO] running `Command { std: "docker" "create" "-v" "/var/lib/crater-agent-workspace/builds/worker-3-tc2/source:/opt/rustwide/workdir:ro,Z" "-v" "/var/lib/crater-agent-workspace/builds/worker-3-tc2/target:/opt/rustwide/target:rw,Z" "-v" "/var/lib/crater-agent-workspace/cargo-home:/opt/rustwide/cargo-home:ro,Z" "-v" "/var/lib/crater-agent-workspace/rustup-home:/opt/rustwide/rustup-home:ro,Z" "-m" "1610612736" "--network" "none" "ghcr.io/rust-lang/crates-build-env/linux@sha256:77db811e55d90add9212f6832c23229e3de5f1c1f9905e8cb07319ea15df73ac" "sleep" "infinity", kill_on_drop: false }`
[INFO] [stdout] f31db002d90adcbd385adfaaf72cdbf1bea007ffcb70635edcfd8eddbcb517ae
[INFO] running `Command { std: "docker" "start" "f31db002d90adcbd385adfaaf72cdbf1bea007ffcb70635edcfd8eddbcb517ae", kill_on_drop: false }`
[INFO] running `Command { std: "docker" "inspect" "f31db002d90adcbd385adfaaf72cdbf1bea007ffcb70635edcfd8eddbcb517ae", kill_on_drop: false }`
[INFO] running `Command { std: "docker" "exec" "-e" "SOURCE_DIR=/opt/rustwide/workdir" "-e" "CARGO_HOME=/opt/rustwide/cargo-home" "-e" "RUSTUP_HOME=/opt/rustwide/rustup-home" "-e" "CARGO_TARGET_DIR=/opt/rustwide/target" "-w" "/opt/rustwide/workdir" "--user" "0:0" "f31db002d90adcbd385adfaaf72cdbf1bea007ffcb70635edcfd8eddbcb517ae" "/opt/rustwide/cargo-home/bin/cargo" "+1.100.0-beta.1" "metadata" "--no-deps" "--format-version=1", kill_on_drop: false }`
[INFO] running `Command { std: "docker" "inspect" "f31db002d90adcbd385adfaaf72cdbf1bea007ffcb70635edcfd8eddbcb517ae", kill_on_drop: false }`
[INFO] running `Command { std: "docker" "exec" "-e" "SOURCE_DIR=/opt/rustwide/workdir" "-e" "CARGO_HOME=/opt/rustwide/cargo-home" "-e" "RUSTUP_HOME=/opt/rustwide/rustup-home" "-e" "CARGO_TARGET_DIR=/opt/rustwide/target" "-e" "CARGO_INCREMENTAL=0" "-e" "RUST_BACKTRACE=full" "-e" "RUSTFLAGS=--cap-lints=warn" "-e" "RUSTDOCFLAGS=--cap-lints=warn" "-w" "/opt/rustwide/workdir" "--user" "0:0" "f31db002d90adcbd385adfaaf72cdbf1bea007ffcb70635edcfd8eddbcb517ae" "/opt/rustwide/cargo-home/bin/cargo" "+1.100.0-beta.1" "build" "--frozen" "--message-format=json" "--release", kill_on_drop: false }`
[INFO] [stderr]    Compiling futures-core v0.3.34
[INFO] [stderr]    Compiling whisker-style v0.15.4
[INFO] [stderr]    Compiling arrayvec v0.7.8
[INFO] [stderr]    Compiling linkme-impl v0.3.37
[INFO] [stderr]    Compiling slotmap v1.1.1
[INFO] [stderr]    Compiling linkme v0.3.37
[INFO] [stderr]    Compiling syn v3.0.5
[INFO] [stderr]    Compiling serde_json v1.0.151
[INFO] [stderr]    Compiling syn v2.0.119
[INFO] [stderr]    Compiling futures-util v0.3.34
[INFO] [stderr]    Compiling futures-channel v0.3.34
[INFO] [stderr]    Compiling taffy v0.13.0
[INFO] [stderr]    Compiling serde_derive v1.0.229
[INFO] [stderr]    Compiling futures-executor v0.3.34
[INFO] [stderr]    Compiling whisker-macro-syntax v0.15.4
[INFO] [stderr]    Compiling whisker-macros v0.15.4
[INFO] [stderr]    Compiling serde v1.0.229
[INFO] [stderr]    Compiling whisker-value v0.15.4
[INFO] [stderr]    Compiling whisker-plugin v0.15.4
[INFO] [stderr]    Compiling whisker-protocol v0.15.4
[INFO] [stderr]    Compiling whisker-css v0.15.4
[INFO] [stderr]    Compiling whisker-layout v0.15.4
[INFO] [stderr]    Compiling whisker-engine v0.15.4
[INFO] [stderr]    Compiling whisker-runtime v0.15.4
[INFO] [stderr]    Compiling whisker-config v0.15.4
[INFO] [stderr]    Compiling whisker-animation v0.15.4
[INFO] [stderr]    Compiling whisker v0.15.4 (/opt/rustwide/workdir)
[INFO] [stderr]     Finished `release` profile [optimized] target(s) in 1m 00s
[INFO] running `Command { std: "docker" "inspect" "f31db002d90adcbd385adfaaf72cdbf1bea007ffcb70635edcfd8eddbcb517ae", kill_on_drop: false }`
[INFO] running `Command { std: "docker" "exec" "-e" "SOURCE_DIR=/opt/rustwide/workdir" "-e" "CARGO_HOME=/opt/rustwide/cargo-home" "-e" "RUSTUP_HOME=/opt/rustwide/rustup-home" "-e" "CARGO_TARGET_DIR=/opt/rustwide/target" "-e" "CARGO_INCREMENTAL=0" "-e" "RUST_BACKTRACE=full" "-e" "RUSTFLAGS=--cap-lints=warn" "-e" "RUSTDOCFLAGS=--cap-lints=warn" "-w" "/opt/rustwide/workdir" "--user" "0:0" "f31db002d90adcbd385adfaaf72cdbf1bea007ffcb70635edcfd8eddbcb517ae" "/opt/rustwide/cargo-home/bin/cargo" "+1.100.0-beta.1" "test" "--frozen" "--no-run" "--message-format=json" "--release", kill_on_drop: false }`
[INFO] [stderr]    Compiling target-triple v1.0.1
[INFO] [stderr]    Compiling toml v1.1.5+spec-1.1.0
[INFO] [stderr]    Compiling serde v1.0.229
[INFO] [stderr]    Compiling whisker-value v0.15.4
[INFO] [stderr]    Compiling whisker-plugin v0.15.4
[INFO] [stderr]    Compiling whisker-protocol v0.15.4
[INFO] [stderr]    Compiling trybuild v1.0.120
[INFO] [stderr]    Compiling whisker-layout v0.15.4
[INFO] [stderr]    Compiling whisker-engine v0.15.4
[INFO] [stderr]    Compiling whisker-runtime v0.15.4
[INFO] [stderr]    Compiling whisker-config v0.15.4
[INFO] [stderr]    Compiling whisker-animation v0.15.4
[INFO] [stderr]    Compiling whisker v0.15.4 (/opt/rustwide/workdir)
[INFO] [stderr]     Finished `release` profile [optimized] target(s) in 1m 43s
[INFO] running `Command { std: "docker" "inspect" "f31db002d90adcbd385adfaaf72cdbf1bea007ffcb70635edcfd8eddbcb517ae", kill_on_drop: false }`
[INFO] running `Command { std: "docker" "exec" "-e" "SOURCE_DIR=/opt/rustwide/workdir" "-e" "CARGO_HOME=/opt/rustwide/cargo-home" "-e" "RUSTUP_HOME=/opt/rustwide/rustup-home" "-e" "CARGO_TARGET_DIR=/opt/rustwide/target" "-e" "CARGO_INCREMENTAL=0" "-e" "RUST_BACKTRACE=full" "-e" "RUSTFLAGS=--cap-lints=warn" "-e" "RUSTDOCFLAGS=--cap-lints=warn" "-w" "/opt/rustwide/workdir" "--user" "0:0" "f31db002d90adcbd385adfaaf72cdbf1bea007ffcb70635edcfd8eddbcb517ae" "/opt/rustwide/cargo-home/bin/cargo" "+1.100.0-beta.1" "test" "--frozen" "--release", kill_on_drop: false }`
[INFO] [stderr]     Finished `release` profile [optimized] target(s) in 0.14s
[INFO] [stderr]      Running unittests src/lib.rs (/opt/rustwide/target/release/build/whisker/f1f35fda833fa9a9/out/whisker-f1f35fda833fa9a9)
[INFO] [stdout] 
[INFO] [stdout] running 15 tests
[INFO] [stdout] test attrs::tests::scroll_snap_presets_are_normalized ... ok
[INFO] [stdout] test back::tests::handlers_and_exit_callbacks_are_isolated_between_runtime_contexts ... ok
[INFO] [stdout] test back::tests::guard_can_outlive_runtime_shutdown ... ok
[INFO] [stdout] test back::tests::exit_app_routes_through_the_installed_impl ... ok
[INFO] [stdout] test back::tests::dispatch_runs_the_most_recent_handler_and_reports_consumption ... ok
[INFO] [stdout] test attrs::tests::scroll_snap_stop_has_stable_values ... ok
[INFO] [stdout] test back::tests::dropping_the_guard_unregisters ... ok
[INFO] [stdout] test style::tests::from_css_serializes_via_to_css_string ... ok
[INFO] [stdout] test back::tests::paused_owner_deactivates_its_handler ... ok
[INFO] [stdout] test back::tests::paused_owner_still_counts_for_the_enabled_predicate ... ok
[INFO] [stdout] test back::tests::paused_top_falls_through_to_the_next_active_handler ... ok
[INFO] [stdout] test focus::tests::focused_element_is_isolated_between_runtime_contexts ... ok
[INFO] [stdout] test focus::tests::unmounting_old_input_preserves_new_focus ... ok
[INFO] [stdout] test focus::tests::disposed_input_is_removed_even_without_an_unmount_notification ... ok
[INFO] [stdout] test style::tests::from_borrowed_css_keeps_owner_alive ... ok
[INFO] [stdout] 
[INFO] [stdout] test result: ok. 15 passed; 0 failed; 0 ignored; 0 measured; 0 filtered out; finished in 0.01s
[INFO] [stdout] 
[INFO] [stderr]      Running tests/builder_compile_fail.rs (/opt/rustwide/target/release/build/whisker/a63288dba21afd0f/out/builder_compile_fail-a63288dba21afd0f)
[INFO] [stdout] 
[INFO] [stdout] running 1 test
[INFO] [stderr]    Compiling proc-macro2 v1.0.107
[INFO] [stderr]    Compiling unicode-ident v1.0.24
[INFO] [stderr]    Compiling quote v1.0.47
[INFO] [stderr]    Compiling serde_core v1.0.229
[INFO] [stderr]    Compiling zmij v1.0.23
[INFO] [stderr]    Compiling serde_json v1.0.151
[INFO] [stderr]    Compiling serde v1.0.229
[INFO] [stderr]     Checking itoa v1.0.18
[INFO] [stderr]     Checking memchr v2.8.3
[INFO] [stderr]    Compiling version_check v0.9.5
[INFO] [stderr]    Compiling linkme-impl v0.3.37
[INFO] [stderr]     Checking futures-core v0.3.34
[INFO] [stderr]     Checking arrayvec v0.7.8
[INFO] [stderr]     Checking smallvec v1.16.0
[INFO] [stderr]     Checking whisker-style v0.15.4
[INFO] [stderr]    Compiling anyhow v1.0.104
[INFO] [stderr]     Checking pin-project-lite v0.2.17
[INFO] [stderr]     Checking slab v0.4.12
[INFO] [stderr]     Checking futures-task v0.3.34
[INFO] [stderr]    Compiling linkme v0.3.37
[INFO] [stderr]     Checking futures-channel v0.3.34
[INFO] [stderr]     Checking futures-util v0.3.34
[INFO] [stderr]    Compiling slotmap v1.1.1
[INFO] [stderr]     Checking taffy v0.13.0
[INFO] [stderr]    Compiling syn v3.0.5
[INFO] [stderr]    Compiling syn v2.0.119
[INFO] [stderr]     Checking futures-executor v0.3.34
[INFO] [stderr]    Compiling whisker-macro-syntax v0.15.4
[INFO] [stderr]    Compiling serde_derive v1.0.229
[INFO] [stderr]    Compiling whisker-macros v0.15.4
[INFO] [stderr]     Checking whisker-css v0.15.4
[INFO] [stderr]     Checking whisker-value v0.15.4
[INFO] [stderr]     Checking whisker-plugin v0.15.4
[INFO] [stderr]     Checking whisker-protocol v0.15.4
[INFO] [stderr]     Checking whisker-layout v0.15.4
[INFO] [stderr]     Checking whisker-engine v0.15.4
[INFO] [stderr]     Checking whisker-runtime v0.15.4
[INFO] [stderr]     Checking whisker-config v0.15.4
[INFO] [stderr]     Checking whisker-animation v0.15.4
[INFO] [stderr]     Checking whisker v0.15.4 (/opt/rustwide/workdir)
[INFO] [stderr]     Checking whisker-tests v0.0.0 (/opt/rustwide/target/tests/trybuild/whisker)
[INFO] [stderr]     Finished `dev` profile [unoptimized + debuginfo] target(s) in 21.58s
[INFO] [stderr] 
[INFO] [stderr] 
[INFO] [stderr] test tests/ui/missing_required_component_prop.rs ... ok
[INFO] [stdout] test required_component_and_module_element_props_are_checked_by_the_builder_type ... ok
[INFO] [stdout] 
[INFO] [stdout] test result: ok. 1 passed; 0 failed; 0 ignored; 0 measured; 0 filtered out; finished in 34.18s
[INFO] [stdout] 
[INFO] [stderr] test tests/ui/missing_required_module_event.rs ... ok
[INFO] [stderr] 
[INFO] [stderr] 
[INFO] [stderr]      Running tests/children_slot.rs (/opt/rustwide/target/release/build/whisker/ca984d07c560dafe/out/children_slot-ca984d07c560dafe)
[INFO] [stdout] 
[INFO] [stdout] running 5 tests
[INFO] [stdout] test slot_body_can_be_reinvoked ... ok
[INFO] [stdout] test slot_mounts_multi_element_children_as_fragment ... ok
[INFO] [stdout] test slot_can_be_used_more_than_once ... ok
[INFO] [stdout] test slot_with_omitted_children_renders_nothing_extra ... ok
[INFO] [stdout] test slot_mounts_children_between_siblings_in_order ... ok
[INFO] [stdout] 
[INFO] [stdout] test result: ok. 5 passed; 0 failed; 0 ignored; 0 measured; 0 filtered out; finished in 0.01s
[INFO] [stdout] 
[INFO] [stderr]      Running tests/component_invocation.rs (/opt/rustwide/target/release/build/whisker/d911e866534b1699/out/component_invocation-d911e866534b1699)
[INFO] [stdout] 
[INFO] [stdout] running 24 tests
[INFO] [stdout] test build_into_setter_accepts_owned_string ... ok
[INFO] [stdout] test build_children_defaults_to_empty_view_closure ... ok
[INFO] [stdout] test build_default_field_uses_user_supplied_default ... ok
[INFO] [stdout] test build_generic_setter_accepts_concrete_type ... ok
[INFO] [stdout] test build_into_setter_accepts_str_literal_for_string_field ... ok
[INFO] [stdout] test build_option_field_strips_outer_option_in_setter ... ok
[INFO] [stdout] test component_builder_is_usable_without_render_macro ... ok
[INFO] [stdout] test children_prop_receives_wrapped_closure ... ok
[INFO] [stdout] test component_usable_in_render_with_only_pascal_alias_imported ... ok
[INFO] [stdout] test component_with_no_props_invokable_via_braces ... ok
[INFO] [stdout] test component_with_string_prop_accepts_owned_string ... ok
[INFO] [stdout] test component_with_string_prop_accepts_str_literal_via_into_coercion ... ok
[INFO] [stdout] test component_with_two_props_uses_named_setters ... ok
[INFO] [stdout] test build_default_field_override_replaces_default ... ok
[INFO] [stdout] test prop_default_attribute_supplies_value_when_omitted ... ok
[INFO] [stdout] test build_option_field_defaults_to_none ... ok
[INFO] [stdout] test view_module_exposes_children_alias ... ok
[INFO] [stdout] test children_prop_defaults_to_empty_view_when_omitted ... ok
[INFO] [stderr]      Running tests/component_macro.rs (/opt/rustwide/target/release/build/whisker/3be840d60a378ef7/out/component_macro-3be840d60a378ef7)
[INFO] [stdout] test nested_component_invocations ... ok
[INFO] [stdout] test generic_component_with_i32_arg ... ok
[INFO] [stdout] test generic_component_with_string_arg ... ok
[INFO] [stdout] test option_prop_accepts_inner_via_strip_option_into ... ok
[INFO] [stdout] test option_prop_can_be_omitted ... ok
[INFO] [stdout] test prop_default_attribute_overridable_at_call_site ... ok
[INFO] [stdout] 
[INFO] [stdout] test result: ok. 24 passed; 0 failed; 0 ignored; 0 measured; 0 filtered out; finished in 0.00s
[INFO] [stdout] 
[INFO] [stdout] 
[INFO] [stdout] running 2 tests
[INFO] [stdout] test nested_mounts_create_owner_tree ... ok
[INFO] [stdout] test mount_component_runs_body_inside_owner ... ok
[INFO] [stdout] 
[INFO] [stdout] test result: ok. 2 passed; 0 failed; 0 ignored; 0 measured; 0 filtered out; finished in 0.00s
[INFO] [stdout] 
[INFO] [stderr]      Running tests/element_ref.rs (/opt/rustwide/target/release/build/whisker/3a08427eadba48a6/out/element_ref-3a08427eadba48a6)
[INFO] [stdout] 
[INFO] [stdout] running 9 tests
[INFO] [stdout] test command_on_unbound_ref_returns_not_bound ... ok
[INFO] [stdout] test disposed_ref_rejects_commands_and_reports_unbound ... ok
[INFO] [stdout] test bound_signal_is_reactive ... ok
[INFO] [stdout] test try_from_whisker_value_primitives_roundtrip ... ok
[INFO] [stdout] test disposing_owner_unbinds_ref ... ok
[INFO] [stdout] test element_ref_is_copy ... ok
[INFO] [stdout] test try_from_whisker_value_f64_rejects_string ... ok
[INFO] [stderr]      Running tests/list_giga_diagnostics.rs (/opt/rustwide/target/release/build/whisker/82f7e835de896c24/out/list_giga_diagnostics-82f7e835de896c24)
[INFO] [stdout] test fresh_ref_is_unbound ... ok
[INFO] [stdout] test passing_ref_at_call_site_binds_on_mount ... ok
[INFO] [stdout] 
[INFO] [stdout] test result: ok. 9 passed; 0 failed; 0 ignored; 0 measured; 0 filtered out; finished in 0.00s
[INFO] [stdout] 
[INFO] [stdout] 
[INFO] [stdout] running 9 tests
[INFO] [stdout] test list_layout_feedback_yields_after_a_bounded_number_of_passes ... ok
[INFO] [stdout] test pager_measures_two_pages_before_expanding_its_window ... ok
[INFO] [stdout] test giga_reader_hold_emits_longpress ... ok
[INFO] [stdout] test giga_rtl_initial_page_settles_before_runtime_goes_idle ... ok
[INFO] [stdout] test replacing_a_loading_row_bootstraps_the_new_page_source ... ok
[INFO] [stdout] test giga_loading_replacement_keeps_header_visible ... ok
[INFO] [stdout] test pager_bootstrap_measures_the_requested_page_instead_of_unrelated_pages ... ok
[INFO] [stdout] test progressive_rows_fill_the_first_presented_viewport ... ok
[INFO] [stdout] test giga_row_margin_does_not_move_a_retained_row ... ok
[INFO] [stdout] 
[INFO] [stdout] test result: ok. 9 passed; 0 failed; 0 ignored; 0 measured; 0 filtered out; finished in 0.04s
[INFO] [stdout] 
[INFO] [stderr]      Running tests/module_element.rs (/opt/rustwide/target/release/build/whisker/d38ea030e3874557/out/module_element-d38ea030e3874557)
[INFO] [stdout] 
[INFO] [stdout] running 16 tests
[INFO] [stdout] test dynamic_style_re_runs_on_signal_change ... ok
[INFO] [stdout] test read_signal_prop_tracks_underlying_signal ... ok
[INFO] [stdout] test module_element_builder_inherits_common_element_api ... ok
[INFO] [stdout] test named_form_generates_the_host_independent_schema_and_ids ... ok
[INFO] [stdout] test non_style_props_route_through_set_attribute_with_kebab_case ... ok
[INFO] [stdout] test style_prop_routes_through_structured_style ... ok
[INFO] [stdout] test text_children_generate_plain_text_policy_and_mount_raw_text ... ok
[INFO] [stdout] test children_prop_attaches_inner_view ... ok
[INFO] [stdout] test typed_payload_event_handler_registers_listener ... ok
[INFO] [stdout] test zero_props_component_inherits_style_and_common_element_api ... ok
[INFO] [stdout] test no_payload_event_handler_registers_listener ... ok
[INFO] [stdout] test zero_props_creates_element_with_tag_name ... ok
[INFO] [stdout] test named_form_uses_the_same_name_for_runtime_lookup ... ok
[INFO] [stdout] test module_element_builder_is_usable_without_render_macro ... ok
[INFO] [stdout] test typed_signal_bool_and_integer_use_typed_attribute_helpers ... ok
[INFO] [stdout] test raw_payload_event_handler_registers_listener ... ok
[INFO] [stdout] 
[INFO] [stdout] test result: ok. 16 passed; 0 failed; 0 ignored; 0 measured; 0 filtered out; finished in 0.01s
[INFO] [stdout] 
[INFO] [stderr]      Running tests/module_measurement.rs (/opt/rustwide/target/release/build/whisker/94e9f7111b25154a/out/module_measurement-94e9f7111b25154a)
[INFO] [stdout] 
[INFO] [stdout] running 1 test
[INFO] [stdout] test custom_payload_tracks_props_and_inherited_style_without_host_views ... ok
[INFO] [stdout] 
[INFO] [stdout] test result: ok. 1 passed; 0 failed; 0 ignored; 0 measured; 0 filtered out; finished in 0.00s
[INFO] [stdout] 
[INFO] [stderr]      Running tests/owner_lifetime.rs (/opt/rustwide/target/release/build/whisker/701381a2e66f16ec/out/owner_lifetime-701381a2e66f16ec)
[INFO] [stdout] 
[INFO] [stdout] running 1 test
[INFO] [stdout] test back_handler_does_not_run_after_its_owner_is_disposed ... ok
[INFO] [stdout] 
[INFO] [stdout] test result: ok. 1 passed; 0 failed; 0 ignored; 0 measured; 0 filtered out; finished in 0.00s
[INFO] [stdout] 
[INFO] [stderr]      Running tests/per_component_remount.rs (/opt/rustwide/target/release/build/whisker/24fb894cb0b47d87/out/per_component_remount-24fb894cb0b47d87)
[INFO] [stdout] 
[INFO] [stdout] running 8 tests
[INFO] [stdout] test remount_replaces_root_at_same_parent_slot ... ok
[INFO] [stdout] test batch_with_parent_and_child_skips_descendant ... ok
[INFO] [stdout] test component_returns_body_root_directly ... ok
[INFO] [stdout] test remount_disposes_old_owner_and_registers_new ... ok
[INFO] [stdout] test remount_preserves_signal_held_above_in_context ... ok
[INFO] [stdout] test remount_releases_old_body_elements ... ok
[INFO] [stdout] test dispose_owner_releases_owned_elements ... ok
[INFO] [stdout] test nested_component_mount_sites_cleared_on_parent_remount ... ok
[INFO] [stdout] 
[INFO] [stdout] test result: ok. 8 passed; 0 failed; 0 ignored; 0 measured; 0 filtered out; finished in 0.00s
[INFO] [stdout] 
[INFO] [stderr]      Running tests/render_macro.rs (/opt/rustwide/target/release/build/whisker/36be466bbc61d93e/out/render_macro-36be466bbc61d93e)
[INFO] [stdout] 
[INFO] [stdout] running 29 tests
[INFO] [stdout] test dynamic_style_re_runs_on_dep_change ... ok
[INFO] [stdout] test compose_is_the_generic_adapter_over_the_same_builder_chain ... ok
[INFO] [stdout] test longpress_propagation_variants_route_to_bind_types ... ok
[INFO] [stdout] test for_removes_items_on_update ... ok
[INFO] [stdout] test for_reorders_existing_items_visually ... ok
[INFO] [stdout] test dynamic_value_updates_on_signal_write ... ok
[INFO] [stdout] test for_renders_initial_items ... ok
[INFO] [stdout] test for_adds_new_items_on_update ... ok
[INFO] [stdout] test on_tap_emits_set_event_listener ... ok
[INFO] [stdout] test show_renders_fallback_when_false ... ok
[INFO] [stdout] test built_in_control_options_route_to_typed_setters ... ok
[INFO] [stdout] test show_swaps_on_condition_flip ... ok
[INFO] [stdout] test show_renders_children_when_true ... ok
[INFO] [stdout] test view_scroll_view_tags_supported ... ok
[INFO] [stdout] test tap_propagation_variants_route_to_bind_types ... ok
[INFO] [stdout] test text_value_combines_static_and_dynamic_content ... ok
[INFO] [stdout] test single_view_emits_create_and_returns_handle ... ok
[INFO] [stdout] test builtin_builders_are_a_complete_public_non_macro_api ... ok
[INFO] [stdout] test signal_only_updates_elements_that_read_it ... ok
[INFO] [stdout] test component_specific_events_route_bind_only ... ok
[INFO] [stdout] test static_value_only_sets_text_once ... ok
[INFO] [stdout] test dynamic_element_id_re_runs_on_dep_change ... ok
[INFO] [stdout] test dynamic_value_renders_initial_via_effect ... ok
[INFO] [stdout] test multiple_children_append_in_order ... ok
[INFO] [stderr]      Running tests/resource_channel.rs (/opt/rustwide/target/release/build/whisker/d9066f29dc5c9196/out/resource_channel-d9066f29dc5c9196)
[INFO] [stdout] test common_metadata_uses_structured_renderer_paths ... ok
[INFO] [stdout] test compose_does_not_special_case_whisker_elements ... ok
[INFO] [stdout] test nested_view_with_text_child ... ok
[INFO] [stdout] test show_without_fallback_renders_nothing_when_false ... ok
[INFO] [stdout] test style_attribute_emits_structured_style ... ok
[INFO] [stdout] 
[INFO] [stdout] test result: ok. 29 passed; 0 failed; 0 ignored; 0 measured; 0 filtered out; finished in 0.00s
[INFO] [stdout] 
[INFO] [stdout] 
[INFO] [stdout] running 2 tests
[INFO] [stdout] test resource_commands_are_ordered_and_generations_are_strictly_monotonic ... ok
[INFO] [stdout] test resource_events_ignore_replaced_and_released_generations ... ok
[INFO] [stdout] 
[INFO] [stdout] test result: ok. 2 passed; 0 failed; 0 ignored; 0 measured; 0 filtered out; finished in 0.00s
[INFO] [stdout] 
[INFO] [stderr]      Running tests/runtime_instance.rs (/opt/rustwide/target/release/build/whisker/6eb5a1a585c57db9/out/runtime_instance-6eb5a1a585c57db9)
[INFO] [stdout] 
[INFO] [stdout] running 28 tests
[INFO] [stdout] test background_gradients_lower_without_host_resources ... ok
[INFO] [stdout] test longpress::stationary_contact_wakes_fires_once_bubbles_and_does_not_tap_on_release ... ok
[INFO] [stdout] test host_drives_mount_frame_pause_resume_and_unmount ... ok
[INFO] [stdout] test host_viewport_updates_re_resolve_styles_layout_and_measurement ... ok
[INFO] [stdout] test deferred_measurement_event_wakes_and_completes_the_next_frame ... ok
[INFO] [stdout] test longpress::movement_cancel_second_contact_and_pause_cancel_a_hold ... ok
[INFO] [stdout] test current_resource_completion_wakes_running_but_not_paused_runtime ... ok
[INFO] [stdout] test background_url_lowers_intrinsic_cover_contain_and_one_axis_auto_sizes ... FAILED
[INFO] [stdout] test background_shorthand_preserves_geometry_for_each_url_layer ... FAILED
[INFO] [stdout] test background_url_reacquired_before_clear_ack_keeps_the_current_generation ... FAILED
[INFO] [stdout] test longpress::ordinary_taps_and_mouse_contacts_do_not_keep_frames_running ... ok
[INFO] [stdout] test render_root_flex_grow_fills_host_viewport_without_a_protocol_node ... ok
[INFO] [stdout] test reentrant_host_input_is_queued_until_the_event_boundary ... ok
[INFO] [stdout] test background_url_lowers_explicit_geometry_repeat_boxes_and_attachment ... FAILED
[INFO] [stdout] test raw_mouse_stream_synthesizes_cross_host_tap_and_mouse_click ... ok
[INFO] [stdout] test background_url_is_shared_and_released_only_after_the_last_clear_is_accepted ... FAILED
[INFO] [stdout] test background_url_loads_out_of_frame_and_is_emitted_only_after_ready ... FAILED
[INFO] [stdout] test background_url_lowers_remaining_repeat_modes_with_explicit_size ... FAILED
[INFO] [stdout] test touches_forgets_fingers_whose_end_was_lost_to_a_pause ... ok
[INFO] [stdout] test pointer_hit_test_routes_capture_target_and_bubble_in_rust ... ok
[INFO] [stdout] test raw_touch_stream_synthesizes_tap_but_drag_does_not ... ok
[INFO] [stdout] test runtime_drive_requests_frames_until_an_opacity_transition_finishes ... ok
[INFO] [stdout] test tap_reports_the_lifted_finger_as_its_touch ... ok
[INFO] [stdout] test stale_ready_for_a_released_background_does_not_affect_its_replacement ... FAILED
[INFO] [stdout] test touches_keeps_only_the_fingers_still_down_after_one_ends ... ok
[INFO] [stdout] test touches_lists_every_finger_down_in_touchstart_order ... ok
[INFO] [stdout] test touch_stream_stays_routed_to_its_pointer_down_target ... ok
[INFO] [stderr] error: test failed, to rerun pass `--test runtime_instance`
[INFO] [stdout] test background_completion_parks_while_paused_and_resumes_on_host_drive ... ok
[INFO] [stdout] 
[INFO] [stdout] failures:
[INFO] [stdout] 
[INFO] [stdout] ---- background_url_lowers_intrinsic_cover_contain_and_one_axis_auto_sizes stdout ----
[INFO] [stdout] 
[INFO] [stdout] thread 'background_url_lowers_intrinsic_cover_contain_and_one_axis_auto_sizes' (2909) panicked at tests/runtime_instance.rs:178:10:
[INFO] [stdout] Ready URL must be lowered into SetBackgroundLayers
[INFO] [stdout] stack backtrace:
[INFO] [stdout]    0:     0x5b8205bce9a1 - <<std[617be2ca0a6fd877]::sys::backtrace::BacktraceLock>::print::DisplayBacktrace as core[a373ad73a504971]::fmt::Display>::fmt
[INFO] [stdout]    1:     0x5b8205be416a - core[a373ad73a504971]::fmt::write
[INFO] [stdout]    2:     0x5b8205bd2c6c - <alloc[2e1b2a31b91974c5]::vec::Vec<u8> as core[a373ad73a504971]::io::write::Write>::write_fmt
[INFO] [stdout]    3:     0x5b8205baabc6 - std[617be2ca0a6fd877]::panicking::default_hook::{closure#0}
[INFO] [stdout]    4:     0x5b8205bc6df9 - std[617be2ca0a6fd877]::panicking::default_hook
[INFO] [stdout]    5:     0x5b8205918090 - test[aada8e7e76ba119b]::test_main_inner::{closure#0}
[INFO] [stdout]    6:     0x5b8205bc6fb2 - std[617be2ca0a6fd877]::panicking::panic_with_hook
[INFO] [stdout]    7:     0x5b8205baac72 - std[617be2ca0a6fd877]::panicking::panic_handler::{closure#0}
[INFO] [stdout]    8:     0x5b8205ba3959 - std[617be2ca0a6fd877]::sys::backtrace::__rust_end_short_backtrace::<std[617be2ca0a6fd877]::panicking::panic_handler::{closure#0}, !>
[INFO] [stdout]    9:     0x5b8205bab87d - __rustc[ea4f61d10b84890b]::rust_begin_unwind
[INFO] [stdout]   10:     0x5b8205be48cc - core[a373ad73a504971]::panicking::panic_fmt
[INFO] [stdout]   11:     0x5b8205be4624 - core[a373ad73a504971]::option::expect_failed
[INFO] [stdout]   12:     0x5b82058b438c - runtime_instance[d8d18be1e5f86e1b]::render_ready_background
[INFO] [stdout]   13:     0x5b82058c4226 - <runtime_instance[d8d18be1e5f86e1b]::background_url_lowers_intrinsic_cover_contain_and_one_axis_auto_sizes::{closure#0} as core[a373ad73a504971]::ops::function::FnOnce<()>>::call_once
[INFO] [stdout]   14:     0x5b820590b4db - test[aada8e7e76ba119b]::__rust_begin_short_backtrace::<core[a373ad73a504971]::result::Result<(), alloc[2e1b2a31b91974c5]::string::String>, fn() -> core[a373ad73a504971]::result::Result<(), alloc[2e1b2a31b91974c5]::string::String>>
[INFO] [stdout]   15:     0x5b82059186b5 - test[aada8e7e76ba119b]::run_test::{closure#0}
[INFO] [stdout]   16:     0x5b8205911fa4 - std[617be2ca0a6fd877]::sys::backtrace::__rust_begin_short_backtrace::<test[aada8e7e76ba119b]::run_test::{closure#1}, ()>
[INFO] [stdout]   17:     0x5b820591b742 - <std[617be2ca0a6fd877]::thread::lifecycle::spawn_unchecked<test[aada8e7e76ba119b]::run_test::{closure#1}, ()>::{closure#1} as core[a373ad73a504971]::ops::function::FnOnce<()>>::call_once::{shim:vtable#0}
[INFO] [stdout]   18:     0x5b8205bce1cf - <std[617be2ca0a6fd877]::sys::thread::unix::Thread>::new::thread_start
[INFO] [stdout]   19:     0x79ab990a0dfa - <unknown>
[INFO] [stdout]   20:     0x79ab991343d4 - clone
[INFO] [stdout]   21:                0x0 - <unknown>
[INFO] [stdout] 
[INFO] [stdout] ---- background_shorthand_preserves_geometry_for_each_url_layer stdout ----
[INFO] [stdout] 
[INFO] [stdout] thread 'background_shorthand_preserves_geometry_for_each_url_layer' (2905) panicked at tests/runtime_instance.rs:688:10:
[INFO] [stdout] both ready layers must be emitted together
[INFO] [stdout] stack backtrace:
[INFO] [stdout]    0:     0x5b8205bce9a1 - <<std[617be2ca0a6fd877]::sys::backtrace::BacktraceLock>::print::DisplayBacktrace as core[a373ad73a504971]::fmt::Display>::fmt
[INFO] [stdout]    1:     0x5b8205be416a - core[a373ad73a504971]::fmt::write
[INFO] [stdout]    2:     0x5b8205bd2c6c - <alloc[2e1b2a31b91974c5]::vec::Vec<u8> as core[a373ad73a504971]::io::write::Write>::write_fmt
[INFO] [stdout]    3:     0x5b8205baabc6 - std[617be2ca0a6fd877]::panicking::default_hook::{closure#0}
[INFO] [stdout]    4:     0x5b8205bc6df9 - std[617be2ca0a6fd877]::panicking::default_hook
[INFO] [stdout]    5:     0x5b8205918090 - test[aada8e7e76ba119b]::test_main_inner::{closure#0}
[INFO] [stdout]    6:     0x5b8205bc6fb2 - std[617be2ca0a6fd877]::panicking::panic_with_hook
[INFO] [stdout]    7:     0x5b8205baac72 - std[617be2ca0a6fd877]::panicking::panic_handler::{closure#0}
[INFO] [stdout]    8:     0x5b8205ba3959 - std[617be2ca0a6fd877]::sys::backtrace::__rust_end_short_backtrace::<std[617be2ca0a6fd877]::panicking::panic_handler::{closure#0}, !>
[INFO] [stdout]    9:     0x5b8205bab87d - __rustc[ea4f61d10b84890b]::rust_begin_unwind
[INFO] [stdout]   10:     0x5b8205be48cc - core[a373ad73a504971]::panicking::panic_fmt
[INFO] [stdout]   11:     0x5b8205be4624 - core[a373ad73a504971]::option::expect_failed
[INFO] [stdout]   12:     0x5b82058bccd4 - <runtime_instance[d8d18be1e5f86e1b]::background_shorthand_preserves_geometry_for_each_url_layer::{closure#0} as core[a373ad73a504971]::ops::function::FnOnce<()>>::call_once
[INFO] [stdout]   13:     0x5b820590b4db - test[aada8e7e76ba119b]::__rust_begin_short_backtrace::<core[a373ad73a504971]::result::Result<(), alloc[2e1b2a31b91974c5]::string::String>, fn() -> core[a373ad73a504971]::result::Result<(), alloc[2e1b2a31b91974c5]::string::String>>
[INFO] [stdout]   14:     0x5b82059186b5 - test[aada8e7e76ba119b]::run_test::{closure#0}
[INFO] [stdout]   15:     0x5b8205911fa4 - std[617be2ca0a6fd877]::sys::backtrace::__rust_begin_short_backtrace::<test[aada8e7e76ba119b]::run_test::{closure#1}, ()>
[INFO] [stdout]   16:     0x5b820591b742 - <std[617be2ca0a6fd877]::thread::lifecycle::spawn_unchecked<test[aada8e7e76ba119b]::run_test::{closure#1}, ()>::{closure#1} as core[a373ad73a504971]::ops::function::FnOnce<()>>::call_once::{shim:vtable#0}
[INFO] [stdout]   17:     0x5b8205bce1cf - <std[617be2ca0a6fd877]::sys::thread::unix::Thread>::new::thread_start
[INFO] [stdout]   18:     0x79ab990a0dfa - <unknown>
[INFO] [stdout]   19:     0x79ab991343d4 - clone
[INFO] [stdout]   20:                0x0 - <unknown>
[INFO] [stdout] 
[INFO] [stdout] ---- background_url_reacquired_before_clear_ack_keeps_the_current_generation stdout ----
[INFO] [stdout] 
[INFO] [stdout] thread 'background_url_reacquired_before_clear_ack_keeps_the_current_generation' (2911) panicked at tests/runtime_instance.rs:1174:5:
[INFO] [stdout] an unacknowledged clear must not release its resource
[INFO] [stdout] stack backtrace:
[INFO] [stdout]    0:     0x5b8205bce9a1 - <<std[617be2ca0a6fd877]::sys::backtrace::BacktraceLock>::print::DisplayBacktrace as core[a373ad73a504971]::fmt::Display>::fmt
[INFO] [stdout]    1:     0x5b8205be416a - core[a373ad73a504971]::fmt::write
[INFO] [stdout]    2:     0x5b8205bd2c6c - <alloc[2e1b2a31b91974c5]::vec::Vec<u8> as core[a373ad73a504971]::io::write::Write>::write_fmt
[INFO] [stdout]    3:     0x5b8205baabc6 - std[617be2ca0a6fd877]::panicking::default_hook::{closure#0}
[INFO] [stdout]    4:     0x5b8205bc6df9 - std[617be2ca0a6fd877]::panicking::default_hook
[INFO] [stdout]    5:     0x5b8205918090 - test[aada8e7e76ba119b]::test_main_inner::{closure#0}
[INFO] [stdout]    6:     0x5b8205bc6fb2 - std[617be2ca0a6fd877]::panicking::panic_with_hook
[INFO] [stdout]    7:     0x5b8205baaca4 - std[617be2ca0a6fd877]::panicking::panic_handler::{closure#0}
[INFO] [stdout]    8:     0x5b8205ba3959 - std[617be2ca0a6fd877]::sys::backtrace::__rust_end_short_backtrace::<std[617be2ca0a6fd877]::panicking::panic_handler::{closure#0}, !>
[INFO] [stdout]    9:     0x5b8205bab87d - __rustc[ea4f61d10b84890b]::rust_begin_unwind
[INFO] [stdout]   10:     0x5b8205be48cc - core[a373ad73a504971]::panicking::panic_fmt
[INFO] [stdout]   11:     0x5b82058c6c62 - <runtime_instance[d8d18be1e5f86e1b]::background_url_reacquired_before_clear_ack_keeps_the_current_generation::{closure#0} as core[a373ad73a504971]::ops::function::FnOnce<()>>::call_once
[INFO] [stdout]   12:     0x5b820590b4db - test[aada8e7e76ba119b]::__rust_begin_short_backtrace::<core[a373ad73a504971]::result::Result<(), alloc[2e1b2a31b91974c5]::string::String>, fn() -> core[a373ad73a504971]::result::Result<(), alloc[2e1b2a31b91974c5]::string::String>>
[INFO] [stdout]   13:     0x5b82059186b5 - test[aada8e7e76ba119b]::run_test::{closure#0}
[INFO] [stdout]   14:     0x5b8205911fa4 - std[617be2ca0a6fd877]::sys::backtrace::__rust_begin_short_backtrace::<test[aada8e7e76ba119b]::run_test::{closure#1}, ()>
[INFO] [stdout]   15:     0x5b820591b742 - <std[617be2ca0a6fd877]::thread::lifecycle::spawn_unchecked<test[aada8e7e76ba119b]::run_test::{closure#1}, ()>::{closure#1} as core[a373ad73a504971]::ops::function::FnOnce<()>>::call_once::{shim:vtable#0}
[INFO] [stdout]   16:     0x5b8205bce1cf - <std[617be2ca0a6fd877]::sys::thread::unix::Thread>::new::thread_start
[INFO] [stdout]   17:     0x79ab990a0dfa - <unknown>
[INFO] [stdout]   18:     0x79ab991343d4 - clone
[INFO] [stdout]   19:                0x0 - <unknown>
[INFO] [stdout] 
[INFO] [stdout] ---- background_url_lowers_explicit_geometry_repeat_boxes_and_attachment stdout ----
[INFO] [stdout] 
[INFO] [stdout] thread 'background_url_lowers_explicit_geometry_repeat_boxes_and_attachment' (2908) panicked at tests/runtime_instance.rs:178:10:
[INFO] [stdout] Ready URL must be lowered into SetBackgroundLayers
[INFO] [stdout] stack backtrace:
[INFO] [stdout]    0:     0x5b8205bce9a1 - <<std[617be2ca0a6fd877]::sys::backtrace::BacktraceLock>::print::DisplayBacktrace as core[a373ad73a504971]::fmt::Display>::fmt
[INFO] [stdout]    1:     0x5b8205be416a - core[a373ad73a504971]::fmt::write
[INFO] [stdout]    2:     0x5b8205bd2c6c - <alloc[2e1b2a31b91974c5]::vec::Vec<u8> as core[a373ad73a504971]::io::write::Write>::write_fmt
[INFO] [stdout]    3:     0x5b8205baabc6 - std[617be2ca0a6fd877]::panicking::default_hook::{closure#0}
[INFO] [stdout]    4:     0x5b8205bc6df9 - std[617be2ca0a6fd877]::panicking::default_hook
[INFO] [stdout]    5:     0x5b8205918090 - test[aada8e7e76ba119b]::test_main_inner::{closure#0}
[INFO] [stdout]    6:     0x5b8205bc6fb2 - std[617be2ca0a6fd877]::panicking::panic_with_hook
[INFO] [stdout]    7:     0x5b8205baac72 - std[617be2ca0a6fd877]::panicking::panic_handler::{closure#0}
[INFO] [stdout]    8:     0x5b8205ba3959 - std[617be2ca0a6fd877]::sys::backtrace::__rust_end_short_backtrace::<std[617be2ca0a6fd877]::panicking::panic_handler::{closure#0}, !>
[INFO] [stdout]    9:     0x5b8205bab87d - __rustc[ea4f61d10b84890b]::rust_begin_unwind
[INFO] [stdout]   10:     0x5b8205be48cc - core[a373ad73a504971]::panicking::panic_fmt
[INFO] [stdout]   11:     0x5b8205be4624 - core[a373ad73a504971]::option::expect_failed
[INFO] [stdout]   12:     0x5b82058b438c - runtime_instance[d8d18be1e5f86e1b]::render_ready_background
[INFO] [stdout]   13:     0x5b82058c3c19 - <runtime_instance[d8d18be1e5f86e1b]::background_url_lowers_explicit_geometry_repeat_boxes_and_attachment::{closure#0} as core[a373ad73a504971]::ops::function::FnOnce<()>>::call_once
[INFO] [stdout]   14:     0x5b820590b4db - test[aada8e7e76ba119b]::__rust_begin_short_backtrace::<core[a373ad73a504971]::result::Result<(), alloc[2e1b2a31b91974c5]::string::String>, fn() -> core[a373ad73a504971]::result::Result<(), alloc[2e1b2a31b91974c5]::string::String>>
[INFO] [stdout]   15:     0x5b82059186b5 - test[aada8e7e76ba119b]::run_test::{closure#0}
[INFO] [stdout]   16:     0x5b8205911fa4 - std[617be2ca0a6fd877]::sys::backtrace::__rust_begin_short_backtrace::<test[aada8e7e76ba119b]::run_test::{closure#1}, ()>
[INFO] [stdout]   17:     0x5b820591b742 - <std[617be2ca0a6fd877]::thread::lifecycle::spawn_unchecked<test[aada8e7e76ba119b]::run_test::{closure#1}, ()>::{closure#1} as core[a373ad73a504971]::ops::function::FnOnce<()>>::call_once::{shim:vtable#0}
[INFO] [stdout]   18:     0x5b8205bce1cf - <std[617be2ca0a6fd877]::sys::thread::unix::Thread>::new::thread_start
[INFO] [stdout]   19:     0x79ab990a0dfa - <unknown>
[INFO] [stdout]   20:     0x79ab991343d4 - clone
[INFO] [stdout]   21:                0x0 - <unknown>
[INFO] [stdout] 
[INFO] [stdout] ---- background_url_is_shared_and_released_only_after_the_last_clear_is_accepted stdout ----
[INFO] [stdout] 
[INFO] [stdout] thread 'background_url_is_shared_and_released_only_after_the_last_clear_is_accepted' (2906) panicked at tests/runtime_instance.rs:1071:5:
[INFO] [stdout] Release must not precede the frame which removes the final user
[INFO] [stdout] stack backtrace:
[INFO] [stdout]    0:     0x5b8205bce9a1 - <<std[617be2ca0a6fd877]::sys::backtrace::BacktraceLock>::print::DisplayBacktrace as core[a373ad73a504971]::fmt::Display>::fmt
[INFO] [stdout]    1:     0x5b8205be416a - core[a373ad73a504971]::fmt::write
[INFO] [stdout]    2:     0x5b8205bd2c6c - <alloc[2e1b2a31b91974c5]::vec::Vec<u8> as core[a373ad73a504971]::io::write::Write>::write_fmt
[INFO] [stdout]    3:     0x5b8205baabc6 - std[617be2ca0a6fd877]::panicking::default_hook::{closure#0}
[INFO] [stdout]    4:     0x5b8205bc6df9 - std[617be2ca0a6fd877]::panicking::default_hook
[INFO] [stdout]    5:     0x5b8205918090 - test[aada8e7e76ba119b]::test_main_inner::{closure#0}
[INFO] [stdout]    6:     0x5b8205bc6fb2 - std[617be2ca0a6fd877]::panicking::panic_with_hook
[INFO] [stdout]    7:     0x5b8205baaca4 - std[617be2ca0a6fd877]::panicking::panic_handler::{closure#0}
[INFO] [stdout]    8:     0x5b8205ba3959 - std[617be2ca0a6fd877]::sys::backtrace::__rust_end_short_backtrace::<std[617be2ca0a6fd877]::panicking::panic_handler::{closure#0}, !>
[INFO] [stdout]    9:     0x5b8205bab87d - __rustc[ea4f61d10b84890b]::rust_begin_unwind
[INFO] [stdout]   10:     0x5b8205be48cc - core[a373ad73a504971]::panicking::panic_fmt
[INFO] [stdout]   11:     0x5b82058c809d - <runtime_instance[d8d18be1e5f86e1b]::background_url_is_shared_and_released_only_after_the_last_clear_is_accepted::{closure#0} as core[a373ad73a504971]::ops::function::FnOnce<()>>::call_once
[INFO] [stdout]   12:     0x5b820590b4db - test[aada8e7e76ba119b]::__rust_begin_short_backtrace::<core[a373ad73a504971]::result::Result<(), alloc[2e1b2a31b91974c5]::string::String>, fn() -> core[a373ad73a504971]::result::Result<(), alloc[2e1b2a31b91974c5]::string::String>>
[INFO] [stdout]   13:     0x5b82059186b5 - test[aada8e7e76ba119b]::run_test::{closure#0}
[INFO] [stdout]   14:     0x5b8205911fa4 - std[617be2ca0a6fd877]::sys::backtrace::__rust_begin_short_backtrace::<test[aada8e7e76ba119b]::run_test::{closure#1}, ()>
[INFO] [stdout]   15:     0x5b820591b742 - <std[617be2ca0a6fd877]::thread::lifecycle::spawn_unchecked<test[aada8e7e76ba119b]::run_test::{closure#1}, ()>::{closure#1} as core[a373ad73a504971]::ops::function::FnOnce<()>>::call_once::{shim:vtable#0}
[INFO] [stdout]   16:     0x5b8205bce1cf - <std[617be2ca0a6fd877]::sys::thread::unix::Thread>::new::thread_start
[INFO] [stdout]   17:     0x79ab990a0dfa - <unknown>
[INFO] [stdout]   18:     0x79ab991343d4 - clone
[INFO] [stdout]   19:                0x0 - <unknown>
[INFO] [stdout] 
[INFO] [stdout] ---- background_url_loads_out_of_frame_and_is_emitted_only_after_ready stdout ----
[INFO] [stdout] 
[INFO] [stdout] thread 'background_url_loads_out_of_frame_and_is_emitted_only_after_ready' (2907) panicked at tests/runtime_instance.rs:542:13:
[INFO] [stdout] index out of bounds: the len is 1 but the index is 1
[INFO] [stdout] stack backtrace:
[INFO] [stdout]    0:     0x5b8205bce9a1 - <<std[617be2ca0a6fd877]::sys::backtrace::BacktraceLock>::print::DisplayBacktrace as core[a373ad73a504971]::fmt::Display>::fmt
[INFO] [stdout]    1:     0x5b8205be416a - core[a373ad73a504971]::fmt::write
[INFO] [stdout]    2:     0x5b8205bd2c6c - <alloc[2e1b2a31b91974c5]::vec::Vec<u8> as core[a373ad73a504971]::io::write::Write>::write_fmt
[INFO] [stdout]    3:     0x5b8205baabc6 - std[617be2ca0a6fd877]::panicking::default_hook::{closure#0}
[INFO] [stdout]    4:     0x5b8205bc6df9 - std[617be2ca0a6fd877]::panicking::default_hook
[INFO] [stdout]    5:     0x5b8205918090 - test[aada8e7e76ba119b]::test_main_inner::{closure#0}
[INFO] [stdout]    6:     0x5b8205bc6fb2 - std[617be2ca0a6fd877]::panicking::panic_with_hook
[INFO] [stdout]    7:     0x5b8205baac72 - std[617be2ca0a6fd877]::panicking::panic_handler::{closure#0}
[INFO] [stdout]    8:     0x5b8205ba3959 - std[617be2ca0a6fd877]::sys::backtrace::__rust_end_short_backtrace::<std[617be2ca0a6fd877]::panicking::panic_handler::{closure#0}, !>
[INFO] [stdout]    9:     0x5b8205bab87d - __rustc[ea4f61d10b84890b]::rust_begin_unwind
[INFO] [stdout]   10:     0x5b8205be48cc - core[a373ad73a504971]::panicking::panic_fmt
[INFO] [stdout]   11:     0x5b8205be471c - core[a373ad73a504971]::panicking::panic_bounds_check
[INFO] [stdout]   12:     0x5b82058c106b - <runtime_instance[d8d18be1e5f86e1b]::background_url_loads_out_of_frame_and_is_emitted_only_after_ready::{closure#0} as core[a373ad73a504971]::ops::function::FnOnce<()>>::call_once
[INFO] [stdout]   13:     0x5b820590b4db - test[aada8e7e76ba119b]::__rust_begin_short_backtrace::<core[a373ad73a504971]::result::Result<(), alloc[2e1b2a31b91974c5]::string::String>, fn() -> core[a373ad73a504971]::result::Result<(), alloc[2e1b2a31b91974c5]::string::String>>
[INFO] [stdout]   14:     0x5b82059186b5 - test[aada8e7e76ba119b]::run_test::{closure#0}
[INFO] [stdout]   15:     0x5b8205911fa4 - std[617be2ca0a6fd877]::sys::backtrace::__rust_begin_short_backtrace::<test[aada8e7e76ba119b]::run_test::{closure#1}, ()>
[INFO] [stdout]   16:     0x5b820591b742 - <std[617be2ca0a6fd877]::thread::lifecycle::spawn_unchecked<test[aada8e7e76ba119b]::run_test::{closure#1}, ()>::{closure#1} as core[a373ad73a504971]::ops::function::FnOnce<()>>::call_once::{shim:vtable#0}
[INFO] [stdout]   17:     0x5b8205bce1cf - <std[617be2ca0a6fd877]::sys::thread::unix::Thread>::new::thread_start
[INFO] [stdout]   18:     0x79ab990a0dfa - <unknown>
[INFO] [stdout]   19:     0x79ab991343d4 - clone
[INFO] [stdout]   20:                0x0 - <unknown>
[INFO] [stdout] 
[INFO] [stdout] ---- background_url_lowers_remaining_repeat_modes_with_explicit_size stdout ----
[INFO] [stdout] 
[INFO] [stdout] thread 'background_url_lowers_remaining_repeat_modes_with_explicit_size' (2910) panicked at tests/runtime_instance.rs:178:10:
[INFO] [stdout] Ready URL must be lowered into SetBackgroundLayers
[INFO] [stdout] stack backtrace:
[INFO] [stdout]    0:     0x5b8205bce9a1 - <<std[617be2ca0a6fd877]::sys::backtrace::BacktraceLock>::print::DisplayBacktrace as core[a373ad73a504971]::fmt::Display>::fmt
[INFO] [stdout]    1:     0x5b8205be416a - core[a373ad73a504971]::fmt::write
[INFO] [stdout]    2:     0x5b8205bd2c6c - <alloc[2e1b2a31b91974c5]::vec::Vec<u8> as core[a373ad73a504971]::io::write::Write>::write_fmt
[INFO] [stdout]    3:     0x5b8205baabc6 - std[617be2ca0a6fd877]::panicking::default_hook::{closure#0}
[INFO] [stdout]    4:     0x5b8205bc6df9 - std[617be2ca0a6fd877]::panicking::default_hook
[INFO] [stdout]    5:     0x5b8205918090 - test[aada8e7e76ba119b]::test_main_inner::{closure#0}
[INFO] [stdout]    6:     0x5b8205bc6fb2 - std[617be2ca0a6fd877]::panicking::panic_with_hook
[INFO] [stdout]    7:     0x5b8205baac72 - std[617be2ca0a6fd877]::panicking::panic_handler::{closure#0}
[INFO] [stdout]    8:     0x5b8205ba3959 - std[617be2ca0a6fd877]::sys::backtrace::__rust_end_short_backtrace::<std[617be2ca0a6fd877]::panicking::panic_handler::{closure#0}, !>
[INFO] [stdout]    9:     0x5b8205bab87d - __rustc[ea4f61d10b84890b]::rust_begin_unwind
[INFO] [stdout]   10:     0x5b8205be48cc - core[a373ad73a504971]::panicking::panic_fmt
[INFO] [stdout]   11:     0x5b8205be4624 - core[a373ad73a504971]::option::expect_failed
[INFO] [stdout]   12:     0x5b82058b438c - runtime_instance[d8d18be1e5f86e1b]::render_ready_background
[INFO] [stdout]   13:     0x5b82058bfa1e - <runtime_instance[d8d18be1e5f86e1b]::background_url_lowers_remaining_repeat_modes_with_explicit_size::{closure#0} as core[a373ad73a504971]::ops::function::FnOnce<()>>::call_once
[INFO] [stdout]   14:     0x5b820590b4db - test[aada8e7e76ba119b]::__rust_begin_short_backtrace::<core[a373ad73a504971]::result::Result<(), alloc[2e1b2a31b91974c5]::string::String>, fn() -> core[a373ad73a504971]::result::Result<(), alloc[2e1b2a31b91974c5]::string::String>>
[INFO] [stdout]   15:     0x5b82059186b5 - test[aada8e7e76ba119b]::run_test::{closure#0}
[INFO] [stdout]   16:     0x5b8205911fa4 - std[617be2ca0a6fd877]::sys::backtrace::__rust_begin_short_backtrace::<test[aada8e7e76ba119b]::run_test::{closure#1}, ()>
[INFO] [stdout]   17:     0x5b820591b742 - <std[617be2ca0a6fd877]::thread::lifecycle::spawn_unchecked<test[aada8e7e76ba119b]::run_test::{closure#1}, ()>::{closure#1} as core[a373ad73a504971]::ops::function::FnOnce<()>>::call_once::{shim:vtable#0}
[INFO] [stdout]   18:     0x5b8205bce1cf - <std[617be2ca0a6fd877]::sys::thread::unix::Thread>::new::thread_start
[INFO] [stdout]   19:     0x79ab990a0dfa - <unknown>
[INFO] [stdout]   20:     0x79ab991343d4 - clone
[INFO] [stdout]   21:                0x0 - <unknown>
[INFO] [stdout] 
[INFO] [stdout] ---- stale_ready_for_a_released_background_does_not_affect_its_replacement stdout ----
[INFO] [stdout] 
[INFO] [stdout] thread 'stale_ready_for_a_released_background_does_not_affect_its_replacement' (2926) panicked at tests/runtime_instance.rs:1249:5:
[INFO] [stdout] assertion failed: surface.take_resource_commands().is_empty()
[INFO] [stdout] stack backtrace:
[INFO] [stdout]    0:     0x5b8205bce9a1 - <<std[617be2ca0a6fd877]::sys::backtrace::BacktraceLock>::print::DisplayBacktrace as core[a373ad73a504971]::fmt::Display>::fmt
[INFO] [stdout]    1:     0x5b8205be416a - core[a373ad73a504971]::fmt::write
[INFO] [stdout]    2:     0x5b8205bd2c6c - <alloc[2e1b2a31b91974c5]::vec::Vec<u8> as core[a373ad73a504971]::io::write::Write>::write_fmt
[INFO] [stdout]    3:     0x5b8205baabc6 - std[617be2ca0a6fd877]::panicking::default_hook::{closure#0}
[INFO] [stdout]    4:     0x5b8205bc6df9 - std[617be2ca0a6fd877]::panicking::default_hook
[INFO] [stdout]    5:     0x5b8205918090 - test[aada8e7e76ba119b]::test_main_inner::{closure#0}
[INFO] [stdout]    6:     0x5b8205bc6fb2 - std[617be2ca0a6fd877]::panicking::panic_with_hook
[INFO] [stdout]    7:     0x5b8205baaca4 - std[617be2ca0a6fd877]::panicking::panic_handler::{closure#0}
[INFO] [stdout]    8:     0x5b8205ba3959 - std[617be2ca0a6fd877]::sys::backtrace::__rust_end_short_backtrace::<std[617be2ca0a6fd877]::panicking::panic_handler::{closure#0}, !>
[INFO] [stdout]    9:     0x5b8205bab87d - __rustc[ea4f61d10b84890b]::rust_begin_unwind
[INFO] [stdout]   10:     0x5b8205be48cc - core[a373ad73a504971]::panicking::panic_fmt
[INFO] [stdout]   11:     0x5b8205be4892 - core[a373ad73a504971]::panicking::panic
[INFO] [stdout]   12:     0x5b82058c5b13 - <runtime_instance[d8d18be1e5f86e1b]::stale_ready_for_a_released_background_does_not_affect_its_replacement::{closure#0} as core[a373ad73a504971]::ops::function::FnOnce<()>>::call_once
[INFO] [stdout]   13:     0x5b820590b4db - test[aada8e7e76ba119b]::__rust_begin_short_backtrace::<core[a373ad73a504971]::result::Result<(), alloc[2e1b2a31b91974c5]::string::String>, fn() -> core[a373ad73a504971]::result::Result<(), alloc[2e1b2a31b91974c5]::string::String>>
[INFO] [stdout]   14:     0x5b82059186b5 - test[aada8e7e76ba119b]::run_test::{closure#0}
[INFO] [stdout]   15:     0x5b8205911fa4 - std[617be2ca0a6fd877]::sys::backtrace::__rust_begin_short_backtrace::<test[aada8e7e76ba119b]::run_test::{closure#1}, ()>
[INFO] [stdout]   16:     0x5b820591b742 - <std[617be2ca0a6fd877]::thread::lifecycle::spawn_unchecked<test[aada8e7e76ba119b]::run_test::{closure#1}, ()>::{closure#1} as core[a373ad73a504971]::ops::function::FnOnce<()>>::call_once::{shim:vtable#0}
[INFO] [stdout]   17:     0x5b8205bce1cf - <std[617be2ca0a6fd877]::sys::thread::unix::Thread>::new::thread_start
[INFO] [stdout]   18:     0x79ab990a0dfa - <unknown>
[INFO] [stdout]   19:     0x79ab991343d4 - clone
[INFO] [stdout]   20:                0x0 - <unknown>
[INFO] [stdout] 
[INFO] [stdout] 
[INFO] [stdout] failures:
[INFO] [stdout]     background_shorthand_preserves_geometry_for_each_url_layer
[INFO] [stdout]     background_url_is_shared_and_released_only_after_the_last_clear_is_accepted
[INFO] [stdout]     background_url_loads_out_of_frame_and_is_emitted_only_after_ready
[INFO] [stdout]     background_url_lowers_explicit_geometry_repeat_boxes_and_attachment
[INFO] [stdout]     background_url_lowers_intrinsic_cover_contain_and_one_axis_auto_sizes
[INFO] [stdout]     background_url_lowers_remaining_repeat_modes_with_explicit_size
[INFO] [stdout]     background_url_reacquired_before_clear_ack_keeps_the_current_generation
[INFO] [stdout]     stale_ready_for_a_released_background_does_not_affect_its_replacement
[INFO] [stdout] 
[INFO] [stdout] test result: FAILED. 20 passed; 8 failed; 0 ignored; 0 measured; 0 filtered out; finished in 0.02s
[INFO] [stdout] 
[INFO] running `Command { std: "docker" "inspect" "f31db002d90adcbd385adfaaf72cdbf1bea007ffcb70635edcfd8eddbcb517ae", kill_on_drop: false }`
[INFO] running `Command { std: "docker" "rm" "-f" "f31db002d90adcbd385adfaaf72cdbf1bea007ffcb70635edcfd8eddbcb517ae", kill_on_drop: false }`
[INFO] [stdout] f31db002d90adcbd385adfaaf72cdbf1bea007ffcb70635edcfd8eddbcb517ae
