[INFO] fetching crate whisker-macros 0.15.4...
[INFO] testing whisker-macros-0.15.4 against 1.99.0-beta.8+cargoflags=--release for beta-release-1.100-2
[INFO] extracting crate whisker-macros 0.15.4 into /workspace/builds/worker-0-tc1/source
[INFO] started tweaking crates.io crate whisker-macros 0.15.4
[INFO] removed 0 missing tests
[INFO] finished tweaking crates.io crate whisker-macros 0.15.4
[INFO] tweaked toml for crates.io crate whisker-macros 0.15.4 written to /workspace/builds/worker-0-tc1/source/Cargo.toml
[INFO] validating manifest of crates.io crate whisker-macros 0.15.4 on toolchain 1.99.0-beta.8
[INFO] running `Command { std: CARGO_HOME="/workspace/cargo-home" RUSTUP_HOME="/workspace/rustup-home" "/workspace/cargo-home/bin/cargo" "+1.99.0-beta.8" "metadata" "--manifest-path" "Cargo.toml" "--no-deps", kill_on_drop: false }`
[INFO] crate crates.io crate whisker-macros 0.15.4 already has a lockfile, it will not be regenerated
[INFO] running `Command { std: CARGO_HOME="/workspace/cargo-home" RUSTUP_HOME="/workspace/rustup-home" "/workspace/cargo-home/bin/cargo" "+1.99.0-beta.8" "fetch" "--manifest-path" "Cargo.toml", kill_on_drop: false }`
[INFO] [stderr]     Updating crates.io index
[INFO] [stderr]  Downloading crates ...
[INFO] [stderr]   Downloaded whisker-macro-syntax v0.15.4
[INFO] running `Command { std: "docker" "create" "-v" "/var/lib/crater-agent-workspace/builds/worker-0-tc1/source:/opt/rustwide/workdir:ro,Z" "-v" "/var/lib/crater-agent-workspace/builds/worker-0-tc1/target:/opt/rustwide/target:rw,Z" "-v" "/var/lib/crater-agent-workspace/cargo-home:/opt/rustwide/cargo-home:ro,Z" "-v" "/var/lib/crater-agent-workspace/rustup-home:/opt/rustwide/rustup-home:ro,Z" "-m" "1610612736" "--network" "none" "ghcr.io/rust-lang/crates-build-env/linux@sha256:77db811e55d90add9212f6832c23229e3de5f1c1f9905e8cb07319ea15df73ac" "sleep" "infinity", kill_on_drop: false }`
[INFO] [stdout] e5c37b899e2b34bb0245da805f0e26a116039800d7e7563600014aaa87688b1f
[INFO] running `Command { std: "docker" "start" "e5c37b899e2b34bb0245da805f0e26a116039800d7e7563600014aaa87688b1f", kill_on_drop: false }`
[INFO] running `Command { std: "docker" "inspect" "e5c37b899e2b34bb0245da805f0e26a116039800d7e7563600014aaa87688b1f", kill_on_drop: false }`
[INFO] running `Command { std: "docker" "exec" "-e" "SOURCE_DIR=/opt/rustwide/workdir" "-e" "CARGO_HOME=/opt/rustwide/cargo-home" "-e" "RUSTUP_HOME=/opt/rustwide/rustup-home" "-e" "CARGO_TARGET_DIR=/opt/rustwide/target" "-w" "/opt/rustwide/workdir" "--user" "0:0" "e5c37b899e2b34bb0245da805f0e26a116039800d7e7563600014aaa87688b1f" "/opt/rustwide/cargo-home/bin/cargo" "+1.99.0-beta.8" "metadata" "--no-deps" "--format-version=1", kill_on_drop: false }`
[INFO] running `Command { std: "docker" "inspect" "e5c37b899e2b34bb0245da805f0e26a116039800d7e7563600014aaa87688b1f", kill_on_drop: false }`
[INFO] running `Command { std: "docker" "exec" "-e" "SOURCE_DIR=/opt/rustwide/workdir" "-e" "CARGO_HOME=/opt/rustwide/cargo-home" "-e" "RUSTUP_HOME=/opt/rustwide/rustup-home" "-e" "CARGO_TARGET_DIR=/opt/rustwide/target" "-e" "CARGO_INCREMENTAL=0" "-e" "RUST_BACKTRACE=full" "-e" "RUSTFLAGS=--cap-lints=warn" "-e" "RUSTDOCFLAGS=--cap-lints=warn" "-w" "/opt/rustwide/workdir" "--user" "0:0" "e5c37b899e2b34bb0245da805f0e26a116039800d7e7563600014aaa87688b1f" "/opt/rustwide/cargo-home/bin/cargo" "+1.99.0-beta.8" "build" "--frozen" "--message-format=json" "--release", kill_on_drop: false }`
[INFO] [stderr]    Compiling syn v2.0.119
[INFO] [stderr]    Compiling whisker-macro-syntax v0.15.4
[INFO] [stderr]    Compiling whisker-macros v0.15.4 (/opt/rustwide/workdir)
[INFO] [stderr]     Finished `release` profile [optimized] target(s) in 20.58s
[INFO] running `Command { std: "docker" "inspect" "e5c37b899e2b34bb0245da805f0e26a116039800d7e7563600014aaa87688b1f", kill_on_drop: false }`
[INFO] running `Command { std: "docker" "exec" "-e" "SOURCE_DIR=/opt/rustwide/workdir" "-e" "CARGO_HOME=/opt/rustwide/cargo-home" "-e" "RUSTUP_HOME=/opt/rustwide/rustup-home" "-e" "CARGO_TARGET_DIR=/opt/rustwide/target" "-e" "CARGO_INCREMENTAL=0" "-e" "RUST_BACKTRACE=full" "-e" "RUSTFLAGS=--cap-lints=warn" "-e" "RUSTDOCFLAGS=--cap-lints=warn" "-w" "/opt/rustwide/workdir" "--user" "0:0" "e5c37b899e2b34bb0245da805f0e26a116039800d7e7563600014aaa87688b1f" "/opt/rustwide/cargo-home/bin/cargo" "+1.99.0-beta.8" "test" "--frozen" "--no-run" "--message-format=json" "--release", kill_on_drop: false }`
[INFO] [stderr]    Compiling unicode-ident v1.0.24
[INFO] [stderr]    Compiling zmij v1.0.23
[INFO] [stderr]    Compiling serde_json v1.0.151
[INFO] [stderr]    Compiling memchr v2.8.3
[INFO] [stderr]    Compiling syn v3.0.5
[INFO] [stderr]    Compiling whisker-macros v0.15.4 (/opt/rustwide/workdir)
[INFO] [stderr]    Compiling proc-macro2 v1.0.107
[INFO] [stderr]    Compiling quote v1.0.47
[INFO] [stderr]    Compiling syn v2.0.119
[INFO] [stderr]    Compiling serde_derive v1.0.229
[INFO] [stderr]    Compiling whisker-macro-syntax v0.15.4
[INFO] [stderr]    Compiling serde v1.0.229
[INFO] [stderr]     Finished `release` profile [optimized] target(s) in 1m 02s
[INFO] running `Command { std: "docker" "inspect" "e5c37b899e2b34bb0245da805f0e26a116039800d7e7563600014aaa87688b1f", kill_on_drop: false }`
[INFO] running `Command { std: "docker" "exec" "-e" "SOURCE_DIR=/opt/rustwide/workdir" "-e" "CARGO_HOME=/opt/rustwide/cargo-home" "-e" "RUSTUP_HOME=/opt/rustwide/rustup-home" "-e" "CARGO_TARGET_DIR=/opt/rustwide/target" "-e" "CARGO_INCREMENTAL=0" "-e" "RUST_BACKTRACE=full" "-e" "RUSTFLAGS=--cap-lints=warn" "-e" "RUSTDOCFLAGS=--cap-lints=warn" "-w" "/opt/rustwide/workdir" "--user" "0:0" "e5c37b899e2b34bb0245da805f0e26a116039800d7e7563600014aaa87688b1f" "/opt/rustwide/cargo-home/bin/cargo" "+1.99.0-beta.8" "test" "--frozen" "--release", kill_on_drop: false }`
[INFO] [stderr]     Finished `release` profile [optimized] target(s) in 0.05s
[INFO] [stderr]      Running unittests src/lib.rs (/opt/rustwide/target/release/deps/whisker_macros-0d9efbf5e457f958)
[INFO] [stdout] 
[INFO] [stdout] running 48 tests
[INFO] [stdout] test component::tests::classify_optional_attribute_wraps_non_option_type ... ok
[INFO] [stdout] test component::tests::classify_optional_for_option_of_concrete ... ok
[INFO] [stdout] test component::tests::children_type_detected_across_path_shapes ... ok
[INFO] [stdout] test component::tests::classify_required_generic_for_bare_t ... ok
[INFO] [stdout] test component::tests::classify_default_with_generic_t ... ok
[INFO] [stdout] test component::tests::classify_optional_attribute_on_option_uses_inner ... ok
[INFO] [stdout] test component::tests::classify_required_for_plain_type ... ok
[INFO] [stdout] test component::tests::classify_children_for_children_type ... ok
[INFO] [stdout] test component::tests::classify_optional_for_option_of_generic ... ok
[INFO] [stdout] test component::tests::expand_does_not_reference_typed_builder ... ok
[INFO] [stdout] test component::tests::expand_no_param_component_emits_empty_destructure ... ok
[INFO] [stdout] test component::tests::expand_rejects_destructuring_pattern ... ok
[INFO] [stdout] test component::tests::expand_emits_props_struct_and_rewritten_fn ... ok
[INFO] [stdout] test component::tests::expand_forwards_attribute_on_param_to_props_field ... ok
[INFO] [stdout] test component::tests::expand_generic_component_uses_turbofish ... ok
[INFO] [stdout] test component::tests::expand_rejects_method_receiver ... ok
[INFO] [stdout] test component::tests::is_generic_type_param_detects_bare_t ... ok
[INFO] [stdout] test component::tests::option_inner_type_unwraps_across_path_shapes ... ok
[INFO] [stdout] test component::tests::parse_prop_optional_attribute ... ok
[INFO] [stdout] test component::tests::parse_prop_unknown_key_errors ... ok
[INFO] [stdout] test component::tests::prop_build_assignment_children_defaults_to_empty_closure ... ok
[INFO] [stdout] test component::tests::classify_default_wins_over_other_kinds ... ok
[INFO] [stdout] test component::tests::prop_build_assignment_default_uses_user_expr ... ok
[INFO] [stdout] test component::tests::prop_build_assignment_optional_defaults_to_none ... ok
[INFO] [stdout] test component::tests::parse_prop_ignores_other_attrs ... ok
[INFO] [stdout] test component::tests::expand_component_marker_strips_props_suffix_once ... ok
[INFO] [stdout] test component::tests::parse_prop_default_attribute ... ok
[INFO] [stdout] test component::tests::prop_build_assignment_required_expects ... ok
[INFO] [stdout] test component::tests::prop_build_assignment_required_generic_expects ... ok
[INFO] [stdout] test component::tests::prop_builder_field_default_uses_outer_type ... ok
[INFO] [stdout] test component::tests::prop_setter_default_with_generic_takes_t_directly ... ok
[INFO] [stdout] test component::tests::prop_setter_optional_with_generic_inner_skips_into ... ok
[INFO] [stdout] test component::tests::prop_setter_children_takes_value_directly ... ok
[INFO] [stdout] test component::tests::prop_builder_field_double_wraps_optional ... ok
[INFO] [stdout] test component::tests::prop_setter_optional_strips_outer_option ... ok
[INFO] [stdout] test component::tests::prop_setter_required_uses_impl_into ... ok
[INFO] [stdout] test component::tests::prop_setter_required_generic_takes_t_directly ... ok
[INFO] [stdout] test component::tests::prop_builder_field_wraps_required_in_option ... ok
[INFO] [stdout] test component::tests::prop_struct_field_forwards_attrs ... ok
[INFO] [stdout] test component::tests::prop_struct_field_keeps_user_type ... ok
[INFO] [stdout] test component::tests::prop_setter_default_uses_impl_into_for_concrete ... ok
[INFO] [stdout] test component::tests::props_struct_name_pascal_case_conversion ... ok
[INFO] [stdout] test component::tests::ty_generics_turbofish_extracts_only_type_params ... ok
[INFO] [stdout] test module_element::tests::schema_special_fields_remain_supported ... ok
[INFO] [stdout] test module_element::tests::measurement_payload_declarations_reject_non_custom_kinds ... ok
[INFO] [stdout] test module_element::tests::common_builder_props_cannot_enter_a_component_schema ... ok
[INFO] [stdout] test module_element::tests::measurement_payload_declarations_require_one_function_path ... ok
[INFO] [stdout] test module_element::tests::measurement_payload_declarations_require_leaf_module_elements ... ok
[INFO] [stdout] 
[INFO] [stdout] test result: ok. 48 passed; 0 failed; 0 ignored; 0 measured; 0 filtered out; finished in 0.03s
[INFO] [stdout] 
[INFO] [stderr]      Running tests/ra_completion.rs (/opt/rustwide/target/release/deps/ra_completion-89d2076f1296d2ff)
[INFO] [stdout] 
[INFO] [stdout] running 9 tests
[INFO] [stderr] curl: (6) Could not resolve host: github.com
[INFO] [stdout] test partial_kwarg_inside_component_body_completes_builder_methods ... FAILED
[INFO] [stdout] test props_builder_helper_types_are_hidden_from_completion ... FAILED
[INFO] [stdout] test partial_kwarg_in_render_completes_builder_methods ... FAILED
[INFO] [stdout] test partial_user_component_completes_to_pascal_case_alias ... FAILED
[INFO] [stdout] test partial_tag_name_in_children_block_completes_to_builtin_view ... FAILED
[INFO] [stdout] test partial_tag_name_at_root_completes_to_builtin_view ... FAILED
[INFO] [stdout] test longer_prefix_does_not_surface_builder_via_autoimport ... FAILED
[INFO] [stdout] test partial_kwarg_in_compose_completes_the_same_builder_methods ... FAILED
[INFO] [stdout] test short_prefix_user_component_does_not_leak_builder_helpers ... FAILED
[INFO] [stdout] 
[INFO] [stdout] failures:
[INFO] [stdout] 
[INFO] [stdout] ---- partial_kwarg_inside_component_body_completes_builder_methods stdout ----
[INFO] [stdout] 
[INFO] [stdout] thread 'partial_kwarg_inside_component_body_completes_builder_methods' (553) panicked at tests/ra_completion.rs:543:40:
[INFO] [stdout] provision rust-analyzer: "curl failed (exit ExitStatus(unix_wait_status(1536))) — check that `2026-05-18` is a real rust-analyzer release tag and your network is reachable"
[INFO] [stdout] stack backtrace:
[INFO] [stdout]    0:     0x5688318480a1 - <<std[70759c8f55707aa4]::sys::backtrace::BacktraceLock>::print::DisplayBacktrace as core[df12db4294e9bfd3]::fmt::Display>::fmt
[INFO] [stdout]    1:     0x56883185d8ba - core[df12db4294e9bfd3]::fmt::write
[INFO] [stdout]    2:     0x56883184c61c - <alloc[2182bb758b4b3781]::vec::Vec<u8> as core[df12db4294e9bfd3]::io::write::Write>::write_fmt
[INFO] [stdout]    3:     0x568831822e16 - std[70759c8f55707aa4]::panicking::default_hook::{closure#0}
[INFO] [stdout]    4:     0x5688318401e9 - std[70759c8f55707aa4]::panicking::default_hook
[INFO] [stdout]    5:     0x5688317d5280 - test[9d35eded1c95d3be]::test_main_inner::<test[9d35eded1c95d3be]::test_main_static::{closure#0}>::{closure#0}
[INFO] [stdout]    6:     0x5688318403a2 - std[70759c8f55707aa4]::panicking::panic_with_hook
[INFO] [stdout]    7:     0x568831822ec2 - std[70759c8f55707aa4]::panicking::panic_handler::{closure#0}
[INFO] [stdout]    8:     0x56883181bac9 - std[70759c8f55707aa4]::sys::backtrace::__rust_end_short_backtrace::<std[70759c8f55707aa4]::panicking::panic_handler::{closure#0}, !>
[INFO] [stdout]    9:     0x568831823c6d - __rustc[8fa7c3cbc660c2b3]::rust_begin_unwind
[INFO] [stdout]   10:     0x56883185dfec - core[df12db4294e9bfd3]::panicking::panic_fmt
[INFO] [stdout]   11:     0x56883185ddc2 - core[df12db4294e9bfd3]::result::unwrap_failed
[INFO] [stdout]   12:     0x5688317bcd21 - ra_completion[95c89d1ea0c0eb32]::run_probe
[INFO] [stdout]   13:     0x5688317bfbd6 - <ra_completion[95c89d1ea0c0eb32]::partial_kwarg_inside_component_body_completes_builder_methods::{closure#0} as core[df12db4294e9bfd3]::ops::function::FnOnce<()>>::call_once
[INFO] [stdout]   14:     0x5688317c856b - test[9d35eded1c95d3be]::__rust_begin_short_backtrace::<core[df12db4294e9bfd3]::result::Result<(), alloc[2182bb758b4b3781]::string::String>, fn() -> core[df12db4294e9bfd3]::result::Result<(), alloc[2182bb758b4b3781]::string::String>>
[INFO] [stdout]   15:     0x5688317d5bd5 - test[9d35eded1c95d3be]::run_test::{closure#0}
[INFO] [stdout]   16:     0x5688317cf494 - std[70759c8f55707aa4]::sys::backtrace::__rust_begin_short_backtrace::<test[9d35eded1c95d3be]::run_test::{closure#1}, ()>
[INFO] [stdout]   17:     0x5688317d8d32 - <std[70759c8f55707aa4]::thread::lifecycle::spawn_unchecked<test[9d35eded1c95d3be]::run_test::{closure#1}, ()>::{closure#1} as core[df12db4294e9bfd3]::ops::function::FnOnce<()>>::call_once::{shim:vtable#0}
[INFO] [stdout]   18:     0x568831847789 - <std[70759c8f55707aa4]::sys::thread::unix::Thread>::new::thread_start
[INFO] [stdout]   19:     0x7fe7170b7dfa - <unknown>
[INFO] [stdout]   20:     0x7fe71714b3d4 - clone
[INFO] [stdout]   21:                0x0 - <unknown>
[INFO] [stdout] 
[INFO] [stdout] ---- props_builder_helper_types_are_hidden_from_completion stdout ----
[INFO] [stdout] 
[INFO] [stdout] thread 'props_builder_helper_types_are_hidden_from_completion' (557) panicked at tests/ra_completion.rs:543:40:
[INFO] [stdout] provision rust-analyzer: "curl failed (exit ExitStatus(unix_wait_status(1536))) — check that `2026-05-18` is a real rust-analyzer release tag and your network is reachable"
[INFO] [stdout] stack backtrace:
[INFO] [stdout]    0:     0x5688318480a1 - <<std[70759c8f55707aa4]::sys::backtrace::BacktraceLock>::print::DisplayBacktrace as core[df12db4294e9bfd3]::fmt::Display>::fmt
[INFO] [stdout]    1:     0x56883185d8ba - core[df12db4294e9bfd3]::fmt::write
[INFO] [stdout]    2:     0x56883184c61c - <alloc[2182bb758b4b3781]::vec::Vec<u8> as core[df12db4294e9bfd3]::io::write::Write>::write_fmt
[INFO] [stdout]    3:     0x568831822e16 - std[70759c8f55707aa4]::panicking::default_hook::{closure#0}
[INFO] [stdout]    4:     0x5688318401e9 - std[70759c8f55707aa4]::panicking::default_hook
[INFO] [stdout]    5:     0x5688317d5280 - test[9d35eded1c95d3be]::test_main_inner::<test[9d35eded1c95d3be]::test_main_static::{closure#0}>::{closure#0}
[INFO] [stdout]    6:     0x5688318403a2 - std[70759c8f55707aa4]::panicking::panic_with_hook
[INFO] [stdout]    7:     0x568831822ec2 - std[70759c8f55707aa4]::panicking::panic_handler::{closure#0}
[INFO] [stdout]    8:     0x56883181bac9 - std[70759c8f55707aa4]::sys::backtrace::__rust_end_short_backtrace::<std[70759c8f55707aa4]::panicking::panic_handler::{closure#0}, !>
[INFO] [stdout]    9:     0x568831823c6d - __rustc[8fa7c3cbc660c2b3]::rust_begin_unwind
[INFO] [stdout]   10:     0x56883185dfec - core[df12db4294e9bfd3]::panicking::panic_fmt
[INFO] [stdout]   11:     0x56883185ddc2 - core[df12db4294e9bfd3]::result::unwrap_failed
[INFO] [stdout]   12:     0x5688317bcd21 - ra_completion[95c89d1ea0c0eb32]::run_probe
[INFO] [stdout]   13:     0x5688317bf4d4 - <ra_completion[95c89d1ea0c0eb32]::props_builder_helper_types_are_hidden_from_completion::{closure#0} as core[df12db4294e9bfd3]::ops::function::FnOnce<()>>::call_once
[INFO] [stdout]   14:     0x5688317c856b - test[9d35eded1c95d3be]::__rust_begin_short_backtrace::<core[df12db4294e9bfd3]::result::Result<(), alloc[2182bb758b4b3781]::string::String>, fn() -> core[df12db4294e9bfd3]::result::Result<(), alloc[2182bb758b4b3781]::string::String>>
[INFO] [stdout]   15:     0x5688317d5bd5 - test[9d35eded1c95d3be]::run_test::{closure#0}
[INFO] [stdout]   16:     0x5688317cf494 - std[70759c8f55707aa4]::sys::backtrace::__rust_begin_short_backtrace::<test[9d35eded1c95d3be]::run_test::{closure#1}, ()>
[INFO] [stdout]   17:     0x5688317d8d32 - <std[70759c8f55707aa4]::thread::lifecycle::spawn_unchecked<test[9d35eded1c95d3be]::run_test::{closure#1}, ()>::{closure#1} as core[df12db4294e9bfd3]::ops::function::FnOnce<()>>::call_once::{shim:vtable#0}
[INFO] [stdout]   18:     0x568831847789 - <std[70759c8f55707aa4]::sys::thread::unix::Thread>::new::thread_start
[INFO] [stdout]   19:     0x7fe7170b7dfa - <unknown>
[INFO] [stdout]   20:     0x7fe71714b3d4 - clone
[INFO] [stdout]   21:                0x0 - <unknown>
[INFO] [stdout] 
[INFO] [stdout] ---- partial_kwarg_in_render_completes_builder_methods stdout ----
[INFO] [stdout] 
[INFO] [stdout] thread 'partial_kwarg_in_render_completes_builder_methods' (552) panicked at tests/ra_completion.rs:543:40:
[INFO] [stdout] provision rust-analyzer: "curl failed (exit ExitStatus(unix_wait_status(1536))) — check that `2026-05-18` is a real rust-analyzer release tag and your network is reachable"
[INFO] [stdout] stack backtrace:
[INFO] [stdout]    0:     0x5688318480a1 - <<std[70759c8f55707aa4]::sys::backtrace::BacktraceLock>::print::DisplayBacktrace as core[df12db4294e9bfd3]::fmt::Display>::fmt
[INFO] [stdout]    1:     0x56883185d8ba - core[df12db4294e9bfd3]::fmt::write
[INFO] [stdout]    2:     0x56883184c61c - <alloc[2182bb758b4b3781]::vec::Vec<u8> as core[df12db4294e9bfd3]::io::write::Write>::write_fmt
[INFO] [stdout]    3:     0x568831822e16 - std[70759c8f55707aa4]::panicking::default_hook::{closure#0}
[INFO] [stdout]    4:     0x5688318401e9 - std[70759c8f55707aa4]::panicking::default_hook
[INFO] [stdout]    5:     0x5688317d5280 - test[9d35eded1c95d3be]::test_main_inner::<test[9d35eded1c95d3be]::test_main_static::{closure#0}>::{closure#0}
[INFO] [stdout]    6:     0x5688318403a2 - std[70759c8f55707aa4]::panicking::panic_with_hook
[INFO] [stdout]    7:     0x568831822ec2 - std[70759c8f55707aa4]::panicking::panic_handler::{closure#0}
[INFO] [stdout]    8:     0x56883181bac9 - std[70759c8f55707aa4]::sys::backtrace::__rust_end_short_backtrace::<std[70759c8f55707aa4]::panicking::panic_handler::{closure#0}, !>
[INFO] [stdout]    9:     0x568831823c6d - __rustc[8fa7c3cbc660c2b3]::rust_begin_unwind
[INFO] [stdout]   10:     0x56883185dfec - core[df12db4294e9bfd3]::panicking::panic_fmt
[INFO] [stdout]   11:     0x56883185ddc2 - core[df12db4294e9bfd3]::result::unwrap_failed
[INFO] [stdout]   12:     0x5688317bcd21 - ra_completion[95c89d1ea0c0eb32]::run_probe
[INFO] [stdout]   13:     0x5688317bee76 - <ra_completion[95c89d1ea0c0eb32]::partial_kwarg_in_render_completes_builder_methods::{closure#0} as core[df12db4294e9bfd3]::ops::function::FnOnce<()>>::call_once
[INFO] [stdout]   14:     0x5688317c856b - test[9d35eded1c95d3be]::__rust_begin_short_backtrace::<core[df12db4294e9bfd3]::result::Result<(), alloc[2182bb758b4b3781]::string::String>, fn() -> core[df12db4294e9bfd3]::result::Result<(), alloc[2182bb758b4b3781]::string::String>>
[INFO] [stdout]   15:     0x5688317d5bd5 - test[9d35eded1c95d3be]::run_test::{closure#0}
[INFO] [stdout]   16:     0x5688317cf494 - std[70759c8f55707aa4]::sys::backtrace::__rust_begin_short_backtrace::<test[9d35eded1c95d3be]::run_test::{closure#1}, ()>
[INFO] [stdout]   17:     0x5688317d8d32 - <std[70759c8f55707aa4]::thread::lifecycle::spawn_unchecked<test[9d35eded1c95d3be]::run_test::{closure#1}, ()>::{closure#1} as core[df12db4294e9bfd3]::ops::function::FnOnce<()>>::call_once::{shim:vtable#0}
[INFO] [stdout]   18:     0x568831847789 - <std[70759c8f55707aa4]::sys::thread::unix::Thread>::new::thread_start
[INFO] [stdout]   19:     0x7fe7170b7dfa - <unknown>
[INFO] [stdout]   20:     0x7fe71714b3d4 - clone
[INFO] [stdout]   21:                0x0 - <unknown>
[INFO] [stdout] 
[INFO] [stdout] ---- partial_user_component_completes_to_pascal_case_alias stdout ----
[INFO] [stdout] 
[INFO] [stdout] thread 'partial_user_component_completes_to_pascal_case_alias' (556) panicked at tests/ra_completion.rs:543:40:
[INFO] [stdout] provision rust-analyzer: "curl failed (exit ExitStatus(unix_wait_status(1536))) — check that `2026-05-18` is a real rust-analyzer release tag and your network is reachable"
[INFO] [stdout] stack backtrace:
[INFO] [stdout]    0:     0x5688318480a1 - <<std[70759c8f55707aa4]::sys::backtrace::BacktraceLock>::print::DisplayBacktrace as core[df12db4294e9bfd3]::fmt::Display>::fmt
[INFO] [stdout]    1:     0x56883185d8ba - core[df12db4294e9bfd3]::fmt::write
[INFO] [stdout]    2:     0x56883184c61c - <alloc[2182bb758b4b3781]::vec::Vec<u8> as core[df12db4294e9bfd3]::io::write::Write>::write_fmt
[INFO] [stdout]    3:     0x568831822e16 - std[70759c8f55707aa4]::panicking::default_hook::{closure#0}
[INFO] [stdout]    4:     0x5688318401e9 - std[70759c8f55707aa4]::panicking::default_hook
[INFO] [stdout]    5:     0x5688317d5280 - test[9d35eded1c95d3be]::test_main_inner::<test[9d35eded1c95d3be]::test_main_static::{closure#0}>::{closure#0}
[INFO] [stdout]    6:     0x5688318403a2 - std[70759c8f55707aa4]::panicking::panic_with_hook
[INFO] [stdout]    7:     0x568831822ec2 - std[70759c8f55707aa4]::panicking::panic_handler::{closure#0}
[INFO] [stdout]    8:     0x56883181bac9 - std[70759c8f55707aa4]::sys::backtrace::__rust_end_short_backtrace::<std[70759c8f55707aa4]::panicking::panic_handler::{closure#0}, !>
[INFO] [stdout]    9:     0x568831823c6d - __rustc[8fa7c3cbc660c2b3]::rust_begin_unwind
[INFO] [stdout]   10:     0x56883185dfec - core[df12db4294e9bfd3]::panicking::panic_fmt
[INFO] [stdout]   11:     0x56883185ddc2 - core[df12db4294e9bfd3]::result::unwrap_failed
[INFO] [stdout]   12:     0x5688317bcd21 - ra_completion[95c89d1ea0c0eb32]::run_probe
[INFO] [stdout]   13:     0x5688317bf336 - <ra_completion[95c89d1ea0c0eb32]::partial_user_component_completes_to_pascal_case_alias::{closure#0} as core[df12db4294e9bfd3]::ops::function::FnOnce<()>>::call_once
[INFO] [stdout]   14:     0x5688317c856b - test[9d35eded1c95d3be]::__rust_begin_short_backtrace::<core[df12db4294e9bfd3]::result::Result<(), alloc[2182bb758b4b3781]::string::String>, fn() -> core[df12db4294e9bfd3]::result::Result<(), alloc[2182bb758b4b3781]::string::String>>
[INFO] [stdout]   15:     0x5688317d5bd5 - test[9d35eded1c95d3be]::run_test::{closure#0}
[INFO] [stdout]   16:     0x5688317cf494 - std[70759c8f55707aa4]::sys::backtrace::__rust_begin_short_backtrace::<test[9d35eded1c95d3be]::run_test::{closure#1}, ()>
[INFO] [stdout]   17:     0x5688317d8d32 - <std[70759c8f55707aa4]::thread::lifecycle::spawn_unchecked<test[9d35eded1c95d3be]::run_test::{closure#1}, ()>::{closure#1} as core[df12db4294e9bfd3]::ops::function::FnOnce<()>>::call_once::{shim:vtable#0}
[INFO] [stdout]   18:     0x568831847789 - <std[70759c8f55707aa4]::sys::thread::unix::Thread>::new::thread_start
[INFO] [stdout]   19:     0x7fe7170b7dfa - <unknown>
[INFO] [stdout]   20:     0x7fe71714b3d4 - clone
[INFO] [stdout]   21:                0x0 - <unknown>
[INFO] [stdout] 
[INFO] [stdout] ---- partial_tag_name_in_children_block_completes_to_builtin_view stdout ----
[INFO] [stdout] 
[INFO] [stdout] thread 'partial_tag_name_in_children_block_completes_to_builtin_view' (555) panicked at tests/ra_completion.rs:543:40:
[INFO] [stdout] provision rust-analyzer: "curl failed (exit ExitStatus(unix_wait_status(1536))) — check that `2026-05-18` is a real rust-analyzer release tag and your network is reachable"
[INFO] [stdout] stack backtrace:
[INFO] [stdout]    0:     0x5688318480a1 - <<std[70759c8f55707aa4]::sys::backtrace::BacktraceLock>::print::DisplayBacktrace as core[df12db4294e9bfd3]::fmt::Display>::fmt
[INFO] [stdout]    1:     0x56883185d8ba - core[df12db4294e9bfd3]::fmt::write
[INFO] [stdout]    2:     0x56883184c61c - <alloc[2182bb758b4b3781]::vec::Vec<u8> as core[df12db4294e9bfd3]::io::write::Write>::write_fmt
[INFO] [stdout]    3:     0x568831822e16 - std[70759c8f55707aa4]::panicking::default_hook::{closure#0}
[INFO] [stdout]    4:     0x5688318401e9 - std[70759c8f55707aa4]::panicking::default_hook
[INFO] [stdout]    5:     0x5688317d5280 - test[9d35eded1c95d3be]::test_main_inner::<test[9d35eded1c95d3be]::test_main_static::{closure#0}>::{closure#0}
[INFO] [stdout]    6:     0x5688318403a2 - std[70759c8f55707aa4]::panicking::panic_with_hook
[INFO] [stdout]    7:     0x568831822ec2 - std[70759c8f55707aa4]::panicking::panic_handler::{closure#0}
[INFO] [stdout]    8:     0x56883181bac9 - std[70759c8f55707aa4]::sys::backtrace::__rust_end_short_backtrace::<std[70759c8f55707aa4]::panicking::panic_handler::{closure#0}, !>
[INFO] [stdout]    9:     0x568831823c6d - __rustc[8fa7c3cbc660c2b3]::rust_begin_unwind
[INFO] [stdout]   10:     0x56883185dfec - core[df12db4294e9bfd3]::panicking::panic_fmt
[INFO] [stdout]   11:     0x56883185ddc2 - core[df12db4294e9bfd3]::result::unwrap_failed
[INFO] [stdout]   12:     0x5688317bcd21 - ra_completion[95c89d1ea0c0eb32]::run_probe
[INFO] [stdout]   13:     0x5688317bfa56 - <ra_completion[95c89d1ea0c0eb32]::partial_tag_name_in_children_block_completes_to_builtin_view::{closure#0} as core[df12db4294e9bfd3]::ops::function::FnOnce<()>>::call_once
[INFO] [stdout]   14:     0x5688317c856b - test[9d35eded1c95d3be]::__rust_begin_short_backtrace::<core[df12db4294e9bfd3]::result::Result<(), alloc[2182bb758b4b3781]::string::String>, fn() -> core[df12db4294e9bfd3]::result::Result<(), alloc[2182bb758b4b3781]::string::String>>
[INFO] [stdout]   15:     0x5688317d5bd5 - test[9d35eded1c95d3be]::run_test::{closure#0}
[INFO] [stdout]   16:     0x5688317cf494 - std[70759c8f55707aa4]::sys::backtrace::__rust_begin_short_backtrace::<test[9d35eded1c95d3be]::run_test::{closure#1}, ()>
[INFO] [stdout]   17:     0x5688317d8d32 - <std[70759c8f55707aa4]::thread::lifecycle::spawn_unchecked<test[9d35eded1c95d3be]::run_test::{closure#1}, ()>::{closure#1} as core[df12db4294e9bfd3]::ops::function::FnOnce<()>>::call_once::{shim:vtable#0}
[INFO] [stdout]   18:     0x568831847789 - <std[70759c8f55707aa4]::sys::thread::unix::Thread>::new::thread_start
[INFO] [stdout]   19:     0x7fe7170b7dfa - <unknown>
[INFO] [stdout]   20:     0x7fe71714b3d4 - clone
[INFO] [stdout]   21:                0x0 - <unknown>
[INFO] [stdout] 
[INFO] [stdout] ---- partial_tag_name_at_root_completes_to_builtin_view stdout ----
[INFO] [stdout] [ra_completion] downloading https://github.com/rust-lang/rust-analyzer/releases/download/2026-05-18/rust-analyzer-x86_64-unknown-linux-gnu.gz
[INFO] [stdout] 
[INFO] [stdout] thread 'partial_tag_name_at_root_completes_to_builtin_view' (554) panicked at tests/ra_completion.rs:543:40:
[INFO] [stdout] provision rust-analyzer: "curl failed (exit ExitStatus(unix_wait_status(1536))) — check that `2026-05-18` is a real rust-analyzer release tag and your network is reachable"
[INFO] [stdout] stack backtrace:
[INFO] [stdout]    0:     0x5688318480a1 - <<std[70759c8f55707aa4]::sys::backtrace::BacktraceLock>::print::DisplayBacktrace as core[df12db4294e9bfd3]::fmt::Display>::fmt
[INFO] [stdout]    1:     0x56883185d8ba - core[df12db4294e9bfd3]::fmt::write
[INFO] [stdout]    2:     0x56883184c61c - <alloc[2182bb758b4b3781]::vec::Vec<u8> as core[df12db4294e9bfd3]::io::write::Write>::write_fmt
[INFO] [stdout]    3:     0x568831822e16 - std[70759c8f55707aa4]::panicking::default_hook::{closure#0}
[INFO] [stdout]    4:     0x5688318401e9 - std[70759c8f55707aa4]::panicking::default_hook
[INFO] [stdout]    5:     0x5688317d5280 - test[9d35eded1c95d3be]::test_main_inner::<test[9d35eded1c95d3be]::test_main_static::{closure#0}>::{closure#0}
[INFO] [stdout]    6:     0x5688318403a2 - std[70759c8f55707aa4]::panicking::panic_with_hook
[INFO] [stdout]    7:     0x568831822ec2 - std[70759c8f55707aa4]::panicking::panic_handler::{closure#0}
[INFO] [stdout]    8:     0x56883181bac9 - std[70759c8f55707aa4]::sys::backtrace::__rust_end_short_backtrace::<std[70759c8f55707aa4]::panicking::panic_handler::{closure#0}, !>
[INFO] [stdout]    9:     0x568831823c6d - __rustc[8fa7c3cbc660c2b3]::rust_begin_unwind
[INFO] [stdout]   10:     0x56883185dfec - core[df12db4294e9bfd3]::panicking::panic_fmt
[INFO] [stdout]   11:     0x56883185ddc2 - core[df12db4294e9bfd3]::result::unwrap_failed
[INFO] [stdout]   12:     0x5688317bcd21 - ra_completion[95c89d1ea0c0eb32]::run_probe
[INFO] [stdout]   13:     0x5688317bf006 - <ra_completion[95c89d1ea0c0eb32]::partial_tag_name_at_root_completes_to_builtin_view::{closure#0} as core[df12db4294e9bfd3]::ops::function::FnOnce<()>>::call_once
[INFO] [stdout]   14:     0x5688317c856b - test[9d35eded1c95d3be]::__rust_begin_short_backtrace::<core[df12db4294e9bfd3]::result::Result<(), alloc[2182bb758b4b3781]::string::String>, fn() -> core[df12db4294e9bfd3]::result::Result<(), alloc[2182bb758b4b3781]::string::String>>
[INFO] [stdout]   15:     0x5688317d5bd5 - test[9d35eded1c95d3be]::run_test::{closure#0}
[INFO] [stdout]   16:     0x5688317cf494 - std[70759c8f55707aa4]::sys::backtrace::__rust_begin_short_backtrace::<test[9d35eded1c95d3be]::run_test::{closure#1}, ()>
[INFO] [stdout]   17:     0x5688317d8d32 - <std[70759c8f55707aa4]::thread::lifecycle::spawn_unchecked<test[9d35eded1c95d3be]::run_test::{closure#1}, ()>::{closure#1} as core[df12db4294e9bfd3]::ops::function::FnOnce<()>>::call_once::{shim:vtable#0}
[INFO] [stdout]   18:     0x568831847789 - <std[70759c8f55707aa4]::sys::thread::unix::Thread>::new::thread_start
[INFO] [stdout]   19:     0x7fe7170b7dfa - <unknown>
[INFO] [stdout]   20:     0x7fe71714b3d4 - clone
[INFO] [stdout]   21:                0x0 - <unknown>
[INFO] [stdout] 
[INFO] [stdout] ---- longer_prefix_does_not_surface_builder_via_autoimport stdout ----
[INFO] [stdout] 
[INFO] [stdout] thread 'longer_prefix_does_not_surface_builder_via_autoimport' (550) panicked at tests/ra_completion.rs:543:40:
[INFO] [stdout] provision rust-analyzer: "curl failed (exit ExitStatus(unix_wait_status(1536))) — check that `2026-05-18` is a real rust-analyzer release tag and your network is reachable"
[INFO] [stdout] stack backtrace:
[INFO] [stdout]    0:     0x5688318480a1 - <<std[70759c8f55707aa4]::sys::backtrace::BacktraceLock>::print::DisplayBacktrace as core[df12db4294e9bfd3]::fmt::Display>::fmt
[INFO] [stdout]    1:     0x56883185d8ba - core[df12db4294e9bfd3]::fmt::write
[INFO] [stdout]    2:     0x56883184c61c - <alloc[2182bb758b4b3781]::vec::Vec<u8> as core[df12db4294e9bfd3]::io::write::Write>::write_fmt
[INFO] [stdout]    3:     0x568831822e16 - std[70759c8f55707aa4]::panicking::default_hook::{closure#0}
[INFO] [stdout]    4:     0x5688318401e9 - std[70759c8f55707aa4]::panicking::default_hook
[INFO] [stdout]    5:     0x5688317d5280 - test[9d35eded1c95d3be]::test_main_inner::<test[9d35eded1c95d3be]::test_main_static::{closure#0}>::{closure#0}
[INFO] [stdout]    6:     0x5688318403a2 - std[70759c8f55707aa4]::panicking::panic_with_hook
[INFO] [stdout]    7:     0x568831822ec2 - std[70759c8f55707aa4]::panicking::panic_handler::{closure#0}
[INFO] [stdout]    8:     0x56883181bac9 - std[70759c8f55707aa4]::sys::backtrace::__rust_end_short_backtrace::<std[70759c8f55707aa4]::panicking::panic_handler::{closure#0}, !>
[INFO] [stdout]    9:     0x568831823c6d - __rustc[8fa7c3cbc660c2b3]::rust_begin_unwind
[INFO] [stdout]   10:     0x56883185dfec - core[df12db4294e9bfd3]::panicking::panic_fmt
[INFO] [stdout]   11:     0x56883185ddc2 - core[df12db4294e9bfd3]::result::unwrap_failed
[INFO] [stdout]   12:     0x5688317bcd21 - ra_completion[95c89d1ea0c0eb32]::run_probe
[INFO] [stdout]   13:     0x5688317bf182 - <ra_completion[95c89d1ea0c0eb32]::longer_prefix_does_not_surface_builder_via_autoimport::{closure#0} as core[df12db4294e9bfd3]::ops::function::FnOnce<()>>::call_once
[INFO] [stdout]   14:     0x5688317c856b - test[9d35eded1c95d3be]::__rust_begin_short_backtrace::<core[df12db4294e9bfd3]::result::Result<(), alloc[2182bb758b4b3781]::string::String>, fn() -> core[df12db4294e9bfd3]::result::Result<(), alloc[2182bb758b4b3781]::string::String>>
[INFO] [stdout]   15:     0x5688317d5bd5 - test[9d35eded1c95d3be]::run_test::{closure#0}
[INFO] [stdout]   16:     0x5688317cf494 - std[70759c8f55707aa4]::sys::backtrace::__rust_begin_short_backtrace::<test[9d35eded1c95d3be]::run_test::{closure#1}, ()>
[INFO] [stdout]   17:     0x5688317d8d32 - <std[70759c8f55707aa4]::thread::lifecycle::spawn_unchecked<test[9d35eded1c95d3be]::run_test::{closure#1}, ()>::{closure#1} as core[df12db4294e9bfd3]::ops::function::FnOnce<()>>::call_once::{shim:vtable#0}
[INFO] [stdout]   18:     0x568831847789 - <std[70759c8f55707aa4]::sys::thread::unix::Thread>::new::thread_start
[INFO] [stdout]   19:     0x7fe7170b7dfa - <unknown>
[INFO] [stdout]   20:     0x7fe71714b3d4 - clone
[INFO] [stdout]   21:                0x0 - <unknown>
[INFO] [stdout] 
[INFO] [stdout] ---- partial_kwarg_in_compose_completes_the_same_builder_methods stdout ----
[INFO] [stdout] 
[INFO] [stdout] thread 'partial_kwarg_in_compose_completes_the_same_builder_methods' (551) panicked at tests/ra_completion.rs:543:40:
[INFO] [stdout] provision rust-analyzer: "curl failed (exit ExitStatus(unix_wait_status(1536))) — check that `2026-05-18` is a real rust-analyzer release tag and your network is reachable"
[INFO] [stdout] stack backtrace:
[INFO] [stdout]    0:     0x5688318480a1 - <<std[70759c8f55707aa4]::sys::backtrace::BacktraceLock>::print::DisplayBacktrace as core[df12db4294e9bfd3]::fmt::Display>::fmt
[INFO] [stdout]    1:     0x56883185d8ba - core[df12db4294e9bfd3]::fmt::write
[INFO] [stdout]    2:     0x56883184c61c - <alloc[2182bb758b4b3781]::vec::Vec<u8> as core[df12db4294e9bfd3]::io::write::Write>::write_fmt
[INFO] [stdout]    3:     0x568831822e16 - std[70759c8f55707aa4]::panicking::default_hook::{closure#0}
[INFO] [stdout]    4:     0x5688318401e9 - std[70759c8f55707aa4]::panicking::default_hook
[INFO] [stdout]    5:     0x5688317d5280 - test[9d35eded1c95d3be]::test_main_inner::<test[9d35eded1c95d3be]::test_main_static::{closure#0}>::{closure#0}
[INFO] [stdout]    6:     0x5688318403a2 - std[70759c8f55707aa4]::panicking::panic_with_hook
[INFO] [stdout]    7:     0x568831822ec2 - std[70759c8f55707aa4]::panicking::panic_handler::{closure#0}
[INFO] [stdout]    8:     0x56883181bac9 - std[70759c8f55707aa4]::sys::backtrace::__rust_end_short_backtrace::<std[70759c8f55707aa4]::panicking::panic_handler::{closure#0}, !>
[INFO] [stdout]    9:     0x568831823c6d - __rustc[8fa7c3cbc660c2b3]::rust_begin_unwind
[INFO] [stdout]   10:     0x56883185dfec - core[df12db4294e9bfd3]::panicking::panic_fmt
[INFO] [stdout]   11:     0x56883185ddc2 - core[df12db4294e9bfd3]::result::unwrap_failed
[INFO] [stdout]   12:     0x5688317bcd21 - ra_completion[95c89d1ea0c0eb32]::run_probe
[INFO] [stdout]   13:     0x5688317bf946 - <ra_completion[95c89d1ea0c0eb32]::partial_kwarg_in_compose_completes_the_same_builder_methods::{closure#0} as core[df12db4294e9bfd3]::ops::function::FnOnce<()>>::call_once
[INFO] [stdout]   14:     0x5688317c856b - test[9d35eded1c95d3be]::__rust_begin_short_backtrace::<core[df12db4294e9bfd3]::result::Result<(), alloc[2182bb758b4b3781]::string::String>, fn() -> core[df12db4294e9bfd3]::result::Result<(), alloc[2182bb758b4b3781]::string::String>>
[INFO] [stdout]   15:     0x5688317d5bd5 - test[9d35eded1c95d3be]::run_test::{closure#0}
[INFO] [stdout]   16:     0x5688317cf494 - std[70759c8f55707aa4]::sys::backtrace::__rust_begin_short_backtrace::<test[9d35eded1c95d3be]::run_test::{closure#1}, ()>
[INFO] [stdout]   17:     0x5688317d8d32 - <std[70759c8f55707aa4]::thread::lifecycle::spawn_unchecked<test[9d35eded1c95d3be]::run_test::{closure#1}, ()>::{closure#1} as core[df12db4294e9bfd3]::ops::function::FnOnce<()>>::call_once::{shim:vtable#0}
[INFO] [stdout]   18:     0x568831847789 - <std[70759c8f55707aa4]::sys::thread::unix::Thread>::new::thread_start
[INFO] [stdout]   19:     0x7fe7170b7dfa - <unknown>
[INFO] [stdout]   20:     0x7fe71714b3d4 - clone
[INFO] [stdout]   21:                0x0 - <unknown>
[INFO] [stdout] 
[INFO] [stdout] ---- short_prefix_user_component_does_not_leak_builder_helpers stdout ----
[INFO] [stdout] 
[INFO] [stdout] thread 'short_prefix_user_component_does_not_leak_builder_helpers' (560) panicked at tests/ra_completion.rs:543:40:
[INFO] [stdout] provision rust-analyzer: "curl failed (exit ExitStatus(unix_wait_status(1536))) — check that `2026-05-18` is a real rust-analyzer release tag and your network is reachable"
[INFO] [stdout] stack backtrace:
[INFO] [stdout]    0:     0x5688318480a1 - <<std[70759c8f55707aa4]::sys::backtrace::BacktraceLock>::print::DisplayBacktrace as core[df12db4294e9bfd3]::fmt::Display>::fmt
[INFO] [stdout]    1:     0x56883185d8ba - core[df12db4294e9bfd3]::fmt::write
[INFO] [stdout]    2:     0x56883184c61c - <alloc[2182bb758b4b3781]::vec::Vec<u8> as core[df12db4294e9bfd3]::io::write::Write>::write_fmt
[INFO] [stdout]    3:     0x568831822e16 - std[70759c8f55707aa4]::panicking::default_hook::{closure#0}
[INFO] [stdout]    4:     0x5688318401e9 - std[70759c8f55707aa4]::panicking::default_hook
[INFO] [stdout]    5:     0x5688317d5280 - test[9d35eded1c95d3be]::test_main_inner::<test[9d35eded1c95d3be]::test_main_static::{closure#0}>::{closure#0}
[INFO] [stdout]    6:     0x5688318403a2 - std[70759c8f55707aa4]::panicking::panic_with_hook
[INFO] [stdout]    7:     0x568831822ec2 - std[70759c8f55707aa4]::panicking::panic_handler::{closure#0}
[INFO] [stdout]    8:     0x56883181bac9 - std[70759c8f55707aa4]::sys::backtrace::__rust_end_short_backtrace::<std[70759c8f55707aa4]::panicking::panic_handler::{closure#0}, !>
[INFO] [stdout]    9:     0x568831823c6d - __rustc[8fa7c3cbc660c2b3]::rust_begin_unwind
[INFO] [stdout]   10:     0x56883185dfec - core[df12db4294e9bfd3]::panicking::panic_fmt
[INFO] [stdout]   11:     0x56883185ddc2 - core[df12db4294e9bfd3]::result::unwrap_failed
[INFO] [stdout]   12:     0x5688317bcd21 - ra_completion[95c89d1ea0c0eb32]::run_probe
[INFO] [stdout]   13:     0x5688317bf792 - <ra_completion[95c89d1ea0c0eb32]::short_prefix_user_component_does_not_leak_builder_helpers::{closure#0} as core[df12db4294e9bfd3]::ops::function::FnOnce<()>>::call_once
[INFO] [stdout]   14:     0x5688317c856b - test[9d35eded1c95d3be]::__rust_begin_short_backtrace::<core[df12db4294e9bfd3]::result::Result<(), alloc[2182bb758b4b3781]::string::String>, fn() -> core[df12db4294e9bfd3]::result::Result<(), alloc[2182bb758b4b3781]::string::String>>
[INFO] [stdout]   15:     0x5688317d5bd5 - test[9d35eded1c95d3be]::run_test::{closure#0}
[INFO] [stdout]   16:     0x5688317cf494 - std[70759c8f55707aa4]::sys::backtrace::__rust_begin_short_backtrace::<test[9d35eded1c95d3be]::run_test::{closure#1}, ()>
[INFO] [stdout]   17:     0x5688317d8d32 - <std[70759c8f55707aa4]::thread::lifecycle::spawn_unchecked<test[9d35eded1c95d3be]::run_test::{closure#1}, ()>::{closure#1} as core[df12db4294e9bfd3]::ops::function::FnOnce<()>>::call_once::{shim:vtable#0}
[INFO] [stdout]   18:     0x568831847789 - <std[70759c8f55707aa4]::sys::thread::unix::Thread>::new::thread_start
[INFO] [stdout]   19:     0x7fe7170b7dfa - <unknown>
[INFO] [stdout]   20:     0x7fe71714b3d4 - clone
[INFO] [stdout]   21:                0x0 - <unknown>
[INFO] [stdout] 
[INFO] [stdout] 
[INFO] [stdout] failures:
[INFO] [stdout]     longer_prefix_does_not_surface_builder_via_autoimport
[INFO] [stdout]     partial_kwarg_in_compose_completes_the_same_builder_methods
[INFO] [stdout]     partial_kwarg_in_render_completes_builder_methods
[INFO] [stdout]     partial_kwarg_inside_component_body_completes_builder_methods
[INFO] [stdout]     partial_tag_name_at_root_completes_to_builtin_view
[INFO] [stdout]     partial_tag_name_in_children_block_completes_to_builtin_view
[INFO] [stdout]     partial_user_component_completes_to_pascal_case_alias
[INFO] [stdout]     props_builder_helper_types_are_hidden_from_completion
[INFO] [stdout]     short_prefix_user_component_does_not_leak_builder_helpers
[INFO] [stdout] 
[INFO] [stdout] test result: FAILED. 0 passed; 9 failed; 0 ignored; 0 measured; 0 filtered out; finished in 0.10s
[INFO] [stdout] 
[INFO] [stderr] error: test failed, to rerun pass `--test ra_completion`
[INFO] running `Command { std: "docker" "inspect" "e5c37b899e2b34bb0245da805f0e26a116039800d7e7563600014aaa87688b1f", kill_on_drop: false }`
[INFO] running `Command { std: "docker" "rm" "-f" "e5c37b899e2b34bb0245da805f0e26a116039800d7e7563600014aaa87688b1f", kill_on_drop: false }`
[INFO] [stdout] e5c37b899e2b34bb0245da805f0e26a116039800d7e7563600014aaa87688b1f
