[INFO] fetching crate whisker-build 0.15.4...
[INFO] testing whisker-build-0.15.4 against 1.100.0-beta.1+cargoflags=--release for beta-release-1.100-2
[INFO] extracting crate whisker-build 0.15.4 into /workspace/builds/worker-6-tc2/source
[INFO] started tweaking crates.io crate whisker-build 0.15.4
[INFO] removed 0 missing tests
[INFO] finished tweaking crates.io crate whisker-build 0.15.4
[INFO] tweaked toml for crates.io crate whisker-build 0.15.4 written to /workspace/builds/worker-6-tc2/source/Cargo.toml
[INFO] validating manifest of crates.io crate whisker-build 0.15.4 on toolchain 1.100.0-beta.1
[INFO] running `Command { std: CARGO_HOME="/workspace/cargo-home" RUSTUP_HOME="/workspace/rustup-home" "/workspace/cargo-home/bin/cargo" "+1.100.0-beta.1" "metadata" "--manifest-path" "Cargo.toml" "--no-deps", kill_on_drop: false }`
[INFO] crate crates.io crate whisker-build 0.15.4 already has a lockfile, it will not be regenerated
[INFO] running `Command { std: CARGO_HOME="/workspace/cargo-home" RUSTUP_HOME="/workspace/rustup-home" "/workspace/cargo-home/bin/cargo" "+1.100.0-beta.1" "fetch" "--manifest-path" "Cargo.toml", kill_on_drop: false }`
[INFO] running `Command { std: "docker" "create" "-v" "/var/lib/crater-agent-workspace/builds/worker-6-tc2/source:/opt/rustwide/workdir:ro,Z" "-v" "/var/lib/crater-agent-workspace/builds/worker-6-tc2/target:/opt/rustwide/target:rw,Z" "-v" "/var/lib/crater-agent-workspace/cargo-home:/opt/rustwide/cargo-home:ro,Z" "-v" "/var/lib/crater-agent-workspace/rustup-home:/opt/rustwide/rustup-home:ro,Z" "-m" "1610612736" "--network" "none" "ghcr.io/rust-lang/crates-build-env/linux@sha256:77db811e55d90add9212f6832c23229e3de5f1c1f9905e8cb07319ea15df73ac" "sleep" "infinity", kill_on_drop: false }`
[INFO] [stdout] daf4601a0b1c64f4d0d1f02c04907d7f77ac455f6f8c8a014bc825a09bff7a85
[INFO] running `Command { std: "docker" "start" "daf4601a0b1c64f4d0d1f02c04907d7f77ac455f6f8c8a014bc825a09bff7a85", kill_on_drop: false }`
[INFO] running `Command { std: "docker" "inspect" "daf4601a0b1c64f4d0d1f02c04907d7f77ac455f6f8c8a014bc825a09bff7a85", kill_on_drop: false }`
[INFO] running `Command { std: "docker" "exec" "-e" "SOURCE_DIR=/opt/rustwide/workdir" "-e" "CARGO_HOME=/opt/rustwide/cargo-home" "-e" "RUSTUP_HOME=/opt/rustwide/rustup-home" "-e" "CARGO_TARGET_DIR=/opt/rustwide/target" "-w" "/opt/rustwide/workdir" "--user" "0:0" "daf4601a0b1c64f4d0d1f02c04907d7f77ac455f6f8c8a014bc825a09bff7a85" "/opt/rustwide/cargo-home/bin/cargo" "+1.100.0-beta.1" "metadata" "--no-deps" "--format-version=1", kill_on_drop: false }`
[INFO] running `Command { std: "docker" "inspect" "daf4601a0b1c64f4d0d1f02c04907d7f77ac455f6f8c8a014bc825a09bff7a85", kill_on_drop: false }`
[INFO] running `Command { std: "docker" "exec" "-e" "SOURCE_DIR=/opt/rustwide/workdir" "-e" "CARGO_HOME=/opt/rustwide/cargo-home" "-e" "RUSTUP_HOME=/opt/rustwide/rustup-home" "-e" "CARGO_TARGET_DIR=/opt/rustwide/target" "-e" "CARGO_INCREMENTAL=0" "-e" "RUST_BACKTRACE=full" "-e" "RUSTFLAGS=--cap-lints=warn" "-e" "RUSTDOCFLAGS=--cap-lints=warn" "-w" "/opt/rustwide/workdir" "--user" "0:0" "daf4601a0b1c64f4d0d1f02c04907d7f77ac455f6f8c8a014bc825a09bff7a85" "/opt/rustwide/cargo-home/bin/cargo" "+1.100.0-beta.1" "build" "--frozen" "--message-format=json" "--release", kill_on_drop: false }`
[INFO] [stderr]    Compiling serde_json v1.0.151
[INFO] [stderr]    Compiling generic-array v0.14.9
[INFO] [stderr]    Compiling either v1.18.0
[INFO] [stderr]    Compiling syn v3.0.5
[INFO] [stderr]    Compiling indexmap v2.14.2
[INFO] [stderr]    Compiling syn v2.0.119
[INFO] [stderr]    Compiling semver v1.0.28
[INFO] [stderr]    Compiling camino v1.2.5
[INFO] [stderr]    Compiling hashbrown v0.16.1
[INFO] [stderr]    Compiling crc32fast v1.5.1
[INFO] [stderr]    Compiling wasm-bindgen-shared v0.2.127
[INFO] [stderr]    Compiling portable-atomic v1.15.0
[INFO] [stderr]    Compiling fallible-iterator v0.3.0
[INFO] [stderr]    Compiling stable_deref_trait v1.2.1
[INFO] [stderr]    Compiling leb128fmt v0.1.0
[INFO] [stderr]    Compiling moxcms v0.8.1
[INFO] [stderr]    Compiling time v0.3.55
[INFO] [stderr]    Compiling wasm-encoder v0.245.1
[INFO] [stderr]    Compiling flate2 v1.1.10
[INFO] [stderr]    Compiling quick-xml v0.42.0
[INFO] [stderr]    Compiling rayon v1.12.0
[INFO] [stderr]    Compiling bytemuck v1.25.2
[INFO] [stderr]    Compiling unicode-width v0.2.0
[INFO] [stderr]    Compiling leb128 v0.2.7
[INFO] [stderr]    Compiling console v0.15.11
[INFO] [stderr]    Compiling png v0.18.1
[INFO] [stderr]    Compiling block-buffer v0.10.4
[INFO] [stderr]    Compiling crypto-common v0.1.6
[INFO] [stderr]    Compiling digest v0.10.7
[INFO] [stderr]    Compiling sha2 v0.10.9
[INFO] [stderr]    Compiling gimli v0.32.3
[INFO] [stderr]    Compiling indicatif v0.17.11
[INFO] [stderr]    Compiling serde_derive v1.0.229
[INFO] [stderr]    Compiling thiserror-impl v1.0.69
[INFO] [stderr]    Compiling walrus-macro v0.26.0
[INFO] [stderr]    Compiling plist v1.10.1
[INFO] [stderr]    Compiling thiserror v1.0.69
[INFO] [stderr]    Compiling id-arena v2.3.0
[INFO] [stderr]    Compiling serde v1.0.229
[INFO] [stderr]    Compiling serde_spanned v0.6.9
[INFO] [stderr]    Compiling toml_datetime v0.6.11
[INFO] [stderr]    Compiling cargo-platform v0.1.9
[INFO] [stderr]    Compiling wasmparser v0.245.1
[INFO] [stderr]    Compiling whisker-plugin v0.15.4
[INFO] [stderr]    Compiling cargo_metadata v0.18.1
[INFO] [stderr]    Compiling toml_edit v0.22.27
[INFO] [stderr]    Compiling image v0.25.10
[INFO] [stderr]    Compiling toml v0.8.23
[INFO] [stderr]    Compiling whisker-config v0.15.4
[INFO] [stderr]    Compiling whisker-cng v0.15.4
[INFO] [stderr]    Compiling walrus v0.26.5
[INFO] [stderr]    Compiling wasm-bindgen-cli-support v0.2.127
[INFO] [stderr]    Compiling whisker-build v0.15.4 (/opt/rustwide/workdir)
[INFO] [stderr]     Finished `release` profile [optimized] target(s) in 2m 50s
[INFO] running `Command { std: "docker" "inspect" "daf4601a0b1c64f4d0d1f02c04907d7f77ac455f6f8c8a014bc825a09bff7a85", kill_on_drop: false }`
[INFO] running `Command { std: "docker" "exec" "-e" "SOURCE_DIR=/opt/rustwide/workdir" "-e" "CARGO_HOME=/opt/rustwide/cargo-home" "-e" "RUSTUP_HOME=/opt/rustwide/rustup-home" "-e" "CARGO_TARGET_DIR=/opt/rustwide/target" "-e" "CARGO_INCREMENTAL=0" "-e" "RUST_BACKTRACE=full" "-e" "RUSTFLAGS=--cap-lints=warn" "-e" "RUSTDOCFLAGS=--cap-lints=warn" "-w" "/opt/rustwide/workdir" "--user" "0:0" "daf4601a0b1c64f4d0d1f02c04907d7f77ac455f6f8c8a014bc825a09bff7a85" "/opt/rustwide/cargo-home/bin/cargo" "+1.100.0-beta.1" "test" "--frozen" "--no-run" "--message-format=json" "--release", kill_on_drop: false }`
[INFO] [stderr]    Compiling whisker-build v0.15.4 (/opt/rustwide/workdir)
[INFO] [stderr]     Finished `release` profile [optimized] target(s) in 5.99s
[INFO] running `Command { std: "docker" "inspect" "daf4601a0b1c64f4d0d1f02c04907d7f77ac455f6f8c8a014bc825a09bff7a85", kill_on_drop: false }`
[INFO] running `Command { std: "docker" "exec" "-e" "SOURCE_DIR=/opt/rustwide/workdir" "-e" "CARGO_HOME=/opt/rustwide/cargo-home" "-e" "RUSTUP_HOME=/opt/rustwide/rustup-home" "-e" "CARGO_TARGET_DIR=/opt/rustwide/target" "-e" "CARGO_INCREMENTAL=0" "-e" "RUST_BACKTRACE=full" "-e" "RUSTFLAGS=--cap-lints=warn" "-e" "RUSTDOCFLAGS=--cap-lints=warn" "-w" "/opt/rustwide/workdir" "--user" "0:0" "daf4601a0b1c64f4d0d1f02c04907d7f77ac455f6f8c8a014bc825a09bff7a85" "/opt/rustwide/cargo-home/bin/cargo" "+1.100.0-beta.1" "test" "--frozen" "--release", kill_on_drop: false }`
[INFO] [stderr]     Finished `release` profile [optimized] target(s) in 0.13s
[INFO] [stderr]      Running unittests src/lib.rs (/opt/rustwide/target/release/build/whisker-build/c8ccbaad228a6acb/out/whisker_build-c8ccbaad228a6acb)
[INFO] [stdout] 
[INFO] [stdout] running 48 tests
[INFO] [stdout] test android::tests::development_profile_optimizes_dependencies_but_not_the_app_crate ... ok
[INFO] [stdout] test android::tests::clang_target_prefix_uses_armv7a_for_armeabi ... ok
[INFO] [stdout] test android::tests::a_file_that_is_not_an_elf_reads_as_unknown ... ok
[INFO] [stdout] test android::tests::hot_reload_builds_are_dylibs_with_or_without_capture ... ok
[INFO] [stdout] test android::tests::android_studio_jdks_cover_system_and_user_installs ... ok
[INFO] [stdout] test capture::tests::all_crates_capture_replaces_only_the_workspace_wrapper ... ok
[INFO] [stdout] test capture::tests::capture_env_vars_emits_workspace_wrapper_and_cache_dirs ... ok
[INFO] [stdout] test capture::tests::target_linker_env_var_uppercases_and_replaces_separators ... ok
[INFO] [stdout] test android::tests::unsigned_apk_is_rejected ... ok
[INFO] [stdout] test capture::tests::capture_env_vars_no_triple_falls_back_to_global_rustflags ... ok
[INFO] [stdout] test capture::tests::capture_env_vars_picks_apple_export_dynamic_for_ios_triples ... ok
[INFO] [stdout] test capture::tests::capture_env_vars_picks_gnu_export_dynamic_for_android_triples ... ok
[INFO] [stdout] test capture::tests::target_rustflags_env_var_matches_cargo_convention ... ok
[INFO] [stdout] test child_guard::tests::guard_registers_then_unregisters ... ok
[INFO] [stdout] test desktop::cross_tests::windows_cargo_links_resources_into_a_real_pe_image ... ignored, requires Windows Rust target, resource compiler and linker
[INFO] [stdout] test ios::tests::ios_platform_major_ignores_a_manifest_without_an_ios_floor ... ok
[INFO] [stdout] test ios::tests::ios_platform_major_reads_the_declared_floor ... ok
[INFO] [stdout] test android::tests::gradle_uses_the_current_whisker_cli_for_nested_builds ... FAILED
[INFO] [stdout] test ios::tests::swift_call_sites_are_all_exported ... ok
[INFO] [stdout] test ios::tests::generated_aggregator_links_the_released_host_runtime_for_consumers ... ok
[INFO] [stdout] test ios::tests::unknown_sdk_errors ... ok
[INFO] [stdout] test ui::tests::cargo_progress_rejects_diagnostics_and_user_output ... ok
[INFO] [stdout] test ios::tests::bridge_exports_have_leading_underscore ... ok
[INFO] [stdout] test child_guard::tests::kill_all_tolerates_stale_pid ... ok
[INFO] [stdout] test ui::tests::cargo_progress_recognised_with_leading_whitespace ... ok
[INFO] [stdout] test ios::tests::generated_entrypoint_registers_the_built_in_element_module ... ok
[INFO] [stdout] test ios::tests::missing_xcodeproj_errors ... ok
[INFO] [stdout] test ios::tests::framework_info_plist_contains_executable_name ... ok
[INFO] [stdout] test macos::host_executable_tests::host_executable_follows_the_generated_cargo_target ... ok
[INFO] [stdout] test ui::tests::gradle_progress_rejects_non_gradle_lines ... ok
[INFO] [stdout] test ui::tests::subprocess_noise_leaves_real_diagnostics_alone ... ok
[INFO] [stdout] test ui::tests::gradle_build_terminal_status_recognised ... ok
[INFO] [stdout] test ui::tests::subprocess_noise_filters_gradle_daemon_advisory ... ok
[INFO] [stdout] test web::tests::development_bootstrap_is_not_part_of_release_html ... ok
[INFO] [stdout] test web::tests::output_names_are_stable_and_do_not_leak_cargo_package_names ... ok
[INFO] [stdout] test ios::tests::framework_minimum_os_follows_the_apps_deployment_target ... ok
[INFO] [stdout] test ui::tests::scoped_reporter_receives_typed_progress_events ... ok
[INFO] [stdout] test ios::tests::generated_aggregator_prefers_the_in_tree_host_runtime ... ok
[INFO] [stdout] test ios::tests::module_packages_pin_the_runtime_version_the_cli_generates ... ok
[INFO] [stdout] test ui::tests::gradle_task_lines_fold_into_progress ... ok
[INFO] [stdout] test ui::tests::step_kind_glyphs_are_recognisable_ascii ... ok
[INFO] [stdout] test ui::tests::format_elapsed_chooses_unit_by_magnitude ... ok
[INFO] [stdout] test ui::tests::render_step_line_aligns_name_column_at_12_chars ... ok
[INFO] [stdout] test ui::tests::subprocess_progress_combines_both_recognisers ... ok
[INFO] [stdout] test web::tests::bindgen_publishes_declared_resources_and_keeps_development_code_out_of_release ... ok
[INFO] [stdout] test desktop::tests::distribution_contains_only_declared_outputs_and_failure_preserves_previous_build ... ok
[INFO] [stdout] test android::tests::abi_to_triple_maps_known_abis ... ok
[INFO] [stdout] test desktop::tests::cargo_selection_builds_and_runs_the_declared_binary ... ok
[INFO] [stdout] 
[INFO] [stdout] failures:
[INFO] [stdout] 
[INFO] [stdout] ---- android::tests::gradle_uses_the_current_whisker_cli_for_nested_builds stdout ----
[INFO] [stdout] 
[INFO] [stdout] thread 'android::tests::gradle_uses_the_current_whisker_cli_for_nested_builds' (1373) panicked at src/android.rs:798:66:
[INFO] [stdout] called `Result::unwrap()` on an `Err` value: JAVA_HOME unset and no JDK 17 found (checked `/usr/libexec/java_home -v 17` and Android Studio's bundled JDK); install JDK 17 or set JAVA_HOME
[INFO] [stdout] 
[INFO] [stdout] Stack backtrace:
[INFO] [stdout]    0: <anyhow::Error>::msg::<&str>
[INFO] [stdout]    1: whisker_build::android::resolve_java_home
[INFO] [stdout]    2: whisker_build::android::gradle_command
[INFO] [stdout]    3: <whisker_build::android::tests::gradle_uses_the_current_whisker_cli_for_nested_builds::{closure#0} as core::ops::function::FnOnce<()>>::call_once
[INFO] [stdout]    4: test::__rust_begin_short_backtrace::<core::result::Result<(), alloc::string::String>, fn() -> core::result::Result<(), alloc::string::String>>
[INFO] [stdout]    5: test::run_test::{closure#0}
[INFO] [stdout]    6: std::sys::backtrace::__rust_begin_short_backtrace::<test::run_test::{closure#1}, ()>
[INFO] [stdout]    7: <std::thread::lifecycle::spawn_unchecked<test::run_test::{closure#1}, ()>::{closure#1} as core::ops::function::FnOnce<()>>::call_once::{shim:vtable#0}
[INFO] [stdout]    8: <std::sys::thread::unix::Thread>::new::thread_start
[INFO] [stdout]    9: <unknown>
[INFO] [stdout]   10: clone
[INFO] [stdout] stack backtrace:
[INFO] [stdout]    0:     0x5b805e7bff41 - <<std[617be2ca0a6fd877]::sys::backtrace::BacktraceLock>::print::DisplayBacktrace as core[a373ad73a504971]::fmt::Display>::fmt
[INFO] [stdout]    1:     0x5b805e7d8c8a - core[a373ad73a504971]::fmt::write
[INFO] [stdout]    2:     0x5b805e7c515c - <alloc[2e1b2a31b91974c5]::vec::Vec<u8> as core[a373ad73a504971]::io::write::Write>::write_fmt
[INFO] [stdout]    3:     0x5b805e798316 - std[617be2ca0a6fd877]::panicking::default_hook::{closure#0}
[INFO] [stdout]    4:     0x5b805e7b6ab9 - std[617be2ca0a6fd877]::panicking::default_hook
[INFO] [stdout]    5:     0x5b805e4f9e80 - test[aada8e7e76ba119b]::test_main_inner::{closure#0}
[INFO] [stdout]    6:     0x5b805e7b6de2 - std[617be2ca0a6fd877]::panicking::panic_with_hook
[INFO] [stdout]    7:     0x5b805e7983c2 - std[617be2ca0a6fd877]::panicking::panic_handler::{closure#0}
[INFO] [stdout]    8:     0x5b805e790609 - std[617be2ca0a6fd877]::sys::backtrace::__rust_end_short_backtrace::<std[617be2ca0a6fd877]::panicking::panic_handler::{closure#0}, !>
[INFO] [stdout]    9:     0x5b805e79932d - __rustc[ea4f61d10b84890b]::rust_begin_unwind
[INFO] [stdout]   10:     0x5b805e7d93bc - core[a373ad73a504971]::panicking::panic_fmt
[INFO] [stdout]   11:     0x5b805e7d9192 - core[a373ad73a504971]::result::unwrap_failed
[INFO] [stdout]   12:     0x5b805e2612e0 - <whisker_build[7355279e09e4fe6d]::android::tests::gradle_uses_the_current_whisker_cli_for_nested_builds::{closure#0} as core[a373ad73a504971]::ops::function::FnOnce<()>>::call_once
[INFO] [stdout]   13:     0x5b805e4ed2cb - test[aada8e7e76ba119b]::__rust_begin_short_backtrace::<core[a373ad73a504971]::result::Result<(), alloc[2e1b2a31b91974c5]::string::String>, fn() -> core[a373ad73a504971]::result::Result<(), alloc[2e1b2a31b91974c5]::string::String>>
[INFO] [stdout]   14:     0x5b805e4fa4a5 - test[aada8e7e76ba119b]::run_test::{closure#0}
[INFO] [stdout]   15:     0x5b805e4f3d94 - std[617be2ca0a6fd877]::sys::backtrace::__rust_begin_short_backtrace::<test[aada8e7e76ba119b]::run_test::{closure#1}, ()>
[INFO] [stdout]   16:     0x5b805e4fd532 - <std[617be2ca0a6fd877]::thread::lifecycle::spawn_unchecked<test[aada8e7e76ba119b]::run_test::{closure#1}, ()>::{closure#1} as core[a373ad73a504971]::ops::function::FnOnce<()>>::call_once::{shim:vtable#0}
[INFO] [stdout]   17:     0x5b805e7bef0f - <std[617be2ca0a6fd877]::sys::thread::unix::Thread>::new::thread_start
[INFO] [stdout]   18:     0x70544333cdfa - <unknown>
[INFO] [stdout]   19:     0x7054433d03d4 - clone
[INFO] [stdout]   20:                0x0 - <unknown>
[INFO] [stdout] 
[INFO] [stdout] 
[INFO] [stdout] failures:
[INFO] [stdout]     android::tests::gradle_uses_the_current_whisker_cli_for_nested_builds
[INFO] [stdout] 
[INFO] [stdout] test result: FAILED. 46 passed; 1 failed; 1 ignored; 0 measured; 0 filtered out; finished in 0.44s
[INFO] [stdout] 
[INFO] [stderr] error: test failed, to rerun pass `--lib`
[INFO] running `Command { std: "docker" "inspect" "daf4601a0b1c64f4d0d1f02c04907d7f77ac455f6f8c8a014bc825a09bff7a85", kill_on_drop: false }`
[INFO] running `Command { std: "docker" "rm" "-f" "daf4601a0b1c64f4d0d1f02c04907d7f77ac455f6f8c8a014bc825a09bff7a85", kill_on_drop: false }`
[INFO] [stdout] daf4601a0b1c64f4d0d1f02c04907d7f77ac455f6f8c8a014bc825a09bff7a85
