[INFO] fetching crate whelk 0.2.0...
[INFO] testing whelk-0.2.0 against 1.100.0-beta.1+cargoflags=--release for beta-release-1.100-2
[INFO] extracting crate whelk 0.2.0 into /workspace/builds/worker-1-tc2/source
[INFO] started tweaking crates.io crate whelk 0.2.0
[INFO] removed 0 missing tests
[INFO] finished tweaking crates.io crate whelk 0.2.0
[INFO] tweaked toml for crates.io crate whelk 0.2.0 written to /workspace/builds/worker-1-tc2/source/Cargo.toml
[INFO] validating manifest of crates.io crate whelk 0.2.0 on toolchain 1.100.0-beta.1
[INFO] running `Command { std: CARGO_HOME="/workspace/cargo-home" RUSTUP_HOME="/workspace/rustup-home" "/workspace/cargo-home/bin/cargo" "+1.100.0-beta.1" "metadata" "--manifest-path" "Cargo.toml" "--no-deps", kill_on_drop: false }`
[INFO] crate crates.io crate whelk 0.2.0 already has a lockfile, it will not be regenerated
[INFO] running `Command { std: CARGO_HOME="/workspace/cargo-home" RUSTUP_HOME="/workspace/rustup-home" "/workspace/cargo-home/bin/cargo" "+1.100.0-beta.1" "fetch" "--manifest-path" "Cargo.toml", kill_on_drop: false }`
[INFO] running `Command { std: "docker" "create" "-v" "/var/lib/crater-agent-workspace/builds/worker-1-tc2/source:/opt/rustwide/workdir:ro,Z" "-v" "/var/lib/crater-agent-workspace/builds/worker-1-tc2/target:/opt/rustwide/target:rw,Z" "-v" "/var/lib/crater-agent-workspace/cargo-home:/opt/rustwide/cargo-home:ro,Z" "-v" "/var/lib/crater-agent-workspace/rustup-home:/opt/rustwide/rustup-home:ro,Z" "-m" "1610612736" "--network" "none" "ghcr.io/rust-lang/crates-build-env/linux@sha256:77db811e55d90add9212f6832c23229e3de5f1c1f9905e8cb07319ea15df73ac" "sleep" "infinity", kill_on_drop: false }`
[INFO] [stdout] 523e8d1f46946c0203c273660f813bd46fb8998df5dcc30d0088cebcd932ade7
[INFO] running `Command { std: "docker" "start" "523e8d1f46946c0203c273660f813bd46fb8998df5dcc30d0088cebcd932ade7", kill_on_drop: false }`
[INFO] running `Command { std: "docker" "inspect" "523e8d1f46946c0203c273660f813bd46fb8998df5dcc30d0088cebcd932ade7", kill_on_drop: false }`
[INFO] running `Command { std: "docker" "exec" "-e" "SOURCE_DIR=/opt/rustwide/workdir" "-e" "CARGO_HOME=/opt/rustwide/cargo-home" "-e" "RUSTUP_HOME=/opt/rustwide/rustup-home" "-e" "CARGO_TARGET_DIR=/opt/rustwide/target" "-w" "/opt/rustwide/workdir" "--user" "0:0" "523e8d1f46946c0203c273660f813bd46fb8998df5dcc30d0088cebcd932ade7" "/opt/rustwide/cargo-home/bin/cargo" "+1.100.0-beta.1" "metadata" "--no-deps" "--format-version=1", kill_on_drop: false }`
[INFO] running `Command { std: "docker" "inspect" "523e8d1f46946c0203c273660f813bd46fb8998df5dcc30d0088cebcd932ade7", kill_on_drop: false }`
[INFO] running `Command { std: "docker" "exec" "-e" "SOURCE_DIR=/opt/rustwide/workdir" "-e" "CARGO_HOME=/opt/rustwide/cargo-home" "-e" "RUSTUP_HOME=/opt/rustwide/rustup-home" "-e" "CARGO_TARGET_DIR=/opt/rustwide/target" "-e" "CARGO_INCREMENTAL=0" "-e" "RUST_BACKTRACE=full" "-e" "RUSTFLAGS=--cap-lints=warn" "-e" "RUSTDOCFLAGS=--cap-lints=warn" "-w" "/opt/rustwide/workdir" "--user" "0:0" "523e8d1f46946c0203c273660f813bd46fb8998df5dcc30d0088cebcd932ade7" "/opt/rustwide/cargo-home/bin/cargo" "+1.100.0-beta.1" "build" "--frozen" "--message-format=json" "--release", kill_on_drop: false }`
[INFO] [stderr]    Compiling nix v0.31.3
[INFO] [stderr]    Compiling whelk-parser v0.2.0
[INFO] [stderr]    Compiling whelk-trace v0.2.0
[INFO] [stderr]    Compiling whelk-terminal v0.2.0
[INFO] [stderr]    Compiling whelk-process v0.2.0
[INFO] [stderr]    Compiling whelk-event v0.2.0
[INFO] [stderr]    Compiling whelk-line v0.2.0
[INFO] [stderr]    Compiling whelk-job v0.2.0
[INFO] [stderr]    Compiling whelk-executor v0.2.0
[INFO] [stderr]    Compiling whelk v0.2.0 (/opt/rustwide/workdir)
[INFO] [stderr]     Finished `release` profile [optimized] target(s) in 7.77s
[INFO] running `Command { std: "docker" "inspect" "523e8d1f46946c0203c273660f813bd46fb8998df5dcc30d0088cebcd932ade7", kill_on_drop: false }`
[INFO] running `Command { std: "docker" "exec" "-e" "SOURCE_DIR=/opt/rustwide/workdir" "-e" "CARGO_HOME=/opt/rustwide/cargo-home" "-e" "RUSTUP_HOME=/opt/rustwide/rustup-home" "-e" "CARGO_TARGET_DIR=/opt/rustwide/target" "-e" "CARGO_INCREMENTAL=0" "-e" "RUST_BACKTRACE=full" "-e" "RUSTFLAGS=--cap-lints=warn" "-e" "RUSTDOCFLAGS=--cap-lints=warn" "-w" "/opt/rustwide/workdir" "--user" "0:0" "523e8d1f46946c0203c273660f813bd46fb8998df5dcc30d0088cebcd932ade7" "/opt/rustwide/cargo-home/bin/cargo" "+1.100.0-beta.1" "test" "--frozen" "--no-run" "--message-format=json" "--release", kill_on_drop: false }`
[INFO] [stderr]    Compiling whelk v0.2.0 (/opt/rustwide/workdir)
[INFO] [stderr]     Finished `release` profile [optimized] target(s) in 3.02s
[INFO] running `Command { std: "docker" "inspect" "523e8d1f46946c0203c273660f813bd46fb8998df5dcc30d0088cebcd932ade7", kill_on_drop: false }`
[INFO] running `Command { std: "docker" "exec" "-e" "SOURCE_DIR=/opt/rustwide/workdir" "-e" "CARGO_HOME=/opt/rustwide/cargo-home" "-e" "RUSTUP_HOME=/opt/rustwide/rustup-home" "-e" "CARGO_TARGET_DIR=/opt/rustwide/target" "-e" "CARGO_INCREMENTAL=0" "-e" "RUST_BACKTRACE=full" "-e" "RUSTFLAGS=--cap-lints=warn" "-e" "RUSTDOCFLAGS=--cap-lints=warn" "-w" "/opt/rustwide/workdir" "--user" "0:0" "523e8d1f46946c0203c273660f813bd46fb8998df5dcc30d0088cebcd932ade7" "/opt/rustwide/cargo-home/bin/cargo" "+1.100.0-beta.1" "test" "--frozen" "--release", kill_on_drop: false }`
[INFO] [stderr]     Finished `release` profile [optimized] target(s) in 0.03s
[INFO] [stderr]      Running unittests src/main.rs (/opt/rustwide/target/release/build/whelk/fd633a7d35a99c27/out/whelk-fd633a7d35a99c27)
[INFO] [stdout] 
[INFO] [stdout] running 14 tests
[INFO] [stdout] test input::tests::a_final_line_without_a_newline_is_still_a_line ... ok
[INFO] [stdout] test complete::tests::a_dollar_completes_environment_variables ... ok
[INFO] [stdout] test input::tests::no_input_is_end_of_file ... ok
[INFO] [stdout] test input::tests::splits_on_newlines ... ok
[INFO] [stdout] test input::tests::invalid_utf8_does_not_stop_the_shell ... ok
[INFO] [stdout] test input::tests::empty_lines_are_preserved ... ok
[INFO] [stdout] test complete::tests::hidden_files_stay_hidden_until_asked_for ... ok
[INFO] [stdout] test complete::tests::a_later_word_completes_to_paths ... ok
[INFO] [stdout] test complete::tests::a_word_with_a_slash_is_a_path_even_in_first_position ... ok
[INFO] [stdout] test complete::tests::directories_are_offered_with_a_trailing_slash ... ok
[INFO] [stdout] test complete::tests::nothing_matching_is_no_candidates_rather_than_an_error ... ok
[INFO] [stdout] test complete::tests::builtins_are_offered_even_though_path_has_never_heard_of_them ... ok
[INFO] [stdout] test complete::tests::the_first_word_completes_to_commands ... ok
[INFO] [stdout] test complete::tests::candidates_come_back_sorted_and_deduplicated ... ok
[INFO] [stderr]      Running tests/interactive.rs (/opt/rustwide/target/release/build/whelk/667ec1e2d649e481/out/interactive-667ec1e2d649e481)
[INFO] [stdout] 
[INFO] [stdout] test result: ok. 14 passed; 0 failed; 0 ignored; 0 measured; 0 filtered out; finished in 0.04s
[INFO] [stdout] 
[INFO] [stdout] 
[INFO] [stdout] running 14 tests
[INFO] [stdout] test a_bad_line_in_the_configuration_does_not_stop_the_rest ... ok
[INFO] [stdout] test the_configuration_file_runs_before_the_first_prompt ... ok
[INFO] [stdout] test a_mistyped_command_gets_a_suggestion ... ok
[INFO] [stdout] test tab_lists_the_possibilities_when_several_match ... ok
[INFO] [stdout] test tab_completes_a_path ... ok
[INFO] [stdout] test up_recalls_the_previous_command ... ok
[INFO] [stdout] test typed_characters_are_echoed_by_the_shell ... ok
[INFO] [stdout] test tab_completes_a_command ... ok
[INFO] [stdout] test control_c_abandons_the_line_without_running_it ... ok
[INFO] [stdout] test backspace_removes_a_character ... ok
[INFO] [stdout] test the_cursor_can_move_and_insert_in_the_middle ... ok
[INFO] [stdout] test up_filters_by_what_has_been_typed ... ok
[INFO] [stdout] test history_survives_between_sessions ... ok
[INFO] [stdout] test control_u_and_k_and_w_cut_the_line ... FAILED
[INFO] [stdout] 
[INFO] [stdout] failures:
[INFO] [stdout] 
[INFO] [stdout] ---- control_u_and_k_and_w_cut_the_line stdout ----
[INFO] [stdout] 
[INFO] [stdout] thread 'control_u_and_k_and_w_cut_the_line' (527) panicked at tests/common/mod.rs:128:22:
[INFO] [stdout] failed to clone the pty master: Os { code: 24, kind: TooManyOpenFiles, message: "Too many open files" }
[INFO] [stdout] stack backtrace:
[INFO] [stdout]    0:     0x596a01c5fe31 - <unknown>
[INFO] [stdout]    1:     0x596a01c7430a - <unknown>
[INFO] [stdout]    2:     0x596a01c644ac - <unknown>
[INFO] [stdout]    3:     0x596a01c3aa36 - <unknown>
[INFO] [stdout]    4:     0x596a01c577e9 - <unknown>
[INFO] [stdout]    5:     0x596a01bf2ae0 - <unknown>
[INFO] [stdout]    6:     0x596a01c579a2 - <unknown>
[INFO] [stdout]    7:     0x596a01c3aae2 - <unknown>
[INFO] [stdout]    8:     0x596a01c33549 - <unknown>
[INFO] [stdout]    9:     0x596a01c3b6ed - <unknown>
[INFO] [stdout]   10:     0x596a01c74a3c - <unknown>
[INFO] [stdout]   11:     0x596a01c74812 - <unknown>
[INFO] [stdout]   12:     0x596a01be29d6 - <unknown>
[INFO] [stdout]   13:     0x596a01be2b07 - <unknown>
[INFO] [stdout]   14:     0x596a01be5536 - <unknown>
[INFO] [stdout]   15:     0x596a01be5f2b - <unknown>
[INFO] [stdout]   16:     0x596a01bf3105 - <unknown>
[INFO] [stdout]   17:     0x596a01bec9f4 - <unknown>
[INFO] [stdout]   18:     0x596a01bf6192 - <unknown>
[INFO] [stdout]   19:     0x596a01c5f14f - <unknown>
[INFO] [stdout]   20:     0x72a659c9bdfa - <unknown>
[INFO] [stdout]   21:     0x72a659d2f3d4 - <unknown>
[INFO] [stdout]   22:                0x0 - <unknown>
[INFO] [stdout] 
[INFO] [stdout] 
[INFO] [stdout] failures:
[INFO] [stdout]     control_u_and_k_and_w_cut_the_line
[INFO] [stdout] 
[INFO] [stdout] test result: FAILED. 13 passed; 1 failed; 0 ignored; 0 measured; 0 filtered out; finished in 3.46s
[INFO] [stdout] 
[INFO] [stderr] error: test failed, to rerun pass `--test interactive`
[INFO] running `Command { std: "docker" "inspect" "523e8d1f46946c0203c273660f813bd46fb8998df5dcc30d0088cebcd932ade7", kill_on_drop: false }`
[INFO] running `Command { std: "docker" "rm" "-f" "523e8d1f46946c0203c273660f813bd46fb8998df5dcc30d0088cebcd932ade7", kill_on_drop: false }`
[INFO] [stdout] 523e8d1f46946c0203c273660f813bd46fb8998df5dcc30d0088cebcd932ade7
