[INFO] fetching crate whatsup 0.2.0...
[INFO] testing whatsup-0.2.0 against 1.99.0-beta.8+cargoflags=--release for beta-release-1.100-2
[INFO] extracting crate whatsup 0.2.0 into /workspace/builds/worker-4-tc1/source
[INFO] started tweaking crates.io crate whatsup 0.2.0
[INFO] finished tweaking crates.io crate whatsup 0.2.0
[INFO] tweaked toml for crates.io crate whatsup 0.2.0 written to /workspace/builds/worker-4-tc1/source/Cargo.toml
[INFO] validating manifest of crates.io crate whatsup 0.2.0 on toolchain 1.99.0-beta.8
[INFO] running `Command { std: CARGO_HOME="/workspace/cargo-home" RUSTUP_HOME="/workspace/rustup-home" "/workspace/cargo-home/bin/cargo" "+1.99.0-beta.8" "metadata" "--manifest-path" "Cargo.toml" "--no-deps", kill_on_drop: false }`
[INFO] crate crates.io crate whatsup 0.2.0 already has a lockfile, it will not be regenerated
[INFO] running `Command { std: CARGO_HOME="/workspace/cargo-home" RUSTUP_HOME="/workspace/rustup-home" "/workspace/cargo-home/bin/cargo" "+1.99.0-beta.8" "fetch" "--manifest-path" "Cargo.toml", kill_on_drop: false }`
[INFO] [stderr] warning: Cargo.toml: `lints.rust.closure-returning-async-block` is deprecated in favor of `lints.rust.closure_returning_async_block` and will not work in a future edition
[INFO] [stderr] warning: Cargo.toml: `lints.rust.deprecated-in-future` is deprecated in favor of `lints.rust.deprecated_in_future` and will not work in a future edition
[INFO] [stderr] warning: Cargo.toml: `lints.rust.elided-lifetimes-in-paths` is deprecated in favor of `lints.rust.elided_lifetimes_in_paths` and will not work in a future edition
[INFO] [stderr] warning: Cargo.toml: `lints.rust.ffi-unwind-calls` is deprecated in favor of `lints.rust.ffi_unwind_calls` and will not work in a future edition
[INFO] [stderr] warning: Cargo.toml: `lints.rust.impl-trait-overcaptures` is deprecated in favor of `lints.rust.impl_trait_overcaptures` and will not work in a future edition
[INFO] [stderr] warning: Cargo.toml: `lints.rust.impl-trait-redundant-captures` is deprecated in favor of `lints.rust.impl_trait_redundant_captures` and will not work in a future edition
[INFO] [stderr] warning: Cargo.toml: `lints.rust.let-underscore-drop` is deprecated in favor of `lints.rust.let_underscore_drop` and will not work in a future edition
[INFO] [stderr] warning: Cargo.toml: `lints.rust.macro-use-extern-crate` is deprecated in favor of `lints.rust.macro_use_extern_crate` and will not work in a future edition
[INFO] [stderr] warning: Cargo.toml: `lints.rust.meta-variable-misuse` is deprecated in favor of `lints.rust.meta_variable_misuse` and will not work in a future edition
[INFO] [stderr] warning: Cargo.toml: `lints.rust.missing-copy-implementations` is deprecated in favor of `lints.rust.missing_copy_implementations` and will not work in a future edition
[INFO] [stderr] warning: Cargo.toml: `lints.rust.missing-debug-implementations` is deprecated in favor of `lints.rust.missing_debug_implementations` and will not work in a future edition
[INFO] [stderr] warning: Cargo.toml: `lints.rust.missing-docs` is deprecated in favor of `lints.rust.missing_docs` and will not work in a future edition
[INFO] [stderr] warning: Cargo.toml: `lints.rust.missing-unsafe-on-extern` is deprecated in favor of `lints.rust.missing_unsafe_on_extern` and will not work in a future edition
[INFO] [stderr] warning: Cargo.toml: `lints.rust.non-ascii-idents` is deprecated in favor of `lints.rust.non_ascii_idents` and will not work in a future edition
[INFO] [stderr] warning: Cargo.toml: `lints.rust.redundant-imports` is deprecated in favor of `lints.rust.redundant_imports` and will not work in a future edition
[INFO] [stderr] warning: Cargo.toml: `lints.rust.redundant-lifetimes` is deprecated in favor of `lints.rust.redundant_lifetimes` and will not work in a future edition
[INFO] [stderr] warning: Cargo.toml: `lints.rust.single-use-lifetimes` is deprecated in favor of `lints.rust.single_use_lifetimes` and will not work in a future edition
[INFO] [stderr] warning: Cargo.toml: `lints.rust.tail-expr-drop-order` is deprecated in favor of `lints.rust.tail_expr_drop_order` and will not work in a future edition
[INFO] [stderr] warning: Cargo.toml: `lints.rust.trivial-casts` is deprecated in favor of `lints.rust.trivial_casts` and will not work in a future edition
[INFO] [stderr] warning: Cargo.toml: `lints.rust.trivial-numeric-casts` is deprecated in favor of `lints.rust.trivial_numeric_casts` and will not work in a future edition
[INFO] [stderr] warning: Cargo.toml: `lints.rust.unit-bindings` is deprecated in favor of `lints.rust.unit_bindings` and will not work in a future edition
[INFO] [stderr] warning: Cargo.toml: `lints.rust.unknown-lints` is deprecated in favor of `lints.rust.unknown_lints` and will not work in a future edition
[INFO] [stderr] warning: Cargo.toml: `lints.rust.unnameable-types` is deprecated in favor of `lints.rust.unnameable_types` and will not work in a future edition
[INFO] [stderr] warning: Cargo.toml: `lints.rust.unreachable-pub` is deprecated in favor of `lints.rust.unreachable_pub` and will not work in a future edition
[INFO] [stderr] warning: Cargo.toml: `lints.rust.unsafe-attr-outside-unsafe` is deprecated in favor of `lints.rust.unsafe_attr_outside_unsafe` and will not work in a future edition
[INFO] [stderr] warning: Cargo.toml: `lints.rust.unsafe-code` is deprecated in favor of `lints.rust.unsafe_code` and will not work in a future edition
[INFO] [stderr] warning: Cargo.toml: `lints.rust.unstable-features` is deprecated in favor of `lints.rust.unstable_features` and will not work in a future edition
[INFO] [stderr] warning: Cargo.toml: `lints.rust.variant-size-differences` is deprecated in favor of `lints.rust.variant_size_differences` and will not work in a future edition
[INFO] [stderr] warning: `whatsup` (manifest) generated 28 warnings
[INFO] [stderr]     Updating crates.io index
[INFO] [stderr]  Downloading crates ...
[INFO] [stderr]   Downloaded etcetera v0.10.0
[INFO] [stderr]   Downloaded confy v2.0.0
[INFO] [stderr]   Downloaded anstyle-yansi v2.0.4
[INFO] running `Command { std: "docker" "create" "-v" "/var/lib/crater-agent-workspace/builds/worker-4-tc1/source:/opt/rustwide/workdir:ro,Z" "-v" "/var/lib/crater-agent-workspace/builds/worker-4-tc1/target:/opt/rustwide/target:rw,Z" "-v" "/var/lib/crater-agent-workspace/cargo-home:/opt/rustwide/cargo-home:ro,Z" "-v" "/var/lib/crater-agent-workspace/rustup-home:/opt/rustwide/rustup-home:ro,Z" "-m" "1610612736" "--network" "none" "ghcr.io/rust-lang/crates-build-env/linux@sha256:77db811e55d90add9212f6832c23229e3de5f1c1f9905e8cb07319ea15df73ac" "sleep" "infinity", kill_on_drop: false }`
[INFO] [stdout] c64cb36f08ce64381b84f883ff1e32b380da9dfadae1df6098a5a09470193617
[INFO] running `Command { std: "docker" "start" "c64cb36f08ce64381b84f883ff1e32b380da9dfadae1df6098a5a09470193617", kill_on_drop: false }`
[INFO] running `Command { std: "docker" "inspect" "c64cb36f08ce64381b84f883ff1e32b380da9dfadae1df6098a5a09470193617", kill_on_drop: false }`
[INFO] running `Command { std: "docker" "exec" "-e" "SOURCE_DIR=/opt/rustwide/workdir" "-e" "CARGO_HOME=/opt/rustwide/cargo-home" "-e" "RUSTUP_HOME=/opt/rustwide/rustup-home" "-e" "CARGO_TARGET_DIR=/opt/rustwide/target" "-w" "/opt/rustwide/workdir" "--user" "0:0" "c64cb36f08ce64381b84f883ff1e32b380da9dfadae1df6098a5a09470193617" "/opt/rustwide/cargo-home/bin/cargo" "+1.99.0-beta.8" "metadata" "--no-deps" "--format-version=1", kill_on_drop: false }`
[INFO] running `Command { std: "docker" "inspect" "c64cb36f08ce64381b84f883ff1e32b380da9dfadae1df6098a5a09470193617", kill_on_drop: false }`
[INFO] running `Command { std: "docker" "exec" "-e" "SOURCE_DIR=/opt/rustwide/workdir" "-e" "CARGO_HOME=/opt/rustwide/cargo-home" "-e" "RUSTUP_HOME=/opt/rustwide/rustup-home" "-e" "CARGO_TARGET_DIR=/opt/rustwide/target" "-e" "CARGO_INCREMENTAL=0" "-e" "RUST_BACKTRACE=full" "-e" "RUSTFLAGS=--cap-lints=warn" "-e" "RUSTDOCFLAGS=--cap-lints=warn" "-w" "/opt/rustwide/workdir" "--user" "0:0" "c64cb36f08ce64381b84f883ff1e32b380da9dfadae1df6098a5a09470193617" "/opt/rustwide/cargo-home/bin/cargo" "+1.99.0-beta.8" "build" "--frozen" "--message-format=json" "--release", kill_on_drop: false }`
[INFO] [stderr] warning: Cargo.toml: `lints.rust.closure-returning-async-block` is deprecated in favor of `lints.rust.closure_returning_async_block` and will not work in a future edition
[INFO] [stderr] warning: Cargo.toml: `lints.rust.deprecated-in-future` is deprecated in favor of `lints.rust.deprecated_in_future` and will not work in a future edition
[INFO] [stderr] warning: Cargo.toml: `lints.rust.elided-lifetimes-in-paths` is deprecated in favor of `lints.rust.elided_lifetimes_in_paths` and will not work in a future edition
[INFO] [stderr] warning: Cargo.toml: `lints.rust.ffi-unwind-calls` is deprecated in favor of `lints.rust.ffi_unwind_calls` and will not work in a future edition
[INFO] [stderr] warning: Cargo.toml: `lints.rust.impl-trait-overcaptures` is deprecated in favor of `lints.rust.impl_trait_overcaptures` and will not work in a future edition
[INFO] [stderr] warning: Cargo.toml: `lints.rust.impl-trait-redundant-captures` is deprecated in favor of `lints.rust.impl_trait_redundant_captures` and will not work in a future edition
[INFO] [stderr] warning: Cargo.toml: `lints.rust.let-underscore-drop` is deprecated in favor of `lints.rust.let_underscore_drop` and will not work in a future edition
[INFO] [stderr] warning: Cargo.toml: `lints.rust.macro-use-extern-crate` is deprecated in favor of `lints.rust.macro_use_extern_crate` and will not work in a future edition
[INFO] [stderr] warning: Cargo.toml: `lints.rust.meta-variable-misuse` is deprecated in favor of `lints.rust.meta_variable_misuse` and will not work in a future edition
[INFO] [stderr] warning: Cargo.toml: `lints.rust.missing-copy-implementations` is deprecated in favor of `lints.rust.missing_copy_implementations` and will not work in a future edition
[INFO] [stderr] warning: Cargo.toml: `lints.rust.missing-debug-implementations` is deprecated in favor of `lints.rust.missing_debug_implementations` and will not work in a future edition
[INFO] [stderr] warning: Cargo.toml: `lints.rust.missing-docs` is deprecated in favor of `lints.rust.missing_docs` and will not work in a future edition
[INFO] [stderr] warning: Cargo.toml: `lints.rust.missing-unsafe-on-extern` is deprecated in favor of `lints.rust.missing_unsafe_on_extern` and will not work in a future edition
[INFO] [stderr] warning: Cargo.toml: `lints.rust.non-ascii-idents` is deprecated in favor of `lints.rust.non_ascii_idents` and will not work in a future edition
[INFO] [stderr] warning: Cargo.toml: `lints.rust.redundant-imports` is deprecated in favor of `lints.rust.redundant_imports` and will not work in a future edition
[INFO] [stderr] warning: Cargo.toml: `lints.rust.redundant-lifetimes` is deprecated in favor of `lints.rust.redundant_lifetimes` and will not work in a future edition
[INFO] [stderr] warning: Cargo.toml: `lints.rust.single-use-lifetimes` is deprecated in favor of `lints.rust.single_use_lifetimes` and will not work in a future edition
[INFO] [stderr] warning: Cargo.toml: `lints.rust.tail-expr-drop-order` is deprecated in favor of `lints.rust.tail_expr_drop_order` and will not work in a future edition
[INFO] [stderr] warning: Cargo.toml: `lints.rust.trivial-casts` is deprecated in favor of `lints.rust.trivial_casts` and will not work in a future edition
[INFO] [stderr] warning: Cargo.toml: `lints.rust.trivial-numeric-casts` is deprecated in favor of `lints.rust.trivial_numeric_casts` and will not work in a future edition
[INFO] [stderr] warning: Cargo.toml: `lints.rust.unit-bindings` is deprecated in favor of `lints.rust.unit_bindings` and will not work in a future edition
[INFO] [stderr] warning: Cargo.toml: `lints.rust.unknown-lints` is deprecated in favor of `lints.rust.unknown_lints` and will not work in a future edition
[INFO] [stderr] warning: Cargo.toml: `lints.rust.unnameable-types` is deprecated in favor of `lints.rust.unnameable_types` and will not work in a future edition
[INFO] [stderr] warning: Cargo.toml: `lints.rust.unreachable-pub` is deprecated in favor of `lints.rust.unreachable_pub` and will not work in a future edition
[INFO] [stderr] warning: Cargo.toml: `lints.rust.unsafe-attr-outside-unsafe` is deprecated in favor of `lints.rust.unsafe_attr_outside_unsafe` and will not work in a future edition
[INFO] [stderr] warning: Cargo.toml: `lints.rust.unsafe-code` is deprecated in favor of `lints.rust.unsafe_code` and will not work in a future edition
[INFO] [stderr] warning: Cargo.toml: `lints.rust.unstable-features` is deprecated in favor of `lints.rust.unstable_features` and will not work in a future edition
[INFO] [stderr] warning: Cargo.toml: `lints.rust.variant-size-differences` is deprecated in favor of `lints.rust.variant_size_differences` and will not work in a future edition
[INFO] [stderr] warning: `whatsup` (manifest) generated 28 warnings
[INFO] [stderr]    Compiling aho-corasick v1.1.4
[INFO] [stderr]    Compiling libz-sys v1.1.28
[INFO] [stderr]    Compiling libgit2-sys v0.18.4+1.9.3
[INFO] [stderr]    Compiling rustix v1.1.4
[INFO] [stderr]    Compiling thiserror-impl v2.0.18
[INFO] [stderr]    Compiling crossbeam-epoch v0.9.18
[INFO] [stderr]    Compiling home v0.5.12
[INFO] [stderr]    Compiling anyhow v1.0.102
[INFO] [stderr]    Compiling tracing v0.1.44
[INFO] [stderr]    Compiling serde_yaml v0.9.34+deprecated
[INFO] [stderr]    Compiling clap_derive v4.6.1
[INFO] [stderr]    Compiling strum_macros v0.28.0
[INFO] [stderr]    Compiling os_str_bytes v6.6.1
[INFO] [stderr]    Compiling yansi v1.0.1
[INFO] [stderr]    Compiling itertools v0.14.0
[INFO] [stderr]    Compiling displaydoc v0.2.5
[INFO] [stderr]    Compiling etcetera v0.10.0
[INFO] [stderr]    Compiling crossbeam-deque v0.8.6
[INFO] [stderr]    Compiling anstyle-yansi v2.0.4
[INFO] [stderr]    Compiling terminal_size v0.4.4
[INFO] [stderr]    Compiling clap_builder v4.6.0
[INFO] [stderr]    Compiling thiserror v2.0.18
[INFO] [stderr]    Compiling strum v0.28.0
[INFO] [stderr]    Compiling regex-automata v0.4.14
[INFO] [stderr]    Compiling confy v2.0.0
[INFO] [stderr]    Compiling clap v4.6.1
[INFO] [stderr]    Compiling bstr v1.12.1
[INFO] [stderr]    Compiling matchers v0.2.0
[INFO] [stderr]    Compiling tracing-subscriber v0.3.23
[INFO] [stderr]    Compiling globset v0.4.18
[INFO] [stderr]    Compiling shellexpand v3.1.2
[INFO] [stderr]    Compiling ignore v0.4.25
[INFO] [stderr]    Compiling git2 v0.21.0
[INFO] [stderr]    Compiling whatsup v0.2.0 (/opt/rustwide/workdir)
[INFO] [stderr]     Finished `release` profile [optimized] target(s) in 1m 13s
[INFO] running `Command { std: "docker" "inspect" "c64cb36f08ce64381b84f883ff1e32b380da9dfadae1df6098a5a09470193617", kill_on_drop: false }`
[INFO] running `Command { std: "docker" "exec" "-e" "SOURCE_DIR=/opt/rustwide/workdir" "-e" "CARGO_HOME=/opt/rustwide/cargo-home" "-e" "RUSTUP_HOME=/opt/rustwide/rustup-home" "-e" "CARGO_TARGET_DIR=/opt/rustwide/target" "-e" "CARGO_INCREMENTAL=0" "-e" "RUST_BACKTRACE=full" "-e" "RUSTFLAGS=--cap-lints=warn" "-e" "RUSTDOCFLAGS=--cap-lints=warn" "-w" "/opt/rustwide/workdir" "--user" "0:0" "c64cb36f08ce64381b84f883ff1e32b380da9dfadae1df6098a5a09470193617" "/opt/rustwide/cargo-home/bin/cargo" "+1.99.0-beta.8" "test" "--frozen" "--no-run" "--message-format=json" "--release", kill_on_drop: false }`
[INFO] [stderr] warning: Cargo.toml: `lints.rust.closure-returning-async-block` is deprecated in favor of `lints.rust.closure_returning_async_block` and will not work in a future edition
[INFO] [stderr] warning: Cargo.toml: `lints.rust.deprecated-in-future` is deprecated in favor of `lints.rust.deprecated_in_future` and will not work in a future edition
[INFO] [stderr] warning: Cargo.toml: `lints.rust.elided-lifetimes-in-paths` is deprecated in favor of `lints.rust.elided_lifetimes_in_paths` and will not work in a future edition
[INFO] [stderr] warning: Cargo.toml: `lints.rust.ffi-unwind-calls` is deprecated in favor of `lints.rust.ffi_unwind_calls` and will not work in a future edition
[INFO] [stderr] warning: Cargo.toml: `lints.rust.impl-trait-overcaptures` is deprecated in favor of `lints.rust.impl_trait_overcaptures` and will not work in a future edition
[INFO] [stderr] warning: Cargo.toml: `lints.rust.impl-trait-redundant-captures` is deprecated in favor of `lints.rust.impl_trait_redundant_captures` and will not work in a future edition
[INFO] [stderr] warning: Cargo.toml: `lints.rust.let-underscore-drop` is deprecated in favor of `lints.rust.let_underscore_drop` and will not work in a future edition
[INFO] [stderr] warning: Cargo.toml: `lints.rust.macro-use-extern-crate` is deprecated in favor of `lints.rust.macro_use_extern_crate` and will not work in a future edition
[INFO] [stderr] warning: Cargo.toml: `lints.rust.meta-variable-misuse` is deprecated in favor of `lints.rust.meta_variable_misuse` and will not work in a future edition
[INFO] [stderr] warning: Cargo.toml: `lints.rust.missing-copy-implementations` is deprecated in favor of `lints.rust.missing_copy_implementations` and will not work in a future edition
[INFO] [stderr] warning: Cargo.toml: `lints.rust.missing-debug-implementations` is deprecated in favor of `lints.rust.missing_debug_implementations` and will not work in a future edition
[INFO] [stderr] warning: Cargo.toml: `lints.rust.missing-docs` is deprecated in favor of `lints.rust.missing_docs` and will not work in a future edition
[INFO] [stderr] warning: Cargo.toml: `lints.rust.missing-unsafe-on-extern` is deprecated in favor of `lints.rust.missing_unsafe_on_extern` and will not work in a future edition
[INFO] [stderr] warning: Cargo.toml: `lints.rust.non-ascii-idents` is deprecated in favor of `lints.rust.non_ascii_idents` and will not work in a future edition
[INFO] [stderr] warning: Cargo.toml: `lints.rust.redundant-imports` is deprecated in favor of `lints.rust.redundant_imports` and will not work in a future edition
[INFO] [stderr] warning: Cargo.toml: `lints.rust.redundant-lifetimes` is deprecated in favor of `lints.rust.redundant_lifetimes` and will not work in a future edition
[INFO] [stderr] warning: Cargo.toml: `lints.rust.single-use-lifetimes` is deprecated in favor of `lints.rust.single_use_lifetimes` and will not work in a future edition
[INFO] [stderr] warning: Cargo.toml: `lints.rust.tail-expr-drop-order` is deprecated in favor of `lints.rust.tail_expr_drop_order` and will not work in a future edition
[INFO] [stderr] warning: Cargo.toml: `lints.rust.trivial-casts` is deprecated in favor of `lints.rust.trivial_casts` and will not work in a future edition
[INFO] [stderr] warning: Cargo.toml: `lints.rust.trivial-numeric-casts` is deprecated in favor of `lints.rust.trivial_numeric_casts` and will not work in a future edition
[INFO] [stderr] warning: Cargo.toml: `lints.rust.unit-bindings` is deprecated in favor of `lints.rust.unit_bindings` and will not work in a future edition
[INFO] [stderr] warning: Cargo.toml: `lints.rust.unknown-lints` is deprecated in favor of `lints.rust.unknown_lints` and will not work in a future edition
[INFO] [stderr] warning: Cargo.toml: `lints.rust.unnameable-types` is deprecated in favor of `lints.rust.unnameable_types` and will not work in a future edition
[INFO] [stderr] warning: Cargo.toml: `lints.rust.unreachable-pub` is deprecated in favor of `lints.rust.unreachable_pub` and will not work in a future edition
[INFO] [stderr] warning: Cargo.toml: `lints.rust.unsafe-attr-outside-unsafe` is deprecated in favor of `lints.rust.unsafe_attr_outside_unsafe` and will not work in a future edition
[INFO] [stderr] warning: Cargo.toml: `lints.rust.unsafe-code` is deprecated in favor of `lints.rust.unsafe_code` and will not work in a future edition
[INFO] [stderr] warning: Cargo.toml: `lints.rust.unstable-features` is deprecated in favor of `lints.rust.unstable_features` and will not work in a future edition
[INFO] [stderr] warning: Cargo.toml: `lints.rust.variant-size-differences` is deprecated in favor of `lints.rust.variant_size_differences` and will not work in a future edition
[INFO] [stderr] warning: `whatsup` (manifest) generated 28 warnings
[INFO] [stderr]    Compiling rustix v1.1.4
[INFO] [stderr]    Compiling getrandom v0.3.4
[INFO] [stderr]    Compiling terminal_size v0.4.4
[INFO] [stderr]    Compiling tempfile v3.27.0
[INFO] [stderr]    Compiling clap_builder v4.6.0
[INFO] [stderr]    Compiling clap v4.6.1
[INFO] [stderr]    Compiling whatsup v0.2.0 (/opt/rustwide/workdir)
[INFO] [stderr]     Finished `release` profile [optimized] target(s) in 14.71s
[INFO] running `Command { std: "docker" "inspect" "c64cb36f08ce64381b84f883ff1e32b380da9dfadae1df6098a5a09470193617", kill_on_drop: false }`
[INFO] running `Command { std: "docker" "exec" "-e" "SOURCE_DIR=/opt/rustwide/workdir" "-e" "CARGO_HOME=/opt/rustwide/cargo-home" "-e" "RUSTUP_HOME=/opt/rustwide/rustup-home" "-e" "CARGO_TARGET_DIR=/opt/rustwide/target" "-e" "CARGO_INCREMENTAL=0" "-e" "RUST_BACKTRACE=full" "-e" "RUSTFLAGS=--cap-lints=warn" "-e" "RUSTDOCFLAGS=--cap-lints=warn" "-w" "/opt/rustwide/workdir" "--user" "0:0" "c64cb36f08ce64381b84f883ff1e32b380da9dfadae1df6098a5a09470193617" "/opt/rustwide/cargo-home/bin/cargo" "+1.99.0-beta.8" "test" "--frozen" "--release", kill_on_drop: false }`
[INFO] [stderr] warning: Cargo.toml: `lints.rust.closure-returning-async-block` is deprecated in favor of `lints.rust.closure_returning_async_block` and will not work in a future edition
[INFO] [stderr] warning: Cargo.toml: `lints.rust.deprecated-in-future` is deprecated in favor of `lints.rust.deprecated_in_future` and will not work in a future edition
[INFO] [stderr] warning: Cargo.toml: `lints.rust.elided-lifetimes-in-paths` is deprecated in favor of `lints.rust.elided_lifetimes_in_paths` and will not work in a future edition
[INFO] [stderr] warning: Cargo.toml: `lints.rust.ffi-unwind-calls` is deprecated in favor of `lints.rust.ffi_unwind_calls` and will not work in a future edition
[INFO] [stderr] warning: Cargo.toml: `lints.rust.impl-trait-overcaptures` is deprecated in favor of `lints.rust.impl_trait_overcaptures` and will not work in a future edition
[INFO] [stderr] warning: Cargo.toml: `lints.rust.impl-trait-redundant-captures` is deprecated in favor of `lints.rust.impl_trait_redundant_captures` and will not work in a future edition
[INFO] [stderr] warning: Cargo.toml: `lints.rust.let-underscore-drop` is deprecated in favor of `lints.rust.let_underscore_drop` and will not work in a future edition
[INFO] [stderr] warning: Cargo.toml: `lints.rust.macro-use-extern-crate` is deprecated in favor of `lints.rust.macro_use_extern_crate` and will not work in a future edition
[INFO] [stderr] warning: Cargo.toml: `lints.rust.meta-variable-misuse` is deprecated in favor of `lints.rust.meta_variable_misuse` and will not work in a future edition
[INFO] [stderr] warning: Cargo.toml: `lints.rust.missing-copy-implementations` is deprecated in favor of `lints.rust.missing_copy_implementations` and will not work in a future edition
[INFO] [stderr] warning: Cargo.toml: `lints.rust.missing-debug-implementations` is deprecated in favor of `lints.rust.missing_debug_implementations` and will not work in a future edition
[INFO] [stderr] warning: Cargo.toml: `lints.rust.missing-docs` is deprecated in favor of `lints.rust.missing_docs` and will not work in a future edition
[INFO] [stderr] warning: Cargo.toml: `lints.rust.missing-unsafe-on-extern` is deprecated in favor of `lints.rust.missing_unsafe_on_extern` and will not work in a future edition
[INFO] [stderr] warning: Cargo.toml: `lints.rust.non-ascii-idents` is deprecated in favor of `lints.rust.non_ascii_idents` and will not work in a future edition
[INFO] [stderr] warning: Cargo.toml: `lints.rust.redundant-imports` is deprecated in favor of `lints.rust.redundant_imports` and will not work in a future edition
[INFO] [stderr] warning: Cargo.toml: `lints.rust.redundant-lifetimes` is deprecated in favor of `lints.rust.redundant_lifetimes` and will not work in a future edition
[INFO] [stderr] warning: Cargo.toml: `lints.rust.single-use-lifetimes` is deprecated in favor of `lints.rust.single_use_lifetimes` and will not work in a future edition
[INFO] [stderr] warning: Cargo.toml: `lints.rust.tail-expr-drop-order` is deprecated in favor of `lints.rust.tail_expr_drop_order` and will not work in a future edition
[INFO] [stderr] warning: Cargo.toml: `lints.rust.trivial-casts` is deprecated in favor of `lints.rust.trivial_casts` and will not work in a future edition
[INFO] [stderr] warning: Cargo.toml: `lints.rust.trivial-numeric-casts` is deprecated in favor of `lints.rust.trivial_numeric_casts` and will not work in a future edition
[INFO] [stderr] warning: Cargo.toml: `lints.rust.unit-bindings` is deprecated in favor of `lints.rust.unit_bindings` and will not work in a future edition
[INFO] [stderr] warning: Cargo.toml: `lints.rust.unknown-lints` is deprecated in favor of `lints.rust.unknown_lints` and will not work in a future edition
[INFO] [stderr] warning: Cargo.toml: `lints.rust.unnameable-types` is deprecated in favor of `lints.rust.unnameable_types` and will not work in a future edition
[INFO] [stderr] warning: Cargo.toml: `lints.rust.unreachable-pub` is deprecated in favor of `lints.rust.unreachable_pub` and will not work in a future edition
[INFO] [stderr] warning: Cargo.toml: `lints.rust.unsafe-attr-outside-unsafe` is deprecated in favor of `lints.rust.unsafe_attr_outside_unsafe` and will not work in a future edition
[INFO] [stderr] warning: Cargo.toml: `lints.rust.unsafe-code` is deprecated in favor of `lints.rust.unsafe_code` and will not work in a future edition
[INFO] [stderr] warning: Cargo.toml: `lints.rust.unstable-features` is deprecated in favor of `lints.rust.unstable_features` and will not work in a future edition
[INFO] [stderr] warning: Cargo.toml: `lints.rust.variant-size-differences` is deprecated in favor of `lints.rust.variant_size_differences` and will not work in a future edition
[INFO] [stderr] warning: `whatsup` (manifest) generated 28 warnings
[INFO] [stderr]     Finished `release` profile [optimized] target(s) in 0.18s
[INFO] [stderr]      Running unittests src/lib.rs (/opt/rustwide/target/release/deps/whatsup_lib-a6b80cdb7d39d5da)
[INFO] [stdout] 
[INFO] [stdout] running 13 tests
[INFO] [stdout] test commit::test::commit_diff_fully_divergent ... ok
[INFO] [stdout] test commit::test::commit_diff_one_ahead ... ok
[INFO] [stdout] test commit::test::commit_diff_divergent_with_common_ancestor ... ok
[INFO] [stdout] test commit::test::commit_diff_multiple_synced ... ok
[INFO] [stdout] test commit::test::git_cyclic_history ... FAILED
[INFO] [stdout] test commit::test::commit_diff_three_ahead ... ok
[INFO] [stdout] test commit::test::git_ahead ... FAILED
[INFO] [stdout] test commit::test::commit_diff_one_behind ... ok
[INFO] [stdout] test commit::test::git_ahead_sha256 ... FAILED
[INFO] [stdout] test commit::test::git_behind ... FAILED
[INFO] [stdout] test commit::test::commit_diff_three_behind ... ok
[INFO] [stdout] test commit::test::commit_like_impl_sane_for_testcommit ... ok
[INFO] [stdout] test commit::test::commit_diff_single_synced ... ok
[INFO] [stderr] error: test failed, to rerun pass `--lib`
[INFO] [stdout] 
[INFO] [stdout] failures:
[INFO] [stdout] 
[INFO] [stdout] ---- commit::test::git_cyclic_history stdout ----
[INFO] [stdout] 
[INFO] [stdout] thread 'commit::test::git_cyclic_history' (1751) panicked at src/commit.rs:409:54:
[INFO] [stdout] called `Result::unwrap()` on an `Err` value: Os { code: 30, kind: ReadOnlyFilesystem, message: "Read-only file system" }
[INFO] [stdout] stack backtrace:
[INFO] [stdout]    0:     0x64655cb05bf1 - <<std[70759c8f55707aa4]::sys::backtrace::BacktraceLock>::print::DisplayBacktrace as core[df12db4294e9bfd3]::fmt::Display>::fmt
[INFO] [stdout]    1:     0x64655cb1a4ca - core[df12db4294e9bfd3]::fmt::write
[INFO] [stdout]    2:     0x64655cb0a33c - <alloc[2182bb758b4b3781]::vec::Vec<u8> as core[df12db4294e9bfd3]::io::write::Write>::write_fmt
[INFO] [stdout]    3:     0x64655cae0756 - std[70759c8f55707aa4]::panicking::default_hook::{closure#0}
[INFO] [stdout]    4:     0x64655cafd8d9 - std[70759c8f55707aa4]::panicking::default_hook
[INFO] [stdout]    5:     0x64655ca97330 - test[9d35eded1c95d3be]::test_main_inner::<test[9d35eded1c95d3be]::test_main_static::{closure#0}>::{closure#0}
[INFO] [stdout]    6:     0x64655cafdc02 - std[70759c8f55707aa4]::panicking::panic_with_hook
[INFO] [stdout]    7:     0x64655cae0802 - std[70759c8f55707aa4]::panicking::panic_handler::{closure#0}
[INFO] [stdout]    8:     0x64655cad9469 - std[70759c8f55707aa4]::sys::backtrace::__rust_end_short_backtrace::<std[70759c8f55707aa4]::panicking::panic_handler::{closure#0}, !>
[INFO] [stdout]    9:     0x64655cae13fd - __rustc[8fa7c3cbc660c2b3]::rust_begin_unwind
[INFO] [stdout]   10:     0x64655cb1ac2c - core[df12db4294e9bfd3]::panicking::panic_fmt
[INFO] [stdout]   11:     0x64655cb1aa02 - core[df12db4294e9bfd3]::result::unwrap_failed
[INFO] [stdout]   12:     0x64655c9ea27e - <std[70759c8f55707aa4]::thread::local::LocalKey<core[df12db4294e9bfd3]::cell::lazy::LazyCell<std[70759c8f55707aa4]::path::PathBuf>>>::with::<<whatsup_lib[186f760646aa5fec]::commit::test::RepoExtractor>::new<&str>::{closure#1}, tempfile[a520fe39fc91c89]::dir::TempDir>
[INFO] [stdout]   13:     0x64655c9ed871 - <whatsup_lib[186f760646aa5fec]::commit::test::RepoExtractor>::new::<&str>
[INFO] [stdout]   14:     0x64655c9ef4c4 - whatsup_lib[186f760646aa5fec]::commit::test::git_cyclic_history
[INFO] [stdout]   15:     0x64655c9ed609 - <whatsup_lib[186f760646aa5fec]::commit::test::git_cyclic_history::{closure#0} as core[df12db4294e9bfd3]::ops::function::FnOnce<()>>::call_once
[INFO] [stdout]   16:     0x64655ca8a61b - test[9d35eded1c95d3be]::__rust_begin_short_backtrace::<core[df12db4294e9bfd3]::result::Result<(), alloc[2182bb758b4b3781]::string::String>, fn() -> core[df12db4294e9bfd3]::result::Result<(), alloc[2182bb758b4b3781]::string::String>>
[INFO] [stdout]   17:     0x64655ca97c85 - test[9d35eded1c95d3be]::run_test::{closure#0}
[INFO] [stdout]   18:     0x64655ca91544 - std[70759c8f55707aa4]::sys::backtrace::__rust_begin_short_backtrace::<test[9d35eded1c95d3be]::run_test::{closure#1}, ()>
[INFO] [stdout]   19:     0x64655ca9ade2 - <std[70759c8f55707aa4]::thread::lifecycle::spawn_unchecked<test[9d35eded1c95d3be]::run_test::{closure#1}, ()>::{closure#1} as core[df12db4294e9bfd3]::ops::function::FnOnce<()>>::call_once::{shim:vtable#0}
[INFO] [stdout]   20:     0x64655cb05489 - <std[70759c8f55707aa4]::sys::thread::unix::Thread>::new::thread_start
[INFO] [stdout]   21:     0x749dcb7b0dfa - <unknown>
[INFO] [stdout]   22:     0x749dcb8443d4 - clone
[INFO] [stdout]   23:                0x0 - <unknown>
[INFO] [stdout] 
[INFO] [stdout] ---- commit::test::git_ahead stdout ----
[INFO] [stdout] 
[INFO] [stdout] thread 'commit::test::git_ahead' (1748) panicked at src/commit.rs:409:54:
[INFO] [stdout] called `Result::unwrap()` on an `Err` value: Os { code: 30, kind: ReadOnlyFilesystem, message: "Read-only file system" }
[INFO] [stdout] stack backtrace:
[INFO] [stdout]    0:     0x64655cb05bf1 - <<std[70759c8f55707aa4]::sys::backtrace::BacktraceLock>::print::DisplayBacktrace as core[df12db4294e9bfd3]::fmt::Display>::fmt
[INFO] [stdout]    1:     0x64655cb1a4ca - core[df12db4294e9bfd3]::fmt::write
[INFO] [stdout]    2:     0x64655cb0a33c - <alloc[2182bb758b4b3781]::vec::Vec<u8> as core[df12db4294e9bfd3]::io::write::Write>::write_fmt
[INFO] [stdout]    3:     0x64655cae0756 - std[70759c8f55707aa4]::panicking::default_hook::{closure#0}
[INFO] [stdout]    4:     0x64655cafd8d9 - std[70759c8f55707aa4]::panicking::default_hook
[INFO] [stdout]    5:     0x64655ca97330 - test[9d35eded1c95d3be]::test_main_inner::<test[9d35eded1c95d3be]::test_main_static::{closure#0}>::{closure#0}
[INFO] [stdout]    6:     0x64655cafdc02 - std[70759c8f55707aa4]::panicking::panic_with_hook
[INFO] [stdout]    7:     0x64655cae0802 - std[70759c8f55707aa4]::panicking::panic_handler::{closure#0}
[INFO] [stdout]    8:     0x64655cad9469 - std[70759c8f55707aa4]::sys::backtrace::__rust_end_short_backtrace::<std[70759c8f55707aa4]::panicking::panic_handler::{closure#0}, !>
[INFO] [stdout]    9:     0x64655cae13fd - __rustc[8fa7c3cbc660c2b3]::rust_begin_unwind
[INFO] [stdout]   10:     0x64655cb1ac2c - core[df12db4294e9bfd3]::panicking::panic_fmt
[INFO] [stdout]   11:     0x64655cb1aa02 - core[df12db4294e9bfd3]::result::unwrap_failed
[INFO] [stdout]   12:     0x64655c9ea27e - <std[70759c8f55707aa4]::thread::local::LocalKey<core[df12db4294e9bfd3]::cell::lazy::LazyCell<std[70759c8f55707aa4]::path::PathBuf>>>::with::<<whatsup_lib[186f760646aa5fec]::commit::test::RepoExtractor>::new<&str>::{closure#1}, tempfile[a520fe39fc91c89]::dir::TempDir>
[INFO] [stdout]   13:     0x64655c9ed871 - <whatsup_lib[186f760646aa5fec]::commit::test::RepoExtractor>::new::<&str>
[INFO] [stdout]   14:     0x64655c9f1b7a - whatsup_lib[186f760646aa5fec]::commit::test::git_ahead
[INFO] [stdout]   15:     0x64655c9ed749 - <whatsup_lib[186f760646aa5fec]::commit::test::git_ahead::{closure#0} as core[df12db4294e9bfd3]::ops::function::FnOnce<()>>::call_once
[INFO] [stdout]   16:     0x64655ca8a61b - test[9d35eded1c95d3be]::__rust_begin_short_backtrace::<core[df12db4294e9bfd3]::result::Result<(), alloc[2182bb758b4b3781]::string::String>, fn() -> core[df12db4294e9bfd3]::result::Result<(), alloc[2182bb758b4b3781]::string::String>>
[INFO] [stdout]   17:     0x64655ca97c85 - test[9d35eded1c95d3be]::run_test::{closure#0}
[INFO] [stdout]   18:     0x64655ca91544 - std[70759c8f55707aa4]::sys::backtrace::__rust_begin_short_backtrace::<test[9d35eded1c95d3be]::run_test::{closure#1}, ()>
[INFO] [stdout]   19:     0x64655ca9ade2 - <std[70759c8f55707aa4]::thread::lifecycle::spawn_unchecked<test[9d35eded1c95d3be]::run_test::{closure#1}, ()>::{closure#1} as core[df12db4294e9bfd3]::ops::function::FnOnce<()>>::call_once::{shim:vtable#0}
[INFO] [stdout]   20:     0x64655cb05489 - <std[70759c8f55707aa4]::sys::thread::unix::Thread>::new::thread_start
[INFO] [stdout]   21:     0x749dcb7b0dfa - <unknown>
[INFO] [stdout]   22:     0x749dcb8443d4 - clone
[INFO] [stdout]   23:                0x0 - <unknown>
[INFO] [stdout] 
[INFO] [stdout] ---- commit::test::git_ahead_sha256 stdout ----
[INFO] [stdout] 
[INFO] [stdout] thread 'commit::test::git_ahead_sha256' (1749) panicked at src/commit.rs:409:54:
[INFO] [stdout] called `Result::unwrap()` on an `Err` value: Os { code: 30, kind: ReadOnlyFilesystem, message: "Read-only file system" }
[INFO] [stdout] stack backtrace:
[INFO] [stdout]    0:     0x64655cb05bf1 - <<std[70759c8f55707aa4]::sys::backtrace::BacktraceLock>::print::DisplayBacktrace as core[df12db4294e9bfd3]::fmt::Display>::fmt
[INFO] [stdout]    1:     0x64655cb1a4ca - core[df12db4294e9bfd3]::fmt::write
[INFO] [stdout]    2:     0x64655cb0a33c - <alloc[2182bb758b4b3781]::vec::Vec<u8> as core[df12db4294e9bfd3]::io::write::Write>::write_fmt
[INFO] [stdout]    3:     0x64655cae0756 - std[70759c8f55707aa4]::panicking::default_hook::{closure#0}
[INFO] [stdout]    4:     0x64655cafd8d9 - std[70759c8f55707aa4]::panicking::default_hook
[INFO] [stdout]    5:     0x64655ca97330 - test[9d35eded1c95d3be]::test_main_inner::<test[9d35eded1c95d3be]::test_main_static::{closure#0}>::{closure#0}
[INFO] [stdout]    6:     0x64655cafdc02 - std[70759c8f55707aa4]::panicking::panic_with_hook
[INFO] [stdout]    7:     0x64655cae0802 - std[70759c8f55707aa4]::panicking::panic_handler::{closure#0}
[INFO] [stdout]    8:     0x64655cad9469 - std[70759c8f55707aa4]::sys::backtrace::__rust_end_short_backtrace::<std[70759c8f55707aa4]::panicking::panic_handler::{closure#0}, !>
[INFO] [stdout]    9:     0x64655cae13fd - __rustc[8fa7c3cbc660c2b3]::rust_begin_unwind
[INFO] [stdout]   10:     0x64655cb1ac2c - core[df12db4294e9bfd3]::panicking::panic_fmt
[INFO] [stdout]   11:     0x64655cb1aa02 - core[df12db4294e9bfd3]::result::unwrap_failed
[INFO] [stdout]   12:     0x64655c9ea27e - <std[70759c8f55707aa4]::thread::local::LocalKey<core[df12db4294e9bfd3]::cell::lazy::LazyCell<std[70759c8f55707aa4]::path::PathBuf>>>::with::<<whatsup_lib[186f760646aa5fec]::commit::test::RepoExtractor>::new<&str>::{closure#1}, tempfile[a520fe39fc91c89]::dir::TempDir>
[INFO] [stdout]   13:     0x64655c9ed871 - <whatsup_lib[186f760646aa5fec]::commit::test::RepoExtractor>::new::<&str>
[INFO] [stdout]   14:     0x64655c9eecba - whatsup_lib[186f760646aa5fec]::commit::test::git_ahead_sha256
[INFO] [stdout]   15:     0x64655c9ed5e9 - <whatsup_lib[186f760646aa5fec]::commit::test::git_ahead_sha256::{closure#0} as core[df12db4294e9bfd3]::ops::function::FnOnce<()>>::call_once
[INFO] [stdout]   16:     0x64655ca8a61b - test[9d35eded1c95d3be]::__rust_begin_short_backtrace::<core[df12db4294e9bfd3]::result::Result<(), alloc[2182bb758b4b3781]::string::String>, fn() -> core[df12db4294e9bfd3]::result::Result<(), alloc[2182bb758b4b3781]::string::String>>
[INFO] [stdout]   17:     0x64655ca97c85 - test[9d35eded1c95d3be]::run_test::{closure#0}
[INFO] [stdout]   18:     0x64655ca91544 - std[70759c8f55707aa4]::sys::backtrace::__rust_begin_short_backtrace::<test[9d35eded1c95d3be]::run_test::{closure#1}, ()>
[INFO] [stdout]   19:     0x64655ca9ade2 - <std[70759c8f55707aa4]::thread::lifecycle::spawn_unchecked<test[9d35eded1c95d3be]::run_test::{closure#1}, ()>::{closure#1} as core[df12db4294e9bfd3]::ops::function::FnOnce<()>>::call_once::{shim:vtable#0}
[INFO] [stdout]   20:     0x64655cb05489 - <std[70759c8f55707aa4]::sys::thread::unix::Thread>::new::thread_start
[INFO] [stdout]   21:     0x749dcb7b0dfa - <unknown>
[INFO] [stdout]   22:     0x749dcb8443d4 - clone
[INFO] [stdout]   23:                0x0 - <unknown>
[INFO] [stdout] 
[INFO] [stdout] ---- commit::test::git_behind stdout ----
[INFO] [stdout] 
[INFO] [stdout] thread 'commit::test::git_behind' (1750) panicked at src/commit.rs:409:54:
[INFO] [stdout] called `Result::unwrap()` on an `Err` value: Os { code: 30, kind: ReadOnlyFilesystem, message: "Read-only file system" }
[INFO] [stdout] stack backtrace:
[INFO] [stdout]    0:     0x64655cb05bf1 - <<std[70759c8f55707aa4]::sys::backtrace::BacktraceLock>::print::DisplayBacktrace as core[df12db4294e9bfd3]::fmt::Display>::fmt
[INFO] [stdout]    1:     0x64655cb1a4ca - core[df12db4294e9bfd3]::fmt::write
[INFO] [stdout]    2:     0x64655cb0a33c - <alloc[2182bb758b4b3781]::vec::Vec<u8> as core[df12db4294e9bfd3]::io::write::Write>::write_fmt
[INFO] [stdout]    3:     0x64655cae0756 - std[70759c8f55707aa4]::panicking::default_hook::{closure#0}
[INFO] [stdout]    4:     0x64655cafd8d9 - std[70759c8f55707aa4]::panicking::default_hook
[INFO] [stdout]    5:     0x64655ca97330 - test[9d35eded1c95d3be]::test_main_inner::<test[9d35eded1c95d3be]::test_main_static::{closure#0}>::{closure#0}
[INFO] [stdout]    6:     0x64655cafdc02 - std[70759c8f55707aa4]::panicking::panic_with_hook
[INFO] [stdout]    7:     0x64655cae0802 - std[70759c8f55707aa4]::panicking::panic_handler::{closure#0}
[INFO] [stdout]    8:     0x64655cad9469 - std[70759c8f55707aa4]::sys::backtrace::__rust_end_short_backtrace::<std[70759c8f55707aa4]::panicking::panic_handler::{closure#0}, !>
[INFO] [stdout]    9:     0x64655cae13fd - __rustc[8fa7c3cbc660c2b3]::rust_begin_unwind
[INFO] [stdout]   10:     0x64655cb1ac2c - core[df12db4294e9bfd3]::panicking::panic_fmt
[INFO] [stdout]   11:     0x64655cb1aa02 - core[df12db4294e9bfd3]::result::unwrap_failed
[INFO] [stdout]   12:     0x64655c9ea27e - <std[70759c8f55707aa4]::thread::local::LocalKey<core[df12db4294e9bfd3]::cell::lazy::LazyCell<std[70759c8f55707aa4]::path::PathBuf>>>::with::<<whatsup_lib[186f760646aa5fec]::commit::test::RepoExtractor>::new<&str>::{closure#1}, tempfile[a520fe39fc91c89]::dir::TempDir>
[INFO] [stdout]   13:     0x64655c9ed871 - <whatsup_lib[186f760646aa5fec]::commit::test::RepoExtractor>::new::<&str>
[INFO] [stdout]   14:     0x64655c9eeace - whatsup_lib[186f760646aa5fec]::commit::test::git_behind
[INFO] [stdout]   15:     0x64655c9ed5c9 - <whatsup_lib[186f760646aa5fec]::commit::test::git_behind::{closure#0} as core[df12db4294e9bfd3]::ops::function::FnOnce<()>>::call_once
[INFO] [stdout]   16:     0x64655ca8a61b - test[9d35eded1c95d3be]::__rust_begin_short_backtrace::<core[df12db4294e9bfd3]::result::Result<(), alloc[2182bb758b4b3781]::string::String>, fn() -> core[df12db4294e9bfd3]::result::Result<(), alloc[2182bb758b4b3781]::string::String>>
[INFO] [stdout]   17:     0x64655ca97c85 - test[9d35eded1c95d3be]::run_test::{closure#0}
[INFO] [stdout]   18:     0x64655ca91544 - std[70759c8f55707aa4]::sys::backtrace::__rust_begin_short_backtrace::<test[9d35eded1c95d3be]::run_test::{closure#1}, ()>
[INFO] [stdout]   19:     0x64655ca9ade2 - <std[70759c8f55707aa4]::thread::lifecycle::spawn_unchecked<test[9d35eded1c95d3be]::run_test::{closure#1}, ()>::{closure#1} as core[df12db4294e9bfd3]::ops::function::FnOnce<()>>::call_once::{shim:vtable#0}
[INFO] [stdout]   20:     0x64655cb05489 - <std[70759c8f55707aa4]::sys::thread::unix::Thread>::new::thread_start
[INFO] [stdout]   21:     0x749dcb7b0dfa - <unknown>
[INFO] [stdout]   22:     0x749dcb8443d4 - clone
[INFO] [stdout]   23:                0x0 - <unknown>
[INFO] [stdout] 
[INFO] [stdout] 
[INFO] [stdout] failures:
[INFO] [stdout]     commit::test::git_ahead
[INFO] [stdout]     commit::test::git_ahead_sha256
[INFO] [stdout]     commit::test::git_behind
[INFO] [stdout]     commit::test::git_cyclic_history
[INFO] [stdout] 
[INFO] [stdout] test result: FAILED. 9 passed; 4 failed; 0 ignored; 0 measured; 0 filtered out; finished in 0.01s
[INFO] [stdout] 
[INFO] running `Command { std: "docker" "inspect" "c64cb36f08ce64381b84f883ff1e32b380da9dfadae1df6098a5a09470193617", kill_on_drop: false }`
[INFO] running `Command { std: "docker" "rm" "-f" "c64cb36f08ce64381b84f883ff1e32b380da9dfadae1df6098a5a09470193617", kill_on_drop: false }`
[INFO] [stdout] c64cb36f08ce64381b84f883ff1e32b380da9dfadae1df6098a5a09470193617
