[INFO] fetching crate whatsapp 0.8.1...
[INFO] testing whatsapp-0.8.1 against 1.99.0-beta.8+cargoflags=--release for beta-release-1.100-2
[INFO] extracting crate whatsapp 0.8.1 into /workspace/builds/worker-3-tc1/source
[INFO] started tweaking crates.io crate whatsapp 0.8.1
[INFO] removed 0 missing tests
[INFO] finished tweaking crates.io crate whatsapp 0.8.1
[INFO] tweaked toml for crates.io crate whatsapp 0.8.1 written to /workspace/builds/worker-3-tc1/source/Cargo.toml
[INFO] validating manifest of crates.io crate whatsapp 0.8.1 on toolchain 1.99.0-beta.8
[INFO] running `Command { std: CARGO_HOME="/workspace/cargo-home" RUSTUP_HOME="/workspace/rustup-home" "/workspace/cargo-home/bin/cargo" "+1.99.0-beta.8" "metadata" "--manifest-path" "Cargo.toml" "--no-deps", kill_on_drop: false }`
[INFO] crate crates.io crate whatsapp 0.8.1 already has a lockfile, it will not be regenerated
[INFO] running `Command { std: CARGO_HOME="/workspace/cargo-home" RUSTUP_HOME="/workspace/rustup-home" "/workspace/cargo-home/bin/cargo" "+1.99.0-beta.8" "fetch" "--manifest-path" "Cargo.toml", kill_on_drop: false }`
[INFO] running `Command { std: "docker" "create" "-v" "/var/lib/crater-agent-workspace/builds/worker-3-tc1/source:/opt/rustwide/workdir:ro,Z" "-v" "/var/lib/crater-agent-workspace/builds/worker-3-tc1/target:/opt/rustwide/target:rw,Z" "-v" "/var/lib/crater-agent-workspace/cargo-home:/opt/rustwide/cargo-home:ro,Z" "-v" "/var/lib/crater-agent-workspace/rustup-home:/opt/rustwide/rustup-home:ro,Z" "-m" "1610612736" "--network" "none" "ghcr.io/rust-lang/crates-build-env/linux@sha256:77db811e55d90add9212f6832c23229e3de5f1c1f9905e8cb07319ea15df73ac" "sleep" "infinity", kill_on_drop: false }`
[INFO] [stdout] 176eed3f11ed5244b5fe9dfbed9fa4b4c54f4c6002439daffb53ce0d41516b7b
[INFO] running `Command { std: "docker" "start" "176eed3f11ed5244b5fe9dfbed9fa4b4c54f4c6002439daffb53ce0d41516b7b", kill_on_drop: false }`
[INFO] running `Command { std: "docker" "inspect" "176eed3f11ed5244b5fe9dfbed9fa4b4c54f4c6002439daffb53ce0d41516b7b", kill_on_drop: false }`
[INFO] running `Command { std: "docker" "exec" "-e" "SOURCE_DIR=/opt/rustwide/workdir" "-e" "CARGO_HOME=/opt/rustwide/cargo-home" "-e" "RUSTUP_HOME=/opt/rustwide/rustup-home" "-e" "CARGO_TARGET_DIR=/opt/rustwide/target" "-w" "/opt/rustwide/workdir" "--user" "0:0" "176eed3f11ed5244b5fe9dfbed9fa4b4c54f4c6002439daffb53ce0d41516b7b" "/opt/rustwide/cargo-home/bin/cargo" "+1.99.0-beta.8" "metadata" "--no-deps" "--format-version=1", kill_on_drop: false }`
[INFO] running `Command { std: "docker" "inspect" "176eed3f11ed5244b5fe9dfbed9fa4b4c54f4c6002439daffb53ce0d41516b7b", kill_on_drop: false }`
[INFO] running `Command { std: "docker" "exec" "-e" "SOURCE_DIR=/opt/rustwide/workdir" "-e" "CARGO_HOME=/opt/rustwide/cargo-home" "-e" "RUSTUP_HOME=/opt/rustwide/rustup-home" "-e" "CARGO_TARGET_DIR=/opt/rustwide/target" "-e" "CARGO_INCREMENTAL=0" "-e" "RUST_BACKTRACE=full" "-e" "RUSTFLAGS=--cap-lints=warn" "-e" "RUSTDOCFLAGS=--cap-lints=warn" "-w" "/opt/rustwide/workdir" "--user" "0:0" "176eed3f11ed5244b5fe9dfbed9fa4b4c54f4c6002439daffb53ce0d41516b7b" "/opt/rustwide/cargo-home/bin/cargo" "+1.99.0-beta.8" "build" "--frozen" "--message-format=json" "--release", kill_on_drop: false }`
[INFO] [stderr]    Compiling synstructure v0.14.0
[INFO] [stderr]    Compiling zerovec-derive v0.11.6
[INFO] [stderr]    Compiling displaydoc v0.2.7
[INFO] [stderr]    Compiling find-msvc-tools v0.1.13
[INFO] [stderr]    Compiling smallvec v1.16.1
[INFO] [stderr]    Compiling syn v2.0.119
[INFO] [stderr]    Compiling futures-util v0.3.34
[INFO] [stderr]    Compiling tokio v1.53.1
[INFO] [stderr]    Compiling serde_derive v1.0.229
[INFO] [stderr]    Compiling encoding_rs v0.8.35
[INFO] [stderr]    Compiling cc v1.4.7
[INFO] [stderr]    Compiling zerofrom-derive v0.1.8
[INFO] [stderr]    Compiling yoke-derive v0.8.3
[INFO] [stderr]    Compiling zerofrom v0.1.8
[INFO] [stderr]    Compiling yoke v0.8.3
[INFO] [stderr]    Compiling zerotrie v0.2.5
[INFO] [stderr]    Compiling zerovec v0.11.8
[INFO] [stderr]    Compiling openssl-sys v0.9.117
[INFO] [stderr]    Compiling tinystr v0.8.4
[INFO] [stderr]    Compiling potential_utf v0.1.6
[INFO] [stderr]    Compiling openssl v0.10.81
[INFO] [stderr]    Compiling native-tls v0.2.18
[INFO] [stderr]    Compiling icu_collections v2.2.0
[INFO] [stderr]    Compiling icu_locale_core v2.2.0
[INFO] [stderr]    Compiling serde v1.0.229
[INFO] [stderr]    Compiling icu_provider v2.2.0
[INFO] [stderr]    Compiling icu_normalizer v2.2.0
[INFO] [stderr]    Compiling icu_properties v2.2.0
[INFO] [stderr]    Compiling openssl-macros v0.1.1
[INFO] [stderr]    Compiling idna_adapter v1.2.2
[INFO] [stderr]    Compiling idna v1.1.0
[INFO] [stderr]    Compiling url v2.5.8
[INFO] [stderr]    Compiling tokio-util v0.7.19
[INFO] [stderr]    Compiling tower v0.5.3
[INFO] [stderr]    Compiling h2 v0.4.19
[INFO] [stderr]    Compiling tower-http v0.6.11
[INFO] [stderr]    Compiling tokio-native-tls v0.3.1
[INFO] [stderr]    Compiling hyper v1.11.1
[INFO] [stderr]    Compiling hyper-util v0.1.20
[INFO] [stderr]    Compiling hyper-tls v0.6.0
[INFO] [stderr]    Compiling reqwest v0.13.5
[INFO] [stderr]    Compiling whatsapp v0.8.1 (/opt/rustwide/workdir)
[INFO] [stderr]     Finished `release` profile [optimized] target(s) in 1m 14s
[INFO] running `Command { std: "docker" "inspect" "176eed3f11ed5244b5fe9dfbed9fa4b4c54f4c6002439daffb53ce0d41516b7b", kill_on_drop: false }`
[INFO] running `Command { std: "docker" "exec" "-e" "SOURCE_DIR=/opt/rustwide/workdir" "-e" "CARGO_HOME=/opt/rustwide/cargo-home" "-e" "RUSTUP_HOME=/opt/rustwide/rustup-home" "-e" "CARGO_TARGET_DIR=/opt/rustwide/target" "-e" "CARGO_INCREMENTAL=0" "-e" "RUST_BACKTRACE=full" "-e" "RUSTFLAGS=--cap-lints=warn" "-e" "RUSTDOCFLAGS=--cap-lints=warn" "-w" "/opt/rustwide/workdir" "--user" "0:0" "176eed3f11ed5244b5fe9dfbed9fa4b4c54f4c6002439daffb53ce0d41516b7b" "/opt/rustwide/cargo-home/bin/cargo" "+1.99.0-beta.8" "test" "--frozen" "--no-run" "--message-format=json" "--release", kill_on_drop: false }`
[INFO] [stderr]    Compiling syn v3.0.6
[INFO] [stderr]    Compiling parking_lot_core v0.9.12
[INFO] [stderr]    Compiling native-tls v0.2.18
[INFO] [stderr]    Compiling regex-automata v0.4.18
[INFO] [stderr]    Compiling jiff-core v0.1.1
[INFO] [stderr]    Compiling anstream v1.0.0
[INFO] [stderr]    Compiling parking_lot v0.12.5
[INFO] [stderr]    Compiling jiff v0.2.37
[INFO] [stderr]    Compiling regex v1.13.1
[INFO] [stderr]    Compiling env_filter v2.0.0
[INFO] [stderr]    Compiling synstructure v0.14.0
[INFO] [stderr]    Compiling zerovec-derive v0.11.6
[INFO] [stderr]    Compiling displaydoc v0.2.7
[INFO] [stderr]    Compiling tokio-macros v2.7.2
[INFO] [stderr]    Compiling serde_derive v1.0.229
[INFO] [stderr]    Compiling zerofrom-derive v0.1.8
[INFO] [stderr]    Compiling yoke-derive v0.8.3
[INFO] [stderr]    Compiling env_logger v0.11.11
[INFO] [stderr]    Compiling tokio v1.53.1
[INFO] [stderr]    Compiling zerofrom v0.1.8
[INFO] [stderr]    Compiling yoke v0.8.3
[INFO] [stderr]    Compiling zerovec v0.11.8
[INFO] [stderr]    Compiling zerotrie v0.2.5
[INFO] [stderr]    Compiling tinystr v0.8.4
[INFO] [stderr]    Compiling potential_utf v0.1.6
[INFO] [stderr]    Compiling icu_collections v2.2.0
[INFO] [stderr]    Compiling icu_locale_core v2.2.0
[INFO] [stderr]    Compiling serde v1.0.229
[INFO] [stderr]    Compiling icu_provider v2.2.0
[INFO] [stderr]    Compiling icu_normalizer v2.2.0
[INFO] [stderr]    Compiling icu_properties v2.2.0
[INFO] [stderr]    Compiling idna_adapter v1.2.2
[INFO] [stderr]    Compiling idna v1.1.0
[INFO] [stderr]    Compiling url v2.5.8
[INFO] [stderr]    Compiling tokio-util v0.7.19
[INFO] [stderr]    Compiling tokio-native-tls v0.3.1
[INFO] [stderr]    Compiling tower v0.5.3
[INFO] [stderr]    Compiling tower-http v0.6.11
[INFO] [stderr]    Compiling h2 v0.4.19
[INFO] [stderr]    Compiling hyper v1.11.1
[INFO] [stderr]    Compiling hyper-util v0.1.20
[INFO] [stderr]    Compiling hyper-tls v0.6.0
[INFO] [stderr]    Compiling reqwest v0.13.5
[INFO] [stderr]    Compiling whatsapp v0.8.1 (/opt/rustwide/workdir)
[INFO] [stderr]     Finished `release` profile [optimized] target(s) in 1m 46s
[INFO] running `Command { std: "docker" "inspect" "176eed3f11ed5244b5fe9dfbed9fa4b4c54f4c6002439daffb53ce0d41516b7b", kill_on_drop: false }`
[INFO] running `Command { std: "docker" "exec" "-e" "SOURCE_DIR=/opt/rustwide/workdir" "-e" "CARGO_HOME=/opt/rustwide/cargo-home" "-e" "RUSTUP_HOME=/opt/rustwide/rustup-home" "-e" "CARGO_TARGET_DIR=/opt/rustwide/target" "-e" "CARGO_INCREMENTAL=0" "-e" "RUST_BACKTRACE=full" "-e" "RUSTFLAGS=--cap-lints=warn" "-e" "RUSTDOCFLAGS=--cap-lints=warn" "-w" "/opt/rustwide/workdir" "--user" "0:0" "176eed3f11ed5244b5fe9dfbed9fa4b4c54f4c6002439daffb53ce0d41516b7b" "/opt/rustwide/cargo-home/bin/cargo" "+1.99.0-beta.8" "test" "--frozen" "--release", kill_on_drop: false }`
[INFO] [stderr]     Finished `release` profile [optimized] target(s) in 0.25s
[INFO] [stderr]      Running unittests src/lib.rs (/opt/rustwide/target/release/deps/whatsapp-cb0a7dbe1925e690)
[INFO] [stdout] 
[INFO] [stdout] running 5 tests
[INFO] [stdout] test error::tests::falls_back_to_unexpected_error_for_non_graph_body ... ok
[INFO] [stdout] test error::tests::parses_graph_api_error_with_subcode ... ok
[INFO] [stdout] test error::tests::parses_graph_api_error ... ok
[INFO] [stdout] test whatsapp_client::tests::version_is_readable_through_shared_reference ... ok
[INFO] [stdout] test whatsapp_client::tests::set_phone_number_id_updates_phone_number_id ... ok
[INFO] [stderr]      Running tests/models_tests.rs (/opt/rustwide/target/release/deps/models_tests-e2a2762c9a4f6a19)
[INFO] [stdout] 
[INFO] [stdout] test result: ok. 5 passed; 0 failed; 0 ignored; 0 measured; 0 filtered out; finished in 0.07s
[INFO] [stdout] 
[INFO] [stdout] 
[INFO] [stdout] running 42 tests
[INFO] [stdout] test code_method_serializes_uppercase ... ok
[INFO] [stdout] test interactive::flow_message_matches_meta_example ... ok
[INFO] [stdout] test interactive::catalog_message_matches_meta_example ... ok
[INFO] [stdout] test interactive::product_list_message_matches_meta_example ... ok
[INFO] [stdout] test interactive::list_message_json_is_unchanged ... ok
[INFO] [stdout] test interactive::flow_message_with_data_exchange_serializes ... ok
[INFO] [stdout] test interactive::button_message_json_is_unchanged ... ok
[INFO] [stdout] test interactive::flow_message_by_name_in_draft_mode_serializes ... ok
[INFO] [stdout] test interactive_list_message_serializes ... ok
[INFO] [stdout] test mark_as_read_serializes ... ok
[INFO] [stdout] test media_response_deserializes ... ok
[INFO] [stdout] test interactive::button_message_with_header_and_footer_serializes ... ok
[INFO] [stdout] test text_message_with_preview_url_and_context_serializes ... ok
[INFO] [stdout] test verification_request_deserializes ... ok
[INFO] [stdout] test template_message_serializes ... ok
[INFO] [stdout] test template_message_with_components_serializes ... ok
[INFO] [stdout] test image_message_by_link_serializes ... ok
[INFO] [stdout] test image_message_by_media_id_serializes ... ok
[INFO] [stdout] test interactive::product_message_without_body_serializes ... ok
[INFO] [stdout] test message_response_deserializes ... ok
[INFO] [stdout] test webhook_image_message_deserializes ... ok
[INFO] [stdout] test interactive::media_headers_serialize ... ok
[INFO] [stdout] test interactive::cta_url_message_matches_meta_example ... ok
[INFO] [stdout] test interactive::product_message_matches_meta_example ... ok
[INFO] [stdout] test webhook_failed_status_deserializes ... ok
[INFO] [stdout] test text_message_serializes ... ok
[INFO] [stdout] test webhook_video_without_filename_deserializes ... ok
[INFO] [stdout] test webhook_reply_with_context_deserializes ... ok
[INFO] [stdout] test webhook_system_user_changed_number_deserializes ... ok
[INFO] [stdout] test webhook_request_welcome_deserializes ... ok
[INFO] [stdout] test webhook_text_message_deserializes ... ok
[INFO] [stdout] test webhook_unmodelled_message_type_deserializes_as_unknown ... ok
[INFO] [stdout] test webhook_shared_contacts_deserializes ... ok
[INFO] [stdout] test webhook_status_without_optional_fields_deserializes ... ok
[INFO] [stdout] test webhook_location_message_deserializes ... ok
[INFO] [stdout] test webhook_list_reply_deserializes ... ok
[INFO] [stdout] test webhook_removed_reaction_deserializes ... ok
[INFO] [stdout] test webhook_reaction_deserializes ... ok
[INFO] [stdout] test webhook_button_reply_deserializes ... ok
[INFO] [stdout] test interactive_button_message_serializes ... ok
[INFO] [stdout] test interactive::catalog_message_without_thumbnail_serializes ... ok
[INFO] [stderr]      Running tests/phone_number_tests.rs (/opt/rustwide/target/release/deps/phone_number_tests-be631b7d9a1c748c)
[INFO] [stdout] test webhook_sent_status_deserializes ... ok
[INFO] [stdout] 
[INFO] [stdout] test result: ok. 42 passed; 0 failed; 0 ignored; 0 measured; 0 filtered out; finished in 0.04s
[INFO] [stdout] 
[INFO] [stdout] 
[INFO] [stdout] running 2 tests
[INFO] [stdout] test request_code_works ... FAILED
[INFO] [stdout] test verify_code_works ... FAILED
[INFO] [stderr] error: test failed, to rerun pass `--test phone_number_tests`
[INFO] [stdout] 
[INFO] [stdout] failures:
[INFO] [stdout] 
[INFO] [stdout] ---- request_code_works stdout ----
[INFO] [stdout] 
[INFO] [stdout] thread 'request_code_works' (1949) panicked at tests/phone_number_tests.rs:7:10:
[INFO] [stdout] Missing environment variable WHATSAPP_ACCESS_TOKEN: NotPresent
[INFO] [stdout] stack backtrace:
[INFO] [stdout]    0:     0x55cc367ae471 - <<std[70759c8f55707aa4]::sys::backtrace::BacktraceLock>::print::DisplayBacktrace as core[df12db4294e9bfd3]::fmt::Display>::fmt
[INFO] [stdout]    1:     0x55cc367c62ea - core[df12db4294e9bfd3]::fmt::write
[INFO] [stdout]    2:     0x55cc367b475c - <alloc[2182bb758b4b3781]::vec::Vec<u8> as core[df12db4294e9bfd3]::io::write::Write>::write_fmt
[INFO] [stdout]    3:     0x55cc36789326 - std[70759c8f55707aa4]::panicking::default_hook::{closure#0}
[INFO] [stdout]    4:     0x55cc367a61e9 - std[70759c8f55707aa4]::panicking::default_hook
[INFO] [stdout]    5:     0x55cc365e90b0 - test[9d35eded1c95d3be]::test_main_inner::<test[9d35eded1c95d3be]::test_main_static::{closure#0}>::{closure#0}
[INFO] [stdout]    6:     0x55cc367a6512 - std[70759c8f55707aa4]::panicking::panic_with_hook
[INFO] [stdout]    7:     0x55cc367893d2 - std[70759c8f55707aa4]::panicking::panic_handler::{closure#0}
[INFO] [stdout]    8:     0x55cc36781e39 - std[70759c8f55707aa4]::sys::backtrace::__rust_end_short_backtrace::<std[70759c8f55707aa4]::panicking::panic_handler::{closure#0}, !>
[INFO] [stdout]    9:     0x55cc3678a25d - __rustc[8fa7c3cbc660c2b3]::rust_begin_unwind
[INFO] [stdout]   10:     0x55cc367c6acc - core[df12db4294e9bfd3]::panicking::panic_fmt
[INFO] [stdout]   11:     0x55cc367c68a2 - core[df12db4294e9bfd3]::result::unwrap_failed
[INFO] [stdout]   12:     0x55cc364fd2fd - phone_number_tests[5ad2d26272a2da8b]::request_code_works::{closure#0}
[INFO] [stdout]   13:     0x55cc365083fd - <tokio[f6f7508d96cb857d]::runtime::scheduler::current_thread::Context>::enter::<core[df12db4294e9bfd3]::task::poll::Poll<core[df12db4294e9bfd3]::result::Result<(), whatsapp[8bb7b7c48446d03b]::error::WhatsappError>>, <tokio[f6f7508d96cb857d]::runtime::scheduler::current_thread::CoreGuard>::block_on<core[df12db4294e9bfd3]::pin::Pin<&mut core[df12db4294e9bfd3]::pin::Pin<&mut dyn core[df12db4294e9bfd3]::future::future::Future<Output = core[df12db4294e9bfd3]::result::Result<(), whatsapp[8bb7b7c48446d03b]::error::WhatsappError>>>>>::{closure#0}::{closure#0}>
[INFO] [stdout]   14:     0x55cc365008d8 - <tokio[f6f7508d96cb857d]::runtime::context::scoped::Scoped<tokio[f6f7508d96cb857d]::runtime::scheduler::Context>>::set::<<tokio[f6f7508d96cb857d]::runtime::scheduler::current_thread::CoreGuard>::enter<<tokio[f6f7508d96cb857d]::runtime::scheduler::current_thread::CoreGuard>::block_on<core[df12db4294e9bfd3]::pin::Pin<&mut core[df12db4294e9bfd3]::pin::Pin<&mut dyn core[df12db4294e9bfd3]::future::future::Future<Output = core[df12db4294e9bfd3]::result::Result<(), whatsapp[8bb7b7c48446d03b]::error::WhatsappError>>>>>::{closure#0}, core[df12db4294e9bfd3]::option::Option<core[df12db4294e9bfd3]::result::Result<(), whatsapp[8bb7b7c48446d03b]::error::WhatsappError>>>::{closure#0}, (alloc[2182bb758b4b3781]::boxed::Box<tokio[f6f7508d96cb857d]::runtime::scheduler::current_thread::Core>, core[df12db4294e9bfd3]::option::Option<core[df12db4294e9bfd3]::result::Result<(), whatsapp[8bb7b7c48446d03b]::error::WhatsappError>>)>
[INFO] [stdout]   15:     0x55cc365085e5 - <tokio[f6f7508d96cb857d]::runtime::scheduler::current_thread::CoreGuard>::block_on::<core[df12db4294e9bfd3]::pin::Pin<&mut core[df12db4294e9bfd3]::pin::Pin<&mut dyn core[df12db4294e9bfd3]::future::future::Future<Output = core[df12db4294e9bfd3]::result::Result<(), whatsapp[8bb7b7c48446d03b]::error::WhatsappError>>>>>
[INFO] [stdout]   16:     0x55cc36502f93 - tokio[f6f7508d96cb857d]::runtime::context::runtime::enter_runtime::<<tokio[f6f7508d96cb857d]::runtime::scheduler::current_thread::CurrentThread>::block_on<core[df12db4294e9bfd3]::pin::Pin<&mut dyn core[df12db4294e9bfd3]::future::future::Future<Output = core[df12db4294e9bfd3]::result::Result<(), whatsapp[8bb7b7c48446d03b]::error::WhatsappError>>>>::{closure#0}, core[df12db4294e9bfd3]::result::Result<(), whatsapp[8bb7b7c48446d03b]::error::WhatsappError>>
[INFO] [stdout]   17:     0x55cc364fe94a - <tokio[f6f7508d96cb857d]::runtime::runtime::Runtime>::block_on::<core[df12db4294e9bfd3]::pin::Pin<&mut dyn core[df12db4294e9bfd3]::future::future::Future<Output = core[df12db4294e9bfd3]::result::Result<(), whatsapp[8bb7b7c48446d03b]::error::WhatsappError>>>>
[INFO] [stdout]   18:     0x55cc364fe712 - <phone_number_tests[5ad2d26272a2da8b]::request_code_works::{closure#0} as core[df12db4294e9bfd3]::ops::function::FnOnce<()>>::call_once
[INFO] [stdout]   19:     0x55cc365dc39b - test[9d35eded1c95d3be]::__rust_begin_short_backtrace::<core[df12db4294e9bfd3]::result::Result<(), alloc[2182bb758b4b3781]::string::String>, fn() -> core[df12db4294e9bfd3]::result::Result<(), alloc[2182bb758b4b3781]::string::String>>
[INFO] [stdout]   20:     0x55cc365e9a05 - test[9d35eded1c95d3be]::run_test::{closure#0}
[INFO] [stdout]   21:     0x55cc365e32c4 - std[70759c8f55707aa4]::sys::backtrace::__rust_begin_short_backtrace::<test[9d35eded1c95d3be]::run_test::{closure#1}, ()>
[INFO] [stdout]   22:     0x55cc365ecb62 - <std[70759c8f55707aa4]::thread::lifecycle::spawn_unchecked<test[9d35eded1c95d3be]::run_test::{closure#1}, ()>::{closure#1} as core[df12db4294e9bfd3]::ops::function::FnOnce<()>>::call_once::{shim:vtable#0}
[INFO] [stdout]   23:     0x55cc367ad999 - <std[70759c8f55707aa4]::sys::thread::unix::Thread>::new::thread_start
[INFO] [stdout]   24:     0x7d3216fcedfa - <unknown>
[INFO] [stdout]   25:     0x7d32170623d4 - clone
[INFO] [stdout]   26:                0x0 - <unknown>
[INFO] [stdout] 
[INFO] [stdout] ---- verify_code_works stdout ----
[INFO] [stdout] 
[INFO] [stdout] thread 'verify_code_works' (1950) panicked at tests/phone_number_tests.rs:20:10:
[INFO] [stdout] Missing environment variable WHATSAPP_ACCESS_TOKEN: NotPresent
[INFO] [stdout] stack backtrace:
[INFO] [stdout]    0:     0x55cc367ae471 - <<std[70759c8f55707aa4]::sys::backtrace::BacktraceLock>::print::DisplayBacktrace as core[df12db4294e9bfd3]::fmt::Display>::fmt
[INFO] [stdout]    1:     0x55cc367c62ea - core[df12db4294e9bfd3]::fmt::write
[INFO] [stdout]    2:     0x55cc367b475c - <alloc[2182bb758b4b3781]::vec::Vec<u8> as core[df12db4294e9bfd3]::io::write::Write>::write_fmt
[INFO] [stdout]    3:     0x55cc36789326 - std[70759c8f55707aa4]::panicking::default_hook::{closure#0}
[INFO] [stdout]    4:     0x55cc367a61e9 - std[70759c8f55707aa4]::panicking::default_hook
[INFO] [stdout]    5:     0x55cc365e90b0 - test[9d35eded1c95d3be]::test_main_inner::<test[9d35eded1c95d3be]::test_main_static::{closure#0}>::{closure#0}
[INFO] [stdout]    6:     0x55cc367a6512 - std[70759c8f55707aa4]::panicking::panic_with_hook
[INFO] [stdout]    7:     0x55cc367893d2 - std[70759c8f55707aa4]::panicking::panic_handler::{closure#0}
[INFO] [stdout]    8:     0x55cc36781e39 - std[70759c8f55707aa4]::sys::backtrace::__rust_end_short_backtrace::<std[70759c8f55707aa4]::panicking::panic_handler::{closure#0}, !>
[INFO] [stdout]    9:     0x55cc3678a25d - __rustc[8fa7c3cbc660c2b3]::rust_begin_unwind
[INFO] [stdout]   10:     0x55cc367c6acc - core[df12db4294e9bfd3]::panicking::panic_fmt
[INFO] [stdout]   11:     0x55cc367c68a2 - core[df12db4294e9bfd3]::result::unwrap_failed
[INFO] [stdout]   12:     0x55cc364fc4db - phone_number_tests[5ad2d26272a2da8b]::verify_code_works::{closure#0}
[INFO] [stdout]   13:     0x55cc365083fd - <tokio[f6f7508d96cb857d]::runtime::scheduler::current_thread::Context>::enter::<core[df12db4294e9bfd3]::task::poll::Poll<core[df12db4294e9bfd3]::result::Result<(), whatsapp[8bb7b7c48446d03b]::error::WhatsappError>>, <tokio[f6f7508d96cb857d]::runtime::scheduler::current_thread::CoreGuard>::block_on<core[df12db4294e9bfd3]::pin::Pin<&mut core[df12db4294e9bfd3]::pin::Pin<&mut dyn core[df12db4294e9bfd3]::future::future::Future<Output = core[df12db4294e9bfd3]::result::Result<(), whatsapp[8bb7b7c48446d03b]::error::WhatsappError>>>>>::{closure#0}::{closure#0}>
[INFO] [stdout]   14:     0x55cc365008d8 - <tokio[f6f7508d96cb857d]::runtime::context::scoped::Scoped<tokio[f6f7508d96cb857d]::runtime::scheduler::Context>>::set::<<tokio[f6f7508d96cb857d]::runtime::scheduler::current_thread::CoreGuard>::enter<<tokio[f6f7508d96cb857d]::runtime::scheduler::current_thread::CoreGuard>::block_on<core[df12db4294e9bfd3]::pin::Pin<&mut core[df12db4294e9bfd3]::pin::Pin<&mut dyn core[df12db4294e9bfd3]::future::future::Future<Output = core[df12db4294e9bfd3]::result::Result<(), whatsapp[8bb7b7c48446d03b]::error::WhatsappError>>>>>::{closure#0}, core[df12db4294e9bfd3]::option::Option<core[df12db4294e9bfd3]::result::Result<(), whatsapp[8bb7b7c48446d03b]::error::WhatsappError>>>::{closure#0}, (alloc[2182bb758b4b3781]::boxed::Box<tokio[f6f7508d96cb857d]::runtime::scheduler::current_thread::Core>, core[df12db4294e9bfd3]::option::Option<core[df12db4294e9bfd3]::result::Result<(), whatsapp[8bb7b7c48446d03b]::error::WhatsappError>>)>
[INFO] [stdout]   15:     0x55cc365085e5 - <tokio[f6f7508d96cb857d]::runtime::scheduler::current_thread::CoreGuard>::block_on::<core[df12db4294e9bfd3]::pin::Pin<&mut core[df12db4294e9bfd3]::pin::Pin<&mut dyn core[df12db4294e9bfd3]::future::future::Future<Output = core[df12db4294e9bfd3]::result::Result<(), whatsapp[8bb7b7c48446d03b]::error::WhatsappError>>>>>
[INFO] [stdout]   16:     0x55cc36502f93 - tokio[f6f7508d96cb857d]::runtime::context::runtime::enter_runtime::<<tokio[f6f7508d96cb857d]::runtime::scheduler::current_thread::CurrentThread>::block_on<core[df12db4294e9bfd3]::pin::Pin<&mut dyn core[df12db4294e9bfd3]::future::future::Future<Output = core[df12db4294e9bfd3]::result::Result<(), whatsapp[8bb7b7c48446d03b]::error::WhatsappError>>>>::{closure#0}, core[df12db4294e9bfd3]::result::Result<(), whatsapp[8bb7b7c48446d03b]::error::WhatsappError>>
[INFO] [stdout]   17:     0x55cc364fe94a - <tokio[f6f7508d96cb857d]::runtime::runtime::Runtime>::block_on::<core[df12db4294e9bfd3]::pin::Pin<&mut dyn core[df12db4294e9bfd3]::future::future::Future<Output = core[df12db4294e9bfd3]::result::Result<(), whatsapp[8bb7b7c48446d03b]::error::WhatsappError>>>>
[INFO] [stdout]   18:     0x55cc364fe4f2 - <phone_number_tests[5ad2d26272a2da8b]::verify_code_works::{closure#0} as core[df12db4294e9bfd3]::ops::function::FnOnce<()>>::call_once
[INFO] [stdout]   19:     0x55cc365dc39b - test[9d35eded1c95d3be]::__rust_begin_short_backtrace::<core[df12db4294e9bfd3]::result::Result<(), alloc[2182bb758b4b3781]::string::String>, fn() -> core[df12db4294e9bfd3]::result::Result<(), alloc[2182bb758b4b3781]::string::String>>
[INFO] [stdout]   20:     0x55cc365e9a05 - test[9d35eded1c95d3be]::run_test::{closure#0}
[INFO] [stdout]   21:     0x55cc365e32c4 - std[70759c8f55707aa4]::sys::backtrace::__rust_begin_short_backtrace::<test[9d35eded1c95d3be]::run_test::{closure#1}, ()>
[INFO] [stdout]   22:     0x55cc365ecb62 - <std[70759c8f55707aa4]::thread::lifecycle::spawn_unchecked<test[9d35eded1c95d3be]::run_test::{closure#1}, ()>::{closure#1} as core[df12db4294e9bfd3]::ops::function::FnOnce<()>>::call_once::{shim:vtable#0}
[INFO] [stdout]   23:     0x55cc367ad999 - <std[70759c8f55707aa4]::sys::thread::unix::Thread>::new::thread_start
[INFO] [stdout]   24:     0x7d3216fcedfa - <unknown>
[INFO] [stdout]   25:     0x7d32170623d4 - clone
[INFO] [stdout]   26:                0x0 - <unknown>
[INFO] [stdout] 
[INFO] [stdout] 
[INFO] [stdout] failures:
[INFO] [stdout]     request_code_works
[INFO] [stdout]     verify_code_works
[INFO] [stdout] 
[INFO] [stdout] test result: FAILED. 0 passed; 2 failed; 0 ignored; 0 measured; 0 filtered out; finished in 0.00s
[INFO] [stdout] 
[INFO] running `Command { std: "docker" "inspect" "176eed3f11ed5244b5fe9dfbed9fa4b4c54f4c6002439daffb53ce0d41516b7b", kill_on_drop: false }`
[INFO] running `Command { std: "docker" "rm" "-f" "176eed3f11ed5244b5fe9dfbed9fa4b4c54f4c6002439daffb53ce0d41516b7b", kill_on_drop: false }`
[INFO] [stdout] 176eed3f11ed5244b5fe9dfbed9fa4b4c54f4c6002439daffb53ce0d41516b7b
