[INFO] fetching crate whatsapp-desktop-forensic 0.1.3...
[INFO] testing whatsapp-desktop-forensic-0.1.3 against 1.99.0-beta.8+cargoflags=--release for beta-release-1.100-2
[INFO] extracting crate whatsapp-desktop-forensic 0.1.3 into /workspace/builds/worker-2-tc1/source
[INFO] started tweaking crates.io crate whatsapp-desktop-forensic 0.1.3
[INFO] removed 0 missing tests
[INFO] finished tweaking crates.io crate whatsapp-desktop-forensic 0.1.3
[INFO] tweaked toml for crates.io crate whatsapp-desktop-forensic 0.1.3 written to /workspace/builds/worker-2-tc1/source/Cargo.toml
[INFO] validating manifest of crates.io crate whatsapp-desktop-forensic 0.1.3 on toolchain 1.99.0-beta.8
[INFO] running `Command { std: CARGO_HOME="/workspace/cargo-home" RUSTUP_HOME="/workspace/rustup-home" "/workspace/cargo-home/bin/cargo" "+1.99.0-beta.8" "metadata" "--manifest-path" "Cargo.toml" "--no-deps", kill_on_drop: false }`
[INFO] crate crates.io crate whatsapp-desktop-forensic 0.1.3 already has a lockfile, it will not be regenerated
[INFO] running `Command { std: CARGO_HOME="/workspace/cargo-home" RUSTUP_HOME="/workspace/rustup-home" "/workspace/cargo-home/bin/cargo" "+1.99.0-beta.8" "fetch" "--manifest-path" "Cargo.toml", kill_on_drop: false }`
[INFO] [stderr]     Updating crates.io index
[INFO] [stderr]     Blocking waiting for file lock on package cache
[INFO] [stderr]  Downloading crates ...
[INFO] [stderr]   Downloaded leveldb-core v0.1.1
[INFO] [stderr]   Downloaded integer-encoding v4.1.0
[INFO] [stderr]   Downloaded snap v1.1.2
[INFO] [stderr]   Downloaded forensicnomicon-core v1.5.0
[INFO] [stderr]   Downloaded safe-read v0.2.1
[INFO] [stderr]   Downloaded whatsapp-desktop-core v0.1.3
[INFO] [stderr]   Downloaded chromium-storage-indexeddb v0.1.0
[INFO] [stderr]   Downloaded protobuf-forensic-core v0.1.1
[INFO] [stderr]   Downloaded blob-decoder v0.2.0
[INFO] running `Command { std: "docker" "create" "-v" "/var/lib/crater-agent-workspace/builds/worker-2-tc1/source:/opt/rustwide/workdir:ro,Z" "-v" "/var/lib/crater-agent-workspace/builds/worker-2-tc1/target:/opt/rustwide/target:rw,Z" "-v" "/var/lib/crater-agent-workspace/cargo-home:/opt/rustwide/cargo-home:ro,Z" "-v" "/var/lib/crater-agent-workspace/rustup-home:/opt/rustwide/rustup-home:ro,Z" "-m" "1610612736" "--network" "none" "ghcr.io/rust-lang/crates-build-env/linux@sha256:77db811e55d90add9212f6832c23229e3de5f1c1f9905e8cb07319ea15df73ac" "sleep" "infinity", kill_on_drop: false }`
[INFO] [stdout] 28f1929934545b77e7bd76e675c044200ef059d1d23aa4e2d6a06b99d02363d8
[INFO] running `Command { std: "docker" "start" "28f1929934545b77e7bd76e675c044200ef059d1d23aa4e2d6a06b99d02363d8", kill_on_drop: false }`
[INFO] running `Command { std: "docker" "inspect" "28f1929934545b77e7bd76e675c044200ef059d1d23aa4e2d6a06b99d02363d8", kill_on_drop: false }`
[INFO] running `Command { std: "docker" "exec" "-e" "SOURCE_DIR=/opt/rustwide/workdir" "-e" "CARGO_HOME=/opt/rustwide/cargo-home" "-e" "RUSTUP_HOME=/opt/rustwide/rustup-home" "-e" "CARGO_TARGET_DIR=/opt/rustwide/target" "-w" "/opt/rustwide/workdir" "--user" "0:0" "28f1929934545b77e7bd76e675c044200ef059d1d23aa4e2d6a06b99d02363d8" "/opt/rustwide/cargo-home/bin/cargo" "+1.99.0-beta.8" "metadata" "--no-deps" "--format-version=1", kill_on_drop: false }`
[INFO] running `Command { std: "docker" "inspect" "28f1929934545b77e7bd76e675c044200ef059d1d23aa4e2d6a06b99d02363d8", kill_on_drop: false }`
[INFO] running `Command { std: "docker" "exec" "-e" "SOURCE_DIR=/opt/rustwide/workdir" "-e" "CARGO_HOME=/opt/rustwide/cargo-home" "-e" "RUSTUP_HOME=/opt/rustwide/rustup-home" "-e" "CARGO_TARGET_DIR=/opt/rustwide/target" "-e" "CARGO_INCREMENTAL=0" "-e" "RUST_BACKTRACE=full" "-e" "RUSTFLAGS=--cap-lints=warn" "-e" "RUSTDOCFLAGS=--cap-lints=warn" "-w" "/opt/rustwide/workdir" "--user" "0:0" "28f1929934545b77e7bd76e675c044200ef059d1d23aa4e2d6a06b99d02363d8" "/opt/rustwide/cargo-home/bin/cargo" "+1.99.0-beta.8" "build" "--frozen" "--message-format=json" "--release", kill_on_drop: false }`
[INFO] [stderr]    Compiling snap v1.1.2
[INFO] [stderr]    Compiling simd-adler32 v0.3.10
[INFO] [stderr]    Compiling serde_derive v1.0.229
[INFO] [stderr]    Compiling crc32c v0.6.8
[INFO] [stderr]    Compiling quick-xml v0.41.0
[INFO] [stderr]    Compiling block-padding v0.3.3
[INFO] [stderr]    Compiling time v0.3.54
[INFO] [stderr]    Compiling crypto-common v0.1.7
[INFO] [stderr]    Compiling serde_json v1.0.151
[INFO] [stderr]    Compiling protobuf-forensic-core v0.1.1
[INFO] [stderr]    Compiling uuid v1.24.0
[INFO] [stderr]    Compiling integer-encoding v4.1.0
[INFO] [stderr]    Compiling safe-read v0.2.1
[INFO] [stderr]    Compiling forensicnomicon-core v1.5.0
[INFO] [stderr]    Compiling inout v0.1.4
[INFO] [stderr]    Compiling cipher v0.4.4
[INFO] [stderr]    Compiling miniz_oxide v0.8.9
[INFO] [stderr]    Compiling aes v0.8.4
[INFO] [stderr]    Compiling cbc v0.1.2
[INFO] [stderr]    Compiling leveldb-core v0.1.1
[INFO] [stderr]    Compiling flate2 v1.1.9
[INFO] [stderr]    Compiling serde v1.0.229
[INFO] [stderr]    Compiling plist v1.10.0
[INFO] [stderr]    Compiling blob-decoder v0.2.0
[INFO] [stderr]    Compiling chromium-storage-indexeddb v0.1.0
[INFO] [stderr]    Compiling whatsapp-desktop-core v0.1.3
[INFO] [stderr]    Compiling whatsapp-desktop-forensic v0.1.3 (/opt/rustwide/workdir)
[INFO] [stderr]     Finished `release` profile [optimized] target(s) in 11.03s
[INFO] running `Command { std: "docker" "inspect" "28f1929934545b77e7bd76e675c044200ef059d1d23aa4e2d6a06b99d02363d8", kill_on_drop: false }`
[INFO] running `Command { std: "docker" "exec" "-e" "SOURCE_DIR=/opt/rustwide/workdir" "-e" "CARGO_HOME=/opt/rustwide/cargo-home" "-e" "RUSTUP_HOME=/opt/rustwide/rustup-home" "-e" "CARGO_TARGET_DIR=/opt/rustwide/target" "-e" "CARGO_INCREMENTAL=0" "-e" "RUST_BACKTRACE=full" "-e" "RUSTFLAGS=--cap-lints=warn" "-e" "RUSTDOCFLAGS=--cap-lints=warn" "-w" "/opt/rustwide/workdir" "--user" "0:0" "28f1929934545b77e7bd76e675c044200ef059d1d23aa4e2d6a06b99d02363d8" "/opt/rustwide/cargo-home/bin/cargo" "+1.99.0-beta.8" "test" "--frozen" "--no-run" "--message-format=json" "--release", kill_on_drop: false }`
[INFO] [stderr]    Compiling hex-literal v0.4.1
[INFO] [stderr]    Compiling whatsapp-desktop-forensic v0.1.3 (/opt/rustwide/workdir)
[INFO] [stderr]     Finished `release` profile [optimized] target(s) in 0.61s
[INFO] running `Command { std: "docker" "inspect" "28f1929934545b77e7bd76e675c044200ef059d1d23aa4e2d6a06b99d02363d8", kill_on_drop: false }`
[INFO] running `Command { std: "docker" "exec" "-e" "SOURCE_DIR=/opt/rustwide/workdir" "-e" "CARGO_HOME=/opt/rustwide/cargo-home" "-e" "RUSTUP_HOME=/opt/rustwide/rustup-home" "-e" "CARGO_TARGET_DIR=/opt/rustwide/target" "-e" "CARGO_INCREMENTAL=0" "-e" "RUST_BACKTRACE=full" "-e" "RUSTFLAGS=--cap-lints=warn" "-e" "RUSTDOCFLAGS=--cap-lints=warn" "-w" "/opt/rustwide/workdir" "--user" "0:0" "28f1929934545b77e7bd76e675c044200ef059d1d23aa4e2d6a06b99d02363d8" "/opt/rustwide/cargo-home/bin/cargo" "+1.99.0-beta.8" "test" "--frozen" "--release", kill_on_drop: false }`
[INFO] [stderr]     Finished `release` profile [optimized] target(s) in 0.04s
[INFO] [stderr]      Running unittests src/lib.rs (/opt/rustwide/target/release/deps/whatsapp_desktop_forensic-91157a79d3d54f15)
[INFO] [stdout] 
[INFO] [stdout] running 0 tests
[INFO] [stdout] 
[INFO] [stdout] test result: ok. 0 passed; 0 failed; 0 ignored; 0 measured; 0 filtered out; finished in 0.00s
[INFO] [stdout] 
[INFO] [stderr]      Running tests/audit.rs (/opt/rustwide/target/release/deps/audit-d03f76c83a47c5b2)
[INFO] [stdout] 
[INFO] [stdout] running 5 tests
[INFO] [stdout] test a_deleted_message_with_a_negative_timestamp_is_not_dated_before_1970 ... ok
[INFO] [stdout] test a_deleted_message_with_a_zero_timestamp_is_not_dated_to_1970 ... ok
[INFO] [stdout] test flags_encrypted_message_body_as_info ... FAILED
[INFO] [stdout] test flags_media_reference ... FAILED
[INFO] [stdout] test flags_recovered_deleted_message ... FAILED
[INFO] [stdout] 
[INFO] [stdout] failures:
[INFO] [stdout] 
[INFO] [stdout] ---- flags_encrypted_message_body_as_info stdout ----
[INFO] [stdout] 
[INFO] [stdout] thread 'flags_encrypted_message_body_as_info' (621) panicked at tests/audit.rs:42:44:
[INFO] [stdout] audit: LevelDb(Io { path: "/opt/rustwide/workdir/../tests/data/indexeddb/http_127.0.0.1_8731.indexeddb.leveldb", source: Os { code: 2, kind: NotFound, message: "No such file or directory" } })
[INFO] [stdout] stack backtrace:
[INFO] [stdout]    0:     0x5cf8f5aa31a1 - <<std[70759c8f55707aa4]::sys::backtrace::BacktraceLock>::print::DisplayBacktrace as core[df12db4294e9bfd3]::fmt::Display>::fmt
[INFO] [stdout]    1:     0x5cf8f5ab84da - core[df12db4294e9bfd3]::fmt::write
[INFO] [stdout]    2:     0x5cf8f5aa790c - <alloc[2182bb758b4b3781]::vec::Vec<u8> as core[df12db4294e9bfd3]::io::write::Write>::write_fmt
[INFO] [stdout]    3:     0x5cf8f5a7eb16 - std[70759c8f55707aa4]::panicking::default_hook::{closure#0}
[INFO] [stdout]    4:     0x5cf8f5a9b3d9 - std[70759c8f55707aa4]::panicking::default_hook
[INFO] [stdout]    5:     0x5cf8f5a1a320 - test[9d35eded1c95d3be]::test_main_inner::<test[9d35eded1c95d3be]::test_main_static::{closure#0}>::{closure#0}
[INFO] [stdout]    6:     0x5cf8f5a9b592 - std[70759c8f55707aa4]::panicking::panic_with_hook
[INFO] [stdout]    7:     0x5cf8f5a7ebc2 - std[70759c8f55707aa4]::panicking::panic_handler::{closure#0}
[INFO] [stdout]    8:     0x5cf8f5a77719 - std[70759c8f55707aa4]::sys::backtrace::__rust_end_short_backtrace::<std[70759c8f55707aa4]::panicking::panic_handler::{closure#0}, !>
[INFO] [stdout]    9:     0x5cf8f5a7f7bd - __rustc[8fa7c3cbc660c2b3]::rust_begin_unwind
[INFO] [stdout]   10:     0x5cf8f5ab8c0c - core[df12db4294e9bfd3]::panicking::panic_fmt
[INFO] [stdout]   11:     0x5cf8f5ab89e2 - core[df12db4294e9bfd3]::result::unwrap_failed
[INFO] [stdout]   12:     0x5cf8f5a0d1bd - <audit[acfcf9b9c3fd6216]::flags_encrypted_message_body_as_info::{closure#0} as core[df12db4294e9bfd3]::ops::function::FnOnce<()>>::call_once
[INFO] [stdout]   13:     0x5cf8f5a0d60b - test[9d35eded1c95d3be]::__rust_begin_short_backtrace::<core[df12db4294e9bfd3]::result::Result<(), alloc[2182bb758b4b3781]::string::String>, fn() -> core[df12db4294e9bfd3]::result::Result<(), alloc[2182bb758b4b3781]::string::String>>
[INFO] [stdout]   14:     0x5cf8f5a1ac75 - test[9d35eded1c95d3be]::run_test::{closure#0}
[INFO] [stdout]   15:     0x5cf8f5a14534 - std[70759c8f55707aa4]::sys::backtrace::__rust_begin_short_backtrace::<test[9d35eded1c95d3be]::run_test::{closure#1}, ()>
[INFO] [stdout]   16:     0x5cf8f5a1ddd2 - <std[70759c8f55707aa4]::thread::lifecycle::spawn_unchecked<test[9d35eded1c95d3be]::run_test::{closure#1}, ()>::{closure#1} as core[df12db4294e9bfd3]::ops::function::FnOnce<()>>::call_once::{shim:vtable#0}
[INFO] [stdout]   17:     0x5cf8f5aa2759 - <std[70759c8f55707aa4]::sys::thread::unix::Thread>::new::thread_start
[INFO] [stdout]   18:     0x7dfe2863bdfa - <unknown>
[INFO] [stdout]   19:     0x7dfe286cf3d4 - clone
[INFO] [stdout]   20:                0x0 - <unknown>
[INFO] [stdout] 
[INFO] [stdout] ---- flags_media_reference stdout ----
[INFO] [stdout] 
[INFO] [stdout] thread 'flags_media_reference' (622) panicked at tests/audit.rs:50:44:
[INFO] [stderr] error: test failed, to rerun pass `--test audit`
[INFO] [stdout] audit: LevelDb(Io { path: "/opt/rustwide/workdir/../tests/data/indexeddb/http_127.0.0.1_8731.indexeddb.leveldb", source: Os { code: 2, kind: NotFound, message: "No such file or directory" } })
[INFO] [stdout] stack backtrace:
[INFO] [stdout]    0:     0x5cf8f5aa31a1 - <<std[70759c8f55707aa4]::sys::backtrace::BacktraceLock>::print::DisplayBacktrace as core[df12db4294e9bfd3]::fmt::Display>::fmt
[INFO] [stdout]    1:     0x5cf8f5ab84da - core[df12db4294e9bfd3]::fmt::write
[INFO] [stdout]    2:     0x5cf8f5aa790c - <alloc[2182bb758b4b3781]::vec::Vec<u8> as core[df12db4294e9bfd3]::io::write::Write>::write_fmt
[INFO] [stdout]    3:     0x5cf8f5a7eb16 - std[70759c8f55707aa4]::panicking::default_hook::{closure#0}
[INFO] [stdout]    4:     0x5cf8f5a9b3d9 - std[70759c8f55707aa4]::panicking::default_hook
[INFO] [stdout]    5:     0x5cf8f5a1a320 - test[9d35eded1c95d3be]::test_main_inner::<test[9d35eded1c95d3be]::test_main_static::{closure#0}>::{closure#0}
[INFO] [stdout]    6:     0x5cf8f5a9b592 - std[70759c8f55707aa4]::panicking::panic_with_hook
[INFO] [stdout]    7:     0x5cf8f5a7ebc2 - std[70759c8f55707aa4]::panicking::panic_handler::{closure#0}
[INFO] [stdout]    8:     0x5cf8f5a77719 - std[70759c8f55707aa4]::sys::backtrace::__rust_end_short_backtrace::<std[70759c8f55707aa4]::panicking::panic_handler::{closure#0}, !>
[INFO] [stdout]    9:     0x5cf8f5a7f7bd - __rustc[8fa7c3cbc660c2b3]::rust_begin_unwind
[INFO] [stdout]   10:     0x5cf8f5ab8c0c - core[df12db4294e9bfd3]::panicking::panic_fmt
[INFO] [stdout]   11:     0x5cf8f5ab89e2 - core[df12db4294e9bfd3]::result::unwrap_failed
[INFO] [stdout]   12:     0x5cf8f5a0ccad - <audit[acfcf9b9c3fd6216]::flags_media_reference::{closure#0} as core[df12db4294e9bfd3]::ops::function::FnOnce<()>>::call_once
[INFO] [stdout]   13:     0x5cf8f5a0d60b - test[9d35eded1c95d3be]::__rust_begin_short_backtrace::<core[df12db4294e9bfd3]::result::Result<(), alloc[2182bb758b4b3781]::string::String>, fn() -> core[df12db4294e9bfd3]::result::Result<(), alloc[2182bb758b4b3781]::string::String>>
[INFO] [stdout]   14:     0x5cf8f5a1ac75 - test[9d35eded1c95d3be]::run_test::{closure#0}
[INFO] [stdout]   15:     0x5cf8f5a14534 - std[70759c8f55707aa4]::sys::backtrace::__rust_begin_short_backtrace::<test[9d35eded1c95d3be]::run_test::{closure#1}, ()>
[INFO] [stdout]   16:     0x5cf8f5a1ddd2 - <std[70759c8f55707aa4]::thread::lifecycle::spawn_unchecked<test[9d35eded1c95d3be]::run_test::{closure#1}, ()>::{closure#1} as core[df12db4294e9bfd3]::ops::function::FnOnce<()>>::call_once::{shim:vtable#0}
[INFO] [stdout]   17:     0x5cf8f5aa2759 - <std[70759c8f55707aa4]::sys::thread::unix::Thread>::new::thread_start
[INFO] [stdout]   18:     0x7dfe2863bdfa - <unknown>
[INFO] [stdout]   19:     0x7dfe286cf3d4 - clone
[INFO] [stdout]   20:                0x0 - <unknown>
[INFO] [stdout] 
[INFO] [stdout] ---- flags_recovered_deleted_message stdout ----
[INFO] [stdout] 
[INFO] [stdout] thread 'flags_recovered_deleted_message' (623) panicked at tests/audit.rs:25:44:
[INFO] [stdout] audit: LevelDb(Io { path: "/opt/rustwide/workdir/../tests/data/indexeddb/http_127.0.0.1_8731.indexeddb.leveldb", source: Os { code: 2, kind: NotFound, message: "No such file or directory" } })
[INFO] [stdout] stack backtrace:
[INFO] [stdout]    0:     0x5cf8f5aa31a1 - <<std[70759c8f55707aa4]::sys::backtrace::BacktraceLock>::print::DisplayBacktrace as core[df12db4294e9bfd3]::fmt::Display>::fmt
[INFO] [stdout]    1:     0x5cf8f5ab84da - core[df12db4294e9bfd3]::fmt::write
[INFO] [stdout]    2:     0x5cf8f5aa790c - <alloc[2182bb758b4b3781]::vec::Vec<u8> as core[df12db4294e9bfd3]::io::write::Write>::write_fmt
[INFO] [stdout]    3:     0x5cf8f5a7eb16 - std[70759c8f55707aa4]::panicking::default_hook::{closure#0}
[INFO] [stdout]    4:     0x5cf8f5a9b3d9 - std[70759c8f55707aa4]::panicking::default_hook
[INFO] [stdout]    5:     0x5cf8f5a1a320 - test[9d35eded1c95d3be]::test_main_inner::<test[9d35eded1c95d3be]::test_main_static::{closure#0}>::{closure#0}
[INFO] [stdout]    6:     0x5cf8f5a9b592 - std[70759c8f55707aa4]::panicking::panic_with_hook
[INFO] [stdout]    7:     0x5cf8f5a7ebc2 - std[70759c8f55707aa4]::panicking::panic_handler::{closure#0}
[INFO] [stdout]    8:     0x5cf8f5a77719 - std[70759c8f55707aa4]::sys::backtrace::__rust_end_short_backtrace::<std[70759c8f55707aa4]::panicking::panic_handler::{closure#0}, !>
[INFO] [stdout]    9:     0x5cf8f5a7f7bd - __rustc[8fa7c3cbc660c2b3]::rust_begin_unwind
[INFO] [stdout]   10:     0x5cf8f5ab8c0c - core[df12db4294e9bfd3]::panicking::panic_fmt
[INFO] [stdout]   11:     0x5cf8f5ab89e2 - core[df12db4294e9bfd3]::result::unwrap_failed
[INFO] [stdout]   12:     0x5cf8f5a0cf6f - <audit[acfcf9b9c3fd6216]::flags_recovered_deleted_message::{closure#0} as core[df12db4294e9bfd3]::ops::function::FnOnce<()>>::call_once
[INFO] [stdout]   13:     0x5cf8f5a0d60b - test[9d35eded1c95d3be]::__rust_begin_short_backtrace::<core[df12db4294e9bfd3]::result::Result<(), alloc[2182bb758b4b3781]::string::String>, fn() -> core[df12db4294e9bfd3]::result::Result<(), alloc[2182bb758b4b3781]::string::String>>
[INFO] [stdout]   14:     0x5cf8f5a1ac75 - test[9d35eded1c95d3be]::run_test::{closure#0}
[INFO] [stdout]   15:     0x5cf8f5a14534 - std[70759c8f55707aa4]::sys::backtrace::__rust_begin_short_backtrace::<test[9d35eded1c95d3be]::run_test::{closure#1}, ()>
[INFO] [stdout]   16:     0x5cf8f5a1ddd2 - <std[70759c8f55707aa4]::thread::lifecycle::spawn_unchecked<test[9d35eded1c95d3be]::run_test::{closure#1}, ()>::{closure#1} as core[df12db4294e9bfd3]::ops::function::FnOnce<()>>::call_once::{shim:vtable#0}
[INFO] [stdout]   17:     0x5cf8f5aa2759 - <std[70759c8f55707aa4]::sys::thread::unix::Thread>::new::thread_start
[INFO] [stdout]   18:     0x7dfe2863bdfa - <unknown>
[INFO] [stdout]   19:     0x7dfe286cf3d4 - clone
[INFO] [stdout]   20:                0x0 - <unknown>
[INFO] [stdout] 
[INFO] [stdout] 
[INFO] [stdout] failures:
[INFO] [stdout]     flags_encrypted_message_body_as_info
[INFO] [stdout]     flags_media_reference
[INFO] [stdout]     flags_recovered_deleted_message
[INFO] [stdout] 
[INFO] [stdout] test result: FAILED. 2 passed; 3 failed; 0 ignored; 0 measured; 0 filtered out; finished in 0.00s
[INFO] [stdout] 
[INFO] running `Command { std: "docker" "inspect" "28f1929934545b77e7bd76e675c044200ef059d1d23aa4e2d6a06b99d02363d8", kill_on_drop: false }`
[INFO] running `Command { std: "docker" "rm" "-f" "28f1929934545b77e7bd76e675c044200ef059d1d23aa4e2d6a06b99d02363d8", kill_on_drop: false }`
[INFO] [stdout] 28f1929934545b77e7bd76e675c044200ef059d1d23aa4e2d6a06b99d02363d8
