[INFO] fetching crate whats-a-png 0.1.1...
[INFO] testing whats-a-png-0.1.1 against 1.99.0-beta.8+cargoflags=--release for beta-release-1.100-2
[INFO] extracting crate whats-a-png 0.1.1 into /workspace/builds/worker-5-tc1/source
[INFO] started tweaking crates.io crate whats-a-png 0.1.1
[INFO] finished tweaking crates.io crate whats-a-png 0.1.1
[INFO] tweaked toml for crates.io crate whats-a-png 0.1.1 written to /workspace/builds/worker-5-tc1/source/Cargo.toml
[INFO] validating manifest of crates.io crate whats-a-png 0.1.1 on toolchain 1.99.0-beta.8
[INFO] running `Command { std: CARGO_HOME="/workspace/cargo-home" RUSTUP_HOME="/workspace/rustup-home" "/workspace/cargo-home/bin/cargo" "+1.99.0-beta.8" "metadata" "--manifest-path" "Cargo.toml" "--no-deps", kill_on_drop: false }`
[INFO] crate crates.io crate whats-a-png 0.1.1 already has a lockfile, it will not be regenerated
[INFO] running `Command { std: CARGO_HOME="/workspace/cargo-home" RUSTUP_HOME="/workspace/rustup-home" "/workspace/cargo-home/bin/cargo" "+1.99.0-beta.8" "fetch" "--manifest-path" "Cargo.toml", kill_on_drop: false }`
[INFO] running `Command { std: "docker" "create" "-v" "/var/lib/crater-agent-workspace/builds/worker-5-tc1/source:/opt/rustwide/workdir:ro,Z" "-v" "/var/lib/crater-agent-workspace/builds/worker-5-tc1/target:/opt/rustwide/target:rw,Z" "-v" "/var/lib/crater-agent-workspace/cargo-home:/opt/rustwide/cargo-home:ro,Z" "-v" "/var/lib/crater-agent-workspace/rustup-home:/opt/rustwide/rustup-home:ro,Z" "-m" "1610612736" "--network" "none" "ghcr.io/rust-lang/crates-build-env/linux@sha256:77db811e55d90add9212f6832c23229e3de5f1c1f9905e8cb07319ea15df73ac" "sleep" "infinity", kill_on_drop: false }`
[INFO] [stdout] cbbd8bfba7e88c955756a11119bf49dc07cdbffea185fbb88d329f3235b818ec
[INFO] running `Command { std: "docker" "start" "cbbd8bfba7e88c955756a11119bf49dc07cdbffea185fbb88d329f3235b818ec", kill_on_drop: false }`
[INFO] running `Command { std: "docker" "inspect" "cbbd8bfba7e88c955756a11119bf49dc07cdbffea185fbb88d329f3235b818ec", kill_on_drop: false }`
[INFO] running `Command { std: "docker" "exec" "-e" "SOURCE_DIR=/opt/rustwide/workdir" "-e" "CARGO_HOME=/opt/rustwide/cargo-home" "-e" "RUSTUP_HOME=/opt/rustwide/rustup-home" "-e" "CARGO_TARGET_DIR=/opt/rustwide/target" "-w" "/opt/rustwide/workdir" "--user" "0:0" "cbbd8bfba7e88c955756a11119bf49dc07cdbffea185fbb88d329f3235b818ec" "/opt/rustwide/cargo-home/bin/cargo" "+1.99.0-beta.8" "metadata" "--no-deps" "--format-version=1", kill_on_drop: false }`
[INFO] running `Command { std: "docker" "inspect" "cbbd8bfba7e88c955756a11119bf49dc07cdbffea185fbb88d329f3235b818ec", kill_on_drop: false }`
[INFO] running `Command { std: "docker" "exec" "-e" "SOURCE_DIR=/opt/rustwide/workdir" "-e" "CARGO_HOME=/opt/rustwide/cargo-home" "-e" "RUSTUP_HOME=/opt/rustwide/rustup-home" "-e" "CARGO_TARGET_DIR=/opt/rustwide/target" "-e" "CARGO_INCREMENTAL=0" "-e" "RUST_BACKTRACE=full" "-e" "RUSTFLAGS=--cap-lints=warn" "-e" "RUSTDOCFLAGS=--cap-lints=warn" "-w" "/opt/rustwide/workdir" "--user" "0:0" "cbbd8bfba7e88c955756a11119bf49dc07cdbffea185fbb88d329f3235b818ec" "/opt/rustwide/cargo-home/bin/cargo" "+1.99.0-beta.8" "build" "--frozen" "--message-format=json" "--release", kill_on_drop: false }`
[INFO] [stderr]    Compiling whats-a-png v0.1.1 (/opt/rustwide/workdir)
[INFO] [stdout] warning: field `info` is never read
[INFO] [stdout]   --> src/png.rs:33:9
[INFO] [stdout]    |
[INFO] [stdout] 32 | pub struct PngImage {
[INFO] [stdout]    |            -------- field in this struct
[INFO] [stdout] 33 |     pub info: PNGInfo,
[INFO] [stdout]    |         ^^^^
[INFO] [stdout]    |
[INFO] [stdout]    = note: `#[warn(dead_code)]` (part of `#[warn(unused)]`) on by default
[INFO] [stdout] 
[INFO] [stdout] 
[INFO] [stdout] warning: multiple fields are never read
[INFO] [stdout]   --> src/png.rs:46:9
[INFO] [stdout]    |
[INFO] [stdout] 45 | pub struct PNGInfo {
[INFO] [stdout]    |            ------- fields in this struct
[INFO] [stdout] 46 |     pub width: u32,
[INFO] [stdout]    |         ^^^^^
[INFO] [stdout] 47 |     pub height: u32,
[INFO] [stdout]    |         ^^^^^^
[INFO] [stdout] 48 |     pub bit_depth: u8,
[INFO] [stdout]    |         ^^^^^^^^^
[INFO] [stdout] 49 |     pub color_type: u8,
[INFO] [stdout]    |         ^^^^^^^^^^
[INFO] [stdout] 50 |     pub compression_method: u8,
[INFO] [stdout]    |         ^^^^^^^^^^^^^^^^^^
[INFO] [stdout] 51 |     pub filter_method: u8,
[INFO] [stdout]    |         ^^^^^^^^^^^^^
[INFO] [stdout] 52 |     pub interlace_method: u8,
[INFO] [stdout]    |         ^^^^^^^^^^^^^^^^
[INFO] [stdout] 
[INFO] [stdout] 
[INFO] [stderr]     Finished `release` profile [optimized] target(s) in 0.44s
[INFO] running `Command { std: "docker" "inspect" "cbbd8bfba7e88c955756a11119bf49dc07cdbffea185fbb88d329f3235b818ec", kill_on_drop: false }`
[INFO] running `Command { std: "docker" "exec" "-e" "SOURCE_DIR=/opt/rustwide/workdir" "-e" "CARGO_HOME=/opt/rustwide/cargo-home" "-e" "RUSTUP_HOME=/opt/rustwide/rustup-home" "-e" "CARGO_TARGET_DIR=/opt/rustwide/target" "-e" "CARGO_INCREMENTAL=0" "-e" "RUST_BACKTRACE=full" "-e" "RUSTFLAGS=--cap-lints=warn" "-e" "RUSTDOCFLAGS=--cap-lints=warn" "-w" "/opt/rustwide/workdir" "--user" "0:0" "cbbd8bfba7e88c955756a11119bf49dc07cdbffea185fbb88d329f3235b818ec" "/opt/rustwide/cargo-home/bin/cargo" "+1.99.0-beta.8" "test" "--frozen" "--no-run" "--message-format=json" "--release", kill_on_drop: false }`
[INFO] [stderr]    Compiling whats-a-png v0.1.1 (/opt/rustwide/workdir)
[INFO] [stdout] warning: field `info` is never read
[INFO] [stdout]   --> src/png.rs:33:9
[INFO] [stdout]    |
[INFO] [stdout] 32 | pub struct PngImage {
[INFO] [stdout]    |            -------- field in this struct
[INFO] [stdout] 33 |     pub info: PNGInfo,
[INFO] [stdout]    |         ^^^^
[INFO] [stdout]    |
[INFO] [stdout]    = note: `#[warn(dead_code)]` (part of `#[warn(unused)]`) on by default
[INFO] [stdout] 
[INFO] [stdout] 
[INFO] [stdout] warning: multiple fields are never read
[INFO] [stdout]   --> src/png.rs:46:9
[INFO] [stdout]    |
[INFO] [stdout] 45 | pub struct PNGInfo {
[INFO] [stdout]    |            ------- fields in this struct
[INFO] [stdout] 46 |     pub width: u32,
[INFO] [stdout]    |         ^^^^^
[INFO] [stdout] 47 |     pub height: u32,
[INFO] [stdout]    |         ^^^^^^
[INFO] [stdout] 48 |     pub bit_depth: u8,
[INFO] [stdout]    |         ^^^^^^^^^
[INFO] [stdout] 49 |     pub color_type: u8,
[INFO] [stdout]    |         ^^^^^^^^^^
[INFO] [stdout] 50 |     pub compression_method: u8,
[INFO] [stdout]    |         ^^^^^^^^^^^^^^^^^^
[INFO] [stdout] 51 |     pub filter_method: u8,
[INFO] [stdout]    |         ^^^^^^^^^^^^^
[INFO] [stdout] 52 |     pub interlace_method: u8,
[INFO] [stdout]    |         ^^^^^^^^^^^^^^^^
[INFO] [stdout] 
[INFO] [stdout] 
[INFO] [stderr]     Finished `release` profile [optimized] target(s) in 0.56s
[INFO] running `Command { std: "docker" "inspect" "cbbd8bfba7e88c955756a11119bf49dc07cdbffea185fbb88d329f3235b818ec", kill_on_drop: false }`
[INFO] running `Command { std: "docker" "exec" "-e" "SOURCE_DIR=/opt/rustwide/workdir" "-e" "CARGO_HOME=/opt/rustwide/cargo-home" "-e" "RUSTUP_HOME=/opt/rustwide/rustup-home" "-e" "CARGO_TARGET_DIR=/opt/rustwide/target" "-e" "CARGO_INCREMENTAL=0" "-e" "RUST_BACKTRACE=full" "-e" "RUSTFLAGS=--cap-lints=warn" "-e" "RUSTDOCFLAGS=--cap-lints=warn" "-w" "/opt/rustwide/workdir" "--user" "0:0" "cbbd8bfba7e88c955756a11119bf49dc07cdbffea185fbb88d329f3235b818ec" "/opt/rustwide/cargo-home/bin/cargo" "+1.99.0-beta.8" "test" "--frozen" "--release", kill_on_drop: false }`
[INFO] [stderr] warning: field `info` is never read
[INFO] [stderr]   --> src/png.rs:33:9
[INFO] [stderr]    |
[INFO] [stderr] 32 | pub struct PngImage {
[INFO] [stderr]    |            -------- field in this struct
[INFO] [stderr] 33 |     pub info: PNGInfo,
[INFO] [stderr]    |         ^^^^
[INFO] [stderr]    |
[INFO] [stderr]    = note: `#[warn(dead_code)]` (part of `#[warn(unused)]`) on by default
[INFO] [stderr] 
[INFO] [stderr] warning: multiple fields are never read
[INFO] [stderr]   --> src/png.rs:46:9
[INFO] [stderr]    |
[INFO] [stderr] 45 | pub struct PNGInfo {
[INFO] [stderr]    |            ------- fields in this struct
[INFO] [stderr] 46 |     pub width: u32,
[INFO] [stderr]    |         ^^^^^
[INFO] [stderr] 47 |     pub height: u32,
[INFO] [stderr]    |         ^^^^^^
[INFO] [stderr] 48 |     pub bit_depth: u8,
[INFO] [stderr]    |         ^^^^^^^^^
[INFO] [stderr] 49 |     pub color_type: u8,
[INFO] [stderr]    |         ^^^^^^^^^^
[INFO] [stderr] 50 |     pub compression_method: u8,
[INFO] [stderr]    |         ^^^^^^^^^^^^^^^^^^
[INFO] [stderr] 51 |     pub filter_method: u8,
[INFO] [stderr]    |         ^^^^^^^^^^^^^
[INFO] [stderr] 52 |     pub interlace_method: u8,
[INFO] [stderr]    |         ^^^^^^^^^^^^^^^^
[INFO] [stderr] 
[INFO] [stderr] warning: `whats-a-png` (bin "whats-a-png" test) generated 2 warnings
[INFO] [stderr]     Finished `release` profile [optimized] target(s) in 0.02s
[INFO] [stderr]      Running unittests src/main.rs (/opt/rustwide/target/release/deps/whats_a_png-1739fa4d8e6b5f09)
[INFO] [stdout] 
[INFO] [stdout] running 4 tests
[INFO] [stdout] test png::tests::test_new ... ok
[INFO] [stdout] test png::tests::test_save_image ... FAILED
[INFO] [stdout] test png::tests::test_chunks ... ok
[INFO] [stdout] test png::tests::test_read_image_data ... ok
[INFO] [stdout] 
[INFO] [stdout] failures:
[INFO] [stdout] 
[INFO] [stdout] ---- png::tests::test_save_image stdout ----
[INFO] [stdout] 
[INFO] [stdout] thread 'png::tests::test_save_image' (152) panicked at src/png.rs:319:37:
[INFO] [stdout] called `Result::unwrap()` on an `Err` value: SaveOperationFailed
[INFO] [stdout] stack backtrace:
[INFO] [stdout]    0:     0x58c54bf735c1 - <<std[70759c8f55707aa4]::sys::backtrace::BacktraceLock>::print::DisplayBacktrace as core[df12db4294e9bfd3]::fmt::Display>::fmt
[INFO] [stdout]    1:     0x58c54bf877ca - core[df12db4294e9bfd3]::fmt::write
[INFO] [stdout]    2:     0x58c54bf77a5c - <alloc[2182bb758b4b3781]::vec::Vec<u8> as core[df12db4294e9bfd3]::io::write::Write>::write_fmt
[INFO] [stdout]    3:     0x58c54bf4f896 - std[70759c8f55707aa4]::panicking::default_hook::{closure#0}
[INFO] [stdout]    4:     0x58c54bf6ba09 - std[70759c8f55707aa4]::panicking::default_hook
[INFO] [stdout]    5:     0x58c54bf07940 - test[9d35eded1c95d3be]::test_main_inner::<test[9d35eded1c95d3be]::test_main_static::{closure#0}>::{closure#0}
[INFO] [stdout]    6:     0x58c54bf6bbc2 - std[70759c8f55707aa4]::panicking::panic_with_hook
[INFO] [stdout]    7:     0x58c54bf4f942 - std[70759c8f55707aa4]::panicking::panic_handler::{closure#0}
[INFO] [stdout]    8:     0x58c54bf48539 - std[70759c8f55707aa4]::sys::backtrace::__rust_end_short_backtrace::<std[70759c8f55707aa4]::panicking::panic_handler::{closure#0}, !>
[INFO] [stdout]    9:     0x58c54bf5053d - __rustc[8fa7c3cbc660c2b3]::rust_begin_unwind
[INFO] [stdout]   10:     0x58c54bf87efc - core[df12db4294e9bfd3]::panicking::panic_fmt
[INFO] [stdout]   11:     0x58c54bf87cd2 - core[df12db4294e9bfd3]::result::unwrap_failed
[INFO] [stdout]   12:     0x58c54befa938 - <whats_a_png[d1ec00646876ad4d]::png::tests::test_save_image::{closure#0} as core[df12db4294e9bfd3]::ops::function::FnOnce<()>>::call_once
[INFO] [stdout]   13:     0x58c54befac2b - test[9d35eded1c95d3be]::__rust_begin_short_backtrace::<core[df12db4294e9bfd3]::result::Result<(), alloc[2182bb758b4b3781]::string::String>, fn() -> core[df12db4294e9bfd3]::result::Result<(), alloc[2182bb758b4b3781]::string::String>>
[INFO] [stdout]   14:     0x58c54bf08295 - test[9d35eded1c95d3be]::run_test::{closure#0}
[INFO] [stdout]   15:     0x58c54bf01b54 - std[70759c8f55707aa4]::sys::backtrace::__rust_begin_short_backtrace::<test[9d35eded1c95d3be]::run_test::{closure#1}, ()>
[INFO] [stdout]   16:     0x58c54bf0b3f2 - <std[70759c8f55707aa4]::thread::lifecycle::spawn_unchecked<test[9d35eded1c95d3be]::run_test::{closure#1}, ()>::{closure#1} as core[df12db4294e9bfd3]::ops::function::FnOnce<()>>::call_once::{shim:vtable#0}
[INFO] [stdout]   17:     0x58c54bf72b79 - <std[70759c8f55707aa4]::sys::thread::unix::Thread>::new::thread_start
[INFO] [stdout]   18:     0x76e368709dfa - <unknown>
[INFO] [stdout]   19:     0x76e36879d3d4 - clone
[INFO] [stdout]   20:                0x0 - <unknown>
[INFO] [stdout] 
[INFO] [stdout] 
[INFO] [stdout] failures:
[INFO] [stdout]     png::tests::test_save_image
[INFO] [stdout] 
[INFO] [stdout] test result: FAILED. 3 passed; 1 failed; 0 ignored; 0 measured; 0 filtered out; finished in 0.00s
[INFO] [stdout] 
[INFO] [stderr] error: test failed, to rerun pass `--bin whats-a-png`
[INFO] running `Command { std: "docker" "inspect" "cbbd8bfba7e88c955756a11119bf49dc07cdbffea185fbb88d329f3235b818ec", kill_on_drop: false }`
[INFO] running `Command { std: "docker" "rm" "-f" "cbbd8bfba7e88c955756a11119bf49dc07cdbffea185fbb88d329f3235b818ec", kill_on_drop: false }`
[INFO] [stdout] cbbd8bfba7e88c955756a11119bf49dc07cdbffea185fbb88d329f3235b818ec
