[INFO] fetching crate whaterror_macros 0.1.0...
[INFO] testing whaterror_macros-0.1.0 against 1.100.0-beta.1+cargoflags=--release for beta-release-1.100-2
[INFO] extracting crate whaterror_macros 0.1.0 into /workspace/builds/worker-0-tc2/source
[INFO] started tweaking crates.io crate whaterror_macros 0.1.0
[INFO] finished tweaking crates.io crate whaterror_macros 0.1.0
[INFO] tweaked toml for crates.io crate whaterror_macros 0.1.0 written to /workspace/builds/worker-0-tc2/source/Cargo.toml
[INFO] validating manifest of crates.io crate whaterror_macros 0.1.0 on toolchain 1.100.0-beta.1
[INFO] running `Command { std: CARGO_HOME="/workspace/cargo-home" RUSTUP_HOME="/workspace/rustup-home" "/workspace/cargo-home/bin/cargo" "+1.100.0-beta.1" "metadata" "--manifest-path" "Cargo.toml" "--no-deps", kill_on_drop: false }`
[INFO] running `Command { std: CARGO_HOME="/workspace/cargo-home" RUSTUP_HOME="/workspace/rustup-home" "/workspace/cargo-home/bin/cargo" "+1.100.0-beta.1" "generate-lockfile" "--manifest-path" "Cargo.toml", kill_on_drop: false }`
[INFO] [stderr]     Updating crates.io index
[INFO] [stderr]      Locking 31 packages to highest compatible versions
[INFO] [stderr]       Adding syn v1.0.109 (available: v3.0.9)
[INFO] running `Command { std: CARGO_HOME="/workspace/cargo-home" RUSTUP_HOME="/workspace/rustup-home" "/workspace/cargo-home/bin/cargo" "+1.100.0-beta.1" "fetch" "--manifest-path" "Cargo.toml", kill_on_drop: false }`
[INFO] running `Command { std: "docker" "create" "-v" "/var/lib/crater-agent-workspace/builds/worker-0-tc2/source:/opt/rustwide/workdir:ro,Z" "-v" "/var/lib/crater-agent-workspace/builds/worker-0-tc2/target:/opt/rustwide/target:rw,Z" "-v" "/var/lib/crater-agent-workspace/cargo-home:/opt/rustwide/cargo-home:ro,Z" "-v" "/var/lib/crater-agent-workspace/rustup-home:/opt/rustwide/rustup-home:ro,Z" "-m" "1610612736" "--network" "none" "ghcr.io/rust-lang/crates-build-env/linux@sha256:77db811e55d90add9212f6832c23229e3de5f1c1f9905e8cb07319ea15df73ac" "sleep" "infinity", kill_on_drop: false }`
[INFO] [stdout] 2ae8d495486a34f6186e34c3a55a26f58c7e92ec50a36c5dd4fd25d1b158ed5b
[INFO] running `Command { std: "docker" "start" "2ae8d495486a34f6186e34c3a55a26f58c7e92ec50a36c5dd4fd25d1b158ed5b", kill_on_drop: false }`
[INFO] running `Command { std: "docker" "inspect" "2ae8d495486a34f6186e34c3a55a26f58c7e92ec50a36c5dd4fd25d1b158ed5b", kill_on_drop: false }`
[INFO] running `Command { std: "docker" "exec" "-e" "SOURCE_DIR=/opt/rustwide/workdir" "-e" "CARGO_HOME=/opt/rustwide/cargo-home" "-e" "RUSTUP_HOME=/opt/rustwide/rustup-home" "-e" "CARGO_TARGET_DIR=/opt/rustwide/target" "-w" "/opt/rustwide/workdir" "--user" "0:0" "2ae8d495486a34f6186e34c3a55a26f58c7e92ec50a36c5dd4fd25d1b158ed5b" "/opt/rustwide/cargo-home/bin/cargo" "+1.100.0-beta.1" "metadata" "--no-deps" "--format-version=1", kill_on_drop: false }`
[INFO] running `Command { std: "docker" "inspect" "2ae8d495486a34f6186e34c3a55a26f58c7e92ec50a36c5dd4fd25d1b158ed5b", kill_on_drop: false }`
[INFO] running `Command { std: "docker" "exec" "-e" "SOURCE_DIR=/opt/rustwide/workdir" "-e" "CARGO_HOME=/opt/rustwide/cargo-home" "-e" "RUSTUP_HOME=/opt/rustwide/rustup-home" "-e" "CARGO_TARGET_DIR=/opt/rustwide/target" "-e" "CARGO_INCREMENTAL=0" "-e" "RUST_BACKTRACE=full" "-e" "RUSTFLAGS=--cap-lints=warn" "-e" "RUSTDOCFLAGS=--cap-lints=warn" "-w" "/opt/rustwide/workdir" "--user" "0:0" "2ae8d495486a34f6186e34c3a55a26f58c7e92ec50a36c5dd4fd25d1b158ed5b" "/opt/rustwide/cargo-home/bin/cargo" "+1.100.0-beta.1" "build" "--frozen" "--message-format=json" "--release", kill_on_drop: false }`
[INFO] [stderr]    Compiling proc-macro-error-attr v1.0.4
[INFO] [stderr]    Compiling proc-macro-error v1.0.4
[INFO] [stderr]    Compiling whaterror_macros v0.1.0 (/opt/rustwide/workdir)
[INFO] [stderr]     Finished `release` profile [optimized] target(s) in 5.20s
[INFO] running `Command { std: "docker" "inspect" "2ae8d495486a34f6186e34c3a55a26f58c7e92ec50a36c5dd4fd25d1b158ed5b", kill_on_drop: false }`
[INFO] running `Command { std: "docker" "exec" "-e" "SOURCE_DIR=/opt/rustwide/workdir" "-e" "CARGO_HOME=/opt/rustwide/cargo-home" "-e" "RUSTUP_HOME=/opt/rustwide/rustup-home" "-e" "CARGO_TARGET_DIR=/opt/rustwide/target" "-e" "CARGO_INCREMENTAL=0" "-e" "RUST_BACKTRACE=full" "-e" "RUSTFLAGS=--cap-lints=warn" "-e" "RUSTDOCFLAGS=--cap-lints=warn" "-w" "/opt/rustwide/workdir" "--user" "0:0" "2ae8d495486a34f6186e34c3a55a26f58c7e92ec50a36c5dd4fd25d1b158ed5b" "/opt/rustwide/cargo-home/bin/cargo" "+1.100.0-beta.1" "test" "--frozen" "--no-run" "--message-format=json" "--release", kill_on_drop: false }`
[INFO] [stderr]    Compiling serde_core v1.0.229
[INFO] [stderr]    Compiling target-tuple v1.0.2
[INFO] [stderr]    Compiling zmij v1.0.23
[INFO] [stderr]    Compiling proc-macro2 v1.0.107
[INFO] [stderr]    Compiling winnow v1.0.4
[INFO] [stderr]    Compiling unicode-ident v1.0.27
[INFO] [stderr]    Compiling serde_json v1.0.154
[INFO] [stderr]    Compiling quote v1.0.47
[INFO] [stderr]    Compiling serde v1.0.229
[INFO] [stderr]    Compiling toml_writer v1.1.3+spec-1.1.0
[INFO] [stderr]    Compiling serde_spanned v1.1.2
[INFO] [stderr]    Compiling toml_datetime v1.1.2+spec-1.1.0
[INFO] [stderr]    Compiling syn v1.0.109
[INFO] [stderr]    Compiling whaterror_macros v0.1.0 (/opt/rustwide/workdir)
[INFO] [stderr]    Compiling proc-macro-error v1.0.4
[INFO] [stderr]    Compiling termcolor v1.4.1
[INFO] [stderr]    Compiling toml_parser v1.1.5+spec-1.1.0
[INFO] [stderr]    Compiling glob v0.3.4
[INFO] [stderr]    Compiling toml v1.1.8+spec-1.1.0
[INFO] [stderr]    Compiling trybuild v1.0.122
[INFO] [stderr]     Finished `release` profile [optimized] target(s) in 57.21s
[INFO] running `Command { std: "docker" "inspect" "2ae8d495486a34f6186e34c3a55a26f58c7e92ec50a36c5dd4fd25d1b158ed5b", kill_on_drop: false }`
[INFO] running `Command { std: "docker" "exec" "-e" "SOURCE_DIR=/opt/rustwide/workdir" "-e" "CARGO_HOME=/opt/rustwide/cargo-home" "-e" "RUSTUP_HOME=/opt/rustwide/rustup-home" "-e" "CARGO_TARGET_DIR=/opt/rustwide/target" "-e" "CARGO_INCREMENTAL=0" "-e" "RUST_BACKTRACE=full" "-e" "RUSTFLAGS=--cap-lints=warn" "-e" "RUSTDOCFLAGS=--cap-lints=warn" "-w" "/opt/rustwide/workdir" "--user" "0:0" "2ae8d495486a34f6186e34c3a55a26f58c7e92ec50a36c5dd4fd25d1b158ed5b" "/opt/rustwide/cargo-home/bin/cargo" "+1.100.0-beta.1" "test" "--frozen" "--release", kill_on_drop: false }`
[INFO] [stderr]     Finished `release` profile [optimized] target(s) in 0.06s
[INFO] [stderr]      Running unittests src/lib.rs (/opt/rustwide/target/release/build/whaterror_macros/5f4fbce736d956c0/out/whaterror_macros-5f4fbce736d956c0)
[INFO] [stdout] 
[INFO] [stdout] running 1 test
[INFO] [stdout] test tests::it_works ... ok
[INFO] [stdout] 
[INFO] [stdout] test result: ok. 1 passed; 0 failed; 0 ignored; 0 measured; 0 filtered out; finished in 0.00s
[INFO] [stdout] 
[INFO] [stderr]      Running tests/ui.rs (/opt/rustwide/target/release/build/whaterror_macros/90ff9793e235a3c7/out/ui-90ff9793e235a3c7)
[INFO] [stdout] 
[INFO] [stdout] running 1 test
[INFO] [stderr]    Compiling proc-macro2 v1.0.107
[INFO] [stderr]    Compiling quote v1.0.47
[INFO] [stderr]    Compiling version_check v0.9.5
[INFO] [stderr]    Compiling unicode-ident v1.0.27
[INFO] [stderr]    Compiling syn v1.0.109
[INFO] [stderr]    Compiling proc-macro-error v1.0.4
[INFO] [stderr]    Compiling proc-macro-error-attr v1.0.4
[INFO] [stderr]    Compiling whaterror_macros v0.1.0 (/opt/rustwide/workdir)
[INFO] [stderr]     Checking whaterror_macros-tests v0.0.0 (/opt/rustwide/target/tests/trybuild/whaterror_macros)
[INFO] [stderr]     Finished `dev` profile [unoptimized + debuginfo] target(s) in 9.86s
[INFO] [stderr] 
[INFO] [stderr] 
[INFO] [stderr] test tests/ui/bad_arguments.rs ... mismatch
[INFO] [stderr] 
[INFO] [stderr] EXPECTED:
[INFO] [stderr] ┈┈┈┈┈┈┈┈┈┈┈┈┈┈┈┈┈┈┈┈┈┈┈┈┈┈┈┈┈┈┈┈┈┈┈┈┈┈┈┈┈┈┈┈┈┈┈┈┈┈┈┈┈┈┈┈┈┈┈┈
[INFO] [stderr] error: expected `fn`
[INFO] [stderr]  --> $DIR/bad_arguments.rs:4:7
[INFO] [stderr]   |
[INFO] [stderr] 4 | const NOT_A_FUNCTION: () = ();
[INFO] [stderr]   |       ^^^^^^^^^^^^^^
[INFO] [stderr] 
[INFO] [stderr] error: missing arguments
[INFO] [stderr]  --> $DIR/bad_arguments.rs:6:1
[INFO] [stderr]   |
[INFO] [stderr] 6 | #[whaterror]
[INFO] [stderr]   | ^^^^^^^^^^^^
[INFO] [stderr]   |
[INFO] [stderr]   = note: this error originates in an attribute macro (in Nightly builds, run with -Z macro-backtrace for more info)
[INFO] [stderr] 
[INFO] [stderr] error: missing arguments
[INFO] [stderr]  --> $DIR/bad_arguments.rs:9:1
[INFO] [stderr]   |
[INFO] [stderr] 9 | #[whaterror]
[INFO] [stderr]   | ^^^^^^^^^^^^
[INFO] [stderr]   |
[INFO] [stderr]   = note: this error originates in an attribute macro (in Nightly builds, run with -Z macro-backtrace for more info)
[INFO] [stderr] 
[INFO] [stderr] error: expected `fn`
[INFO] [stderr]   --> $DIR/bad_arguments.rs:10:7
[INFO] [stderr]    |
[INFO] [stderr] 10 | const NON_FUNCTION_WITHOUT_HANDLER: () = ();
[INFO] [stderr]    |       ^^^^^^^^^^^^^^^^^^^^^^^^^^^^
[INFO] [stderr] 
[INFO] [stderr] error: missing arguments
[INFO] [stderr]   --> $DIR/bad_arguments.rs:12:1
[INFO] [stderr]    |
[INFO] [stderr] 12 | #[whaterror]
[INFO] [stderr]    | ^^^^^^^^^^^^
[INFO] [stderr]    |
[INFO] [stderr]    = note: this error originates in an attribute macro (in Nightly builds, run with -Z macro-backtrace for more info)
[INFO] [stderr] 
[INFO] [stderr] error: const fns are not supported
[INFO] [stderr]   --> $DIR/bad_arguments.rs:13:1
[INFO] [stderr]    |
[INFO] [stderr] 13 | const fn const_no_handler() {}
[INFO] [stderr]    | ^^^^^
[INFO] [stderr] ┈┈┈┈┈┈┈┈┈┈┈┈┈┈┈┈┈┈┈┈┈┈┈┈┈┈┈┈┈┈┈┈┈┈┈┈┈┈┈┈┈┈┈┈┈┈┈┈┈┈┈┈┈┈┈┈┈┈┈┈
[INFO] [stderr] 
[INFO] [stderr] ACTUAL OUTPUT:
[INFO] [stderr] ┈┈┈┈┈┈┈┈┈┈┈┈┈┈┈┈┈┈┈┈┈┈┈┈┈┈┈┈┈┈┈┈┈┈┈┈┈┈┈┈┈┈┈┈┈┈┈┈┈┈┈┈┈┈┈┈┈┈┈┈
[INFO] [stderr] error: expected `fn`
[INFO] [stderr]  --> tests/ui/bad_arguments.rs:4:7
[INFO] [stderr]   |
[INFO] [stderr] 4 | const NOT_A_FUNCTION: () = ();
[INFO] [stderr]   |       ^^^^^^^^^^^^^^
[INFO] [stderr] 
[INFO] [stderr] error: missing arguments
[INFO] [stderr]  --> tests/ui/bad_arguments.rs:6:1
[INFO] [stderr]   |
[INFO] [stderr] 6 | #[whaterror]
[INFO] [stderr]   | ^^^^^^^^^^^^
[INFO] [stderr]   |
[INFO] [stderr]   = note: this error originates in the attribute macro `whaterror` (in Nightly builds, run with -Z macro-backtrace for more info)
[INFO] [stderr] 
[INFO] [stderr] error: missing arguments
[INFO] [stderr]  --> tests/ui/bad_arguments.rs:9:1
[INFO] [stderr]   |
[INFO] [stderr] 9 | #[whaterror]
[INFO] [stderr]   | ^^^^^^^^^^^^
[INFO] [stderr]   |
[INFO] [stderr]   = note: this error originates in the attribute macro `whaterror` (in Nightly builds, run with -Z macro-backtrace for more info)
[INFO] [stderr] 
[INFO] [stderr] error: expected `fn`
[INFO] [stderr]   --> tests/ui/bad_arguments.rs:10:7
[INFO] [stderr]    |
[INFO] [stderr] 10 | const NON_FUNCTION_WITHOUT_HANDLER: () = ();
[INFO] [stderr]    |       ^^^^^^^^^^^^^^^^^^^^^^^^^^^^
[INFO] [stderr] 
[INFO] [stderr] error: missing arguments
[INFO] [stderr]   --> tests/ui/bad_arguments.rs:12:1
[INFO] [stderr]    |
[INFO] [stderr] 12 | #[whaterror]
[INFO] [stderr]    | ^^^^^^^^^^^^
[INFO] [stderr]    |
[INFO] [stderr]    = note: this error originates in the attribute macro `whaterror` (in Nightly builds, run with -Z macro-backtrace for more info)
[INFO] [stderr] 
[INFO] [stderr] error: const fns are not supported
[INFO] [stderr]   --> tests/ui/bad_arguments.rs:13:1
[INFO] [stderr]    |
[INFO] [stderr] 13 | const fn const_no_handler() {}
[INFO] [stderr]    | ^^^^^
[INFO] [stderr] ┈┈┈┈┈┈┈┈┈┈┈┈┈┈┈┈┈┈┈┈┈┈┈┈┈┈┈┈┈┈┈┈┈┈┈┈┈┈┈┈┈┈┈┈┈┈┈┈┈┈┈┈┈┈┈┈┈┈┈┈
[INFO] [stderr] note: If the actual output is the correct output you can bless it by rerunning
[INFO] [stderr]       your test with the environment variable TRYBUILD=overwrite
[INFO] [stderr] 
[INFO] [stderr] test tests/ui/hygiene.rs ... mismatch
[INFO] [stderr] 
[INFO] [stderr] EXPECTED:
[INFO] [stderr] ┈┈┈┈┈┈┈┈┈┈┈┈┈┈┈┈┈┈┈┈┈┈┈┈┈┈┈┈┈┈┈┈┈┈┈┈┈┈┈┈┈┈┈┈┈┈┈┈┈┈┈┈┈┈┈┈┈┈┈┈
[INFO] [stderr] error[E0425]: cannot find value `inner` in this scope
[INFO] [stderr]  --> $DIR/hygiene.rs:8:17
[INFO] [stderr]   |
[INFO] [stderr] 8 |         let _ = inner;
[INFO] [stderr]   |                 ^^^^^ not found in this scope
[INFO] [stderr]   |
[INFO] [stderr] help: consider importing this function
[INFO] [stderr]   |
[INFO] [stderr] 2 |     use crate::naming_conflicts::inner;
[INFO] [stderr]   |
[INFO] [stderr] 
[INFO] [stderr] error[E0425]: cannot find value `handle` in this scope
[INFO] [stderr]  --> $DIR/hygiene.rs:9:17
[INFO] [stderr]   |
[INFO] [stderr] 9 |         let _ = handle;
[INFO] [stderr]   |                 ^^^^^^ not found in this scope
[INFO] [stderr]   |
[INFO] [stderr] help: consider importing this function
[INFO] [stderr]   |
[INFO] [stderr] 2 |     use crate::naming_conflicts::handle;
[INFO] [stderr]   |
[INFO] [stderr] 
[INFO] [stderr] error[E0425]: cannot find value `inner` in this scope
[INFO] [stderr]  --> $DIR/hygiene.rs:6:84
[INFO] [stderr]   |
[INFO] [stderr] 6 |     #[whaterror_macros::whaterror(|| { assert_eq!(whaterror::CONSTANT, 5); let _ = inner; let _ = handle; })]
[INFO] [stderr]   |                                                                                    ^^^^^ not found in this scope
[INFO] [stderr]   |
[INFO] [stderr] help: consider importing this function
[INFO] [stderr]   |
[INFO] [stderr] 2 |     use crate::naming_conflicts::inner;
[INFO] [stderr]   |
[INFO] [stderr] 
[INFO] [stderr] error[E0425]: cannot find value `handle` in this scope
[INFO] [stderr]  --> $DIR/hygiene.rs:6:99
[INFO] [stderr]   |
[INFO] [stderr] 6 |     #[whaterror_macros::whaterror(|| { assert_eq!(whaterror::CONSTANT, 5); let _ = inner; let _ = handle; })]
[INFO] [stderr]   |                                                                                                   ^^^^^^ not found in this scope
[INFO] [stderr]   |
[INFO] [stderr] help: consider importing this function
[INFO] [stderr]   |
[INFO] [stderr] 2 |     use crate::naming_conflicts::handle;
[INFO] [stderr]   |
[INFO] [stderr] ┈┈┈┈┈┈┈┈┈┈┈┈┈┈┈┈┈┈┈┈┈┈┈┈┈┈┈┈┈┈┈┈┈┈┈┈┈┈┈┈┈┈┈┈┈┈┈┈┈┈┈┈┈┈┈┈┈┈┈┈
[INFO] [stderr] 
[INFO] [stderr] ACTUAL OUTPUT:
[INFO] [stderr] ┈┈┈┈┈┈┈┈┈┈┈┈┈┈┈┈┈┈┈┈┈┈┈┈┈┈┈┈┈┈┈┈┈┈┈┈┈┈┈┈┈┈┈┈┈┈┈┈┈┈┈┈┈┈┈┈┈┈┈┈
[INFO] [stderr] error[E0432]: unresolved import `whaterror`
[INFO] [stderr]  --> tests/ui/hygiene.rs:6:5
[INFO] [stderr]   |
[INFO] [stderr] 6 |     #[whaterror_macros::whaterror(|| { assert_eq!(whaterror::CONSTANT, 5); let _ = inner; let _ = handle; })]
[INFO] [stderr]   |     ^^^^^^^^^^^^^^^^^^^^^^^^^^^^^^^^^^^^^^^^^^^^^^^^^^^^^^^^^^^^^^^^^^^^^^^^^^^^^^^^^^^^^^^^^^^^^^^^^^^^^^^^^
[INFO] [stderr]   |
[INFO] [stderr]   = note: this error originates in the attribute macro `whaterror_macros::whaterror` (in Nightly builds, run with -Z macro-backtrace for more info)
[INFO] [stderr] help: a similar path exists
[INFO] [stderr]   |
[INFO] [stderr] 6 -     #[whaterror_macros::whaterror(|| { assert_eq!(whaterror::CONSTANT, 5); let _ = inner; let _ = handle; })]
[INFO] [stderr] 6 +     self::whaterror
[INFO] [stderr]   |
[INFO] [stderr] 
[INFO] [stderr] error[E0432]: unresolved import `whaterror`
[INFO] [stderr]   --> tests/ui/hygiene.rs:15:5
[INFO] [stderr]    |
[INFO] [stderr] 15 |     #[whaterror_macros::whaterror(())]
[INFO] [stderr]    |     ^^^^^^^^^^^^^^^^^^^^^^^^^^^^^^^^^^ could not find `whaterror` in the list of imported crates
[INFO] [stderr]    |
[INFO] [stderr]    = note: this error originates in the attribute macro `whaterror_macros::whaterror` (in Nightly builds, run with -Z macro-backtrace for more info)
[INFO] [stderr] 
[INFO] [stderr] error[E0432]: unresolved import `whaterror`
[INFO] [stderr]   --> tests/ui/hygiene.rs:18:5
[INFO] [stderr]    |
[INFO] [stderr] 18 |     #[whaterror_macros::whaterror(())]
[INFO] [stderr]    |     ^^^^^^^^^^^^^^^^^^^^^^^^^^^^^^^^^^ could not find `whaterror` in the list of imported crates
[INFO] [stderr]    |
[INFO] [stderr]    = note: this error originates in the attribute macro `whaterror_macros::whaterror` (in Nightly builds, run with -Z macro-backtrace for more info)
[INFO] [stderr] 
[INFO] [stderr] error[E0432]: unresolved import `whaterror`
[INFO] [stderr]   --> tests/ui/hygiene.rs:21:5
[INFO] [stderr]    |
[INFO] [stderr] 21 |     #[whaterror_macros::whaterror(())]
[INFO] [stderr]    |     ^^^^^^^^^^^^^^^^^^^^^^^^^^^^^^^^^^ could not find `whaterror` in the list of imported crates
[INFO] [stderr]    |
[INFO] [stderr]    = note: this error originates in the attribute macro `whaterror_macros::whaterror` (in Nightly builds, run with -Z macro-backtrace for more info)
[INFO] [stderr] 
[INFO] [stderr] error[E0432]: unresolved import `whaterror`
[INFO] [stderr]   --> tests/ui/hygiene.rs:24:5
[INFO] [stderr]    |
[INFO] [stderr] 24 |     #[whaterror_macros::whaterror(())]
[INFO] [stderr]    |     ^^^^^^^^^^^^^^^^^^^^^^^^^^^^^^^^^^ could not find `whaterror` in the list of imported crates
[INFO] [stderr]    |
[INFO] [stderr]    = note: this error originates in the attribute macro `whaterror_macros::whaterror` (in Nightly builds, run with -Z macro-backtrace for more info)
[INFO] [stderr] 
[INFO] [stderr] error[E0433]: cannot find `whaterror` in the list of imported crates
[INFO] [stderr]  --> tests/ui/hygiene.rs:6:5
[INFO] [stderr]   |
[INFO] [stderr] 6 |     #[whaterror_macros::whaterror(|| { assert_eq!(whaterror::CONSTANT, 5); let _ = inner; let _ = handle; })]
[INFO] [stderr]   |     ^^^^^^^^^^^^^^^^^^^^^^^^^^^^^^^^^^^^^^^^^^^^^^^^^^^^^^^^^^^^^^^^^^^^^^^^^^^^^^^^^^^^^^^^^^^^^^^^^^^^^^^^^ could not find `whaterror` in the list of imported crates
[INFO] [stderr]   |
[INFO] [stderr]   = note: this error originates in the attribute macro `whaterror_macros::whaterror` (in Nightly builds, run with -Z macro-backtrace for more info)
[INFO] [stderr] 
[INFO] [stderr] error[E0433]: cannot find `whaterror` in the list of imported crates
[INFO] [stderr]   --> tests/ui/hygiene.rs:15:5
[INFO] [stderr]    |
[INFO] [stderr] 15 |     #[whaterror_macros::whaterror(())]
[INFO] [stderr]    |     ^^^^^^^^^^^^^^^^^^^^^^^^^^^^^^^^^^ could not find `whaterror` in the list of imported crates
[INFO] [stderr]    |
[INFO] [stderr]    = note: this error originates in the attribute macro `whaterror_macros::whaterror` (in Nightly builds, run with -Z macro-backtrace for more info)
[INFO] [stderr] 
[INFO] [stderr] error[E0433]: cannot find `whaterror` in the list of imported crates
[INFO] [stderr]   --> tests/ui/hygiene.rs:18:5
[INFO] [stderr]    |
[INFO] [stderr] 18 |     #[whaterror_macros::whaterror(())]
[INFO] [stderr]    |     ^^^^^^^^^^^^^^^^^^^^^^^^^^^^^^^^^^ could not find `whaterror` in the list of imported crates
[INFO] [stderr]    |
[INFO] [stderr]    = note: this error originates in the attribute macro `whaterror_macros::whaterror` (in Nightly builds, run with -Z macro-backtrace for more info)
[INFO] [stderr] 
[INFO] [stderr] error[E0433]: cannot find `whaterror` in the list of imported crates
[INFO] [stderr]   --> tests/ui/hygiene.rs:21:5
[INFO] [stderr]    |
[INFO] [stderr] 21 |     #[whaterror_macros::whaterror(())]
[INFO] [stderr]    |     ^^^^^^^^^^^^^^^^^^^^^^^^^^^^^^^^^^ could not find `whaterror` in the list of imported crates
[INFO] [stderr]    |
[INFO] [stderr]    = note: this error originates in the attribute macro `whaterror_macros::whaterror` (in Nightly builds, run with -Z macro-backtrace for more info)
[INFO] [stderr] 
[INFO] [stderr] error[E0433]: cannot find `whaterror` in the list of imported crates
[INFO] [stderr]   --> tests/ui/hygiene.rs:24:5
[INFO] [stderr]    |
[INFO] [stderr] 24 |     #[whaterror_macros::whaterror(())]
[INFO] [stderr]    |     ^^^^^^^^^^^^^^^^^^^^^^^^^^^^^^^^^^ could not find `whaterror` in the list of imported crates
[INFO] [stderr]    |
[INFO] [stderr]    = note: this error originates in the attribute macro `whaterror_macros::whaterror` (in Nightly builds, run with -Z macro-backtrace for more info)
[INFO] [stderr] 
[INFO] [stderr] error[E0425]: cannot find value `inner` in this scope
[INFO] [stderr]   --> tests/ui/hygiene.rs:8:17
[INFO] [stderr]    |
[INFO] [stderr]  8 |         let _ = inner;
[INFO] [stderr]    |                 ^^^^^ not found in this scope
[INFO] [stderr]    |
[INFO] [stderr] note: function `crate::naming_conflicts::inner` exists but is inaccessible
[INFO] [stderr]   --> tests/ui/hygiene.rs:18:5
[INFO] [stderr]    |
[INFO] [stderr] 18 |     #[whaterror_macros::whaterror(())]
[INFO] [stderr]    |     ^^^^^^^^^^^^^^^^^^^^^^^^^^^^^^^^^^ not accessible
[INFO] [stderr]    = note: this error originates in the attribute macro `whaterror_macros::whaterror` (in Nightly builds, run with -Z macro-backtrace for more info)
[INFO] [stderr] 
[INFO] [stderr] error[E0425]: cannot find value `handle` in this scope
[INFO] [stderr]   --> tests/ui/hygiene.rs:9:17
[INFO] [stderr]    |
[INFO] [stderr]  9 |         let _ = handle;
[INFO] [stderr]    |                 ^^^^^^ not found in this scope
[INFO] [stderr]    |
[INFO] [stderr] note: function `crate::naming_conflicts::handle` exists but is inaccessible
[INFO] [stderr]   --> tests/ui/hygiene.rs:21:5
[INFO] [stderr]    |
[INFO] [stderr] 21 |     #[whaterror_macros::whaterror(())]
[INFO] [stderr]    |     ^^^^^^^^^^^^^^^^^^^^^^^^^^^^^^^^^^ not accessible
[INFO] [stderr]    = note: this error originates in the attribute macro `whaterror_macros::whaterror` (in Nightly builds, run with -Z macro-backtrace for more info)
[INFO] [stderr] 
[INFO] [stderr] error[E0425]: cannot find value `inner` in this scope
[INFO] [stderr]   --> tests/ui/hygiene.rs:6:84
[INFO] [stderr]    |
[INFO] [stderr]  6 |     #[whaterror_macros::whaterror(|| { assert_eq!(whaterror::CONSTANT, 5); let _ = inner; let _ = handle; })]
[INFO] [stderr]    |                                                                                    ^^^^^ not found in this scope
[INFO] [stderr]    |
[INFO] [stderr] help: an identifier with the same name is defined here, but is not accessible due to macro hygiene
[INFO] [stderr]   --> tests/ui/hygiene.rs:6:5
[INFO] [stderr]    |
[INFO] [stderr]  6 |     #[whaterror_macros::whaterror(|| { assert_eq!(whaterror::CONSTANT, 5); let _ = inner; let _ = handle; })]
[INFO] [stderr]    |     ^^^^^^^^^^^^^^^^^^^^^^^^^^^^^^^^^^^^^^^^^^^^^^^^^^^^^^^^^^^^^^^^^^^^^^^^^^^^^^^^^^^^^^^^^^^^^^^^^^^^^^^^^
[INFO] [stderr] note: function `crate::naming_conflicts::inner` exists but is inaccessible
[INFO] [stderr]   --> tests/ui/hygiene.rs:18:5
[INFO] [stderr]    |
[INFO] [stderr] 18 |     #[whaterror_macros::whaterror(())]
[INFO] [stderr]    |     ^^^^^^^^^^^^^^^^^^^^^^^^^^^^^^^^^^ not accessible
[INFO] [stderr]    = note: this error originates in the attribute macro `whaterror_macros::whaterror` (in Nightly builds, run with -Z macro-backtrace for more info)
[INFO] [stderr] 
[INFO] [stderr] error[E0425]: cannot find value `handle` in this scope
[INFO] [stderr]   --> tests/ui/hygiene.rs:6:99
[INFO] [stderr]    |
[INFO] [stderr]  6 |     #[whaterror_macros::whaterror(|| { assert_eq!(whaterror::CONSTANT, 5); let _ = inner; let _ = handle; })]
[INFO] [stderr]    |                                                                                                   ^^^^^^ not found in this scope
[INFO] [stderr]    |
[INFO] [stderr] note: function `crate::naming_conflicts::handle` exists but is inaccessible
[INFO] [stderr]   --> tests/ui/hygiene.rs:21:5
[INFO] [stderr]    |
[INFO] [stderr] 21 |     #[whaterror_macros::whaterror(())]
[INFO] [stderr]    |     ^^^^^^^^^^^^^^^^^^^^^^^^^^^^^^^^^^ not accessible
[INFO] [stderr]    = note: this error originates in the attribute macro `whaterror_macros::whaterror` (in Nightly builds, run with -Z macro-backtrace for more info)
[INFO] [stderr] ┈┈┈┈┈┈┈┈┈┈┈┈┈┈┈┈┈┈┈┈┈┈┈┈┈┈┈┈┈┈┈┈┈┈┈┈┈┈┈┈┈┈┈┈┈┈┈┈┈┈┈┈┈┈┈┈┈┈┈┈
[INFO] [stderr] note: If the actual output is the correct output you can bless it by rerunning
[INFO] [stderr]       your test with the environment variable TRYBUILD=overwrite
[INFO] [stderr] 
[INFO] [stderr] test tests/ui/unsupported.rs ... mismatch
[INFO] [stderr] 
[INFO] [stderr] EXPECTED:
[INFO] [stderr] ┈┈┈┈┈┈┈┈┈┈┈┈┈┈┈┈┈┈┈┈┈┈┈┈┈┈┈┈┈┈┈┈┈┈┈┈┈┈┈┈┈┈┈┈┈┈┈┈┈┈┈┈┈┈┈┈┈┈┈┈
[INFO] [stderr] error: const fns are not supported
[INFO] [stderr]  --> $DIR/unsupported.rs:6:1
[INFO] [stderr]   |
[INFO] [stderr] 6 | const fn const_fn() {}
[INFO] [stderr]   | ^^^^^
[INFO] [stderr] 
[INFO] [stderr] error: async fns are not supported
[INFO] [stderr]  --> $DIR/unsupported.rs:9:1
[INFO] [stderr]   |
[INFO] [stderr] 9 | async fn async_fn() {}
[INFO] [stderr]   | ^^^^^
[INFO] [stderr] 
[INFO] [stderr] error: generic functions are not supported
[INFO] [stderr]   --> $DIR/unsupported.rs:12:14
[INFO] [stderr]    |
[INFO] [stderr] 12 | fn generic_fn<T>() {}
[INFO] [stderr]    |              ^^^
[INFO] [stderr] 
[INFO] [stderr] error: arguments are not supported
[INFO] [stderr]   --> $DIR/unsupported.rs:15:14
[INFO] [stderr]    |
[INFO] [stderr] 15 | fn arguments(_x: i32) {}
[INFO] [stderr]    |              ^^^^^^^
[INFO] [stderr] 
[INFO] [stderr] error: arguments are not supported
[INFO] [stderr]   --> $DIR/unsupported.rs:18:31
[INFO] [stderr]    |
[INFO] [stderr] 18 | unsafe extern "C" fn variadic(_arg: i32, _args: ...) {}
[INFO] [stderr]    |                               ^^^^^^^^^^^^^^^^^^^^^
[INFO] [stderr] 
[INFO] [stderr] warning: attributes may have unexpected behavior
[INFO] [stderr]   --> $DIR/unsupported.rs:21:1
[INFO] [stderr]    |
[INFO] [stderr] 21 | #[warn(warnings)]
[INFO] [stderr]    | ^^^^^^^^^^^^^^^^^
[INFO] [stderr] 
[INFO] [stderr] error: async fns are not supported
[INFO] [stderr]   --> $DIR/unsupported.rs:25:1
[INFO] [stderr]    |
[INFO] [stderr] 25 | async fn generic_async_args<T>(_x: T) {}
[INFO] [stderr]    | ^^^^^
[INFO] [stderr] 
[INFO] [stderr] error: generic functions are not supported
[INFO] [stderr]   --> $DIR/unsupported.rs:25:28
[INFO] [stderr]    |
[INFO] [stderr] 25 | async fn generic_async_args<T>(_x: T) {}
[INFO] [stderr]    |                            ^^^
[INFO] [stderr] 
[INFO] [stderr] error: arguments are not supported
[INFO] [stderr]   --> $DIR/unsupported.rs:25:32
[INFO] [stderr]    |
[INFO] [stderr] 25 | async fn generic_async_args<T>(_x: T) {}
[INFO] [stderr]    |                                ^^^^^
[INFO] [stderr] ┈┈┈┈┈┈┈┈┈┈┈┈┈┈┈┈┈┈┈┈┈┈┈┈┈┈┈┈┈┈┈┈┈┈┈┈┈┈┈┈┈┈┈┈┈┈┈┈┈┈┈┈┈┈┈┈┈┈┈┈
[INFO] [stderr] 
[INFO] [stderr] ACTUAL OUTPUT:
[INFO] [stderr] ┈┈┈┈┈┈┈┈┈┈┈┈┈┈┈┈┈┈┈┈┈┈┈┈┈┈┈┈┈┈┈┈┈┈┈┈┈┈┈┈┈┈┈┈┈┈┈┈┈┈┈┈┈┈┈┈┈┈┈┈
[INFO] [stderr] error: const fns are not supported
[INFO] [stderr]  --> tests/ui/unsupported.rs:6:1
[INFO] [stderr]   |
[INFO] [stderr] 6 | const fn const_fn() {}
[INFO] [stderr]   | ^^^^^
[INFO] [stderr] 
[INFO] [stderr] error: async fns are not supported
[INFO] [stderr]  --> tests/ui/unsupported.rs:9:1
[INFO] [stderr]   |
[INFO] [stderr] 9 | async fn async_fn() {}
[INFO] [stderr]   | ^^^^^
[INFO] [stderr] 
[INFO] [stderr] error: generic functions are not supported
[INFO] [stderr]   --> tests/ui/unsupported.rs:12:14
[INFO] [stderr]    |
[INFO] [stderr] 12 | fn generic_fn<T>() {}
[INFO] [stderr]    |              ^
[INFO] [stderr] 
[INFO] [stderr] error: arguments are not supported
[INFO] [stderr]   --> tests/ui/unsupported.rs:15:14
[INFO] [stderr]    |
[INFO] [stderr] 15 | fn arguments(_x: i32) {}
[INFO] [stderr]    |              ^^
[INFO] [stderr] 
[INFO] [stderr] error: arguments are not supported
[INFO] [stderr]   --> tests/ui/unsupported.rs:18:31
[INFO] [stderr]    |
[INFO] [stderr] 18 | unsafe extern "C" fn variadic(_arg: i32, _args: ...) {}
[INFO] [stderr]    |                               ^^^^
[INFO] [stderr] 
[INFO] [stderr] error: async fns are not supported
[INFO] [stderr]   --> tests/ui/unsupported.rs:25:1
[INFO] [stderr]    |
[INFO] [stderr] 25 | async fn generic_async_args<T>(_x: T) {}
[INFO] [stderr]    | ^^^^^
[INFO] [stderr] 
[INFO] [stderr] error: generic functions are not supported
[INFO] [stderr]   --> tests/ui/unsupported.rs:25:28
[INFO] [stderr]    |
[INFO] [stderr] 25 | async fn generic_async_args<T>(_x: T) {}
[INFO] [stderr]    |                            ^
[INFO] [stderr] 
[INFO] [stderr] error: arguments are not supported
[INFO] [stderr]   --> tests/ui/unsupported.rs:25:32
[INFO] [stderr]    |
[INFO] [stderr] 25 | async fn generic_async_args<T>(_x: T) {}
[INFO] [stderr]    |                                ^^
[INFO] [stderr] 
[INFO] [stdout] test ui ... FAILED
[INFO] [stderr] error[E0432]: unresolved import `whaterror`
[INFO] [stdout] 
[INFO] [stderr]   --> tests/ui/unsupported.rs:20:1
[INFO] [stdout] failures:
[INFO] [stderr]    |
[INFO] [stdout] 
[INFO] [stderr] 20 | #[whaterror(())]
[INFO] [stdout] ---- ui stdout ----
[INFO] [stderr]    | ^^^^^^^^^^^^^^^^ could not find `whaterror` in the list of imported crates
[INFO] [stdout] 
[INFO] [stderr]    |
[INFO] [stdout] thread 'ui' (651) panicked at /opt/rustwide/cargo-home/registry/src/index.crates.io-1949cf8c6b5b557f/trybuild-1.0.122/src/run.rs:103:13:
[INFO] [stderr]    = note: this error originates in the attribute macro `whaterror` (in Nightly builds, run with -Z macro-backtrace for more info)
[INFO] [stdout] 3 of 3 tests failed
[INFO] [stderr] 
[INFO] [stdout] stack backtrace:
[INFO] [stderr] error[E0554]: `#![feature]` may not be used on the beta release channel
[INFO] [stdout]    0:     0x61514061aba1 - <<std[617be2ca0a6fd877]::sys::backtrace::BacktraceLock>::print::DisplayBacktrace as core[a373ad73a504971]::fmt::Display>::fmt
[INFO] [stderr]  --> tests/ui/unsupported.rs:1:1
[INFO] [stdout]    1:     0x615140630e8a - core[a373ad73a504971]::fmt::write
[INFO] [stderr]   |
[INFO] [stdout]    2:     0x61514061f3ec - <alloc[2e1b2a31b91974c5]::vec::Vec<u8> as core[a373ad73a504971]::io::write::Write>::write_fmt
[INFO] [stderr] 1 | #![feature(c_variadic)]
[INFO] [stdout]    3:     0x6151405f4006 - std[617be2ca0a6fd877]::panicking::default_hook::{closure#0}
[INFO] [stderr]   | ^^^^^^^^^^^^^^^^^^^^^^^ help: remove the attribute
[INFO] [stdout]    4:     0x615140612149 - std[617be2ca0a6fd877]::panicking::default_hook
[INFO] [stderr]   |
[INFO] [stdout]    5:     0x6151405ab750 - test[aada8e7e76ba119b]::test_main_inner::{closure#0}
[INFO] [stderr]   = help: the feature `c_variadic` has been stable since `1.99.0` and no longer requires an attribute to enable
[INFO] [stdout]    6:     0x615140612302 - std[617be2ca0a6fd877]::panicking::panic_with_hook
[INFO] [stderr] 
[INFO] [stdout]    7:     0x6151405f40b2 - std[617be2ca0a6fd877]::panicking::panic_handler::{closure#0}
[INFO] [stderr] warning: the feature `c_variadic` has been stable since 1.99.0 and no longer requires an attribute to enable
[INFO] [stdout]    8:     0x6151405ec909 - std[617be2ca0a6fd877]::sys::backtrace::__rust_end_short_backtrace::<std[617be2ca0a6fd877]::panicking::panic_handler::{closure#0}, !>
[INFO] [stderr]  --> tests/ui/unsupported.rs:1:12
[INFO] [stdout]    9:     0x6151405f4cbd - __rustc[ea4f61d10b84890b]::rust_begin_unwind
[INFO] [stderr]   |
[INFO] [stdout]   10:     0x6151406315fc - core[a373ad73a504971]::panicking::panic_fmt
[INFO] [stderr] 1 | #![feature(c_variadic)]
[INFO] [stdout]   11:     0x6151404fe67b - <trybuild[4338c63f3696d470]::Runner>::run
[INFO] [stderr]   |            ^^^^^^^^^^
[INFO] [stdout]   12:     0x6151405018f0 - <trybuild[4338c63f3696d470]::TestCases as core[a373ad73a504971]::ops::drop::Drop>::drop
[INFO] [stderr]   |
[INFO] [stdout]   13:     0x6151404f7e78 - ui[f5220e4aa152720c]::ui
[INFO] [stderr]   = note: `#[warn(stable_features)]` on by default
[INFO] [stdout]   14:     0x6151404f8079 - <ui[f5220e4aa152720c]::ui::{closure#0} as core[a373ad73a504971]::ops::function::FnOnce<()>>::call_once
[INFO] [stderr] ┈┈┈┈┈┈┈┈┈┈┈┈┈┈┈┈┈┈┈┈┈┈┈┈┈┈┈┈┈┈┈┈┈┈┈┈┈┈┈┈┈┈┈┈┈┈┈┈┈┈┈┈┈┈┈┈┈┈┈┈
[INFO] [stdout]   15:     0x61514059eb9b - test[aada8e7e76ba119b]::__rust_begin_short_backtrace::<core[a373ad73a504971]::result::Result<(), alloc[2e1b2a31b91974c5]::string::String>, fn() -> core[a373ad73a504971]::result::Result<(), alloc[2e1b2a31b91974c5]::string::String>>
[INFO] [stderr] note: If the actual output is the correct output you can bless it by rerunning
[INFO] [stdout]   16:     0x6151405abd75 - test[aada8e7e76ba119b]::run_test::{closure#0}
[INFO] [stderr]       your test with the environment variable TRYBUILD=overwrite
[INFO] [stdout]   17:     0x6151405a5664 - std[617be2ca0a6fd877]::sys::backtrace::__rust_begin_short_backtrace::<test[aada8e7e76ba119b]::run_test::{closure#1}, ()>
[INFO] [stderr] 
[INFO] [stdout]   18:     0x6151405aee02 - <std[617be2ca0a6fd877]::thread::lifecycle::spawn_unchecked<test[aada8e7e76ba119b]::run_test::{closure#1}, ()>::{closure#1} as core[a373ad73a504971]::ops::function::FnOnce<()>>::call_once::{shim:vtable#0}
[INFO] [stderr] 
[INFO] [stdout]   19:     0x615140619dff - <std[617be2ca0a6fd877]::sys::thread::unix::Thread>::new::thread_start
[INFO] [stderr] 
[INFO] [stdout]   20:     0x7267ea7e3dfa - <unknown>
[INFO] [stdout]   21:     0x7267ea8773d4 - clone
[INFO] [stdout]   22:                0x0 - <unknown>
[INFO] [stdout] 
[INFO] [stdout] 
[INFO] [stdout] failures:
[INFO] [stdout]     ui
[INFO] [stdout] 
[INFO] [stdout] test result: FAILED. 0 passed; 1 failed; 0 ignored; 0 measured; 0 filtered out; finished in 12.80s
[INFO] [stdout] 
[INFO] [stderr] error: test failed, to rerun pass `--test ui`
[INFO] running `Command { std: "docker" "inspect" "2ae8d495486a34f6186e34c3a55a26f58c7e92ec50a36c5dd4fd25d1b158ed5b", kill_on_drop: false }`
[INFO] running `Command { std: "docker" "rm" "-f" "2ae8d495486a34f6186e34c3a55a26f58c7e92ec50a36c5dd4fd25d1b158ed5b", kill_on_drop: false }`
[INFO] [stdout] 2ae8d495486a34f6186e34c3a55a26f58c7e92ec50a36c5dd4fd25d1b158ed5b
