[INFO] fetching crate wgsl-includes 0.0.2...
[INFO] testing wgsl-includes-0.0.2 against 1.100.0-beta.1+cargoflags=--release for beta-release-1.100-2
[INFO] extracting crate wgsl-includes 0.0.2 into /workspace/builds/worker-4-tc2/source
[INFO] started tweaking crates.io crate wgsl-includes 0.0.2
[INFO] removed 0 missing tests
[INFO] finished tweaking crates.io crate wgsl-includes 0.0.2
[INFO] tweaked toml for crates.io crate wgsl-includes 0.0.2 written to /workspace/builds/worker-4-tc2/source/Cargo.toml
[INFO] validating manifest of crates.io crate wgsl-includes 0.0.2 on toolchain 1.100.0-beta.1
[INFO] running `Command { std: CARGO_HOME="/workspace/cargo-home" RUSTUP_HOME="/workspace/rustup-home" "/workspace/cargo-home/bin/cargo" "+1.100.0-beta.1" "metadata" "--manifest-path" "Cargo.toml" "--no-deps", kill_on_drop: false }`
[INFO] crate crates.io crate wgsl-includes 0.0.2 already has a lockfile, it will not be regenerated
[INFO] running `Command { std: CARGO_HOME="/workspace/cargo-home" RUSTUP_HOME="/workspace/rustup-home" "/workspace/cargo-home/bin/cargo" "+1.100.0-beta.1" "fetch" "--manifest-path" "Cargo.toml", kill_on_drop: false }`
[INFO] [stderr] warning: `package.homepage` is redundant with `package.repository`
[INFO] [stderr]   --> Cargo.toml:23:12
[INFO] [stderr]    |
[INFO] [stderr] 23 | homepage = "https://github.com/TemporalInteractive/wgsl-includes"
[INFO] [stderr]    |            ^^^^^^^^^^^^^^^^^^^^^^^^^^^^^^^^^^^^^^^^^^^^^^^^^^^^^^
[INFO] [stderr] ...
[INFO] [stderr] 28 | repository = "https://github.com/TemporalInteractive/wgsl-includes"
[INFO] [stderr]    |              ------------------------------------------------------
[INFO] [stderr]    |
[INFO] [stderr]    = note: `cargo::redundant_homepage` is set to `warn` by default
[INFO] [stderr] help: consider removing `package.homepage`
[INFO] [stderr] warning: `wgsl-includes` (manifest) generated 1 warning
[INFO] running `Command { std: "docker" "create" "-v" "/var/lib/crater-agent-workspace/builds/worker-4-tc2/source:/opt/rustwide/workdir:ro,Z" "-v" "/var/lib/crater-agent-workspace/builds/worker-4-tc2/target:/opt/rustwide/target:rw,Z" "-v" "/var/lib/crater-agent-workspace/cargo-home:/opt/rustwide/cargo-home:ro,Z" "-v" "/var/lib/crater-agent-workspace/rustup-home:/opt/rustwide/rustup-home:ro,Z" "-m" "1610612736" "--network" "none" "ghcr.io/rust-lang/crates-build-env/linux@sha256:77db811e55d90add9212f6832c23229e3de5f1c1f9905e8cb07319ea15df73ac" "sleep" "infinity", kill_on_drop: false }`
[INFO] [stdout] da52d63ffcfa05b45e6d7bec6ba59a2a420f7d2ce9d3fe3b950b314cc4264dc1
[INFO] running `Command { std: "docker" "start" "da52d63ffcfa05b45e6d7bec6ba59a2a420f7d2ce9d3fe3b950b314cc4264dc1", kill_on_drop: false }`
[INFO] running `Command { std: "docker" "inspect" "da52d63ffcfa05b45e6d7bec6ba59a2a420f7d2ce9d3fe3b950b314cc4264dc1", kill_on_drop: false }`
[INFO] running `Command { std: "docker" "exec" "-e" "SOURCE_DIR=/opt/rustwide/workdir" "-e" "CARGO_HOME=/opt/rustwide/cargo-home" "-e" "RUSTUP_HOME=/opt/rustwide/rustup-home" "-e" "CARGO_TARGET_DIR=/opt/rustwide/target" "-w" "/opt/rustwide/workdir" "--user" "0:0" "da52d63ffcfa05b45e6d7bec6ba59a2a420f7d2ce9d3fe3b950b314cc4264dc1" "/opt/rustwide/cargo-home/bin/cargo" "+1.100.0-beta.1" "metadata" "--no-deps" "--format-version=1", kill_on_drop: false }`
[INFO] running `Command { std: "docker" "inspect" "da52d63ffcfa05b45e6d7bec6ba59a2a420f7d2ce9d3fe3b950b314cc4264dc1", kill_on_drop: false }`
[INFO] running `Command { std: "docker" "exec" "-e" "SOURCE_DIR=/opt/rustwide/workdir" "-e" "CARGO_HOME=/opt/rustwide/cargo-home" "-e" "RUSTUP_HOME=/opt/rustwide/rustup-home" "-e" "CARGO_TARGET_DIR=/opt/rustwide/target" "-e" "CARGO_INCREMENTAL=0" "-e" "RUST_BACKTRACE=full" "-e" "RUSTFLAGS=--cap-lints=warn" "-e" "RUSTDOCFLAGS=--cap-lints=warn" "-w" "/opt/rustwide/workdir" "--user" "0:0" "da52d63ffcfa05b45e6d7bec6ba59a2a420f7d2ce9d3fe3b950b314cc4264dc1" "/opt/rustwide/cargo-home/bin/cargo" "+1.100.0-beta.1" "build" "--frozen" "--message-format=json" "--release", kill_on_drop: false }`
[INFO] [stderr] warning: `package.homepage` is redundant with `package.repository`
[INFO] [stderr]   --> Cargo.toml:23:12
[INFO] [stderr]    |
[INFO] [stderr] 23 | homepage = "https://github.com/TemporalInteractive/wgsl-includes"
[INFO] [stderr]    |            ^^^^^^^^^^^^^^^^^^^^^^^^^^^^^^^^^^^^^^^^^^^^^^^^^^^^^^
[INFO] [stderr] ...
[INFO] [stderr] 28 | repository = "https://github.com/TemporalInteractive/wgsl-includes"
[INFO] [stderr]    |              ------------------------------------------------------
[INFO] [stderr]    |
[INFO] [stderr]    = note: `cargo::redundant_homepage` is set to `warn` by default
[INFO] [stderr] help: consider removing `package.homepage`
[INFO] [stderr] warning: `wgsl-includes` (manifest) generated 1 warning
[INFO] [stderr]    Compiling bit-vec v0.8.0
[INFO] [stderr]    Compiling rustc-hash v1.1.0
[INFO] [stderr]    Compiling hexf-parse v0.2.1
[INFO] [stderr]    Compiling naga v24.0.0
[INFO] [stderr]    Compiling thiserror v2.0.12
[INFO] [stderr]    Compiling indexmap v2.8.0
[INFO] [stderr]    Compiling arrayvec v0.7.6
[INFO] [stderr]    Compiling syn v2.0.100
[INFO] [stderr]    Compiling bit-set v0.8.0
[INFO] [stderr]    Compiling thiserror-impl v2.0.12
[INFO] [stderr]    Compiling strum_macros v0.26.4
[INFO] [stderr]    Compiling strum v0.26.3
[INFO] [stderr]    Compiling wgsl-includes v0.0.2 (/opt/rustwide/workdir)
[INFO] [stderr]     Finished `release` profile [optimized] target(s) in 13.48s
[INFO] [stderr] warning: the following packages contain code that will be rejected by a future version of Rust: naga v24.0.0
[INFO] [stderr] note: to see what the problems were, use the option `--future-incompat-report`, or run `cargo report future-incompatibilities --id 5`
[INFO] running `Command { std: "docker" "inspect" "da52d63ffcfa05b45e6d7bec6ba59a2a420f7d2ce9d3fe3b950b314cc4264dc1", kill_on_drop: false }`
[INFO] running `Command { std: "docker" "exec" "-e" "SOURCE_DIR=/opt/rustwide/workdir" "-e" "CARGO_HOME=/opt/rustwide/cargo-home" "-e" "RUSTUP_HOME=/opt/rustwide/rustup-home" "-e" "CARGO_TARGET_DIR=/opt/rustwide/target" "-e" "CARGO_INCREMENTAL=0" "-e" "RUST_BACKTRACE=full" "-e" "RUSTFLAGS=--cap-lints=warn" "-e" "RUSTDOCFLAGS=--cap-lints=warn" "-w" "/opt/rustwide/workdir" "--user" "0:0" "da52d63ffcfa05b45e6d7bec6ba59a2a420f7d2ce9d3fe3b950b314cc4264dc1" "/opt/rustwide/cargo-home/bin/cargo" "+1.100.0-beta.1" "test" "--frozen" "--no-run" "--message-format=json" "--release", kill_on_drop: false }`
[INFO] [stderr] warning: `package.homepage` is redundant with `package.repository`
[INFO] [stderr]   --> Cargo.toml:23:12
[INFO] [stderr]    |
[INFO] [stderr] 23 | homepage = "https://github.com/TemporalInteractive/wgsl-includes"
[INFO] [stderr]    |            ^^^^^^^^^^^^^^^^^^^^^^^^^^^^^^^^^^^^^^^^^^^^^^^^^^^^^^
[INFO] [stderr] ...
[INFO] [stderr] 28 | repository = "https://github.com/TemporalInteractive/wgsl-includes"
[INFO] [stderr]    |              ------------------------------------------------------
[INFO] [stderr]    |
[INFO] [stderr]    = note: `cargo::redundant_homepage` is set to `warn` by default
[INFO] [stderr] help: consider removing `package.homepage`
[INFO] [stderr] warning: `wgsl-includes` (manifest) generated 1 warning
[INFO] [stderr]    Compiling proc-macro2 v1.0.94
[INFO] [stderr]    Compiling hashbrown v0.15.2
[INFO] [stderr]    Compiling naga v24.0.0
[INFO] [stderr]    Compiling thiserror v2.0.12
[INFO] [stderr]    Compiling unicode-xid v0.2.6
[INFO] [stderr]    Compiling bitflags v2.9.0
[INFO] [stderr]    Compiling hexf-parse v0.2.1
[INFO] [stderr]    Compiling codespan-reporting v0.11.1
[INFO] [stderr]    Compiling strum v0.26.3
[INFO] [stderr]    Compiling wgsl-includes v0.0.2 (/opt/rustwide/workdir)
[INFO] [stderr]    Compiling indexmap v2.8.0
[INFO] [stderr]    Compiling quote v1.0.40
[INFO] [stderr]    Compiling syn v2.0.100
[INFO] [stderr]     Finished `release` profile [optimized] target(s) in 33.99s
[INFO] [stderr] warning: the following packages contain code that will be rejected by a future version of Rust: naga v24.0.0
[INFO] [stderr] note: to see what the problems were, use the option `--future-incompat-report`, or run `cargo report future-incompatibilities --id 5`
[INFO] running `Command { std: "docker" "inspect" "da52d63ffcfa05b45e6d7bec6ba59a2a420f7d2ce9d3fe3b950b314cc4264dc1", kill_on_drop: false }`
[INFO] running `Command { std: "docker" "exec" "-e" "SOURCE_DIR=/opt/rustwide/workdir" "-e" "CARGO_HOME=/opt/rustwide/cargo-home" "-e" "RUSTUP_HOME=/opt/rustwide/rustup-home" "-e" "CARGO_TARGET_DIR=/opt/rustwide/target" "-e" "CARGO_INCREMENTAL=0" "-e" "RUST_BACKTRACE=full" "-e" "RUSTFLAGS=--cap-lints=warn" "-e" "RUSTDOCFLAGS=--cap-lints=warn" "-w" "/opt/rustwide/workdir" "--user" "0:0" "da52d63ffcfa05b45e6d7bec6ba59a2a420f7d2ce9d3fe3b950b314cc4264dc1" "/opt/rustwide/cargo-home/bin/cargo" "+1.100.0-beta.1" "test" "--frozen" "--release", kill_on_drop: false }`
[INFO] [stderr] warning: `package.homepage` is redundant with `package.repository`
[INFO] [stderr]   --> Cargo.toml:23:12
[INFO] [stderr]    |
[INFO] [stderr] 23 | homepage = "https://github.com/TemporalInteractive/wgsl-includes"
[INFO] [stderr]    |            ^^^^^^^^^^^^^^^^^^^^^^^^^^^^^^^^^^^^^^^^^^^^^^^^^^^^^^
[INFO] [stderr] ...
[INFO] [stderr] 28 | repository = "https://github.com/TemporalInteractive/wgsl-includes"
[INFO] [stderr]    |              ------------------------------------------------------
[INFO] [stderr]    |
[INFO] [stderr]    = note: `cargo::redundant_homepage` is set to `warn` by default
[INFO] [stderr] help: consider removing `package.homepage`
[INFO] [stderr] warning: `wgsl-includes` (manifest) generated 1 warning
[INFO] [stderr]     Finished `release` profile [optimized] target(s) in 0.07s
[INFO] [stderr] warning: the following packages contain code that will be rejected by a future version of Rust: naga v24.0.0
[INFO] [stderr] note: to see what the problems were, use the option `--future-incompat-report`, or run `cargo report future-incompatibilities --id 5`
[INFO] [stderr]      Running unittests src/lib.rs (/opt/rustwide/target/release/build/wgsl-includes/c4766868a3b12c9c/out/wgsl_includes-c4766868a3b12c9c)
[INFO] [stdout] 
[INFO] [stdout] running 0 tests
[INFO] [stdout] 
[INFO] [stdout] test result: ok. 0 passed; 0 failed; 0 ignored; 0 measured; 0 filtered out; finished in 0.00s
[INFO] [stdout] 
[INFO] [stderr]      Running tests/tests.rs (/opt/rustwide/target/release/build/wgsl-includes/dd3a977f55da0b13/out/tests-dd3a977f55da0b13)
[INFO] [stdout] 
[INFO] [stdout] running 2 tests
[INFO] [stdout] test tests::include_wgsl ... ok
[INFO] [stdout] test tests::include_wgsl_resolve ... ok
[INFO] [stdout] 
[INFO] [stdout] test result: ok. 2 passed; 0 failed; 0 ignored; 0 measured; 0 filtered out; finished in 0.00s
[INFO] [stdout] 
[INFO] [stderr]    Doc-tests wgsl_includes
[INFO] [stdout] 
[INFO] [stdout] running 1 test
[INFO] [stdout] test src/lib.rs - include_wgsl (line 76) ... FAILED
[INFO] [stdout] 
[INFO] [stdout] failures:
[INFO] [stdout] 
[INFO] [stdout] ---- src/lib.rs - include_wgsl (line 76) stdout ----
[INFO] [stdout] error: cannot find macro `include_wgsl` in this scope
[INFO] [stdout]   --> src/lib.rs:77:18
[INFO] [stdout]    |
[INFO] [stdout] 77 | let shader_str = include_wgsl!("src/shader.wgsl");
[INFO] [stdout]    |                  ^^^^^^^^^^^^
[INFO] [stdout]    |
[INFO] [stdout] note: similarly named macro `include_str` defined here
[INFO] [stdout]   --> /rustc/e3feeb59cd1bdd011a2bfcc0747b55125d9b8527/library/core/src/macros/mod.rs:1327:4
[INFO] [stdout] help: a macro with a similar name exists
[INFO] [stdout]    |
[INFO] [stdout] 77 - let shader_str = include_wgsl!("src/shader.wgsl");
[INFO] [stdout] 77 + let shader_str = include_str!("src/shader.wgsl");
[INFO] [stdout]    |
[INFO] [stdout] 
[INFO] [stdout] error[E0425]: cannot find value `device` in this scope
[INFO] [stdout]   --> src/lib.rs:78:1
[INFO] [stdout]    |
[INFO] [stdout] 78 | device.create_shader_module(&ShaderModuleDescriptor {
[INFO] [stdout]    | ^^^^^^ not found in this scope
[INFO] [stdout] 
[INFO] [stdout] error[E0422]: cannot find struct, variant or union type `ShaderModuleDescriptor` in this scope
[INFO] [stdout]   --> src/lib.rs:78:30
[INFO] [stdout]    |
[INFO] [stdout] 78 | device.create_shader_module(&ShaderModuleDescriptor {
[INFO] [stdout]    |                              ^^^^^^^^^^^^^^^^^^^^^^ not found in this scope
[INFO] [stdout] 
[INFO] [stdout] error[E0433]: cannot find type `Cow` in this scope
[INFO] [stdout]   --> src/lib.rs:79:32
[INFO] [stdout]    |
[INFO] [stdout] 79 |     source: ShaderSource::Wgsl(Cow::Borrowed(&shader_str)),
[INFO] [stdout]    |                                ^^^ use of undeclared type `Cow`
[INFO] [stdout]    |
[INFO] [stdout] help: consider importing this enum
[INFO] [stdout]    |
[INFO] [stdout] 76 + use std::borrow::Cow;
[INFO] [stdout]    |
[INFO] [stdout] 
[INFO] [stdout] error[E0433]: cannot find type `ShaderSource` in this scope
[INFO] [stdout]   --> src/lib.rs:79:13
[INFO] [stdout]    |
[INFO] [stdout] 79 |     source: ShaderSource::Wgsl(Cow::Borrowed(&shader_str)),
[INFO] [stdout]    |             ^^^^^^^^^^^^ use of undeclared type `ShaderSource`
[INFO] [stdout] 
[INFO] [stdout] error[E0433]: cannot find type `ShaderFlags` in this scope
[INFO] [stdout]   --> src/lib.rs:80:12
[INFO] [stdout]    |
[INFO] [stdout] 80 |     flags: ShaderFlags::default(),
[INFO] [stdout]    |            ^^^^^^^^^^^ use of undeclared type `ShaderFlags`
[INFO] [stdout] 
[INFO] [stdout] error: aborting due to 6 previous errors
[INFO] [stdout] 
[INFO] [stdout] Some errors have detailed explanations: E0422, E0425, E0433.
[INFO] [stdout] For more information about an error, try `rustc --explain E0422`.
[INFO] [stdout] Couldn't compile the test.
[INFO] [stdout] 
[INFO] [stdout] failures:
[INFO] [stdout]     src/lib.rs - include_wgsl (line 76)
[INFO] [stdout] 
[INFO] [stdout] test result: FAILED. 0 passed; 1 failed; 0 ignored; 0 measured; 0 filtered out; finished in 0.09s
[INFO] [stdout] 
[INFO] [stderr] error: doctest failed, to rerun pass `--doc`
[INFO] running `Command { std: "docker" "inspect" "da52d63ffcfa05b45e6d7bec6ba59a2a420f7d2ce9d3fe3b950b314cc4264dc1", kill_on_drop: false }`
[INFO] running `Command { std: "docker" "rm" "-f" "da52d63ffcfa05b45e6d7bec6ba59a2a420f7d2ce9d3fe3b950b314cc4264dc1", kill_on_drop: false }`
[INFO] [stdout] da52d63ffcfa05b45e6d7bec6ba59a2a420f7d2ce9d3fe3b950b314cc4264dc1
