[INFO] fetching crate wgpu-external-frame 0.4.0...
[INFO] testing wgpu-external-frame-0.4.0 against 1.100.0-beta.1+cargoflags=--release for beta-release-1.100-2
[INFO] extracting crate wgpu-external-frame 0.4.0 into /workspace/builds/worker-6-tc2/source
[INFO] removed /workspace/builds/worker-6-tc2/source/rust-toolchain.toml
[INFO] started tweaking crates.io crate wgpu-external-frame 0.4.0
[INFO] removed 0 missing tests
[INFO] finished tweaking crates.io crate wgpu-external-frame 0.4.0
[INFO] tweaked toml for crates.io crate wgpu-external-frame 0.4.0 written to /workspace/builds/worker-6-tc2/source/Cargo.toml
[INFO] validating manifest of crates.io crate wgpu-external-frame 0.4.0 on toolchain 1.100.0-beta.1
[INFO] running `Command { std: CARGO_HOME="/workspace/cargo-home" RUSTUP_HOME="/workspace/rustup-home" "/workspace/cargo-home/bin/cargo" "+1.100.0-beta.1" "metadata" "--manifest-path" "Cargo.toml" "--no-deps", kill_on_drop: false }`
[INFO] crate crates.io crate wgpu-external-frame 0.4.0 already has a lockfile, it will not be regenerated
[INFO] running `Command { std: CARGO_HOME="/workspace/cargo-home" RUSTUP_HOME="/workspace/rustup-home" "/workspace/cargo-home/bin/cargo" "+1.100.0-beta.1" "fetch" "--manifest-path" "Cargo.toml", kill_on_drop: false }`
[INFO] running `Command { std: "docker" "create" "-v" "/var/lib/crater-agent-workspace/builds/worker-6-tc2/source:/opt/rustwide/workdir:ro,Z" "-v" "/var/lib/crater-agent-workspace/builds/worker-6-tc2/target:/opt/rustwide/target:rw,Z" "-v" "/var/lib/crater-agent-workspace/cargo-home:/opt/rustwide/cargo-home:ro,Z" "-v" "/var/lib/crater-agent-workspace/rustup-home:/opt/rustwide/rustup-home:ro,Z" "-m" "1610612736" "--network" "none" "ghcr.io/rust-lang/crates-build-env/linux@sha256:77db811e55d90add9212f6832c23229e3de5f1c1f9905e8cb07319ea15df73ac" "sleep" "infinity", kill_on_drop: false }`
[INFO] [stdout] a09af9f4a0dd96daeef9fc60306983c5712e32435e53ffd0d000b30c7aa7df42
[INFO] running `Command { std: "docker" "start" "a09af9f4a0dd96daeef9fc60306983c5712e32435e53ffd0d000b30c7aa7df42", kill_on_drop: false }`
[INFO] running `Command { std: "docker" "inspect" "a09af9f4a0dd96daeef9fc60306983c5712e32435e53ffd0d000b30c7aa7df42", kill_on_drop: false }`
[INFO] running `Command { std: "docker" "exec" "-e" "SOURCE_DIR=/opt/rustwide/workdir" "-e" "CARGO_HOME=/opt/rustwide/cargo-home" "-e" "RUSTUP_HOME=/opt/rustwide/rustup-home" "-e" "CARGO_TARGET_DIR=/opt/rustwide/target" "-w" "/opt/rustwide/workdir" "--user" "0:0" "a09af9f4a0dd96daeef9fc60306983c5712e32435e53ffd0d000b30c7aa7df42" "/opt/rustwide/cargo-home/bin/cargo" "+1.100.0-beta.1" "metadata" "--no-deps" "--format-version=1", kill_on_drop: false }`
[INFO] running `Command { std: "docker" "inspect" "a09af9f4a0dd96daeef9fc60306983c5712e32435e53ffd0d000b30c7aa7df42", kill_on_drop: false }`
[INFO] running `Command { std: "docker" "exec" "-e" "SOURCE_DIR=/opt/rustwide/workdir" "-e" "CARGO_HOME=/opt/rustwide/cargo-home" "-e" "RUSTUP_HOME=/opt/rustwide/rustup-home" "-e" "CARGO_TARGET_DIR=/opt/rustwide/target" "-e" "CARGO_INCREMENTAL=0" "-e" "RUST_BACKTRACE=full" "-e" "RUSTFLAGS=--cap-lints=warn" "-e" "RUSTDOCFLAGS=--cap-lints=warn" "-w" "/opt/rustwide/workdir" "--user" "0:0" "a09af9f4a0dd96daeef9fc60306983c5712e32435e53ffd0d000b30c7aa7df42" "/opt/rustwide/cargo-home/bin/cargo" "+1.100.0-beta.1" "build" "--frozen" "--message-format=json" "--release", kill_on_drop: false }`
[INFO] [stderr]    Compiling thiserror v2.0.20
[INFO] [stderr]    Compiling zerocopy v0.8.56
[INFO] [stderr]    Compiling libc v0.2.189
[INFO] [stderr]    Compiling naga v30.0.1
[INFO] [stderr]    Compiling bit-vec v0.9.1
[INFO] [stderr]    Compiling spirv v0.4.0+sdk-1.4.341.0
[INFO] [stderr]    Compiling codespan-reporting v0.13.1
[INFO] [stderr]    Compiling indexmap v2.14.1
[INFO] [stderr]    Compiling wayland-sys v0.31.11
[INFO] [stderr]    Compiling smallvec v1.15.2
[INFO] [stderr]    Compiling syn v3.0.4
[INFO] [stderr]    Compiling syn v2.0.119
[INFO] [stderr]    Compiling ash v0.38.0+1.3.281
[INFO] [stderr]    Compiling dlib v0.5.3
[INFO] [stderr]    Compiling wgpu-hal v30.0.1
[INFO] [stderr]    Compiling ordered-float v5.5.0
[INFO] [stderr]    Compiling profiling v1.0.18
[INFO] [stderr]    Compiling glow v0.17.0
[INFO] [stderr]    Compiling wgpu-core v30.0.1
[INFO] [stderr]    Compiling wgpu v30.0.1
[INFO] [stderr]    Compiling wgpu-external-frame v0.4.0 (/opt/rustwide/workdir)
[INFO] [stderr]    Compiling bit-set v0.10.0
[INFO] [stderr]    Compiling libloading v0.9.0
[INFO] [stderr]    Compiling sync_wrapper v1.0.2
[INFO] [stderr]    Compiling parking_lot_core v0.9.12
[INFO] [stderr]    Compiling khronos-egl v6.0.0
[INFO] [stderr]    Compiling parking_lot v0.12.5
[INFO] [stderr]    Compiling thiserror-impl v2.0.20
[INFO] [stderr]    Compiling bytemuck_derive v1.12.0
[INFO] [stderr]    Compiling naga-types v30.0.1
[INFO] [stderr]    Compiling bytemuck v1.25.2
[INFO] [stderr]    Compiling wgpu-types v30.0.1
[INFO] [stderr]    Compiling zerocopy-derive v0.8.56
[INFO] [stderr]    Compiling half v2.7.1
[INFO] [stderr]    Compiling gpu-allocator v0.28.0
[INFO] [stderr]    Compiling wgpu-naga-bridge v30.0.1
[INFO] [stderr]    Compiling wgpu-core-deps-windows-linux-android v30.0.1
[INFO] [stderr]     Finished `release` profile [optimized] target(s) in 1m 47s
[INFO] running `Command { std: "docker" "inspect" "a09af9f4a0dd96daeef9fc60306983c5712e32435e53ffd0d000b30c7aa7df42", kill_on_drop: false }`
[INFO] running `Command { std: "docker" "exec" "-e" "SOURCE_DIR=/opt/rustwide/workdir" "-e" "CARGO_HOME=/opt/rustwide/cargo-home" "-e" "RUSTUP_HOME=/opt/rustwide/rustup-home" "-e" "CARGO_TARGET_DIR=/opt/rustwide/target" "-e" "CARGO_INCREMENTAL=0" "-e" "RUST_BACKTRACE=full" "-e" "RUSTFLAGS=--cap-lints=warn" "-e" "RUSTDOCFLAGS=--cap-lints=warn" "-w" "/opt/rustwide/workdir" "--user" "0:0" "a09af9f4a0dd96daeef9fc60306983c5712e32435e53ffd0d000b30c7aa7df42" "/opt/rustwide/cargo-home/bin/cargo" "+1.100.0-beta.1" "test" "--frozen" "--no-run" "--message-format=json" "--release", kill_on_drop: false }`
[INFO] [stderr]    Compiling pollster v1.0.1
[INFO] [stderr]    Compiling wgpu-external-frame v0.4.0 (/opt/rustwide/workdir)
[INFO] [stderr]     Finished `release` profile [optimized] target(s) in 2.65s
[INFO] running `Command { std: "docker" "inspect" "a09af9f4a0dd96daeef9fc60306983c5712e32435e53ffd0d000b30c7aa7df42", kill_on_drop: false }`
[INFO] running `Command { std: "docker" "exec" "-e" "SOURCE_DIR=/opt/rustwide/workdir" "-e" "CARGO_HOME=/opt/rustwide/cargo-home" "-e" "RUSTUP_HOME=/opt/rustwide/rustup-home" "-e" "CARGO_TARGET_DIR=/opt/rustwide/target" "-e" "CARGO_INCREMENTAL=0" "-e" "RUST_BACKTRACE=full" "-e" "RUSTFLAGS=--cap-lints=warn" "-e" "RUSTDOCFLAGS=--cap-lints=warn" "-w" "/opt/rustwide/workdir" "--user" "0:0" "a09af9f4a0dd96daeef9fc60306983c5712e32435e53ffd0d000b30c7aa7df42" "/opt/rustwide/cargo-home/bin/cargo" "+1.100.0-beta.1" "test" "--frozen" "--release", kill_on_drop: false }`
[INFO] [stderr]     Finished `release` profile [optimized] target(s) in 0.12s
[INFO] [stderr]      Running unittests src/lib.rs (/opt/rustwide/target/release/build/wgpu-external-frame/db6c81f2194c4f0d/out/wgpu_external_frame-db6c81f2194c4f0d)
[INFO] [stdout] 
[INFO] [stdout] running 0 tests
[INFO] [stdout] 
[INFO] [stdout] test result: ok. 0 passed; 0 failed; 0 ignored; 0 measured; 0 filtered out; finished in 0.00s
[INFO] [stdout] 
[INFO] [stderr]      Running tests/ahardware_buffer.rs (/opt/rustwide/target/release/build/wgpu-external-frame/2d52a7d20e3b3865/out/ahardware_buffer-2d52a7d20e3b3865)
[INFO] [stdout] 
[INFO] [stdout] running 0 tests
[INFO] [stdout] 
[INFO] [stdout] test result: ok. 0 passed; 0 failed; 0 ignored; 0 measured; 0 filtered out; finished in 0.00s
[INFO] [stdout] 
[INFO] [stderr]      Running tests/dma_buf.rs (/opt/rustwide/target/release/build/wgpu-external-frame/be4ca51d86c8f21c/out/dma_buf-be4ca51d86c8f21c)
[INFO] [stdout] 
[INFO] [stdout] running 4 tests
[INFO] [stdout] test vulkan_copy_to_texture_imports_the_frame ... FAILED
[INFO] [stdout] test vulkan_copy_into_orders_the_copy_before_caller_commands ... FAILED
[INFO] [stdout] test gles_copy_to_texture_imports_the_frame ... FAILED
[INFO] [stdout] test gles_copy_into_orders_the_copy_before_caller_commands ... FAILED
[INFO] [stdout] 
[INFO] [stdout] failures:
[INFO] [stdout] 
[INFO] [stdout] ---- vulkan_copy_to_texture_imports_the_frame stdout ----
[INFO] [stdout] 
[INFO] [stdout] thread 'vulkan_copy_to_texture_imports_the_frame' (1119) panicked at tests/dma_buf.rs:530:9:
[INFO] [stdout] the Vulkan adapter cannot import DMA-BUFs: "VK_EXT_image_drm_format_modifier" is not supported
[INFO] [stdout] stack backtrace:
[INFO] [stdout]    0:     0x5775a2c75f51 - <<std[617be2ca0a6fd877]::sys::backtrace::BacktraceLock>::print::DisplayBacktrace as core[a373ad73a504971]::fmt::Display>::fmt
[INFO] [stdout]    1:     0x5775a2c8d92a - core[a373ad73a504971]::fmt::write
[INFO] [stdout]    2:     0x5775a2c7a45c - <alloc[2e1b2a31b91974c5]::vec::Vec<u8> as core[a373ad73a504971]::io::write::Write>::write_fmt
[INFO] [stdout]    3:     0x5775a2c51d26 - std[617be2ca0a6fd877]::panicking::default_hook::{closure#0}
[INFO] [stdout]    4:     0x5775a2c6e229 - std[617be2ca0a6fd877]::panicking::default_hook
[INFO] [stdout]    5:     0x5775a2870990 - test[aada8e7e76ba119b]::test_main_inner::{closure#0}
[INFO] [stdout]    6:     0x5775a2c6e3e2 - std[617be2ca0a6fd877]::panicking::panic_with_hook
[INFO] [stdout]    7:     0x5775a2c51dd2 - std[617be2ca0a6fd877]::panicking::panic_handler::{closure#0}
[INFO] [stdout]    8:     0x5775a2c4aa49 - std[617be2ca0a6fd877]::sys::backtrace::__rust_end_short_backtrace::<std[617be2ca0a6fd877]::panicking::panic_handler::{closure#0}, !>
[INFO] [stdout]    9:     0x5775a2c529dd - __rustc[ea4f61d10b84890b]::rust_begin_unwind
[INFO] [stdout]   10:     0x5775a2c8e08c - core[a373ad73a504971]::panicking::panic_fmt
[INFO] [stdout]   11:     0x5775a284ef70 - <dma_buf[8c0058d6be7b75f7]::Gpu>::new
[INFO] [stdout]   12:     0x5775a284c133 - dma_buf[8c0058d6be7b75f7]::copy_to_texture_imports_the_frame_on
[INFO] [stdout]   13:     0x5775a284fd5e - <dma_buf[8c0058d6be7b75f7]::vulkan_copy_to_texture_imports_the_frame::{closure#0} as core[a373ad73a504971]::ops::function::FnOnce<()>>::call_once
[INFO] [stdout]   14:     0x5775a2863ddb - test[aada8e7e76ba119b]::__rust_begin_short_backtrace::<core[a373ad73a504971]::result::Result<(), alloc[2e1b2a31b91974c5]::string::String>, fn() -> core[a373ad73a504971]::result::Result<(), alloc[2e1b2a31b91974c5]::string::String>>
[INFO] [stdout]   15:     0x5775a2870fb5 - test[aada8e7e76ba119b]::run_test::{closure#0}
[INFO] [stdout]   16:     0x5775a286a8a4 - std[617be2ca0a6fd877]::sys::backtrace::__rust_begin_short_backtrace::<test[aada8e7e76ba119b]::run_test::{closure#1}, ()>
[INFO] [stdout]   17:     0x5775a2874042 - <std[617be2ca0a6fd877]::thread::lifecycle::spawn_unchecked<test[aada8e7e76ba119b]::run_test::{closure#1}, ()>::{closure#1} as core[a373ad73a504971]::ops::function::FnOnce<()>>::call_once::{shim:vtable#0}
[INFO] [stdout]   18:     0x5775a2c7577f - <std[617be2ca0a6fd877]::sys::thread::unix::Thread>::new::thread_start
[INFO] [stdout]   19:     0x76e1e2515dfa - <unknown>
[INFO] [stdout]   20:     0x76e1e25a93d4 - clone
[INFO] [stdout]   21:                0x0 - <unknown>
[INFO] [stdout] 
[INFO] [stdout] ---- vulkan_copy_into_orders_the_copy_before_caller_commands stdout ----
[INFO] [stdout] 
[INFO] [stdout] thread 'vulkan_copy_into_orders_the_copy_before_caller_commands' (1118) panicked at tests/dma_buf.rs:530:9:
[INFO] [stdout] the Vulkan adapter cannot import DMA-BUFs: "VK_EXT_image_drm_format_modifier" is not supported
[INFO] [stdout] stack backtrace:
[INFO] [stdout]    0:     0x5775a2c75f51 - <<std[617be2ca0a6fd877]::sys::backtrace::BacktraceLock>::print::DisplayBacktrace as core[a373ad73a504971]::fmt::Display>::fmt
[INFO] [stdout]    1:     0x5775a2c8d92a - core[a373ad73a504971]::fmt::write
[INFO] [stdout]    2:     0x5775a2c7a45c - <alloc[2e1b2a31b91974c5]::vec::Vec<u8> as core[a373ad73a504971]::io::write::Write>::write_fmt
[INFO] [stdout]    3:     0x5775a2c51d26 - std[617be2ca0a6fd877]::panicking::default_hook::{closure#0}
[INFO] [stdout]    4:     0x5775a2c6e229 - std[617be2ca0a6fd877]::panicking::default_hook
[INFO] [stdout]    5:     0x5775a2870990 - test[aada8e7e76ba119b]::test_main_inner::{closure#0}
[INFO] [stdout]    6:     0x5775a2c6e3e2 - std[617be2ca0a6fd877]::panicking::panic_with_hook
[INFO] [stdout]    7:     0x5775a2c51dd2 - std[617be2ca0a6fd877]::panicking::panic_handler::{closure#0}
[INFO] [stdout]    8:     0x5775a2c4aa49 - std[617be2ca0a6fd877]::sys::backtrace::__rust_end_short_backtrace::<std[617be2ca0a6fd877]::panicking::panic_handler::{closure#0}, !>
[INFO] [stdout]    9:     0x5775a2c529dd - __rustc[ea4f61d10b84890b]::rust_begin_unwind
[INFO] [stdout]   10:     0x5775a2c8e08c - core[a373ad73a504971]::panicking::panic_fmt
[INFO] [stdout]   11:     0x5775a284ef70 - <dma_buf[8c0058d6be7b75f7]::Gpu>::new
[INFO] [stdout]   12:     0x5775a284c952 - dma_buf[8c0058d6be7b75f7]::copy_into_orders_the_copy_before_caller_commands_on
[INFO] [stdout]   13:     0x5775a284fda3 - <dma_buf[8c0058d6be7b75f7]::vulkan_copy_into_orders_the_copy_before_caller_commands::{closure#0} as core[a373ad73a504971]::ops::function::FnOnce<()>>::call_once
[INFO] [stdout]   14:     0x5775a2863ddb - test[aada8e7e76ba119b]::__rust_begin_short_backtrace::<core[a373ad73a504971]::result::Result<(), alloc[2e1b2a31b91974c5]::string::String>, fn() -> core[a373ad73a504971]::result::Result<(), alloc[2e1b2a31b91974c5]::string::String>>
[INFO] [stdout]   15:     0x5775a2870fb5 - test[aada8e7e76ba119b]::run_test::{closure#0}
[INFO] [stdout]   16:     0x5775a286a8a4 - std[617be2ca0a6fd877]::sys::backtrace::__rust_begin_short_backtrace::<test[aada8e7e76ba119b]::run_test::{closure#1}, ()>
[INFO] [stdout]   17:     0x5775a2874042 - <std[617be2ca0a6fd877]::thread::lifecycle::spawn_unchecked<test[aada8e7e76ba119b]::run_test::{closure#1}, ()>::{closure#1} as core[a373ad73a504971]::ops::function::FnOnce<()>>::call_once::{shim:vtable#0}
[INFO] [stdout]   18:     0x5775a2c7577f - <std[617be2ca0a6fd877]::sys::thread::unix::Thread>::new::thread_start
[INFO] [stdout]   19:     0x76e1e2515dfa - <unknown>
[INFO] [stdout]   20:     0x76e1e25a93d4 - clone
[INFO] [stdout]   21:                0x0 - <unknown>
[INFO] [stdout] 
[INFO] [stdout] ---- gles_copy_to_texture_imports_the_frame stdout ----
[INFO] [stdout] 
[INFO] [stdout] thread 'gles_copy_to_texture_imports_the_frame' (1117) panicked at tests/dma_buf.rs:166:14:
[INFO] [stdout] allocating a DMA-BUF requires /dev/dri (the tests need `modprobe vkms`): Os { code: 2, kind: NotFound, message: "No such file or directory" }
[INFO] [stdout] stack backtrace:
[INFO] [stdout]    0:     0x5775a2c75f51 - <<std[617be2ca0a6fd877]::sys::backtrace::BacktraceLock>::print::DisplayBacktrace as core[a373ad73a504971]::fmt::Display>::fmt
[INFO] [stdout]    1:     0x5775a2c8d92a - core[a373ad73a504971]::fmt::write
[INFO] [stdout]    2:     0x5775a2c7a45c - <alloc[2e1b2a31b91974c5]::vec::Vec<u8> as core[a373ad73a504971]::io::write::Write>::write_fmt
[INFO] [stdout]    3:     0x5775a2c51d26 - std[617be2ca0a6fd877]::panicking::default_hook::{closure#0}
[INFO] [stdout]    4:     0x5775a2c6e229 - std[617be2ca0a6fd877]::panicking::default_hook
[INFO] [stdout]    5:     0x5775a2870990 - test[aada8e7e76ba119b]::test_main_inner::{closure#0}
[INFO] [stdout]    6:     0x5775a2c6e3e2 - std[617be2ca0a6fd877]::panicking::panic_with_hook
[INFO] [stdout]    7:     0x5775a2c51dd2 - std[617be2ca0a6fd877]::panicking::panic_handler::{closure#0}
[INFO] [stdout]    8:     0x5775a2c4aa49 - std[617be2ca0a6fd877]::sys::backtrace::__rust_end_short_backtrace::<std[617be2ca0a6fd877]::panicking::panic_handler::{closure#0}, !>
[INFO] [stdout]    9:     0x5775a2c529dd - __rustc[ea4f61d10b84890b]::rust_begin_unwind
[INFO] [stdout]   10:     0x5775a2c8e08c - core[a373ad73a504971]::panicking::panic_fmt
[INFO] [stdout]   11:     0x5775a2c8de62 - core[a373ad73a504971]::result::unwrap_failed
[INFO] [stdout]   12:     0x5775a284da2a - <dma_buf[8c0058d6be7b75f7]::DumbBuf>::allocate
[INFO] [stdout]   13:     0x5775a284c140 - dma_buf[8c0058d6be7b75f7]::copy_to_texture_imports_the_frame_on
[INFO] [stdout]   14:     0x5775a284fd3e - <dma_buf[8c0058d6be7b75f7]::gles_copy_to_texture_imports_the_frame::{closure#0} as core[a373ad73a504971]::ops::function::FnOnce<()>>::call_once
[INFO] [stdout]   15:     0x5775a2863ddb - test[aada8e7e76ba119b]::__rust_begin_short_backtrace::<core[a373ad73a504971]::result::Result<(), alloc[2e1b2a31b91974c5]::string::String>, fn() -> core[a373ad73a504971]::result::Result<(), alloc[2e1b2a31b91974c5]::string::String>>
[INFO] [stdout]   16:     0x5775a2870fb5 - test[aada8e7e76ba119b]::run_test::{closure#0}
[INFO] [stdout]   17:     0x5775a286a8a4 - std[617be2ca0a6fd877]::sys::backtrace::__rust_begin_short_backtrace::<test[aada8e7e76ba119b]::run_test::{closure#1}, ()>
[INFO] [stdout]   18:     0x5775a2874042 - <std[617be2ca0a6fd877]::thread::lifecycle::spawn_unchecked<test[aada8e7e76ba119b]::run_test::{closure#1}, ()>::{closure#1} as core[a373ad73a504971]::ops::function::FnOnce<()>>::call_once::{shim:vtable#0}
[INFO] [stdout]   19:     0x5775a2c7577f - <std[617be2ca0a6fd877]::sys::thread::unix::Thread>::new::thread_start
[INFO] [stdout]   20:     0x76e1e2515dfa - <unknown>
[INFO] [stdout]   21:     0x76e1e25a93d4 - clone
[INFO] [stdout]   22:                0x0 - <unknown>
[INFO] [stdout] 
[INFO] [stdout] ---- gles_copy_into_orders_the_copy_before_caller_commands stdout ----
[INFO] [stdout] 
[INFO] [stdout] thread 'gles_copy_into_orders_the_copy_before_caller_commands' (1116) panicked at tests/dma_buf.rs:166:14:
[INFO] [stdout] allocating a DMA-BUF requires /dev/dri (the tests need `modprobe vkms`): Os { code: 2, kind: NotFound, message: "No such file or directory" }
[INFO] [stdout] stack backtrace:
[INFO] [stdout]    0:     0x5775a2c75f51 - <<std[617be2ca0a6fd877]::sys::backtrace::BacktraceLock>::print::DisplayBacktrace as core[a373ad73a504971]::fmt::Display>::fmt
[INFO] [stdout]    1:     0x5775a2c8d92a - core[a373ad73a504971]::fmt::write
[INFO] [stdout]    2:     0x5775a2c7a45c - <alloc[2e1b2a31b91974c5]::vec::Vec<u8> as core[a373ad73a504971]::io::write::Write>::write_fmt
[INFO] [stdout]    3:     0x5775a2c51d26 - std[617be2ca0a6fd877]::panicking::default_hook::{closure#0}
[INFO] [stdout]    4:     0x5775a2c6e229 - std[617be2ca0a6fd877]::panicking::default_hook
[INFO] [stdout]    5:     0x5775a2870990 - test[aada8e7e76ba119b]::test_main_inner::{closure#0}
[INFO] [stdout]    6:     0x5775a2c6e3e2 - std[617be2ca0a6fd877]::panicking::panic_with_hook
[INFO] [stdout]    7:     0x5775a2c51dd2 - std[617be2ca0a6fd877]::panicking::panic_handler::{closure#0}
[INFO] [stdout]    8:     0x5775a2c4aa49 - std[617be2ca0a6fd877]::sys::backtrace::__rust_end_short_backtrace::<std[617be2ca0a6fd877]::panicking::panic_handler::{closure#0}, !>
[INFO] [stdout]    9:     0x5775a2c529dd - __rustc[ea4f61d10b84890b]::rust_begin_unwind
[INFO] [stdout]   10:     0x5775a2c8e08c - core[a373ad73a504971]::panicking::panic_fmt
[INFO] [stdout]   11:     0x5775a2c8de62 - core[a373ad73a504971]::result::unwrap_failed
[INFO] [stdout]   12:     0x5775a284da2a - <dma_buf[8c0058d6be7b75f7]::DumbBuf>::allocate
[INFO] [stdout]   13:     0x5775a284c95c - dma_buf[8c0058d6be7b75f7]::copy_into_orders_the_copy_before_caller_commands_on
[INFO] [stdout]   14:     0x5775a284fd80 - <dma_buf[8c0058d6be7b75f7]::gles_copy_into_orders_the_copy_before_caller_commands::{closure#0} as core[a373ad73a504971]::ops::function::FnOnce<()>>::call_once
[INFO] [stdout]   15:     0x5775a2863ddb - test[aada8e7e76ba119b]::__rust_begin_short_backtrace::<core[a373ad73a504971]::result::Result<(), alloc[2e1b2a31b91974c5]::string::String>, fn() -> core[a373ad73a504971]::result::Result<(), alloc[2e1b2a31b91974c5]::string::String>>
[INFO] [stdout]   16:     0x5775a2870fb5 - test[aada8e7e76ba119b]::run_test::{closure#0}
[INFO] [stdout]   17:     0x5775a286a8a4 - std[617be2ca0a6fd877]::sys::backtrace::__rust_begin_short_backtrace::<test[aada8e7e76ba119b]::run_test::{closure#1}, ()>
[INFO] [stdout]   18:     0x5775a2874042 - <std[617be2ca0a6fd877]::thread::lifecycle::spawn_unchecked<test[aada8e7e76ba119b]::run_test::{closure#1}, ()>::{closure#1} as core[a373ad73a504971]::ops::function::FnOnce<()>>::call_once::{shim:vtable#0}
[INFO] [stdout]   19:     0x5775a2c7577f - <std[617be2ca0a6fd877]::sys::thread::unix::Thread>::new::thread_start
[INFO] [stdout]   20:     0x76e1e2515dfa - <unknown>
[INFO] [stdout]   21:     0x76e1e25a93d4 - clone
[INFO] [stdout]   22:                0x0 - <unknown>
[INFO] [stdout] 
[INFO] [stdout] 
[INFO] [stdout] failures:
[INFO] [stdout]     gles_copy_into_orders_the_copy_before_caller_commands
[INFO] [stdout]     gles_copy_to_texture_imports_the_frame
[INFO] [stdout]     vulkan_copy_into_orders_the_copy_before_caller_commands
[INFO] [stdout]     vulkan_copy_to_texture_imports_the_frame
[INFO] [stdout] 
[INFO] [stdout] test result: FAILED. 0 passed; 4 failed; 0 ignored; 0 measured; 0 filtered out; finished in 0.58s
[INFO] [stdout] 
[INFO] [stderr] error: test failed, to rerun pass `--test dma_buf`
[INFO] running `Command { std: "docker" "inspect" "a09af9f4a0dd96daeef9fc60306983c5712e32435e53ffd0d000b30c7aa7df42", kill_on_drop: false }`
[INFO] running `Command { std: "docker" "rm" "-f" "a09af9f4a0dd96daeef9fc60306983c5712e32435e53ffd0d000b30c7aa7df42", kill_on_drop: false }`
[INFO] [stdout] a09af9f4a0dd96daeef9fc60306983c5712e32435e53ffd0d000b30c7aa7df42
