[INFO] fetching crate wgame-macros 0.1.0...
[INFO] testing wgame-macros-0.1.0 against 1.99.0-beta.8+cargoflags=--release for beta-release-1.100-2
[INFO] extracting crate wgame-macros 0.1.0 into /workspace/builds/worker-6-tc1/source
[INFO] started tweaking crates.io crate wgame-macros 0.1.0
[INFO] finished tweaking crates.io crate wgame-macros 0.1.0
[INFO] tweaked toml for crates.io crate wgame-macros 0.1.0 written to /workspace/builds/worker-6-tc1/source/Cargo.toml
[INFO] validating manifest of crates.io crate wgame-macros 0.1.0 on toolchain 1.99.0-beta.8
[INFO] running `Command { std: CARGO_HOME="/workspace/cargo-home" RUSTUP_HOME="/workspace/rustup-home" "/workspace/cargo-home/bin/cargo" "+1.99.0-beta.8" "metadata" "--manifest-path" "Cargo.toml" "--no-deps", kill_on_drop: false }`
[INFO] crate crates.io crate wgame-macros 0.1.0 already has a lockfile, it will not be regenerated
[INFO] running `Command { std: CARGO_HOME="/workspace/cargo-home" RUSTUP_HOME="/workspace/rustup-home" "/workspace/cargo-home/bin/cargo" "+1.99.0-beta.8" "fetch" "--manifest-path" "Cargo.toml", kill_on_drop: false }`
[INFO] running `Command { std: "docker" "create" "-v" "/var/lib/crater-agent-workspace/builds/worker-6-tc1/source:/opt/rustwide/workdir:ro,Z" "-v" "/var/lib/crater-agent-workspace/builds/worker-6-tc1/target:/opt/rustwide/target:rw,Z" "-v" "/var/lib/crater-agent-workspace/cargo-home:/opt/rustwide/cargo-home:ro,Z" "-v" "/var/lib/crater-agent-workspace/rustup-home:/opt/rustwide/rustup-home:ro,Z" "-m" "1610612736" "--network" "none" "ghcr.io/rust-lang/crates-build-env/linux@sha256:77db811e55d90add9212f6832c23229e3de5f1c1f9905e8cb07319ea15df73ac" "sleep" "infinity", kill_on_drop: false }`
[INFO] [stdout] 23e119b7aa43c6a0d2a2a525ee1df17007c01a40ce2b475d75f4fc8571ba7e4a
[INFO] running `Command { std: "docker" "start" "23e119b7aa43c6a0d2a2a525ee1df17007c01a40ce2b475d75f4fc8571ba7e4a", kill_on_drop: false }`
[INFO] running `Command { std: "docker" "inspect" "23e119b7aa43c6a0d2a2a525ee1df17007c01a40ce2b475d75f4fc8571ba7e4a", kill_on_drop: false }`
[INFO] running `Command { std: "docker" "exec" "-e" "SOURCE_DIR=/opt/rustwide/workdir" "-e" "CARGO_HOME=/opt/rustwide/cargo-home" "-e" "RUSTUP_HOME=/opt/rustwide/rustup-home" "-e" "CARGO_TARGET_DIR=/opt/rustwide/target" "-w" "/opt/rustwide/workdir" "--user" "0:0" "23e119b7aa43c6a0d2a2a525ee1df17007c01a40ce2b475d75f4fc8571ba7e4a" "/opt/rustwide/cargo-home/bin/cargo" "+1.99.0-beta.8" "metadata" "--no-deps" "--format-version=1", kill_on_drop: false }`
[INFO] running `Command { std: "docker" "inspect" "23e119b7aa43c6a0d2a2a525ee1df17007c01a40ce2b475d75f4fc8571ba7e4a", kill_on_drop: false }`
[INFO] running `Command { std: "docker" "exec" "-e" "SOURCE_DIR=/opt/rustwide/workdir" "-e" "CARGO_HOME=/opt/rustwide/cargo-home" "-e" "RUSTUP_HOME=/opt/rustwide/rustup-home" "-e" "CARGO_TARGET_DIR=/opt/rustwide/target" "-e" "CARGO_INCREMENTAL=0" "-e" "RUST_BACKTRACE=full" "-e" "RUSTFLAGS=--cap-lints=warn" "-e" "RUSTDOCFLAGS=--cap-lints=warn" "-w" "/opt/rustwide/workdir" "--user" "0:0" "23e119b7aa43c6a0d2a2a525ee1df17007c01a40ce2b475d75f4fc8571ba7e4a" "/opt/rustwide/cargo-home/bin/cargo" "+1.99.0-beta.8" "build" "--frozen" "--message-format=json" "--release", kill_on_drop: false }`
[INFO] [stderr]    Compiling syn v3.0.6
[INFO] [stderr]    Compiling wgame-macros v0.1.0 (/opt/rustwide/workdir)
[INFO] [stderr]     Finished `release` profile [optimized] target(s) in 6.17s
[INFO] running `Command { std: "docker" "inspect" "23e119b7aa43c6a0d2a2a525ee1df17007c01a40ce2b475d75f4fc8571ba7e4a", kill_on_drop: false }`
[INFO] running `Command { std: "docker" "exec" "-e" "SOURCE_DIR=/opt/rustwide/workdir" "-e" "CARGO_HOME=/opt/rustwide/cargo-home" "-e" "RUSTUP_HOME=/opt/rustwide/rustup-home" "-e" "CARGO_TARGET_DIR=/opt/rustwide/target" "-e" "CARGO_INCREMENTAL=0" "-e" "RUST_BACKTRACE=full" "-e" "RUSTFLAGS=--cap-lints=warn" "-e" "RUSTDOCFLAGS=--cap-lints=warn" "-w" "/opt/rustwide/workdir" "--user" "0:0" "23e119b7aa43c6a0d2a2a525ee1df17007c01a40ce2b475d75f4fc8571ba7e4a" "/opt/rustwide/cargo-home/bin/cargo" "+1.99.0-beta.8" "test" "--frozen" "--no-run" "--message-format=json" "--release", kill_on_drop: false }`
[INFO] [stderr]    Compiling wgame-macros v0.1.0 (/opt/rustwide/workdir)
[INFO] [stderr]     Finished `release` profile [optimized] target(s) in 0.50s
[INFO] running `Command { std: "docker" "inspect" "23e119b7aa43c6a0d2a2a525ee1df17007c01a40ce2b475d75f4fc8571ba7e4a", kill_on_drop: false }`
[INFO] running `Command { std: "docker" "exec" "-e" "SOURCE_DIR=/opt/rustwide/workdir" "-e" "CARGO_HOME=/opt/rustwide/cargo-home" "-e" "RUSTUP_HOME=/opt/rustwide/rustup-home" "-e" "CARGO_TARGET_DIR=/opt/rustwide/target" "-e" "CARGO_INCREMENTAL=0" "-e" "RUST_BACKTRACE=full" "-e" "RUSTFLAGS=--cap-lints=warn" "-e" "RUSTDOCFLAGS=--cap-lints=warn" "-w" "/opt/rustwide/workdir" "--user" "0:0" "23e119b7aa43c6a0d2a2a525ee1df17007c01a40ce2b475d75f4fc8571ba7e4a" "/opt/rustwide/cargo-home/bin/cargo" "+1.99.0-beta.8" "test" "--frozen" "--release", kill_on_drop: false }`
[INFO] [stderr]     Finished `release` profile [optimized] target(s) in 0.04s
[INFO] [stderr]      Running unittests src/lib.rs (/opt/rustwide/target/release/deps/wgame_macros-c0b1c08e009f35fc)
[INFO] [stderr]    Doc-tests wgame_macros
[INFO] [stdout] 
[INFO] [stdout] running 0 tests
[INFO] [stdout] 
[INFO] [stdout] test result: ok. 0 passed; 0 failed; 0 ignored; 0 measured; 0 filtered out; finished in 0.00s
[INFO] [stdout] 
[INFO] [stdout] 
[INFO] [stdout] running 2 tests
[INFO] [stdout] test src/lib.rs - (line 9) - compile ... FAILED
[INFO] [stdout] test src/lib.rs - (line 16) - compile ... FAILED
[INFO] [stdout] 
[INFO] [stdout] failures:
[INFO] [stdout] 
[INFO] [stdout] ---- src/lib.rs - (line 9) stdout ----
[INFO] [stdout] error[E0433]: cannot find module or crate `wgame` in this scope
[INFO] [stdout]   --> src/lib.rs:10:3
[INFO] [stdout]    |
[INFO] [stdout] 10 | #[wgame::app]
[INFO] [stdout]    |   ^^^^^ use of unresolved module or unlinked crate `wgame`
[INFO] [stdout] 
[INFO] [stdout] error[E0752]: `main` function is not allowed to be `async`
[INFO] [stdout]   --> src/lib.rs:11:1
[INFO] [stdout]    |
[INFO] [stdout] 11 | async fn main() {
[INFO] [stdout]    | ^^^^^^^^^^^^^^^ `main` function is not allowed to be `async`
[INFO] [stdout] 
[INFO] [stdout] error: aborting due to 2 previous errors
[INFO] [stdout] 
[INFO] [stdout] Some errors have detailed explanations: E0433, E0752.
[INFO] [stdout] For more information about an error, try `rustc --explain E0433`.
[INFO] [stdout] Couldn't compile the test.
[INFO] [stdout] ---- src/lib.rs - (line 16) stdout ----
[INFO] [stdout] error[E0433]: cannot find module or crate `wgame` in this scope
[INFO] [stdout]   --> src/lib.rs:17:3
[INFO] [stdout]    |
[INFO] [stdout] 17 | #[wgame::window(size = (800, 600))]
[INFO] [stdout]    |   ^^^^^ use of unresolved module or unlinked crate `wgame`
[INFO] [stdout] 
[INFO] [stdout] error[E0752]: `main` function is not allowed to be `async`
[INFO] [stdout]   --> src/lib.rs:18:1
[INFO] [stdout]    |
[INFO] [stdout] 18 | async fn main(mut window: wgame::Window<'_>) -> wgame::Result<()> {
[INFO] [stdout]    | ^^^^^^^^^^^^^^^^^^^^^^^^^^^^^^^^^^^^^^^^^^^^^^^^^^^^^^^^^^^^^^^^^ `main` function is not allowed to be `async`
[INFO] [stdout] 
[INFO] [stdout] error[E0433]: cannot find module or crate `wgame` in this scope
[INFO] [stdout]   --> src/lib.rs:18:27
[INFO] [stdout]    |
[INFO] [stdout] 18 | async fn main(mut window: wgame::Window<'_>) -> wgame::Result<()> {
[INFO] [stdout]    |                           ^^^^^ use of unresolved module or unlinked crate `wgame`
[INFO] [stdout]    |
[INFO] [stdout]    = help: if you wanted to use a crate named `wgame`, use `cargo add wgame` to add it to your `Cargo.toml`
[INFO] [stdout] 
[INFO] [stdout] error[E0433]: cannot find module or crate `wgame` in this scope
[INFO] [stdout]   --> src/lib.rs:18:49
[INFO] [stdout]    |
[INFO] [stdout] 18 | async fn main(mut window: wgame::Window<'_>) -> wgame::Result<()> {
[INFO] [stdout]    |                                                 ^^^^^ use of unresolved module or unlinked crate `wgame`
[INFO] [stdout]    |
[INFO] [stdout]    = help: if you wanted to use a crate named `wgame`, use `cargo add wgame` to add it to your `Cargo.toml`
[INFO] [stdout] 
[INFO] [stdout] error: aborting due to 4 previous errors
[INFO] [stdout] 
[INFO] [stdout] Some errors have detailed explanations: E0433, E0752.
[INFO] [stdout] For more information about an error, try `rustc --explain E0433`.
[INFO] [stdout] Couldn't compile the test.
[INFO] [stdout] 
[INFO] [stdout] failures:
[INFO] [stdout]     src/lib.rs - (line 16)
[INFO] [stdout]     src/lib.rs - (line 9)
[INFO] [stdout] 
[INFO] [stdout] test result: FAILED. 0 passed; 2 failed; 0 ignored; 0 measured; 0 filtered out; finished in 0.13s
[INFO] [stdout] 
[INFO] [stdout] all doctests ran in 0.23s; merged doctests compilation took 0.09s
[INFO] [stderr] error: doctest failed, to rerun pass `--doc`
[INFO] running `Command { std: "docker" "inspect" "23e119b7aa43c6a0d2a2a525ee1df17007c01a40ce2b475d75f4fc8571ba7e4a", kill_on_drop: false }`
[INFO] running `Command { std: "docker" "rm" "-f" "23e119b7aa43c6a0d2a2a525ee1df17007c01a40ce2b475d75f4fc8571ba7e4a", kill_on_drop: false }`
[INFO] [stdout] 23e119b7aa43c6a0d2a2a525ee1df17007c01a40ce2b475d75f4fc8571ba7e4a
