[INFO] fetching crate wg-config 0.0.8...
[INFO] testing wg-config-0.0.8 against 1.99.0-beta.8+cargoflags=--release for beta-release-1.100-2
[INFO] extracting crate wg-config 0.0.8 into /workspace/builds/worker-6-tc1/source
[INFO] started tweaking crates.io crate wg-config 0.0.8
[INFO] finished tweaking crates.io crate wg-config 0.0.8
[INFO] tweaked toml for crates.io crate wg-config 0.0.8 written to /workspace/builds/worker-6-tc1/source/Cargo.toml
[INFO] validating manifest of crates.io crate wg-config 0.0.8 on toolchain 1.99.0-beta.8
[INFO] running `Command { std: CARGO_HOME="/workspace/cargo-home" RUSTUP_HOME="/workspace/rustup-home" "/workspace/cargo-home/bin/cargo" "+1.99.0-beta.8" "metadata" "--manifest-path" "Cargo.toml" "--no-deps", kill_on_drop: false }`
[INFO] running `Command { std: CARGO_HOME="/workspace/cargo-home" RUSTUP_HOME="/workspace/rustup-home" "/workspace/cargo-home/bin/cargo" "+1.99.0-beta.8" "generate-lockfile" "--manifest-path" "Cargo.toml", kill_on_drop: false }`
[INFO] [stderr]     Updating crates.io index
[INFO] [stderr]      Locking 2 packages to highest compatible versions
[INFO] [stderr]       Adding base64 v0.22.1 (available: v0.23.1)
[INFO] running `Command { std: CARGO_HOME="/workspace/cargo-home" RUSTUP_HOME="/workspace/rustup-home" "/workspace/cargo-home/bin/cargo" "+1.99.0-beta.8" "fetch" "--manifest-path" "Cargo.toml", kill_on_drop: false }`
[INFO] [stderr]  Downloading crates ...
[INFO] [stderr]   Downloaded ipnetwork v0.21.1
[INFO] running `Command { std: "docker" "create" "-v" "/var/lib/crater-agent-workspace/builds/worker-6-tc1/source:/opt/rustwide/workdir:ro,Z" "-v" "/var/lib/crater-agent-workspace/builds/worker-6-tc1/target:/opt/rustwide/target:rw,Z" "-v" "/var/lib/crater-agent-workspace/cargo-home:/opt/rustwide/cargo-home:ro,Z" "-v" "/var/lib/crater-agent-workspace/rustup-home:/opt/rustwide/rustup-home:ro,Z" "-m" "1610612736" "--network" "none" "ghcr.io/rust-lang/crates-build-env/linux@sha256:77db811e55d90add9212f6832c23229e3de5f1c1f9905e8cb07319ea15df73ac" "sleep" "infinity", kill_on_drop: false }`
[INFO] [stdout] 5d1ff1d801d262a81ec74ad3de893090445fa4b830b63f7223afd29e1fb0fa6b
[INFO] running `Command { std: "docker" "start" "5d1ff1d801d262a81ec74ad3de893090445fa4b830b63f7223afd29e1fb0fa6b", kill_on_drop: false }`
[INFO] running `Command { std: "docker" "inspect" "5d1ff1d801d262a81ec74ad3de893090445fa4b830b63f7223afd29e1fb0fa6b", kill_on_drop: false }`
[INFO] running `Command { std: "docker" "exec" "-e" "SOURCE_DIR=/opt/rustwide/workdir" "-e" "CARGO_HOME=/opt/rustwide/cargo-home" "-e" "RUSTUP_HOME=/opt/rustwide/rustup-home" "-e" "CARGO_TARGET_DIR=/opt/rustwide/target" "-w" "/opt/rustwide/workdir" "--user" "0:0" "5d1ff1d801d262a81ec74ad3de893090445fa4b830b63f7223afd29e1fb0fa6b" "/opt/rustwide/cargo-home/bin/cargo" "+1.99.0-beta.8" "metadata" "--no-deps" "--format-version=1", kill_on_drop: false }`
[INFO] running `Command { std: "docker" "inspect" "5d1ff1d801d262a81ec74ad3de893090445fa4b830b63f7223afd29e1fb0fa6b", kill_on_drop: false }`
[INFO] running `Command { std: "docker" "exec" "-e" "SOURCE_DIR=/opt/rustwide/workdir" "-e" "CARGO_HOME=/opt/rustwide/cargo-home" "-e" "RUSTUP_HOME=/opt/rustwide/rustup-home" "-e" "CARGO_TARGET_DIR=/opt/rustwide/target" "-e" "CARGO_INCREMENTAL=0" "-e" "RUST_BACKTRACE=full" "-e" "RUSTFLAGS=--cap-lints=warn" "-e" "RUSTDOCFLAGS=--cap-lints=warn" "-w" "/opt/rustwide/workdir" "--user" "0:0" "5d1ff1d801d262a81ec74ad3de893090445fa4b830b63f7223afd29e1fb0fa6b" "/opt/rustwide/cargo-home/bin/cargo" "+1.99.0-beta.8" "build" "--frozen" "--message-format=json" "--release", kill_on_drop: false }`
[INFO] [stderr]    Compiling ipnetwork v0.21.1
[INFO] [stderr]    Compiling wg-config v0.0.8 (/opt/rustwide/workdir)
[INFO] [stdout] warning: hiding a lifetime that's elided elsewhere is confusing
[INFO] [stdout]    --> src/wg_conf.rs:190:18
[INFO] [stdout]     |
[INFO] [stdout] 190 |     pub fn peers(&mut self) -> Result<WgConfPeers, WgConfError> {
[INFO] [stdout]     |                  ^^^^^^^^^            ^^^^^^^^^^^ the same lifetime is hidden here
[INFO] [stdout]     |                  |
[INFO] [stdout]     |                  the lifetime is elided here
[INFO] [stdout]     |
[INFO] [stdout]     = help: the same lifetime is referred to in inconsistent ways, making the signature confusing
[INFO] [stdout]     = note: `#[warn(mismatched_lifetime_syntaxes)]` on by default
[INFO] [stdout] help: use `'_` for type paths
[INFO] [stdout]     |
[INFO] [stdout] 190 |     pub fn peers(&mut self) -> Result<WgConfPeers<'_>, WgConfError> {
[INFO] [stdout]     |                                                  ++++
[INFO] [stdout] 
[INFO] [stdout] 
[INFO] [stderr]     Finished `release` profile [optimized] target(s) in 2.21s
[INFO] running `Command { std: "docker" "inspect" "5d1ff1d801d262a81ec74ad3de893090445fa4b830b63f7223afd29e1fb0fa6b", kill_on_drop: false }`
[INFO] running `Command { std: "docker" "exec" "-e" "SOURCE_DIR=/opt/rustwide/workdir" "-e" "CARGO_HOME=/opt/rustwide/cargo-home" "-e" "RUSTUP_HOME=/opt/rustwide/rustup-home" "-e" "CARGO_TARGET_DIR=/opt/rustwide/target" "-e" "CARGO_INCREMENTAL=0" "-e" "RUST_BACKTRACE=full" "-e" "RUSTFLAGS=--cap-lints=warn" "-e" "RUSTDOCFLAGS=--cap-lints=warn" "-w" "/opt/rustwide/workdir" "--user" "0:0" "5d1ff1d801d262a81ec74ad3de893090445fa4b830b63f7223afd29e1fb0fa6b" "/opt/rustwide/cargo-home/bin/cargo" "+1.99.0-beta.8" "test" "--frozen" "--no-run" "--message-format=json" "--release", kill_on_drop: false }`
[INFO] [stdout] warning: hiding a lifetime that's elided elsewhere is confusing
[INFO] [stdout]    --> src/wg_conf.rs:190:18
[INFO] [stdout]     |
[INFO] [stdout] 190 |     pub fn peers(&mut self) -> Result<WgConfPeers, WgConfError> {
[INFO] [stdout]     |                  ^^^^^^^^^            ^^^^^^^^^^^ the same lifetime is hidden here
[INFO] [stdout]     |                  |
[INFO] [stdout]     |                  the lifetime is elided here
[INFO] [stdout]     |
[INFO] [stdout]     = help: the same lifetime is referred to in inconsistent ways, making the signature confusing
[INFO] [stdout]     = note: `#[warn(mismatched_lifetime_syntaxes)]` on by default
[INFO] [stdout] help: use `'_` for type paths
[INFO] [stdout]     |
[INFO] [stdout] 190 |     pub fn peers(&mut self) -> Result<WgConfPeers<'_>, WgConfError> {
[INFO] [stdout]     |                                                  ++++
[INFO] [stdout] 
[INFO] [stdout] 
[INFO] [stderr]    Compiling wg-config v0.0.8 (/opt/rustwide/workdir)
[INFO] [stdout] warning: hiding a lifetime that's elided elsewhere is confusing
[INFO] [stdout]    --> src/wg_conf.rs:190:18
[INFO] [stdout]     |
[INFO] [stdout] 190 |     pub fn peers(&mut self) -> Result<WgConfPeers, WgConfError> {
[INFO] [stdout]     |                  ^^^^^^^^^            ^^^^^^^^^^^ the same lifetime is hidden here
[INFO] [stdout]     |                  |
[INFO] [stdout]     |                  the lifetime is elided here
[INFO] [stdout]     |
[INFO] [stdout]     = help: the same lifetime is referred to in inconsistent ways, making the signature confusing
[INFO] [stdout]     = note: `#[warn(mismatched_lifetime_syntaxes)]` on by default
[INFO] [stdout] help: use `'_` for type paths
[INFO] [stdout]     |
[INFO] [stdout] 190 |     pub fn peers(&mut self) -> Result<WgConfPeers<'_>, WgConfError> {
[INFO] [stdout]     |                                                  ++++
[INFO] [stdout] 
[INFO] [stdout] 
[INFO] [stderr]     Finished `release` profile [optimized] target(s) in 3.05s
[INFO] running `Command { std: "docker" "inspect" "5d1ff1d801d262a81ec74ad3de893090445fa4b830b63f7223afd29e1fb0fa6b", kill_on_drop: false }`
[INFO] running `Command { std: "docker" "exec" "-e" "SOURCE_DIR=/opt/rustwide/workdir" "-e" "CARGO_HOME=/opt/rustwide/cargo-home" "-e" "RUSTUP_HOME=/opt/rustwide/rustup-home" "-e" "CARGO_TARGET_DIR=/opt/rustwide/target" "-e" "CARGO_INCREMENTAL=0" "-e" "RUST_BACKTRACE=full" "-e" "RUSTFLAGS=--cap-lints=warn" "-e" "RUSTDOCFLAGS=--cap-lints=warn" "-w" "/opt/rustwide/workdir" "--user" "0:0" "5d1ff1d801d262a81ec74ad3de893090445fa4b830b63f7223afd29e1fb0fa6b" "/opt/rustwide/cargo-home/bin/cargo" "+1.99.0-beta.8" "test" "--frozen" "--release", kill_on_drop: false }`
[INFO] [stderr] warning: hiding a lifetime that's elided elsewhere is confusing
[INFO] [stderr]    --> src/wg_conf.rs:190:18
[INFO] [stderr]     |
[INFO] [stderr] 190 |     pub fn peers(&mut self) -> Result<WgConfPeers, WgConfError> {
[INFO] [stderr]     |                  ^^^^^^^^^            ^^^^^^^^^^^ the same lifetime is hidden here
[INFO] [stderr]     |                  |
[INFO] [stderr]     |                  the lifetime is elided here
[INFO] [stderr]     |
[INFO] [stderr]     = help: the same lifetime is referred to in inconsistent ways, making the signature confusing
[INFO] [stderr]     = note: `#[warn(mismatched_lifetime_syntaxes)]` on by default
[INFO] [stderr] help: use `'_` for type paths
[INFO] [stderr]     |
[INFO] [stderr] 190 |     pub fn peers(&mut self) -> Result<WgConfPeers<'_>, WgConfError> {
[INFO] [stderr]     |                                                  ++++
[INFO] [stderr] 
[INFO] [stderr] warning: `wg-config` (lib) generated 1 warning (run `cargo fix --lib -p wg-config` to apply 1 suggestion)
[INFO] [stderr] warning: `wg-config` (lib test) generated 1 warning (1 duplicate)
[INFO] [stderr]     Finished `release` profile [optimized] target(s) in 0.03s
[INFO] [stderr]      Running unittests src/lib.rs (/opt/rustwide/target/release/deps/wg_config-2b676fc0bcad6b76)
[INFO] [stdout] 
[INFO] [stdout] running 31 tests
[INFO] [stdout] test keys::tests::generate_public_key ... FAILED
[INFO] [stdout] test wg_conf::tests::add_peer_0_already_exists ... FAILED
[INFO] [stdout] test wg_conf::tests::open_0_invalid_extension_0_returns_not_wg_conf ... FAILED
[INFO] [stdout] test wg_conf::tests::open_0_bad_interface_tag_0_returns_not_wg_conf ... FAILED
[INFO] [stdout] test wg_conf::tests::interface_0_common_scenario ... FAILED
[INFO] [stdout] test wg_conf::tests::peers_iter_0_common_scenario ... FAILED
[INFO] [stdout] test wg_conf::tests::create_0_doesnt_overwrite ... FAILED
[INFO] [stdout] test keys::tests::generate_private_key ... FAILED
[INFO] [stdout] test wg_client_conf::tests::to_string ... ok
[INFO] [stdout] test keys::tests::generate_preshared_key ... FAILED
[INFO] [stdout] test wg_conf::tests::open_0_common_scenario ... FAILED
[INFO] [stdout] test wg_conf::tests::update_interface_0_common_scenario ... FAILED
[INFO] [stdout] test wg_conf::tests::peers_iter_0_every_iter_0_keeps_same_error ... FAILED
[INFO] [stdout] test wg_conf::tests::add_peer_0_common_scenario ... FAILED
[INFO] [stdout] test wg_conf::tests::generate_peer_scenario_domain_endpoint ... FAILED
[INFO] [stdout] test wg_conf::tests::open_0_unexistent_file_0_returns_not_found ... ok
[INFO] [stdout] test wg_interface::tests::wg_interface_0_to_string_0_all_fields ... ok
[INFO] [stdout] test wg_conf::tests::update_peer_0_same_len_0_removes_and_adds_to_end ... FAILED
[INFO] [stdout] test wg_conf::tests::remove_peer_by_pub_key_0_last_peer ... FAILED
[INFO] [stdout] test wg_conf::tests::peers_iter_0_no_peers_0_returns_no_err ... FAILED
[INFO] [stdout] test wg_conf::tests::remove_peer_by_pub_key_0_first_peer ... FAILED
[INFO] [stdout] test wg_interface::tests::wg_interface_0_to_string_0_empty_optionals ... ok
[INFO] [stdout] test wg_conf::tests::interface_0_empty_double_not_interface_kv_0_returns_ok ... FAILED
[INFO] [stdout] test wg_conf::tests::interface_0_not_key_value_lines_0_returns_unexpected_err ... FAILED
[INFO] [stdout] test wg_conf::tests::remove_peer_by_pub_key_0_middle_peer ... FAILED
[INFO] [stdout] test wg_conf::tests::remove_peer_by_pub_key_0_unexistent ... FAILED
[INFO] [stdout] test wg_conf::tests::create_0_common_scenario ... FAILED
[INFO] [stdout] test wg_conf::tests::generate_peer_scenario_ip_endpoint ... FAILED
[INFO] [stdout] test wg_peer::tests::wg_peer_0_to_string_0_empty_optionals ... ok
[INFO] [stdout] test wg_peer::tests::wg_peer_0_to_string_0_single_ip ... ok
[INFO] [stdout] test wg_peer::tests::wg_peer_0_to_string_0_all_fields ... ok
[INFO] [stdout] 
[INFO] [stdout] failures:
[INFO] [stdout] 
[INFO] [stdout] ---- keys::tests::generate_public_key stdout ----
[INFO] [stdout] 
[INFO] [stdout] thread 'keys::tests::generate_public_key' (180) panicked at src/keys.rs:186:9:
[INFO] [stdout] assertion failed: pubkey.is_ok()
[INFO] [stdout] stack backtrace:
[INFO] [stdout]    0:     0x61655cd4ea61 - <<std[70759c8f55707aa4]::sys::backtrace::BacktraceLock>::print::DisplayBacktrace as core[df12db4294e9bfd3]::fmt::Display>::fmt
[INFO] [stdout]    1:     0x61655cd63baa - core[df12db4294e9bfd3]::fmt::write
[INFO] [stdout]    2:     0x61655cd5310c - <alloc[2182bb758b4b3781]::vec::Vec<u8> as core[df12db4294e9bfd3]::io::write::Write>::write_fmt
[INFO] [stdout]    3:     0x61655cd29c96 - std[70759c8f55707aa4]::panicking::default_hook::{closure#0}
[INFO] [stdout]    4:     0x61655cd46439 - std[70759c8f55707aa4]::panicking::default_hook
[INFO] [stdout]    5:     0x61655cce06c0 - test[9d35eded1c95d3be]::test_main_inner::<test[9d35eded1c95d3be]::test_main_static::{closure#0}>::{closure#0}
[INFO] [stdout]    6:     0x61655cd465f2 - std[70759c8f55707aa4]::panicking::panic_with_hook
[INFO] [stdout]    7:     0x61655cd29d74 - std[70759c8f55707aa4]::panicking::panic_handler::{closure#0}
[INFO] [stdout]    8:     0x61655cd22849 - std[70759c8f55707aa4]::sys::backtrace::__rust_end_short_backtrace::<std[70759c8f55707aa4]::panicking::panic_handler::{closure#0}, !>
[INFO] [stdout]    9:     0x61655cd2aa2d - __rustc[8fa7c3cbc660c2b3]::rust_begin_unwind
[INFO] [stdout]   10:     0x61655cd642dc - core[df12db4294e9bfd3]::panicking::panic_fmt
[INFO] [stdout]   11:     0x61655cd642a2 - core[df12db4294e9bfd3]::panicking::panic
[INFO] [stdout]   12:     0x61655cccdfe6 - wg_config[8a963a7788801832]::keys::tests::generate_public_key
[INFO] [stdout]   13:     0x61655cccb8e9 - <wg_config[8a963a7788801832]::keys::tests::generate_public_key::{closure#0} as core[df12db4294e9bfd3]::ops::function::FnOnce<()>>::call_once
[INFO] [stdout]   14:     0x61655ccd39ab - test[9d35eded1c95d3be]::__rust_begin_short_backtrace::<core[df12db4294e9bfd3]::result::Result<(), alloc[2182bb758b4b3781]::string::String>, fn() -> core[df12db4294e9bfd3]::result::Result<(), alloc[2182bb758b4b3781]::string::String>>
[INFO] [stdout]   15:     0x61655cce1015 - test[9d35eded1c95d3be]::run_test::{closure#0}
[INFO] [stdout]   16:     0x61655ccda8d4 - std[70759c8f55707aa4]::sys::backtrace::__rust_begin_short_backtrace::<test[9d35eded1c95d3be]::run_test::{closure#1}, ()>
[INFO] [stdout]   17:     0x61655cce4172 - <std[70759c8f55707aa4]::thread::lifecycle::spawn_unchecked<test[9d35eded1c95d3be]::run_test::{closure#1}, ()>::{closure#1} as core[df12db4294e9bfd3]::ops::function::FnOnce<()>>::call_once::{shim:vtable#0}
[INFO] [stdout]   18:     0x61655cd4e279 - <std[70759c8f55707aa4]::sys::thread::unix::Thread>::new::thread_start
[INFO] [stdout]   19:     0x748f89175dfa - <unknown>
[INFO] [stdout]   20:     0x748f892093d4 - clone
[INFO] [stdout]   21:                0x0 - <unknown>
[INFO] [stdout] 
[INFO] [stdout] ---- wg_conf::tests::add_peer_0_already_exists stdout ----
[INFO] [stdout] 
[INFO] [stdout] thread 'wg_conf::tests::add_peer_0_already_exists' (182) panicked at src/wg_conf.rs:1678:56:
[INFO] [stdout] called `Result::unwrap()` on an `Err` value: Os { code: 30, kind: ReadOnlyFilesystem, message: "Read-only file system" }
[INFO] [stdout] stack backtrace:
[INFO] [stdout]    0:     0x61655cd4ea61 - <<std[70759c8f55707aa4]::sys::backtrace::BacktraceLock>::print::DisplayBacktrace as core[df12db4294e9bfd3]::fmt::Display>::fmt
[INFO] [stdout]    1:     0x61655cd63baa - core[df12db4294e9bfd3]::fmt::write
[INFO] [stdout]    2:     0x61655cd5310c - <alloc[2182bb758b4b3781]::vec::Vec<u8> as core[df12db4294e9bfd3]::io::write::Write>::write_fmt
[INFO] [stdout]    3:     0x61655cd29c96 - std[70759c8f55707aa4]::panicking::default_hook::{closure#0}
[INFO] [stdout]    4:     0x61655cd46439 - std[70759c8f55707aa4]::panicking::default_hook
[INFO] [stdout]    5:     0x61655cce06c0 - test[9d35eded1c95d3be]::test_main_inner::<test[9d35eded1c95d3be]::test_main_static::{closure#0}>::{closure#0}
[INFO] [stdout]    6:     0x61655cd465f2 - std[70759c8f55707aa4]::panicking::panic_with_hook
[INFO] [stdout]    7:     0x61655cd29d42 - std[70759c8f55707aa4]::panicking::panic_handler::{closure#0}
[INFO] [stdout]    8:     0x61655cd22849 - std[70759c8f55707aa4]::sys::backtrace::__rust_end_short_backtrace::<std[70759c8f55707aa4]::panicking::panic_handler::{closure#0}, !>
[INFO] [stdout]    9:     0x61655cd2aa2d - __rustc[8fa7c3cbc660c2b3]::rust_begin_unwind
[INFO] [stdout]   10:     0x61655cd642dc - core[df12db4294e9bfd3]::panicking::panic_fmt
[INFO] [stdout]   11:     0x61655cd640b2 - core[df12db4294e9bfd3]::result::unwrap_failed
[INFO] [stdout]   12:     0x61655ccaca56 - wg_config[8a963a7788801832]::wg_conf::tests::prepare_test_conf
[INFO] [stdout]   13:     0x61655ccae98b - wg_config[8a963a7788801832]::wg_conf::tests::add_peer_0_already_exists
[INFO] [stdout]   14:     0x61655cccba49 - <wg_config[8a963a7788801832]::wg_conf::tests::add_peer_0_already_exists::{closure#0} as core[df12db4294e9bfd3]::ops::function::FnOnce<()>>::call_once
[INFO] [stdout]   15:     0x61655ccd39ab - test[9d35eded1c95d3be]::__rust_begin_short_backtrace::<core[df12db4294e9bfd3]::result::Result<(), alloc[2182bb758b4b3781]::string::String>, fn() -> core[df12db4294e9bfd3]::result::Result<(), alloc[2182bb758b4b3781]::string::String>>
[INFO] [stdout]   16:     0x61655cce1015 - test[9d35eded1c95d3be]::run_test::{closure#0}
[INFO] [stdout]   17:     0x61655ccda8d4 - std[70759c8f55707aa4]::sys::backtrace::__rust_begin_short_backtrace::<test[9d35eded1c95d3be]::run_test::{closure#1}, ()>
[INFO] [stdout]   18:     0x61655cce4172 - <std[70759c8f55707aa4]::thread::lifecycle::spawn_unchecked<test[9d35eded1c95d3be]::run_test::{closure#1}, ()>::{closure#1} as core[df12db4294e9bfd3]::ops::function::FnOnce<()>>::call_once::{shim:vtable#0}
[INFO] [stdout]   19:     0x61655cd4e279 - <std[70759c8f55707aa4]::sys::thread::unix::Thread>::new::thread_start
[INFO] [stdout]   20:     0x748f89175dfa - <unknown>
[INFO] [stdout]   21:     0x748f892093d4 - clone
[INFO] [stdout]   22:                0x0 - <unknown>
[INFO] [stdout] 
[INFO] [stdout] ---- wg_conf::tests::open_0_invalid_extension_0_returns_not_wg_conf stdout ----
[INFO] [stdout] 
[INFO] [stdout] thread 'wg_conf::tests::open_0_invalid_extension_0_returns_not_wg_conf' (195) panicked at src/wg_conf.rs:1678:56:
[INFO] [stdout] called `Result::unwrap()` on an `Err` value: Os { code: 30, kind: ReadOnlyFilesystem, message: "Read-only file system" }
[INFO] [stdout] stack backtrace:
[INFO] [stdout]    0:     0x61655cd4ea61 - <<std[70759c8f55707aa4]::sys::backtrace::BacktraceLock>::print::DisplayBacktrace as core[df12db4294e9bfd3]::fmt::Display>::fmt
[INFO] [stdout]    1:     0x61655cd63baa - core[df12db4294e9bfd3]::fmt::write
[INFO] [stdout]    2:     0x61655cd5310c - <alloc[2182bb758b4b3781]::vec::Vec<u8> as core[df12db4294e9bfd3]::io::write::Write>::write_fmt
[INFO] [stdout]    3:     0x61655cd29c96 - std[70759c8f55707aa4]::panicking::default_hook::{closure#0}
[INFO] [stdout]    4:     0x61655cd46439 - std[70759c8f55707aa4]::panicking::default_hook
[INFO] [stdout]    5:     0x61655cce06c0 - test[9d35eded1c95d3be]::test_main_inner::<test[9d35eded1c95d3be]::test_main_static::{closure#0}>::{closure#0}
[INFO] [stdout]    6:     0x61655cd465f2 - std[70759c8f55707aa4]::panicking::panic_with_hook
[INFO] [stdout]    7:     0x61655cd29d42 - std[70759c8f55707aa4]::panicking::panic_handler::{closure#0}
[INFO] [stdout]    8:     0x61655cd22849 - std[70759c8f55707aa4]::sys::backtrace::__rust_end_short_backtrace::<std[70759c8f55707aa4]::panicking::panic_handler::{closure#0}, !>
[INFO] [stdout]    9:     0x61655cd2aa2d - __rustc[8fa7c3cbc660c2b3]::rust_begin_unwind
[INFO] [stdout]   10:     0x61655cd642dc - core[df12db4294e9bfd3]::panicking::panic_fmt
[INFO] [stdout]   11:     0x61655cd640b2 - core[df12db4294e9bfd3]::result::unwrap_failed
[INFO] [stdout]   12:     0x61655ccaca56 - wg_config[8a963a7788801832]::wg_conf::tests::prepare_test_conf
[INFO] [stdout]   13:     0x61655ccbb1b0 - wg_config[8a963a7788801832]::wg_conf::tests::open_0_invalid_extension_0_returns_not_wg_conf
[INFO] [stdout]   14:     0x61655cccbc49 - <wg_config[8a963a7788801832]::wg_conf::tests::open_0_invalid_extension_0_returns_not_wg_conf::{closure#0} as core[df12db4294e9bfd3]::ops::function::FnOnce<()>>::call_once
[INFO] [stdout]   15:     0x61655ccd39ab - test[9d35eded1c95d3be]::__rust_begin_short_backtrace::<core[df12db4294e9bfd3]::result::Result<(), alloc[2182bb758b4b3781]::string::String>, fn() -> core[df12db4294e9bfd3]::result::Result<(), alloc[2182bb758b4b3781]::string::String>>
[INFO] [stdout]   16:     0x61655cce1015 - test[9d35eded1c95d3be]::run_test::{closure#0}
[INFO] [stdout]   17:     0x61655ccda8d4 - std[70759c8f55707aa4]::sys::backtrace::__rust_begin_short_backtrace::<test[9d35eded1c95d3be]::run_test::{closure#1}, ()>
[INFO] [stdout]   18:     0x61655cce4172 - <std[70759c8f55707aa4]::thread::lifecycle::spawn_unchecked<test[9d35eded1c95d3be]::run_test::{closure#1}, ()>::{closure#1} as core[df12db4294e9bfd3]::ops::function::FnOnce<()>>::call_once::{shim:vtable#0}
[INFO] [stdout]   19:     0x61655cd4e279 - <std[70759c8f55707aa4]::sys::thread::unix::Thread>::new::thread_start
[INFO] [stdout]   20:     0x748f89175dfa - <unknown>
[INFO] [stdout]   21:     0x748f892093d4 - clone
[INFO] [stdout]   22:                0x0 - <unknown>
[INFO] [stdout] 
[INFO] [stdout] ---- wg_conf::tests::open_0_bad_interface_tag_0_returns_not_wg_conf stdout ----
[INFO] [stdout] 
[INFO] [stdout] thread 'wg_conf::tests::open_0_bad_interface_tag_0_returns_not_wg_conf' (193) panicked at src/wg_conf.rs:1678:56:
[INFO] [stdout] called `Result::unwrap()` on an `Err` value: Os { code: 30, kind: ReadOnlyFilesystem, message: "Read-only file system" }
[INFO] [stdout] stack backtrace:
[INFO] [stdout]    0:     0x61655cd4ea61 - <<std[70759c8f55707aa4]::sys::backtrace::BacktraceLock>::print::DisplayBacktrace as core[df12db4294e9bfd3]::fmt::Display>::fmt
[INFO] [stdout]    1:     0x61655cd63baa - core[df12db4294e9bfd3]::fmt::write
[INFO] [stdout]    2:     0x61655cd5310c - <alloc[2182bb758b4b3781]::vec::Vec<u8> as core[df12db4294e9bfd3]::io::write::Write>::write_fmt
[INFO] [stdout]    3:     0x61655cd29c96 - std[70759c8f55707aa4]::panicking::default_hook::{closure#0}
[INFO] [stdout]    4:     0x61655cd46439 - std[70759c8f55707aa4]::panicking::default_hook
[INFO] [stdout]    5:     0x61655cce06c0 - test[9d35eded1c95d3be]::test_main_inner::<test[9d35eded1c95d3be]::test_main_static::{closure#0}>::{closure#0}
[INFO] [stdout]    6:     0x61655cd465f2 - std[70759c8f55707aa4]::panicking::panic_with_hook
[INFO] [stdout]    7:     0x61655cd29d42 - std[70759c8f55707aa4]::panicking::panic_handler::{closure#0}
[INFO] [stdout]    8:     0x61655cd22849 - std[70759c8f55707aa4]::sys::backtrace::__rust_end_short_backtrace::<std[70759c8f55707aa4]::panicking::panic_handler::{closure#0}, !>
[INFO] [stdout]    9:     0x61655cd2aa2d - __rustc[8fa7c3cbc660c2b3]::rust_begin_unwind
[INFO] [stdout]   10:     0x61655cd642dc - core[df12db4294e9bfd3]::panicking::panic_fmt
[INFO] [stdout]   11:     0x61655cd640b2 - core[df12db4294e9bfd3]::result::unwrap_failed
[INFO] [stdout]   12:     0x61655ccaca56 - wg_config[8a963a7788801832]::wg_conf::tests::prepare_test_conf
[INFO] [stdout]   13:     0x61655ccbafb0 - wg_config[8a963a7788801832]::wg_conf::tests::open_0_bad_interface_tag_0_returns_not_wg_conf
[INFO] [stdout]   14:     0x61655cccbc29 - <wg_config[8a963a7788801832]::wg_conf::tests::open_0_bad_interface_tag_0_returns_not_wg_conf::{closure#0} as core[df12db4294e9bfd3]::ops::function::FnOnce<()>>::call_once
[INFO] [stdout]   15:     0x61655ccd39ab - test[9d35eded1c95d3be]::__rust_begin_short_backtrace::<core[df12db4294e9bfd3]::result::Result<(), alloc[2182bb758b4b3781]::string::String>, fn() -> core[df12db4294e9bfd3]::result::Result<(), alloc[2182bb758b4b3781]::string::String>>
[INFO] [stdout]   16:     0x61655cce1015 - test[9d35eded1c95d3be]::run_test::{closure#0}
[INFO] [stdout]   17:     0x61655ccda8d4 - std[70759c8f55707aa4]::sys::backtrace::__rust_begin_short_backtrace::<test[9d35eded1c95d3be]::run_test::{closure#1}, ()>
[INFO] [stdout]   18:     0x61655cce4172 - <std[70759c8f55707aa4]::thread::lifecycle::spawn_unchecked<test[9d35eded1c95d3be]::run_test::{closure#1}, ()>::{closure#1} as core[df12db4294e9bfd3]::ops::function::FnOnce<()>>::call_once::{shim:vtable#0}
[INFO] [stdout]   19:     0x61655cd4e279 - <std[70759c8f55707aa4]::sys::thread::unix::Thread>::new::thread_start
[INFO] [stdout]   20:     0x748f89175dfa - <unknown>
[INFO] [stdout]   21:     0x748f892093d4 - clone
[INFO] [stdout]   22:                0x0 - <unknown>
[INFO] [stdout] 
[INFO] [stdout] ---- wg_conf::tests::interface_0_common_scenario stdout ----
[INFO] [stdout] 
[INFO] [stdout] thread 'wg_conf::tests::interface_0_common_scenario' (190) panicked at src/wg_conf.rs:1678:56:
[INFO] [stdout] called `Result::unwrap()` on an `Err` value: Os { code: 30, kind: ReadOnlyFilesystem, message: "Read-only file system" }
[INFO] [stdout] stack backtrace:
[INFO] [stdout]    0:     0x61655cd4ea61 - <<std[70759c8f55707aa4]::sys::backtrace::BacktraceLock>::print::DisplayBacktrace as core[df12db4294e9bfd3]::fmt::Display>::fmt
[INFO] [stdout]    1:     0x61655cd63baa - core[df12db4294e9bfd3]::fmt::write
[INFO] [stdout]    2:     0x61655cd5310c - <alloc[2182bb758b4b3781]::vec::Vec<u8> as core[df12db4294e9bfd3]::io::write::Write>::write_fmt
[INFO] [stdout]    3:     0x61655cd29c96 - std[70759c8f55707aa4]::panicking::default_hook::{closure#0}
[INFO] [stdout]    4:     0x61655cd46439 - std[70759c8f55707aa4]::panicking::default_hook
[INFO] [stdout]    5:     0x61655cce06c0 - test[9d35eded1c95d3be]::test_main_inner::<test[9d35eded1c95d3be]::test_main_static::{closure#0}>::{closure#0}
[INFO] [stdout]    6:     0x61655cd465f2 - std[70759c8f55707aa4]::panicking::panic_with_hook
[INFO] [stdout]    7:     0x61655cd29d42 - std[70759c8f55707aa4]::panicking::panic_handler::{closure#0}
[INFO] [stdout]    8:     0x61655cd22849 - std[70759c8f55707aa4]::sys::backtrace::__rust_end_short_backtrace::<std[70759c8f55707aa4]::panicking::panic_handler::{closure#0}, !>
[INFO] [stdout]    9:     0x61655cd2aa2d - __rustc[8fa7c3cbc660c2b3]::rust_begin_unwind
[INFO] [stdout]   10:     0x61655cd642dc - core[df12db4294e9bfd3]::panicking::panic_fmt
[INFO] [stdout]   11:     0x61655cd640b2 - core[df12db4294e9bfd3]::result::unwrap_failed
[INFO] [stdout]   12:     0x61655ccaca56 - wg_config[8a963a7788801832]::wg_conf::tests::prepare_test_conf
[INFO] [stdout]   13:     0x61655ccb0ac1 - wg_config[8a963a7788801832]::wg_conf::tests::interface_0_common_scenario
[INFO] [stdout]   14:     0x61655cccbaa9 - <wg_config[8a963a7788801832]::wg_conf::tests::interface_0_common_scenario::{closure#0} as core[df12db4294e9bfd3]::ops::function::FnOnce<()>>::call_once
[INFO] [stdout]   15:     0x61655ccd39ab - test[9d35eded1c95d3be]::__rust_begin_short_backtrace::<core[df12db4294e9bfd3]::result::Result<(), alloc[2182bb758b4b3781]::string::String>, fn() -> core[df12db4294e9bfd3]::result::Result<(), alloc[2182bb758b4b3781]::string::String>>
[INFO] [stdout]   16:     0x61655cce1015 - test[9d35eded1c95d3be]::run_test::{closure#0}
[INFO] [stdout]   17:     0x61655ccda8d4 - std[70759c8f55707aa4]::sys::backtrace::__rust_begin_short_backtrace::<test[9d35eded1c95d3be]::run_test::{closure#1}, ()>
[INFO] [stdout]   18:     0x61655cce4172 - <std[70759c8f55707aa4]::thread::lifecycle::spawn_unchecked<test[9d35eded1c95d3be]::run_test::{closure#1}, ()>::{closure#1} as core[df12db4294e9bfd3]::ops::function::FnOnce<()>>::call_once::{shim:vtable#0}
[INFO] [stdout]   19:     0x61655cd4e279 - <std[70759c8f55707aa4]::sys::thread::unix::Thread>::new::thread_start
[INFO] [stdout]   20:     0x748f89175dfa - <unknown>
[INFO] [stdout]   21:     0x748f892093d4 - clone
[INFO] [stdout]   22:                0x0 - <unknown>
[INFO] [stdout] 
[INFO] [stdout] ---- wg_conf::tests::peers_iter_0_common_scenario stdout ----
[INFO] [stdout] 
[INFO] [stdout] thread 'wg_conf::tests::peers_iter_0_common_scenario' (197) panicked at src/wg_conf.rs:1678:56:
[INFO] [stdout] called `Result::unwrap()` on an `Err` value: Os { code: 30, kind: ReadOnlyFilesystem, message: "Read-only file system" }
[INFO] [stdout] stack backtrace:
[INFO] [stdout]    0:     0x61655cd4ea61 - <<std[70759c8f55707aa4]::sys::backtrace::BacktraceLock>::print::DisplayBacktrace as core[df12db4294e9bfd3]::fmt::Display>::fmt
[INFO] [stdout]    1:     0x61655cd63baa - core[df12db4294e9bfd3]::fmt::write
[INFO] [stdout]    2:     0x61655cd5310c - <alloc[2182bb758b4b3781]::vec::Vec<u8> as core[df12db4294e9bfd3]::io::write::Write>::write_fmt
[INFO] [stdout]    3:     0x61655cd29c96 - std[70759c8f55707aa4]::panicking::default_hook::{closure#0}
[INFO] [stdout]    4:     0x61655cd46439 - std[70759c8f55707aa4]::panicking::default_hook
[INFO] [stdout]    5:     0x61655cce06c0 - test[9d35eded1c95d3be]::test_main_inner::<test[9d35eded1c95d3be]::test_main_static::{closure#0}>::{closure#0}
[INFO] [stdout]    6:     0x61655cd465f2 - std[70759c8f55707aa4]::panicking::panic_with_hook
[INFO] [stdout]    7:     0x61655cd29d42 - std[70759c8f55707aa4]::panicking::panic_handler::{closure#0}
[INFO] [stdout]    8:     0x61655cd22849 - std[70759c8f55707aa4]::sys::backtrace::__rust_end_short_backtrace::<std[70759c8f55707aa4]::panicking::panic_handler::{closure#0}, !>
[INFO] [stdout]    9:     0x61655cd2aa2d - __rustc[8fa7c3cbc660c2b3]::rust_begin_unwind
[INFO] [stdout]   10:     0x61655cd642dc - core[df12db4294e9bfd3]::panicking::panic_fmt
[INFO] [stdout]   11:     0x61655cd640b2 - core[df12db4294e9bfd3]::result::unwrap_failed
[INFO] [stdout]   12:     0x61655ccaca56 - wg_config[8a963a7788801832]::wg_conf::tests::prepare_test_conf
[INFO] [stdout]   13:     0x61655ccb1346 - wg_config[8a963a7788801832]::wg_conf::tests::peers_iter_0_common_scenario
[INFO] [stdout]   14:     0x61655cccbac9 - <wg_config[8a963a7788801832]::wg_conf::tests::peers_iter_0_common_scenario::{closure#0} as core[df12db4294e9bfd3]::ops::function::FnOnce<()>>::call_once
[INFO] [stdout]   15:     0x61655ccd39ab - test[9d35eded1c95d3be]::__rust_begin_short_backtrace::<core[df12db4294e9bfd3]::result::Result<(), alloc[2182bb758b4b3781]::string::String>, fn() -> core[df12db4294e9bfd3]::result::Result<(), alloc[2182bb758b4b3781]::string::String>>
[INFO] [stdout]   16:     0x61655cce1015 - test[9d35eded1c95d3be]::run_test::{closure#0}
[INFO] [stdout]   17:     0x61655ccda8d4 - std[70759c8f55707aa4]::sys::backtrace::__rust_begin_short_backtrace::<test[9d35eded1c95d3be]::run_test::{closure#1}, ()>
[INFO] [stdout]   18:     0x61655cce4172 - <std[70759c8f55707aa4]::thread::lifecycle::spawn_unchecked<test[9d35eded1c95d3be]::run_test::{closure#1}, ()>::{closure#1} as core[df12db4294e9bfd3]::ops::function::FnOnce<()>>::call_once::{shim:vtable#0}
[INFO] [stdout]   19:     0x61655cd4e279 - <std[70759c8f55707aa4]::sys::thread::unix::Thread>::new::thread_start
[INFO] [stdout]   20:     0x748f89175dfa - <unknown>
[INFO] [stdout]   21:     0x748f892093d4 - clone
[INFO] [stdout]   22:                0x0 - <unknown>
[INFO] [stdout] 
[INFO] [stdout] ---- wg_conf::tests::create_0_doesnt_overwrite stdout ----
[INFO] [stdout] 
[INFO] [stdout] thread 'wg_conf::tests::create_0_doesnt_overwrite' (187) panicked at src/wg_conf.rs:1678:56:
[INFO] [stdout] called `Result::unwrap()` on an `Err` value: Os { code: 30, kind: ReadOnlyFilesystem, message: "Read-only file system" }
[INFO] [stdout] stack backtrace:
[INFO] [stdout]    0:     0x61655cd4ea61 - <<std[70759c8f55707aa4]::sys::backtrace::BacktraceLock>::print::DisplayBacktrace as core[df12db4294e9bfd3]::fmt::Display>::fmt
[INFO] [stdout]    1:     0x61655cd63baa - core[df12db4294e9bfd3]::fmt::write
[INFO] [stdout]    2:     0x61655cd5310c - <alloc[2182bb758b4b3781]::vec::Vec<u8> as core[df12db4294e9bfd3]::io::write::Write>::write_fmt
[INFO] [stdout]    3:     0x61655cd29c96 - std[70759c8f55707aa4]::panicking::default_hook::{closure#0}
[INFO] [stdout]    4:     0x61655cd46439 - std[70759c8f55707aa4]::panicking::default_hook
[INFO] [stdout]    5:     0x61655cce06c0 - test[9d35eded1c95d3be]::test_main_inner::<test[9d35eded1c95d3be]::test_main_static::{closure#0}>::{closure#0}
[INFO] [stdout]    6:     0x61655cd465f2 - std[70759c8f55707aa4]::panicking::panic_with_hook
[INFO] [stdout]    7:     0x61655cd29d42 - std[70759c8f55707aa4]::panicking::panic_handler::{closure#0}
[INFO] [stdout]    8:     0x61655cd22849 - std[70759c8f55707aa4]::sys::backtrace::__rust_end_short_backtrace::<std[70759c8f55707aa4]::panicking::panic_handler::{closure#0}, !>
[INFO] [stdout]    9:     0x61655cd2aa2d - __rustc[8fa7c3cbc660c2b3]::rust_begin_unwind
[INFO] [stdout]   10:     0x61655cd642dc - core[df12db4294e9bfd3]::panicking::panic_fmt
[INFO] [stdout]   11:     0x61655cd640b2 - core[df12db4294e9bfd3]::result::unwrap_failed
[INFO] [stdout]   12:     0x61655ccaca56 - wg_config[8a963a7788801832]::wg_conf::tests::prepare_test_conf
[INFO] [stdout]   13:     0x61655ccaf33c - wg_config[8a963a7788801832]::wg_conf::tests::create_0_doesnt_overwrite
[INFO] [stdout]   14:     0x61655cccba69 - <wg_config[8a963a7788801832]::wg_conf::tests::create_0_doesnt_overwrite::{closure#0} as core[df12db4294e9bfd3]::ops::function::FnOnce<()>>::call_once
[INFO] [stdout]   15:     0x61655ccd39ab - test[9d35eded1c95d3be]::__rust_begin_short_backtrace::<core[df12db4294e9bfd3]::result::Result<(), alloc[2182bb758b4b3781]::string::String>, fn() -> core[df12db4294e9bfd3]::result::Result<(), alloc[2182bb758b4b3781]::string::String>>
[INFO] [stdout]   16:     0x61655cce1015 - test[9d35eded1c95d3be]::run_test::{closure#0}
[INFO] [stdout]   17:     0x61655ccda8d4 - std[70759c8f55707aa4]::sys::backtrace::__rust_begin_short_backtrace::<test[9d35eded1c95d3be]::run_test::{closure#1}, ()>
[INFO] [stdout]   18:     0x61655cce4172 - <std[70759c8f55707aa4]::thread::lifecycle::spawn_unchecked<test[9d35eded1c95d3be]::run_test::{closure#1}, ()>::{closure#1} as core[df12db4294e9bfd3]::ops::function::FnOnce<()>>::call_once::{shim:vtable#0}
[INFO] [stdout]   19:     0x61655cd4e279 - <std[70759c8f55707aa4]::sys::thread::unix::Thread>::new::thread_start
[INFO] [stdout]   20:     0x748f89175dfa - <unknown>
[INFO] [stdout]   21:     0x748f892093d4 - clone
[INFO] [stdout]   22:                0x0 - <unknown>
[INFO] [stdout] 
[INFO] [stdout] ---- keys::tests::generate_private_key stdout ----
[INFO] [stdout] 
[INFO] [stdout] thread 'keys::tests::generate_private_key' (179) panicked at src/keys.rs:169:9:
[INFO] [stdout] assertion failed: pkey.is_ok()
[INFO] [stdout] stack backtrace:
[INFO] [stdout]    0:     0x61655cd4ea61 - <<std[70759c8f55707aa4]::sys::backtrace::BacktraceLock>::print::DisplayBacktrace as core[df12db4294e9bfd3]::fmt::Display>::fmt
[INFO] [stdout]    1:     0x61655cd63baa - core[df12db4294e9bfd3]::fmt::write
[INFO] [stdout]    2:     0x61655cd5310c - <alloc[2182bb758b4b3781]::vec::Vec<u8> as core[df12db4294e9bfd3]::io::write::Write>::write_fmt
[INFO] [stdout]    3:     0x61655cd29c96 - std[70759c8f55707aa4]::panicking::default_hook::{closure#0}
[INFO] [stdout]    4:     0x61655cd46439 - std[70759c8f55707aa4]::panicking::default_hook
[INFO] [stdout]    5:     0x61655cce06c0 - test[9d35eded1c95d3be]::test_main_inner::<test[9d35eded1c95d3be]::test_main_static::{closure#0}>::{closure#0}
[INFO] [stdout]    6:     0x61655cd465f2 - std[70759c8f55707aa4]::panicking::panic_with_hook
[INFO] [stdout]    7:     0x61655cd29d74 - std[70759c8f55707aa4]::panicking::panic_handler::{closure#0}
[INFO] [stdout]    8:     0x61655cd22849 - std[70759c8f55707aa4]::sys::backtrace::__rust_end_short_backtrace::<std[70759c8f55707aa4]::panicking::panic_handler::{closure#0}, !>
[INFO] [stdout]    9:     0x61655cd2aa2d - __rustc[8fa7c3cbc660c2b3]::rust_begin_unwind
[INFO] [stdout]   10:     0x61655cd642dc - core[df12db4294e9bfd3]::panicking::panic_fmt
[INFO] [stdout]   11:     0x61655cd642a2 - core[df12db4294e9bfd3]::panicking::panic
[INFO] [stdout]   12:     0x61655cccb95b - <wg_config[8a963a7788801832]::keys::tests::generate_private_key::{closure#0} as core[df12db4294e9bfd3]::ops::function::FnOnce<()>>::call_once
[INFO] [stdout]   13:     0x61655ccd39ab - test[9d35eded1c95d3be]::__rust_begin_short_backtrace::<core[df12db4294e9bfd3]::result::Result<(), alloc[2182bb758b4b3781]::string::String>, fn() -> core[df12db4294e9bfd3]::result::Result<(), alloc[2182bb758b4b3781]::string::String>>
[INFO] [stdout]   14:     0x61655cce1015 - test[9d35eded1c95d3be]::run_test::{closure#0}
[INFO] [stdout]   15:     0x61655ccda8d4 - std[70759c8f55707aa4]::sys::backtrace::__rust_begin_short_backtrace::<test[9d35eded1c95d3be]::run_test::{closure#1}, ()>
[INFO] [stdout]   16:     0x61655cce4172 - <std[70759c8f55707aa4]::thread::lifecycle::spawn_unchecked<test[9d35eded1c95d3be]::run_test::{closure#1}, ()>::{closure#1} as core[df12db4294e9bfd3]::ops::function::FnOnce<()>>::call_once::{shim:vtable#0}
[INFO] [stdout]   17:     0x61655cd4e279 - <std[70759c8f55707aa4]::sys::thread::unix::Thread>::new::thread_start
[INFO] [stdout]   18:     0x748f89175dfa - <unknown>
[INFO] [stdout]   19:     0x748f892093d4 - clone
[INFO] [stdout]   20:                0x0 - <unknown>
[INFO] [stdout] 
[INFO] [stdout] ---- keys::tests::generate_preshared_key stdout ----
[INFO] [stdout] 
[INFO] [stdout] thread 'keys::tests::generate_preshared_key' (178) panicked at src/keys.rs:176:9:
[INFO] [stdout] assertion failed: psk.is_ok()
[INFO] [stdout] stack backtrace:
[INFO] [stdout]    0:     0x61655cd4ea61 - <<std[70759c8f55707aa4]::sys::backtrace::BacktraceLock>::print::DisplayBacktrace as core[df12db4294e9bfd3]::fmt::Display>::fmt
[INFO] [stdout]    1:     0x61655cd63baa - core[df12db4294e9bfd3]::fmt::write
[INFO] [stdout]    2:     0x61655cd5310c - <alloc[2182bb758b4b3781]::vec::Vec<u8> as core[df12db4294e9bfd3]::io::write::Write>::write_fmt
[INFO] [stdout]    3:     0x61655cd29c96 - std[70759c8f55707aa4]::panicking::default_hook::{closure#0}
[INFO] [stdout]    4:     0x61655cd46439 - std[70759c8f55707aa4]::panicking::default_hook
[INFO] [stdout]    5:     0x61655cce06c0 - test[9d35eded1c95d3be]::test_main_inner::<test[9d35eded1c95d3be]::test_main_static::{closure#0}>::{closure#0}
[INFO] [stdout]    6:     0x61655cd465f2 - std[70759c8f55707aa4]::panicking::panic_with_hook
[INFO] [stdout]    7:     0x61655cd29d74 - std[70759c8f55707aa4]::panicking::panic_handler::{closure#0}
[INFO] [stdout]    8:     0x61655cd22849 - std[70759c8f55707aa4]::sys::backtrace::__rust_end_short_backtrace::<std[70759c8f55707aa4]::panicking::panic_handler::{closure#0}, !>
[INFO] [stdout]    9:     0x61655cd2aa2d - __rustc[8fa7c3cbc660c2b3]::rust_begin_unwind
[INFO] [stdout]   10:     0x61655cd642dc - core[df12db4294e9bfd3]::panicking::panic_fmt
[INFO] [stdout]   11:     0x61655cd642a2 - core[df12db4294e9bfd3]::panicking::panic
[INFO] [stdout]   12:     0x61655cccb9de - <wg_config[8a963a7788801832]::keys::tests::generate_preshared_key::{closure#0} as core[df12db4294e9bfd3]::ops::function::FnOnce<()>>::call_once
[INFO] [stdout]   13:     0x61655ccd39ab - test[9d35eded1c95d3be]::__rust_begin_short_backtrace::<core[df12db4294e9bfd3]::result::Result<(), alloc[2182bb758b4b3781]::string::String>, fn() -> core[df12db4294e9bfd3]::result::Result<(), alloc[2182bb758b4b3781]::string::String>>
[INFO] [stdout]   14:     0x61655cce1015 - test[9d35eded1c95d3be]::run_test::{closure#0}
[INFO] [stdout]   15:     0x61655ccda8d4 - std[70759c8f55707aa4]::sys::backtrace::__rust_begin_short_backtrace::<test[9d35eded1c95d3be]::run_test::{closure#1}, ()>
[INFO] [stdout]   16:     0x61655cce4172 - <std[70759c8f55707aa4]::thread::lifecycle::spawn_unchecked<test[9d35eded1c95d3be]::run_test::{closure#1}, ()>::{closure#1} as core[df12db4294e9bfd3]::ops::function::FnOnce<()>>::call_once::{shim:vtable#0}
[INFO] [stdout]   17:     0x61655cd4e279 - <std[70759c8f55707aa4]::sys::thread::unix::Thread>::new::thread_start
[INFO] [stdout]   18:     0x748f89175dfa - <unknown>
[INFO] [stdout]   19:     0x748f892093d4 - clone
[INFO] [stdout]   20:                0x0 - <unknown>
[INFO] [stdout] 
[INFO] [stdout] ---- wg_conf::tests::open_0_common_scenario stdout ----
[INFO] [stdout] 
[INFO] [stdout] thread 'wg_conf::tests::open_0_common_scenario' (194) panicked at src/wg_conf.rs:1678:56:
[INFO] [stdout] called `Result::unwrap()` on an `Err` value: Os { code: 30, kind: ReadOnlyFilesystem, message: "Read-only file system" }
[INFO] [stdout] stack backtrace:
[INFO] [stdout]    0:     0x61655cd4ea61 - <<std[70759c8f55707aa4]::sys::backtrace::BacktraceLock>::print::DisplayBacktrace as core[df12db4294e9bfd3]::fmt::Display>::fmt
[INFO] [stdout]    1:     0x61655cd63baa - core[df12db4294e9bfd3]::fmt::write
[INFO] [stdout]    2:     0x61655cd5310c - <alloc[2182bb758b4b3781]::vec::Vec<u8> as core[df12db4294e9bfd3]::io::write::Write>::write_fmt
[INFO] [stdout]    3:     0x61655cd29c96 - std[70759c8f55707aa4]::panicking::default_hook::{closure#0}
[INFO] [stdout]    4:     0x61655cd46439 - std[70759c8f55707aa4]::panicking::default_hook
[INFO] [stdout]    5:     0x61655cce06c0 - test[9d35eded1c95d3be]::test_main_inner::<test[9d35eded1c95d3be]::test_main_static::{closure#0}>::{closure#0}
[INFO] [stdout]    6:     0x61655cd465f2 - std[70759c8f55707aa4]::panicking::panic_with_hook
[INFO] [stdout]    7:     0x61655cd29d42 - std[70759c8f55707aa4]::panicking::panic_handler::{closure#0}
[INFO] [stdout]    8:     0x61655cd22849 - std[70759c8f55707aa4]::sys::backtrace::__rust_end_short_backtrace::<std[70759c8f55707aa4]::panicking::panic_handler::{closure#0}, !>
[INFO] [stdout]    9:     0x61655cd2aa2d - __rustc[8fa7c3cbc660c2b3]::rust_begin_unwind
[INFO] [stdout]   10:     0x61655cd642dc - core[df12db4294e9bfd3]::panicking::panic_fmt
[INFO] [stdout]   11:     0x61655cd640b2 - core[df12db4294e9bfd3]::result::unwrap_failed
[INFO] [stdout]   12:     0x61655ccaca56 - wg_config[8a963a7788801832]::wg_conf::tests::prepare_test_conf
[INFO] [stdout]   13:     0x61655ccacb10 - wg_config[8a963a7788801832]::wg_conf::tests::open_0_common_scenario
[INFO] [stdout]   14:     0x61655cccba09 - <wg_config[8a963a7788801832]::wg_conf::tests::open_0_common_scenario::{closure#0} as core[df12db4294e9bfd3]::ops::function::FnOnce<()>>::call_once
[INFO] [stdout]   15:     0x61655ccd39ab - test[9d35eded1c95d3be]::__rust_begin_short_backtrace::<core[df12db4294e9bfd3]::result::Result<(), alloc[2182bb758b4b3781]::string::String>, fn() -> core[df12db4294e9bfd3]::result::Result<(), alloc[2182bb758b4b3781]::string::String>>
[INFO] [stdout]   16:     0x61655cce1015 - test[9d35eded1c95d3be]::run_test::{closure#0}
[INFO] [stdout]   17:     0x61655ccda8d4 - std[70759c8f55707aa4]::sys::backtrace::__rust_begin_short_backtrace::<test[9d35eded1c95d3be]::run_test::{closure#1}, ()>
[INFO] [stdout]   18:     0x61655cce4172 - <std[70759c8f55707aa4]::thread::lifecycle::spawn_unchecked<test[9d35eded1c95d3be]::run_test::{closure#1}, ()>::{closure#1} as core[df12db4294e9bfd3]::ops::function::FnOnce<()>>::call_once::{shim:vtable#0}
[INFO] [stdout]   19:     0x61655cd4e279 - <std[70759c8f55707aa4]::sys::thread::unix::Thread>::new::thread_start
[INFO] [stdout]   20:     0x748f89175dfa - <unknown>
[INFO] [stdout]   21:     0x748f892093d4 - clone
[INFO] [stdout]   22:                0x0 - <unknown>
[INFO] [stdout] 
[INFO] [stdout] ---- wg_conf::tests::update_interface_0_common_scenario stdout ----
[INFO] [stdout] 
[INFO] [stdout] thread 'wg_conf::tests::update_interface_0_common_scenario' (206) panicked at src/wg_conf.rs:1678:56:
[INFO] [stdout] called `Result::unwrap()` on an `Err` value: Os { code: 30, kind: ReadOnlyFilesystem, message: "Read-only file system" }
[INFO] [stdout] stack backtrace:
[INFO] [stdout]    0:     0x61655cd4ea61 - <<std[70759c8f55707aa4]::sys::backtrace::BacktraceLock>::print::DisplayBacktrace as core[df12db4294e9bfd3]::fmt::Display>::fmt
[INFO] [stdout]    1:     0x61655cd63baa - core[df12db4294e9bfd3]::fmt::write
[INFO] [stdout]    2:     0x61655cd5310c - <alloc[2182bb758b4b3781]::vec::Vec<u8> as core[df12db4294e9bfd3]::io::write::Write>::write_fmt
[INFO] [stdout]    3:     0x61655cd29c96 - std[70759c8f55707aa4]::panicking::default_hook::{closure#0}
[INFO] [stdout]    4:     0x61655cd46439 - std[70759c8f55707aa4]::panicking::default_hook
[INFO] [stdout]    5:     0x61655cce06c0 - test[9d35eded1c95d3be]::test_main_inner::<test[9d35eded1c95d3be]::test_main_static::{closure#0}>::{closure#0}
[INFO] [stdout]    6:     0x61655cd465f2 - std[70759c8f55707aa4]::panicking::panic_with_hook
[INFO] [stdout]    7:     0x61655cd29d42 - std[70759c8f55707aa4]::panicking::panic_handler::{closure#0}
[INFO] [stdout]    8:     0x61655cd22849 - std[70759c8f55707aa4]::sys::backtrace::__rust_end_short_backtrace::<std[70759c8f55707aa4]::panicking::panic_handler::{closure#0}, !>
[INFO] [stdout]    9:     0x61655cd2aa2d - __rustc[8fa7c3cbc660c2b3]::rust_begin_unwind
[INFO] [stdout]   10:     0x61655cd642dc - core[df12db4294e9bfd3]::panicking::panic_fmt
[INFO] [stdout]   11:     0x61655cd640b2 - core[df12db4294e9bfd3]::result::unwrap_failed
[INFO] [stdout]   12:     0x61655ccaca56 - wg_config[8a963a7788801832]::wg_conf::tests::prepare_test_conf
[INFO] [stdout]   13:     0x61655ccb4be4 - wg_config[8a963a7788801832]::wg_conf::tests::update_interface_0_common_scenario
[INFO] [stdout]   14:     0x61655cccbb29 - <wg_config[8a963a7788801832]::wg_conf::tests::update_interface_0_common_scenario::{closure#0} as core[df12db4294e9bfd3]::ops::function::FnOnce<()>>::call_once
[INFO] [stdout]   15:     0x61655ccd39ab - test[9d35eded1c95d3be]::__rust_begin_short_backtrace::<core[df12db4294e9bfd3]::result::Result<(), alloc[2182bb758b4b3781]::string::String>, fn() -> core[df12db4294e9bfd3]::result::Result<(), alloc[2182bb758b4b3781]::string::String>>
[INFO] [stdout]   16:     0x61655cce1015 - test[9d35eded1c95d3be]::run_test::{closure#0}
[INFO] [stdout]   17:     0x61655ccda8d4 - std[70759c8f55707aa4]::sys::backtrace::__rust_begin_short_backtrace::<test[9d35eded1c95d3be]::run_test::{closure#1}, ()>
[INFO] [stdout]   18:     0x61655cce4172 - <std[70759c8f55707aa4]::thread::lifecycle::spawn_unchecked<test[9d35eded1c95d3be]::run_test::{closure#1}, ()>::{closure#1} as core[df12db4294e9bfd3]::ops::function::FnOnce<()>>::call_once::{shim:vtable#0}
[INFO] [stdout]   19:     0x61655cd4e279 - <std[70759c8f55707aa4]::sys::thread::unix::Thread>::new::thread_start
[INFO] [stdout]   20:     0x748f89175dfa - <unknown>
[INFO] [stdout]   21:     0x748f892093d4 - clone
[INFO] [stdout]   22:                0x0 - <unknown>
[INFO] [stdout] 
[INFO] [stdout] ---- wg_conf::tests::peers_iter_0_every_iter_0_keeps_same_error stdout ----
[INFO] [stdout] 
[INFO] [stdout] thread 'wg_conf::tests::peers_iter_0_every_iter_0_keeps_same_error' (199) panicked at src/wg_conf.rs:1678:56:
[INFO] [stdout] called `Result::unwrap()` on an `Err` value: Os { code: 30, kind: ReadOnlyFilesystem, message: "Read-only file system" }
[INFO] [stdout] stack backtrace:
[INFO] [stdout]    0:     0x61655cd4ea61 - <<std[70759c8f55707aa4]::sys::backtrace::BacktraceLock>::print::DisplayBacktrace as core[df12db4294e9bfd3]::fmt::Display>::fmt
[INFO] [stdout]    1:     0x61655cd63baa - core[df12db4294e9bfd3]::fmt::write
[INFO] [stdout]    2:     0x61655cd5310c - <alloc[2182bb758b4b3781]::vec::Vec<u8> as core[df12db4294e9bfd3]::io::write::Write>::write_fmt
[INFO] [stdout]    3:     0x61655cd29c96 - std[70759c8f55707aa4]::panicking::default_hook::{closure#0}
[INFO] [stdout]    4:     0x61655cd46439 - std[70759c8f55707aa4]::panicking::default_hook
[INFO] [stdout]    5:     0x61655cce06c0 - test[9d35eded1c95d3be]::test_main_inner::<test[9d35eded1c95d3be]::test_main_static::{closure#0}>::{closure#0}
[INFO] [stdout]    6:     0x61655cd465f2 - std[70759c8f55707aa4]::panicking::panic_with_hook
[INFO] [stdout]    7:     0x61655cd29d42 - std[70759c8f55707aa4]::panicking::panic_handler::{closure#0}
[INFO] [stdout]    8:     0x61655cd22849 - std[70759c8f55707aa4]::sys::backtrace::__rust_end_short_backtrace::<std[70759c8f55707aa4]::panicking::panic_handler::{closure#0}, !>
[INFO] [stdout]    9:     0x61655cd2aa2d - __rustc[8fa7c3cbc660c2b3]::rust_begin_unwind
[INFO] [stdout]   10:     0x61655cd642dc - core[df12db4294e9bfd3]::panicking::panic_fmt
[INFO] [stdout]   11:     0x61655cd640b2 - core[df12db4294e9bfd3]::result::unwrap_failed
[INFO] [stdout]   12:     0x61655ccaca56 - wg_config[8a963a7788801832]::wg_conf::tests::prepare_test_conf
[INFO] [stdout]   13:     0x61655ccba870 - wg_config[8a963a7788801832]::wg_conf::tests::peers_iter_0_every_iter_0_keeps_same_error
[INFO] [stdout]   14:     0x61655cccbc09 - <wg_config[8a963a7788801832]::wg_conf::tests::peers_iter_0_every_iter_0_keeps_same_error::{closure#0} as core[df12db4294e9bfd3]::ops::function::FnOnce<()>>::call_once
[INFO] [stdout]   15:     0x61655ccd39ab - test[9d35eded1c95d3be]::__rust_begin_short_backtrace::<core[df12db4294e9bfd3]::result::Result<(), alloc[2182bb758b4b3781]::string::String>, fn() -> core[df12db4294e9bfd3]::result::Result<(), alloc[2182bb758b4b3781]::string::String>>
[INFO] [stdout]   16:     0x61655cce1015 - test[9d35eded1c95d3be]::run_test::{closure#0}
[INFO] [stdout]   17:     0x61655ccda8d4 - std[70759c8f55707aa4]::sys::backtrace::__rust_begin_short_backtrace::<test[9d35eded1c95d3be]::run_test::{closure#1}, ()>
[INFO] [stdout]   18:     0x61655cce4172 - <std[70759c8f55707aa4]::thread::lifecycle::spawn_unchecked<test[9d35eded1c95d3be]::run_test::{closure#1}, ()>::{closure#1} as core[df12db4294e9bfd3]::ops::function::FnOnce<()>>::call_once::{shim:vtable#0}
[INFO] [stdout]   19:     0x61655cd4e279 - <std[70759c8f55707aa4]::sys::thread::unix::Thread>::new::thread_start
[INFO] [stdout]   20:     0x748f89175dfa - <unknown>
[INFO] [stdout]   21:     0x748f892093d4 - clone
[INFO] [stdout]   22:                0x0 - <unknown>
[INFO] [stdout] 
[INFO] [stdout] ---- wg_conf::tests::add_peer_0_common_scenario stdout ----
[INFO] [stdout] 
[INFO] [stdout] thread 'wg_conf::tests::add_peer_0_common_scenario' (183) panicked at src/wg_conf.rs:1678:56:
[INFO] [stdout] called `Result::unwrap()` on an `Err` value: Os { code: 30, kind: ReadOnlyFilesystem, message: "Read-only file system" }
[INFO] [stdout] stack backtrace:
[INFO] [stdout]    0:     0x61655cd4ea61 - <<std[70759c8f55707aa4]::sys::backtrace::BacktraceLock>::print::DisplayBacktrace as core[df12db4294e9bfd3]::fmt::Display>::fmt
[INFO] [stdout]    1:     0x61655cd63baa - core[df12db4294e9bfd3]::fmt::write
[INFO] [stdout]    2:     0x61655cd5310c - <alloc[2182bb758b4b3781]::vec::Vec<u8> as core[df12db4294e9bfd3]::io::write::Write>::write_fmt
[INFO] [stdout]    3:     0x61655cd29c96 - std[70759c8f55707aa4]::panicking::default_hook::{closure#0}
[INFO] [stdout]    4:     0x61655cd46439 - std[70759c8f55707aa4]::panicking::default_hook
[INFO] [stdout]    5:     0x61655cce06c0 - test[9d35eded1c95d3be]::test_main_inner::<test[9d35eded1c95d3be]::test_main_static::{closure#0}>::{closure#0}
[INFO] [stdout]    6:     0x61655cd465f2 - std[70759c8f55707aa4]::panicking::panic_with_hook
[INFO] [stdout]    7:     0x61655cd29d42 - std[70759c8f55707aa4]::panicking::panic_handler::{closure#0}
[INFO] [stdout]    8:     0x61655cd22849 - std[70759c8f55707aa4]::sys::backtrace::__rust_end_short_backtrace::<std[70759c8f55707aa4]::panicking::panic_handler::{closure#0}, !>
[INFO] [stdout]    9:     0x61655cd2aa2d - __rustc[8fa7c3cbc660c2b3]::rust_begin_unwind
[INFO] [stdout]   10:     0x61655cd642dc - core[df12db4294e9bfd3]::panicking::panic_fmt
[INFO] [stdout]   11:     0x61655cd640b2 - core[df12db4294e9bfd3]::result::unwrap_failed
[INFO] [stdout]   12:     0x61655ccaca56 - wg_config[8a963a7788801832]::wg_conf::tests::prepare_test_conf
[INFO] [stdout]   13:     0x61655ccafe58 - wg_config[8a963a7788801832]::wg_conf::tests::add_peer_0_common_scenario
[INFO] [stdout]   14:     0x61655cccba89 - <wg_config[8a963a7788801832]::wg_conf::tests::add_peer_0_common_scenario::{closure#0} as core[df12db4294e9bfd3]::ops::function::FnOnce<()>>::call_once
[INFO] [stdout]   15:     0x61655ccd39ab - test[9d35eded1c95d3be]::__rust_begin_short_backtrace::<core[df12db4294e9bfd3]::result::Result<(), alloc[2182bb758b4b3781]::string::String>, fn() -> core[df12db4294e9bfd3]::result::Result<(), alloc[2182bb758b4b3781]::string::String>>
[INFO] [stdout]   16:     0x61655cce1015 - test[9d35eded1c95d3be]::run_test::{closure#0}
[INFO] [stdout]   17:     0x61655ccda8d4 - std[70759c8f55707aa4]::sys::backtrace::__rust_begin_short_backtrace::<test[9d35eded1c95d3be]::run_test::{closure#1}, ()>
[INFO] [stdout]   18:     0x61655cce4172 - <std[70759c8f55707aa4]::thread::lifecycle::spawn_unchecked<test[9d35eded1c95d3be]::run_test::{closure#1}, ()>::{closure#1} as core[df12db4294e9bfd3]::ops::function::FnOnce<()>>::call_once::{shim:vtable#0}
[INFO] [stdout]   19:     0x61655cd4e279 - <std[70759c8f55707aa4]::sys::thread::unix::Thread>::new::thread_start
[INFO] [stdout]   20:     0x748f89175dfa - <unknown>
[INFO] [stdout]   21:     0x748f892093d4 - clone
[INFO] [stdout]   22:                0x0 - <unknown>
[INFO] [stdout] 
[INFO] [stdout] ---- wg_conf::tests::generate_peer_scenario_domain_endpoint stdout ----
[INFO] [stdout] 
[INFO] [stdout] thread 'wg_conf::tests::generate_peer_scenario_domain_endpoint' (188) panicked at src/wg_conf.rs:1678:56:
[INFO] [stdout] called `Result::unwrap()` on an `Err` value: Os { code: 30, kind: ReadOnlyFilesystem, message: "Read-only file system" }
[INFO] [stdout] stack backtrace:
[INFO] [stdout]    0:     0x61655cd4ea61 - <<std[70759c8f55707aa4]::sys::backtrace::BacktraceLock>::print::DisplayBacktrace as core[df12db4294e9bfd3]::fmt::Display>::fmt
[INFO] [stdout]    1:     0x61655cd63baa - core[df12db4294e9bfd3]::fmt::write
[INFO] [stdout]    2:     0x61655cd5310c - <alloc[2182bb758b4b3781]::vec::Vec<u8> as core[df12db4294e9bfd3]::io::write::Write>::write_fmt
[INFO] [stdout]    3:     0x61655cd29c96 - std[70759c8f55707aa4]::panicking::default_hook::{closure#0}
[INFO] [stdout]    4:     0x61655cd46439 - std[70759c8f55707aa4]::panicking::default_hook
[INFO] [stdout]    5:     0x61655cce06c0 - test[9d35eded1c95d3be]::test_main_inner::<test[9d35eded1c95d3be]::test_main_static::{closure#0}>::{closure#0}
[INFO] [stdout]    6:     0x61655cd465f2 - std[70759c8f55707aa4]::panicking::panic_with_hook
[INFO] [stdout]    7:     0x61655cd29d42 - std[70759c8f55707aa4]::panicking::panic_handler::{closure#0}
[INFO] [stdout]    8:     0x61655cd22849 - std[70759c8f55707aa4]::sys::backtrace::__rust_end_short_backtrace::<std[70759c8f55707aa4]::panicking::panic_handler::{closure#0}, !>
[INFO] [stdout]    9:     0x61655cd2aa2d - __rustc[8fa7c3cbc660c2b3]::rust_begin_unwind
[INFO] [stdout]   10:     0x61655cd642dc - core[df12db4294e9bfd3]::panicking::panic_fmt
[INFO] [stdout]   11:     0x61655cd640b2 - core[df12db4294e9bfd3]::result::unwrap_failed
[INFO] [stdout]   12:     0x61655ccaca56 - wg_config[8a963a7788801832]::wg_conf::tests::prepare_test_conf
[INFO] [stdout]   13:     0x61655ccb88e9 - wg_config[8a963a7788801832]::wg_conf::tests::generate_peer_scenario_domain_endpoint
[INFO] [stdout]   14:     0x61655cccbba9 - <wg_config[8a963a7788801832]::wg_conf::tests::generate_peer_scenario_domain_endpoint::{closure#0} as core[df12db4294e9bfd3]::ops::function::FnOnce<()>>::call_once
[INFO] [stdout]   15:     0x61655ccd39ab - test[9d35eded1c95d3be]::__rust_begin_short_backtrace::<core[df12db4294e9bfd3]::result::Result<(), alloc[2182bb758b4b3781]::string::String>, fn() -> core[df12db4294e9bfd3]::result::Result<(), alloc[2182bb758b4b3781]::string::String>>
[INFO] [stdout]   16:     0x61655cce1015 - test[9d35eded1c95d3be]::run_test::{closure#0}
[INFO] [stdout]   17:     0x61655ccda8d4 - std[70759c8f55707aa4]::sys::backtrace::__rust_begin_short_backtrace::<test[9d35eded1c95d3be]::run_test::{closure#1}, ()>
[INFO] [stdout]   18:     0x61655cce4172 - <std[70759c8f55707aa4]::thread::lifecycle::spawn_unchecked<test[9d35eded1c95d3be]::run_test::{closure#1}, ()>::{closure#1} as core[df12db4294e9bfd3]::ops::function::FnOnce<()>>::call_once::{shim:vtable#0}
[INFO] [stdout]   19:     0x61655cd4e279 - <std[70759c8f55707aa4]::sys::thread::unix::Thread>::new::thread_start
[INFO] [stdout]   20:     0x748f89175dfa - <unknown>
[INFO] [stdout]   21:     0x748f892093d4 - clone
[INFO] [stdout]   22:                0x0 - <unknown>
[INFO] [stdout] 
[INFO] [stdout] ---- wg_conf::tests::update_peer_0_same_len_0_removes_and_adds_to_end stdout ----
[INFO] [stdout] 
[INFO] [stdout] thread 'wg_conf::tests::update_peer_0_same_len_0_removes_and_adds_to_end' (207) panicked at src/wg_conf.rs:1678:56:
[INFO] [stdout] called `Result::unwrap()` on an `Err` value: Os { code: 30, kind: ReadOnlyFilesystem, message: "Read-only file system" }
[INFO] [stdout] stack backtrace:
[INFO] [stdout]    0:     0x61655cd4ea61 - <<std[70759c8f55707aa4]::sys::backtrace::BacktraceLock>::print::DisplayBacktrace as core[df12db4294e9bfd3]::fmt::Display>::fmt
[INFO] [stdout]    1:     0x61655cd63baa - core[df12db4294e9bfd3]::fmt::write
[INFO] [stdout]    2:     0x61655cd5310c - <alloc[2182bb758b4b3781]::vec::Vec<u8> as core[df12db4294e9bfd3]::io::write::Write>::write_fmt
[INFO] [stdout]    3:     0x61655cd29c96 - std[70759c8f55707aa4]::panicking::default_hook::{closure#0}
[INFO] [stdout]    4:     0x61655cd46439 - std[70759c8f55707aa4]::panicking::default_hook
[INFO] [stdout]    5:     0x61655cce06c0 - test[9d35eded1c95d3be]::test_main_inner::<test[9d35eded1c95d3be]::test_main_static::{closure#0}>::{closure#0}
[INFO] [stdout]    6:     0x61655cd465f2 - std[70759c8f55707aa4]::panicking::panic_with_hook
[INFO] [stdout]    7:     0x61655cd29d42 - std[70759c8f55707aa4]::panicking::panic_handler::{closure#0}
[INFO] [stdout]    8:     0x61655cd22849 - std[70759c8f55707aa4]::sys::backtrace::__rust_end_short_backtrace::<std[70759c8f55707aa4]::panicking::panic_handler::{closure#0}, !>
[INFO] [stdout]    9:     0x61655cd2aa2d - __rustc[8fa7c3cbc660c2b3]::rust_begin_unwind
[INFO] [stdout]   10:     0x61655cd642dc - core[df12db4294e9bfd3]::panicking::panic_fmt
[INFO] [stdout]   11:     0x61655cd640b2 - core[df12db4294e9bfd3]::result::unwrap_failed
[INFO] [stdout]   12:     0x61655ccaca56 - wg_config[8a963a7788801832]::wg_conf::tests::prepare_test_conf
[INFO] [stdout]   13:     0x61655ccbb4a6 - wg_config[8a963a7788801832]::wg_conf::tests::update_peer_0_same_len_0_removes_and_adds_to_end
[INFO] [stdout]   14:     0x61655cccbc69 - <wg_config[8a963a7788801832]::wg_conf::tests::update_peer_0_same_len_0_removes_and_adds_to_end::{closure#0} as core[df12db4294e9bfd3]::ops::function::FnOnce<()>>::call_once
[INFO] [stdout]   15:     0x61655ccd39ab - test[9d35eded1c95d3be]::__rust_begin_short_backtrace::<core[df12db4294e9bfd3]::result::Result<(), alloc[2182bb758b4b3781]::string::String>, fn() -> core[df12db4294e9bfd3]::result::Result<(), alloc[2182bb758b4b3781]::string::String>>
[INFO] [stdout]   16:     0x61655cce1015 - test[9d35eded1c95d3be]::run_test::{closure#0}
[INFO] [stdout]   17:     0x61655ccda8d4 - std[70759c8f55707aa4]::sys::backtrace::__rust_begin_short_backtrace::<test[9d35eded1c95d3be]::run_test::{closure#1}, ()>
[INFO] [stdout]   18:     0x61655cce4172 - <std[70759c8f55707aa4]::thread::lifecycle::spawn_unchecked<test[9d35eded1c95d3be]::run_test::{closure#1}, ()>::{closure#1} as core[df12db4294e9bfd3]::ops::function::FnOnce<()>>::call_once::{shim:vtable#0}
[INFO] [stdout]   19:     0x61655cd4e279 - <std[70759c8f55707aa4]::sys::thread::unix::Thread>::new::thread_start
[INFO] [stdout]   20:     0x748f89175dfa - <unknown>
[INFO] [stdout]   21:     0x748f892093d4 - clone
[INFO] [stdout]   22:                0x0 - <unknown>
[INFO] [stdout] 
[INFO] [stdout] ---- wg_conf::tests::remove_peer_by_pub_key_0_last_peer stdout ----
[INFO] [stdout] 
[INFO] [stdout] thread 'wg_conf::tests::remove_peer_by_pub_key_0_last_peer' (203) panicked at src/wg_conf.rs:1678:56:
[INFO] [stdout] called `Result::unwrap()` on an `Err` value: Os { code: 30, kind: ReadOnlyFilesystem, message: "Read-only file system" }
[INFO] [stdout] stack backtrace:
[INFO] [stdout]    0:     0x61655cd4ea61 - <<std[70759c8f55707aa4]::sys::backtrace::BacktraceLock>::print::DisplayBacktrace as core[df12db4294e9bfd3]::fmt::Display>::fmt
[INFO] [stdout]    1:     0x61655cd63baa - core[df12db4294e9bfd3]::fmt::write
[INFO] [stdout]    2:     0x61655cd5310c - <alloc[2182bb758b4b3781]::vec::Vec<u8> as core[df12db4294e9bfd3]::io::write::Write>::write_fmt
[INFO] [stdout]    3:     0x61655cd29c96 - std[70759c8f55707aa4]::panicking::default_hook::{closure#0}
[INFO] [stdout]    4:     0x61655cd46439 - std[70759c8f55707aa4]::panicking::default_hook
[INFO] [stdout]    5:     0x61655cce06c0 - test[9d35eded1c95d3be]::test_main_inner::<test[9d35eded1c95d3be]::test_main_static::{closure#0}>::{closure#0}
[INFO] [stdout]    6:     0x61655cd465f2 - std[70759c8f55707aa4]::panicking::panic_with_hook
[INFO] [stdout]    7:     0x61655cd29d42 - std[70759c8f55707aa4]::panicking::panic_handler::{closure#0}
[INFO] [stdout]    8:     0x61655cd22849 - std[70759c8f55707aa4]::sys::backtrace::__rust_end_short_backtrace::<std[70759c8f55707aa4]::panicking::panic_handler::{closure#0}, !>
[INFO] [stdout]    9:     0x61655cd2aa2d - __rustc[8fa7c3cbc660c2b3]::rust_begin_unwind
[INFO] [stdout]   10:     0x61655cd642dc - core[df12db4294e9bfd3]::panicking::panic_fmt
[INFO] [stdout]   11:     0x61655cd640b2 - core[df12db4294e9bfd3]::result::unwrap_failed
[INFO] [stdout]   12:     0x61655ccaca56 - wg_config[8a963a7788801832]::wg_conf::tests::prepare_test_conf
[INFO] [stdout]   13:     0x61655ccb3fe7 - wg_config[8a963a7788801832]::wg_conf::tests::remove_peer_by_pub_key_0_last_peer
[INFO] [stdout]   14:     0x61655cccbb09 - <wg_config[8a963a7788801832]::wg_conf::tests::remove_peer_by_pub_key_0_last_peer::{closure#0} as core[df12db4294e9bfd3]::ops::function::FnOnce<()>>::call_once
[INFO] [stdout]   15:     0x61655ccd39ab - test[9d35eded1c95d3be]::__rust_begin_short_backtrace::<core[df12db4294e9bfd3]::result::Result<(), alloc[2182bb758b4b3781]::string::String>, fn() -> core[df12db4294e9bfd3]::result::Result<(), alloc[2182bb758b4b3781]::string::String>>
[INFO] [stdout]   16:     0x61655cce1015 - test[9d35eded1c95d3be]::run_test::{closure#0}
[INFO] [stdout]   17:     0x61655ccda8d4 - std[70759c8f55707aa4]::sys::backtrace::__rust_begin_short_backtrace::<test[9d35eded1c95d3be]::run_test::{closure#1}, ()>
[INFO] [stdout]   18:     0x61655cce4172 - <std[70759c8f55707aa4]::thread::lifecycle::spawn_unchecked<test[9d35eded1c95d3be]::run_test::{closure#1}, ()>::{closure#1} as core[df12db4294e9bfd3]::ops::function::FnOnce<()>>::call_once::{shim:vtable#0}
[INFO] [stdout]   19:     0x61655cd4e279 - <std[70759c8f55707aa4]::sys::thread::unix::Thread>::new::thread_start
[INFO] [stdout]   20:     0x748f89175dfa - <unknown>
[INFO] [stdout]   21:     0x748f892093d4 - clone
[INFO] [stdout]   22:                0x0 - <unknown>
[INFO] [stdout] 
[INFO] [stdout] ---- wg_conf::tests::peers_iter_0_no_peers_0_returns_no_err stdout ----
[INFO] [stdout] 
[INFO] [stdout] thread 'wg_conf::tests::peers_iter_0_no_peers_0_returns_no_err' (200) panicked at src/wg_conf.rs:1678:56:
[INFO] [stdout] called `Result::unwrap()` on an `Err` value: Os { code: 30, kind: ReadOnlyFilesystem, message: "Read-only file system" }
[INFO] [stdout] stack backtrace:
[INFO] [stdout]    0:     0x61655cd4ea61 - <<std[70759c8f55707aa4]::sys::backtrace::BacktraceLock>::print::DisplayBacktrace as core[df12db4294e9bfd3]::fmt::Display>::fmt
[INFO] [stdout]    1:     0x61655cd63baa - core[df12db4294e9bfd3]::fmt::write
[INFO] [stdout]    2:     0x61655cd5310c - <alloc[2182bb758b4b3781]::vec::Vec<u8> as core[df12db4294e9bfd3]::io::write::Write>::write_fmt
[INFO] [stdout]    3:     0x61655cd29c96 - std[70759c8f55707aa4]::panicking::default_hook::{closure#0}
[INFO] [stdout]    4:     0x61655cd46439 - std[70759c8f55707aa4]::panicking::default_hook
[INFO] [stdout]    5:     0x61655cce06c0 - test[9d35eded1c95d3be]::test_main_inner::<test[9d35eded1c95d3be]::test_main_static::{closure#0}>::{closure#0}
[INFO] [stdout]    6:     0x61655cd465f2 - std[70759c8f55707aa4]::panicking::panic_with_hook
[INFO] [stdout]    7:     0x61655cd29d42 - std[70759c8f55707aa4]::panicking::panic_handler::{closure#0}
[INFO] [stdout]    8:     0x61655cd22849 - std[70759c8f55707aa4]::sys::backtrace::__rust_end_short_backtrace::<std[70759c8f55707aa4]::panicking::panic_handler::{closure#0}, !>
[INFO] [stdout]    9:     0x61655cd2aa2d - __rustc[8fa7c3cbc660c2b3]::rust_begin_unwind
[INFO] [stdout]   10:     0x61655cd642dc - core[df12db4294e9bfd3]::panicking::panic_fmt
[INFO] [stdout]   11:     0x61655cd640b2 - core[df12db4294e9bfd3]::result::unwrap_failed
[INFO] [stdout]   12:     0x61655ccaca56 - wg_config[8a963a7788801832]::wg_conf::tests::prepare_test_conf
[INFO] [stdout]   13:     0x61655ccba281 - wg_config[8a963a7788801832]::wg_conf::tests::peers_iter_0_no_peers_0_returns_no_err
[INFO] [stdout]   14:     0x61655cccbbc9 - <wg_config[8a963a7788801832]::wg_conf::tests::peers_iter_0_no_peers_0_returns_no_err::{closure#0} as core[df12db4294e9bfd3]::ops::function::FnOnce<()>>::call_once
[INFO] [stdout]   15:     0x61655ccd39ab - test[9d35eded1c95d3be]::__rust_begin_short_backtrace::<core[df12db4294e9bfd3]::result::Result<(), alloc[2182bb758b4b3781]::string::String>, fn() -> core[df12db4294e9bfd3]::result::Result<(), alloc[2182bb758b4b3781]::string::String>>
[INFO] [stdout]   16:     0x61655cce1015 - test[9d35eded1c95d3be]::run_test::{closure#0}
[INFO] [stdout]   17:     0x61655ccda8d4 - std[70759c8f55707aa4]::sys::backtrace::__rust_begin_short_backtrace::<test[9d35eded1c95d3be]::run_test::{closure#1}, ()>
[INFO] [stdout]   18:     0x61655cce4172 - <std[70759c8f55707aa4]::thread::lifecycle::spawn_unchecked<test[9d35eded1c95d3be]::run_test::{closure#1}, ()>::{closure#1} as core[df12db4294e9bfd3]::ops::function::FnOnce<()>>::call_once::{shim:vtable#0}
[INFO] [stdout]   19:     0x61655cd4e279 - <std[70759c8f55707aa4]::sys::thread::unix::Thread>::new::thread_start
[INFO] [stdout]   20:     0x748f89175dfa - <unknown>
[INFO] [stdout]   21:     0x748f892093d4 - clone
[INFO] [stdout]   22:                0x0 - <unknown>
[INFO] [stdout] 
[INFO] [stdout] ---- wg_conf::tests::remove_peer_by_pub_key_0_first_peer stdout ----
[INFO] [stdout] 
[INFO] [stdout] thread 'wg_conf::tests::remove_peer_by_pub_key_0_first_peer' (201) panicked at src/wg_conf.rs:1678:56:
[INFO] [stdout] called `Result::unwrap()` on an `Err` value: Os { code: 30, kind: ReadOnlyFilesystem, message: "Read-only file system" }
[INFO] [stdout] stack backtrace:
[INFO] [stdout]    0:     0x61655cd4ea61 - <<std[70759c8f55707aa4]::sys::backtrace::BacktraceLock>::print::DisplayBacktrace as core[df12db4294e9bfd3]::fmt::Display>::fmt
[INFO] [stdout]    1:     0x61655cd63baa - core[df12db4294e9bfd3]::fmt::write
[INFO] [stdout]    2:     0x61655cd5310c - <alloc[2182bb758b4b3781]::vec::Vec<u8> as core[df12db4294e9bfd3]::io::write::Write>::write_fmt
[INFO] [stdout]    3:     0x61655cd29c96 - std[70759c8f55707aa4]::panicking::default_hook::{closure#0}
[INFO] [stdout]    4:     0x61655cd46439 - std[70759c8f55707aa4]::panicking::default_hook
[INFO] [stdout]    5:     0x61655cce06c0 - test[9d35eded1c95d3be]::test_main_inner::<test[9d35eded1c95d3be]::test_main_static::{closure#0}>::{closure#0}
[INFO] [stdout]    6:     0x61655cd465f2 - std[70759c8f55707aa4]::panicking::panic_with_hook
[INFO] [stdout]    7:     0x61655cd29d42 - std[70759c8f55707aa4]::panicking::panic_handler::{closure#0}
[INFO] [stdout]    8:     0x61655cd22849 - std[70759c8f55707aa4]::sys::backtrace::__rust_end_short_backtrace::<std[70759c8f55707aa4]::panicking::panic_handler::{closure#0}, !>
[INFO] [stdout]    9:     0x61655cd2aa2d - __rustc[8fa7c3cbc660c2b3]::rust_begin_unwind
[INFO] [stdout]   10:     0x61655cd642dc - core[df12db4294e9bfd3]::panicking::panic_fmt
[INFO] [stdout]   11:     0x61655cd640b2 - core[df12db4294e9bfd3]::result::unwrap_failed
[INFO] [stdout]   12:     0x61655ccaca56 - wg_config[8a963a7788801832]::wg_conf::tests::prepare_test_conf
[INFO] [stdout]   13:     0x61655ccb5e25 - wg_config[8a963a7788801832]::wg_conf::tests::remove_peer_by_pub_key_0_first_peer
[INFO] [stdout]   14:     0x61655cccbb49 - <wg_config[8a963a7788801832]::wg_conf::tests::remove_peer_by_pub_key_0_first_peer::{closure#0} as core[df12db4294e9bfd3]::ops::function::FnOnce<()>>::call_once
[INFO] [stdout]   15:     0x61655ccd39ab - test[9d35eded1c95d3be]::__rust_begin_short_backtrace::<core[df12db4294e9bfd3]::result::Result<(), alloc[2182bb758b4b3781]::string::String>, fn() -> core[df12db4294e9bfd3]::result::Result<(), alloc[2182bb758b4b3781]::string::String>>
[INFO] [stdout]   16:     0x61655cce1015 - test[9d35eded1c95d3be]::run_test::{closure#0}
[INFO] [stdout]   17:     0x61655ccda8d4 - std[70759c8f55707aa4]::sys::backtrace::__rust_begin_short_backtrace::<test[9d35eded1c95d3be]::run_test::{closure#1}, ()>
[INFO] [stdout]   18:     0x61655cce4172 - <std[70759c8f55707aa4]::thread::lifecycle::spawn_unchecked<test[9d35eded1c95d3be]::run_test::{closure#1}, ()>::{closure#1} as core[df12db4294e9bfd3]::ops::function::FnOnce<()>>::call_once::{shim:vtable#0}
[INFO] [stdout]   19:     0x61655cd4e279 - <std[70759c8f55707aa4]::sys::thread::unix::Thread>::new::thread_start
[INFO] [stdout]   20:     0x748f89175dfa - <unknown>
[INFO] [stdout]   21:     0x748f892093d4 - clone
[INFO] [stdout]   22:                0x0 - <unknown>
[INFO] [stdout] 
[INFO] [stdout] ---- wg_conf::tests::interface_0_empty_double_not_interface_kv_0_returns_ok stdout ----
[INFO] [stdout] 
[INFO] [stdout] thread 'wg_conf::tests::interface_0_empty_double_not_interface_kv_0_returns_ok' (191) panicked at src/wg_conf.rs:1678:56:
[INFO] [stdout] called `Result::unwrap()` on an `Err` value: Os { code: 30, kind: ReadOnlyFilesystem, message: "Read-only file system" }
[INFO] [stdout] stack backtrace:
[INFO] [stdout]    0:     0x61655cd4ea61 - <<std[70759c8f55707aa4]::sys::backtrace::BacktraceLock>::print::DisplayBacktrace as core[df12db4294e9bfd3]::fmt::Display>::fmt
[INFO] [stdout]    1:     0x61655cd63baa - core[df12db4294e9bfd3]::fmt::write
[INFO] [stdout]    2:     0x61655cd5310c - <alloc[2182bb758b4b3781]::vec::Vec<u8> as core[df12db4294e9bfd3]::io::write::Write>::write_fmt
[INFO] [stdout]    3:     0x61655cd29c96 - std[70759c8f55707aa4]::panicking::default_hook::{closure#0}
[INFO] [stdout]    4:     0x61655cd46439 - std[70759c8f55707aa4]::panicking::default_hook
[INFO] [stdout]    5:     0x61655cce06c0 - test[9d35eded1c95d3be]::test_main_inner::<test[9d35eded1c95d3be]::test_main_static::{closure#0}>::{closure#0}
[INFO] [stdout]    6:     0x61655cd465f2 - std[70759c8f55707aa4]::panicking::panic_with_hook
[INFO] [stdout]    7:     0x61655cd29d42 - std[70759c8f55707aa4]::panicking::panic_handler::{closure#0}
[INFO] [stdout]    8:     0x61655cd22849 - std[70759c8f55707aa4]::sys::backtrace::__rust_end_short_backtrace::<std[70759c8f55707aa4]::panicking::panic_handler::{closure#0}, !>
[INFO] [stdout]    9:     0x61655cd2aa2d - __rustc[8fa7c3cbc660c2b3]::rust_begin_unwind
[INFO] [stdout]   10:     0x61655cd642dc - core[df12db4294e9bfd3]::panicking::panic_fmt
[INFO] [stdout]   11:     0x61655cd640b2 - core[df12db4294e9bfd3]::result::unwrap_failed
[INFO] [stdout]   12:     0x61655ccaca56 - wg_config[8a963a7788801832]::wg_conf::tests::prepare_test_conf
[INFO] [stdout]   13:     0x61655ccbc110 - wg_config[8a963a7788801832]::wg_conf::tests::interface_0_empty_double_not_interface_kv_0_returns_ok
[INFO] [stdout]   14:     0x61655cccbc89 - <wg_config[8a963a7788801832]::wg_conf::tests::interface_0_empty_double_not_interface_kv_0_returns_ok::{closure#0} as core[df12db4294e9bfd3]::ops::function::FnOnce<()>>::call_once
[INFO] [stdout]   15:     0x61655ccd39ab - test[9d35eded1c95d3be]::__rust_begin_short_backtrace::<core[df12db4294e9bfd3]::result::Result<(), alloc[2182bb758b4b3781]::string::String>, fn() -> core[df12db4294e9bfd3]::result::Result<(), alloc[2182bb758b4b3781]::string::String>>
[INFO] [stdout]   16:     0x61655cce1015 - test[9d35eded1c95d3be]::run_test::{closure#0}
[INFO] [stdout]   17:     0x61655ccda8d4 - std[70759c8f55707aa4]::sys::backtrace::__rust_begin_short_backtrace::<test[9d35eded1c95d3be]::run_test::{closure#1}, ()>
[INFO] [stdout]   18:     0x61655cce4172 - <std[70759c8f55707aa4]::thread::lifecycle::spawn_unchecked<test[9d35eded1c95d3be]::run_test::{closure#1}, ()>::{closure#1} as core[df12db4294e9bfd3]::ops::function::FnOnce<()>>::call_once::{shim:vtable#0}
[INFO] [stdout]   19:     0x61655cd4e279 - <std[70759c8f55707aa4]::sys::thread::unix::Thread>::new::thread_start
[INFO] [stdout]   20:     0x748f89175dfa - <unknown>
[INFO] [stdout]   21:     0x748f892093d4 - clone
[INFO] [stdout]   22:                0x0 - <unknown>
[INFO] [stdout] 
[INFO] [stdout] ---- wg_conf::tests::interface_0_not_key_value_lines_0_returns_unexpected_err stdout ----
[INFO] [stdout] 
[INFO] [stdout] thread 'wg_conf::tests::interface_0_not_key_value_lines_0_returns_unexpected_err' (192) panicked at src/wg_conf.rs:1678:56:
[INFO] [stdout] called `Result::unwrap()` on an `Err` value: Os { code: 30, kind: ReadOnlyFilesystem, message: "Read-only file system" }
[INFO] [stdout] stack backtrace:
[INFO] [stdout]    0:     0x61655cd4ea61 - <<std[70759c8f55707aa4]::sys::backtrace::BacktraceLock>::print::DisplayBacktrace as core[df12db4294e9bfd3]::fmt::Display>::fmt
[INFO] [stdout]    1:     0x61655cd63baa - core[df12db4294e9bfd3]::fmt::write
[INFO] [stdout]    2:     0x61655cd5310c - <alloc[2182bb758b4b3781]::vec::Vec<u8> as core[df12db4294e9bfd3]::io::write::Write>::write_fmt
[INFO] [stdout]    3:     0x61655cd29c96 - std[70759c8f55707aa4]::panicking::default_hook::{closure#0}
[INFO] [stdout]    4:     0x61655cd46439 - std[70759c8f55707aa4]::panicking::default_hook
[INFO] [stdout]    5:     0x61655cce06c0 - test[9d35eded1c95d3be]::test_main_inner::<test[9d35eded1c95d3be]::test_main_static::{closure#0}>::{closure#0}
[INFO] [stdout]    6:     0x61655cd465f2 - std[70759c8f55707aa4]::panicking::panic_with_hook
[INFO] [stdout]    7:     0x61655cd29d42 - std[70759c8f55707aa4]::panicking::panic_handler::{closure#0}
[INFO] [stdout]    8:     0x61655cd22849 - std[70759c8f55707aa4]::sys::backtrace::__rust_end_short_backtrace::<std[70759c8f55707aa4]::panicking::panic_handler::{closure#0}, !>
[INFO] [stdout]    9:     0x61655cd2aa2d - __rustc[8fa7c3cbc660c2b3]::rust_begin_unwind
[INFO] [stdout]   10:     0x61655cd642dc - core[df12db4294e9bfd3]::panicking::panic_fmt
[INFO] [stdout]   11:     0x61655cd640b2 - core[df12db4294e9bfd3]::result::unwrap_failed
[INFO] [stdout]   12:     0x61655ccaca56 - wg_config[8a963a7788801832]::wg_conf::tests::prepare_test_conf
[INFO] [stdout]   13:     0x61655ccbc7d0 - wg_config[8a963a7788801832]::wg_conf::tests::interface_0_not_key_value_lines_0_returns_unexpected_err
[INFO] [stdout]   14:     0x61655cccbca9 - <wg_config[8a963a7788801832]::wg_conf::tests::interface_0_not_key_value_lines_0_returns_unexpected_err::{closure#0} as core[df12db4294e9bfd3]::ops::function::FnOnce<()>>::call_once
[INFO] [stdout]   15:     0x61655ccd39ab - test[9d35eded1c95d3be]::__rust_begin_short_backtrace::<core[df12db4294e9bfd3]::result::Result<(), alloc[2182bb758b4b3781]::string::String>, fn() -> core[df12db4294e9bfd3]::result::Result<(), alloc[2182bb758b4b3781]::string::String>>
[INFO] [stdout]   16:     0x61655cce1015 - test[9d35eded1c95d3be]::run_test::{closure#0}
[INFO] [stdout]   17:     0x61655ccda8d4 - std[70759c8f55707aa4]::sys::backtrace::__rust_begin_short_backtrace::<test[9d35eded1c95d3be]::run_test::{closure#1}, ()>
[INFO] [stdout]   18:     0x61655cce4172 - <std[70759c8f55707aa4]::thread::lifecycle::spawn_unchecked<test[9d35eded1c95d3be]::run_test::{closure#1}, ()>::{closure#1} as core[df12db4294e9bfd3]::ops::function::FnOnce<()>>::call_once::{shim:vtable#0}
[INFO] [stdout]   19:     0x61655cd4e279 - <std[70759c8f55707aa4]::sys::thread::unix::Thread>::new::thread_start
[INFO] [stdout]   20:     0x748f89175dfa - <unknown>
[INFO] [stdout]   21:     0x748f892093d4 - clone
[INFO] [stdout]   22:                0x0 - <unknown>
[INFO] [stdout] 
[INFO] [stdout] ---- wg_conf::tests::remove_peer_by_pub_key_0_middle_peer stdout ----
[INFO] [stdout] 
[INFO] [stdout] thread 'wg_conf::tests::remove_peer_by_pub_key_0_middle_peer' (204) panicked at src/wg_conf.rs:1678:56:
[INFO] [stdout] called `Result::unwrap()` on an `Err` value: Os { code: 30, kind: ReadOnlyFilesystem, message: "Read-only file system" }
[INFO] [stdout] stack backtrace:
[INFO] [stdout]    0:     0x61655cd4ea61 - <<std[70759c8f55707aa4]::sys::backtrace::BacktraceLock>::print::DisplayBacktrace as core[df12db4294e9bfd3]::fmt::Display>::fmt
[INFO] [stdout]    1:     0x61655cd63baa - core[df12db4294e9bfd3]::fmt::write
[INFO] [stdout]    2:     0x61655cd5310c - <alloc[2182bb758b4b3781]::vec::Vec<u8> as core[df12db4294e9bfd3]::io::write::Write>::write_fmt
[INFO] [stdout]    3:     0x61655cd29c96 - std[70759c8f55707aa4]::panicking::default_hook::{closure#0}
[INFO] [stdout]    4:     0x61655cd46439 - std[70759c8f55707aa4]::panicking::default_hook
[INFO] [stdout]    5:     0x61655cce06c0 - test[9d35eded1c95d3be]::test_main_inner::<test[9d35eded1c95d3be]::test_main_static::{closure#0}>::{closure#0}
[INFO] [stdout]    6:     0x61655cd465f2 - std[70759c8f55707aa4]::panicking::panic_with_hook
[INFO] [stdout]    7:     0x61655cd29d42 - std[70759c8f55707aa4]::panicking::panic_handler::{closure#0}
[INFO] [stdout]    8:     0x61655cd22849 - std[70759c8f55707aa4]::sys::backtrace::__rust_end_short_backtrace::<std[70759c8f55707aa4]::panicking::panic_handler::{closure#0}, !>
[INFO] [stdout]    9:     0x61655cd2aa2d - __rustc[8fa7c3cbc660c2b3]::rust_begin_unwind
[INFO] [stdout]   10:     0x61655cd642dc - core[df12db4294e9bfd3]::panicking::panic_fmt
[INFO] [stdout]   11:     0x61655cd640b2 - core[df12db4294e9bfd3]::result::unwrap_failed
[INFO] [stdout]   12:     0x61655ccaca56 - wg_config[8a963a7788801832]::wg_conf::tests::prepare_test_conf
[INFO] [stdout]   13:     0x61655ccb746b - wg_config[8a963a7788801832]::wg_conf::tests::remove_peer_by_pub_key_0_middle_peer
[INFO] [stdout]   14:     0x61655cccbb89 - <wg_config[8a963a7788801832]::wg_conf::tests::remove_peer_by_pub_key_0_middle_peer::{closure#0} as core[df12db4294e9bfd3]::ops::function::FnOnce<()>>::call_once
[INFO] [stdout]   15:     0x61655ccd39ab - test[9d35eded1c95d3be]::__rust_begin_short_backtrace::<core[df12db4294e9bfd3]::result::Result<(), alloc[2182bb758b4b3781]::string::String>, fn() -> core[df12db4294e9bfd3]::result::Result<(), alloc[2182bb758b4b3781]::string::String>>
[INFO] [stdout]   16:     0x61655cce1015 - test[9d35eded1c95d3be]::run_test::{closure#0}
[INFO] [stdout]   17:     0x61655ccda8d4 - std[70759c8f55707aa4]::sys::backtrace::__rust_begin_short_backtrace::<test[9d35eded1c95d3be]::run_test::{closure#1}, ()>
[INFO] [stdout]   18:     0x61655cce4172 - <std[70759c8f55707aa4]::thread::lifecycle::spawn_unchecked<test[9d35eded1c95d3be]::run_test::{closure#1}, ()>::{closure#1} as core[df12db4294e9bfd3]::ops::function::FnOnce<()>>::call_once::{shim:vtable#0}
[INFO] [stdout]   19:     0x61655cd4e279 - <std[70759c8f55707aa4]::sys::thread::unix::Thread>::new::thread_start
[INFO] [stdout]   20:     0x748f89175dfa - <unknown>
[INFO] [stdout]   21:     0x748f892093d4 - clone
[INFO] [stdout]   22:                0x0 - <unknown>
[INFO] [stdout] 
[INFO] [stdout] ---- wg_conf::tests::remove_peer_by_pub_key_0_unexistent stdout ----
[INFO] [stdout] 
[INFO] [stdout] thread 'wg_conf::tests::remove_peer_by_pub_key_0_unexistent' (205) panicked at src/wg_conf.rs:1678:56:
[INFO] [stdout] called `Result::unwrap()` on an `Err` value: Os { code: 30, kind: ReadOnlyFilesystem, message: "Read-only file system" }
[INFO] [stdout] stack backtrace:
[INFO] [stdout]    0:     0x61655cd4ea61 - <<std[70759c8f55707aa4]::sys::backtrace::BacktraceLock>::print::DisplayBacktrace as core[df12db4294e9bfd3]::fmt::Display>::fmt
[INFO] [stdout]    1:     0x61655cd63baa - core[df12db4294e9bfd3]::fmt::write
[INFO] [stdout]    2:     0x61655cd5310c - <alloc[2182bb758b4b3781]::vec::Vec<u8> as core[df12db4294e9bfd3]::io::write::Write>::write_fmt
[INFO] [stdout]    3:     0x61655cd29c96 - std[70759c8f55707aa4]::panicking::default_hook::{closure#0}
[INFO] [stdout]    4:     0x61655cd46439 - std[70759c8f55707aa4]::panicking::default_hook
[INFO] [stdout]    5:     0x61655cce06c0 - test[9d35eded1c95d3be]::test_main_inner::<test[9d35eded1c95d3be]::test_main_static::{closure#0}>::{closure#0}
[INFO] [stdout]    6:     0x61655cd465f2 - std[70759c8f55707aa4]::panicking::panic_with_hook
[INFO] [stdout]    7:     0x61655cd29d42 - std[70759c8f55707aa4]::panicking::panic_handler::{closure#0}
[INFO] [stdout]    8:     0x61655cd22849 - std[70759c8f55707aa4]::sys::backtrace::__rust_end_short_backtrace::<std[70759c8f55707aa4]::panicking::panic_handler::{closure#0}, !>
[INFO] [stdout]    9:     0x61655cd2aa2d - __rustc[8fa7c3cbc660c2b3]::rust_begin_unwind
[INFO] [stdout]   10:     0x61655cd642dc - core[df12db4294e9bfd3]::panicking::panic_fmt
[INFO] [stdout]   11:     0x61655cd640b2 - core[df12db4294e9bfd3]::result::unwrap_failed
[INFO] [stdout]   12:     0x61655ccaca56 - wg_config[8a963a7788801832]::wg_conf::tests::prepare_test_conf
[INFO] [stdout]   13:     0x61655ccb6d56 - wg_config[8a963a7788801832]::wg_conf::tests::remove_peer_by_pub_key_0_unexistent
[INFO] [stdout]   14:     0x61655cccbb69 - <wg_config[8a963a7788801832]::wg_conf::tests::remove_peer_by_pub_key_0_unexistent::{closure#0} as core[df12db4294e9bfd3]::ops::function::FnOnce<()>>::call_once
[INFO] [stdout]   15:     0x61655ccd39ab - test[9d35eded1c95d3be]::__rust_begin_short_backtrace::<core[df12db4294e9bfd3]::result::Result<(), alloc[2182bb758b4b3781]::string::String>, fn() -> core[df12db4294e9bfd3]::result::Result<(), alloc[2182bb758b4b3781]::string::String>>
[INFO] [stdout]   16:     0x61655cce1015 - test[9d35eded1c95d3be]::run_test::{closure#0}
[INFO] [stdout]   17:     0x61655ccda8d4 - std[70759c8f55707aa4]::sys::backtrace::__rust_begin_short_backtrace::<test[9d35eded1c95d3be]::run_test::{closure#1}, ()>
[INFO] [stdout]   18:     0x61655cce4172 - <std[70759c8f55707aa4]::thread::lifecycle::spawn_unchecked<test[9d35eded1c95d3be]::run_test::{closure#1}, ()>::{closure#1} as core[df12db4294e9bfd3]::ops::function::FnOnce<()>>::call_once::{shim:vtable#0}
[INFO] [stdout]   19:     0x61655cd4e279 - <std[70759c8f55707aa4]::sys::thread::unix::Thread>::new::thread_start
[INFO] [stdout]   20:     0x748f89175dfa - <unknown>
[INFO] [stdout]   21:     0x748f892093d4 - clone
[INFO] [stdout]   22:                0x0 - <unknown>
[INFO] [stdout] 
[INFO] [stdout] ---- wg_conf::tests::create_0_common_scenario stdout ----
[INFO] [stdout] 
[INFO] [stdout] thread 'wg_conf::tests::create_0_common_scenario' (184) panicked at src/wg_conf.rs:860:43:
[INFO] [stdout] called `Result::unwrap()` on an `Err` value: WgEngineError("Couldn't generate No such file or directory (os error 2) key: private")
[INFO] [stdout] stack backtrace:
[INFO] [stdout]    0:     0x61655cd4ea61 - <<std[70759c8f55707aa4]::sys::backtrace::BacktraceLock>::print::DisplayBacktrace as core[df12db4294e9bfd3]::fmt::Display>::fmt
[INFO] [stdout]    1:     0x61655cd63baa - core[df12db4294e9bfd3]::fmt::write
[INFO] [stdout]    2:     0x61655cd5310c - <alloc[2182bb758b4b3781]::vec::Vec<u8> as core[df12db4294e9bfd3]::io::write::Write>::write_fmt
[INFO] [stdout]    3:     0x61655cd29c96 - std[70759c8f55707aa4]::panicking::default_hook::{closure#0}
[INFO] [stdout]    4:     0x61655cd46439 - std[70759c8f55707aa4]::panicking::default_hook
[INFO] [stdout]    5:     0x61655cce06c0 - test[9d35eded1c95d3be]::test_main_inner::<test[9d35eded1c95d3be]::test_main_static::{closure#0}>::{closure#0}
[INFO] [stdout]    6:     0x61655cd465f2 - std[70759c8f55707aa4]::panicking::panic_with_hook
[INFO] [stdout]    7:     0x61655cd29d42 - std[70759c8f55707aa4]::panicking::panic_handler::{closure#0}
[INFO] [stdout]    8:     0x61655cd22849 - std[70759c8f55707aa4]::sys::backtrace::__rust_end_short_backtrace::<std[70759c8f55707aa4]::panicking::panic_handler::{closure#0}, !>
[INFO] [stdout]    9:     0x61655cd2aa2d - __rustc[8fa7c3cbc660c2b3]::rust_begin_unwind
[INFO] [stdout]   10:     0x61655cd642dc - core[df12db4294e9bfd3]::panicking::panic_fmt
[INFO] [stdout]   11:     0x61655cd640b2 - core[df12db4294e9bfd3]::result::unwrap_failed
[INFO] [stdout]   12:     0x61655ccadbb3 - wg_config[8a963a7788801832]::wg_conf::tests::create_0_common_scenario
[INFO] [stdout]   13:     0x61655cccba29 - <wg_config[8a963a7788801832]::wg_conf::tests::create_0_common_scenario::{closure#0} as core[df12db4294e9bfd3]::ops::function::FnOnce<()>>::call_once
[INFO] [stdout]   14:     0x61655ccd39ab - test[9d35eded1c95d3be]::__rust_begin_short_backtrace::<core[df12db4294e9bfd3]::result::Result<(), alloc[2182bb758b4b3781]::string::String>, fn() -> core[df12db4294e9bfd3]::result::Result<(), alloc[2182bb758b4b3781]::string::String>>
[INFO] [stdout]   15:     0x61655cce1015 - test[9d35eded1c95d3be]::run_test::{closure#0}
[INFO] [stdout]   16:     0x61655ccda8d4 - std[70759c8f55707aa4]::sys::backtrace::__rust_begin_short_backtrace::<test[9d35eded1c95d3be]::run_test::{closure#1}, ()>
[INFO] [stdout]   17:     0x61655cce4172 - <std[70759c8f55707aa4]::thread::lifecycle::spawn_unchecked<test[9d35eded1c95d3be]::run_test::{closure#1}, ()>::{closure#1} as core[df12db4294e9bfd3]::ops::function::FnOnce<()>>::call_once::{shim:vtable#0}
[INFO] [stdout]   18:     0x61655cd4e279 - <std[70759c8f55707aa4]::sys::thread::unix::Thread>::new::thread_start
[INFO] [stdout]   19:     0x748f89175dfa - <unknown>
[INFO] [stdout]   20:     0x748f892093d4 - clone
[INFO] [stdout]   21:                0x0 - <unknown>
[INFO] [stdout] 
[INFO] [stdout] ---- wg_conf::tests::generate_peer_scenario_ip_endpoint stdout ----
[INFO] [stdout] 
[INFO] [stdout] thread 'wg_conf::tests::generate_peer_scenario_ip_endpoint' (189) panicked at src/wg_conf.rs:1678:56:
[INFO] [stdout] called `Result::unwrap()` on an `Err` value: Os { code: 30, kind: ReadOnlyFilesystem, message: "Read-only file system" }
[INFO] [stdout] stack backtrace:
[INFO] [stdout]    0:     0x61655cd4ea61 - <<std[70759c8f55707aa4]::sys::backtrace::BacktraceLock>::print::DisplayBacktrace as core[df12db4294e9bfd3]::fmt::Display>::fmt
[INFO] [stdout]    1:     0x61655cd63baa - core[df12db4294e9bfd3]::fmt::write
[INFO] [stdout]    2:     0x61655cd5310c - <alloc[2182bb758b4b3781]::vec::Vec<u8> as core[df12db4294e9bfd3]::io::write::Write>::write_fmt
[INFO] [stdout]    3:     0x61655cd29c96 - std[70759c8f55707aa4]::panicking::default_hook::{closure#0}
[INFO] [stdout]    4:     0x61655cd46439 - std[70759c8f55707aa4]::panicking::default_hook
[INFO] [stdout]    5:     0x61655cce06c0 - test[9d35eded1c95d3be]::test_main_inner::<test[9d35eded1c95d3be]::test_main_static::{closure#0}>::{closure#0}
[INFO] [stdout]    6:     0x61655cd465f2 - std[70759c8f55707aa4]::panicking::panic_with_hook
[INFO] [stdout]    7:     0x61655cd29d42 - std[70759c8f55707aa4]::panicking::panic_handler::{closure#0}
[INFO] [stdout]    8:     0x61655cd22849 - std[70759c8f55707aa4]::sys::backtrace::__rust_end_short_backtrace::<std[70759c8f55707aa4]::panicking::panic_handler::{closure#0}, !>
[INFO] [stdout]    9:     0x61655cd2aa2d - __rustc[8fa7c3cbc660c2b3]::rust_begin_unwind
[INFO] [stdout]   10:     0x61655cd642dc - core[df12db4294e9bfd3]::panicking::panic_fmt
[INFO] [stdout]   11:     0x61655cd640b2 - core[df12db4294e9bfd3]::result::unwrap_failed
[INFO] [stdout]   12:     0x61655ccaca56 - wg_config[8a963a7788801832]::wg_conf::tests::prepare_test_conf
[INFO] [stdout]   13:     0x61655ccb25aa - wg_config[8a963a7788801832]::wg_conf::tests::generate_peer_scenario_ip_endpoint
[INFO] [stdout]   14:     0x61655cccbae9 - <wg_config[8a963a7788801832]::wg_conf::tests::generate_peer_scenario_ip_endpoint::{closure#0} as core[df12db4294e9bfd3]::ops::function::FnOnce<()>>::call_once
[INFO] [stdout]   15:     0x61655ccd39ab - test[9d35eded1c95d3be]::__rust_begin_short_backtrace::<core[df12db4294e9bfd3]::result::Result<(), alloc[2182bb758b4b3781]::string::String>, fn() -> core[df12db4294e9bfd3]::result::Result<(), alloc[2182bb758b4b3781]::string::String>>
[INFO] [stdout]   16:     0x61655cce1015 - test[9d35eded1c95d3be]::run_test::{closure#0}
[INFO] [stdout]   17:     0x61655ccda8d4 - std[70759c8f55707aa4]::sys::backtrace::__rust_begin_short_backtrace::<test[9d35eded1c95d3be]::run_test::{closure#1}, ()>
[INFO] [stdout]   18:     0x61655cce4172 - <std[70759c8f55707aa4]::thread::lifecycle::spawn_unchecked<test[9d35eded1c95d3be]::run_test::{closure#1}, ()>::{closure#1} as core[df12db4294e9bfd3]::ops::function::FnOnce<()>>::call_once::{shim:vtable#0}
[INFO] [stdout]   19:     0x61655cd4e279 - <std[70759c8f55707aa4]::sys::thread::unix::Thread>::new::thread_start
[INFO] [stdout]   20:     0x748f89175dfa - <unknown>
[INFO] [stdout]   21:     0x748f892093d4 - clone
[INFO] [stdout]   22:                0x0 - <unknown>
[INFO] [stdout] 
[INFO] [stdout] 
[INFO] [stdout] failures:
[INFO] [stdout]     keys::tests::generate_preshared_key
[INFO] [stdout]     keys::tests::generate_private_key
[INFO] [stdout]     keys::tests::generate_public_key
[INFO] [stdout]     wg_conf::tests::add_peer_0_already_exists
[INFO] [stdout]     wg_conf::tests::add_peer_0_common_scenario
[INFO] [stdout]     wg_conf::tests::create_0_common_scenario
[INFO] [stdout]     wg_conf::tests::create_0_doesnt_overwrite
[INFO] [stdout]     wg_conf::tests::generate_peer_scenario_domain_endpoint
[INFO] [stdout]     wg_conf::tests::generate_peer_scenario_ip_endpoint
[INFO] [stdout]     wg_conf::tests::interface_0_common_scenario
[INFO] [stdout]     wg_conf::tests::interface_0_empty_double_not_interface_kv_0_returns_ok
[INFO] [stdout]     wg_conf::tests::interface_0_not_key_value_lines_0_returns_unexpected_err
[INFO] [stdout]     wg_conf::tests::open_0_bad_interface_tag_0_returns_not_wg_conf
[INFO] [stdout]     wg_conf::tests::open_0_common_scenario
[INFO] [stdout]     wg_conf::tests::open_0_invalid_extension_0_returns_not_wg_conf
[INFO] [stdout]     wg_conf::tests::peers_iter_0_common_scenario
[INFO] [stdout]     wg_conf::tests::peers_iter_0_every_iter_0_keeps_same_error
[INFO] [stdout]     wg_conf::tests::peers_iter_0_no_peers_0_returns_no_err
[INFO] [stdout]     wg_conf::tests::remove_peer_by_pub_key_0_first_peer
[INFO] [stdout]     wg_conf::tests::remove_peer_by_pub_key_0_last_peer
[INFO] [stdout]     wg_conf::tests::remove_peer_by_pub_key_0_middle_peer
[INFO] [stdout]     wg_conf::tests::remove_peer_by_pub_key_0_unexistent
[INFO] [stdout]     wg_conf::tests::update_interface_0_common_scenario
[INFO] [stdout]     wg_conf::tests::update_peer_0_same_len_0_removes_and_adds_to_end
[INFO] [stdout] 
[INFO] [stdout] test result: FAILED. 7 passed; 24 failed; 0 ignored; 0 measured; 0 filtered out; finished in 0.04s
[INFO] [stdout] 
[INFO] [stderr] error: test failed, to rerun pass `--lib`
[INFO] running `Command { std: "docker" "inspect" "5d1ff1d801d262a81ec74ad3de893090445fa4b830b63f7223afd29e1fb0fa6b", kill_on_drop: false }`
[INFO] running `Command { std: "docker" "rm" "-f" "5d1ff1d801d262a81ec74ad3de893090445fa4b830b63f7223afd29e1fb0fa6b", kill_on_drop: false }`
[INFO] [stdout] 5d1ff1d801d262a81ec74ad3de893090445fa4b830b63f7223afd29e1fb0fa6b
