[INFO] fetching crate welog_rs 1.0.4...
[INFO] testing welog_rs-1.0.4 against 1.100.0-beta.1+cargoflags=--release for beta-release-1.100-2
[INFO] extracting crate welog_rs 1.0.4 into /workspace/builds/worker-6-tc2/source
[INFO] started tweaking crates.io crate welog_rs 1.0.4
[INFO] removed 0 missing tests
[INFO] finished tweaking crates.io crate welog_rs 1.0.4
[INFO] tweaked toml for crates.io crate welog_rs 1.0.4 written to /workspace/builds/worker-6-tc2/source/Cargo.toml
[INFO] validating manifest of crates.io crate welog_rs 1.0.4 on toolchain 1.100.0-beta.1
[INFO] running `Command { std: CARGO_HOME="/workspace/cargo-home" RUSTUP_HOME="/workspace/rustup-home" "/workspace/cargo-home/bin/cargo" "+1.100.0-beta.1" "metadata" "--manifest-path" "Cargo.toml" "--no-deps", kill_on_drop: false }`
[INFO] crate crates.io crate welog_rs 1.0.4 already has a lockfile, it will not be regenerated
[INFO] running `Command { std: CARGO_HOME="/workspace/cargo-home" RUSTUP_HOME="/workspace/rustup-home" "/workspace/cargo-home/bin/cargo" "+1.100.0-beta.1" "fetch" "--manifest-path" "Cargo.toml", kill_on_drop: false }`
[INFO] running `Command { std: "docker" "create" "-v" "/var/lib/crater-agent-workspace/builds/worker-6-tc2/source:/opt/rustwide/workdir:ro,Z" "-v" "/var/lib/crater-agent-workspace/builds/worker-6-tc2/target:/opt/rustwide/target:rw,Z" "-v" "/var/lib/crater-agent-workspace/cargo-home:/opt/rustwide/cargo-home:ro,Z" "-v" "/var/lib/crater-agent-workspace/rustup-home:/opt/rustwide/rustup-home:ro,Z" "-m" "1610612736" "--network" "none" "ghcr.io/rust-lang/crates-build-env/linux@sha256:77db811e55d90add9212f6832c23229e3de5f1c1f9905e8cb07319ea15df73ac" "sleep" "infinity", kill_on_drop: false }`
[INFO] [stdout] 1749061224b29ea7c56c9db0d4158ac115a3c554dc24b51c20c12e56e5ad091f
[INFO] running `Command { std: "docker" "start" "1749061224b29ea7c56c9db0d4158ac115a3c554dc24b51c20c12e56e5ad091f", kill_on_drop: false }`
[INFO] running `Command { std: "docker" "inspect" "1749061224b29ea7c56c9db0d4158ac115a3c554dc24b51c20c12e56e5ad091f", kill_on_drop: false }`
[INFO] running `Command { std: "docker" "exec" "-e" "SOURCE_DIR=/opt/rustwide/workdir" "-e" "CARGO_HOME=/opt/rustwide/cargo-home" "-e" "RUSTUP_HOME=/opt/rustwide/rustup-home" "-e" "CARGO_TARGET_DIR=/opt/rustwide/target" "-w" "/opt/rustwide/workdir" "--user" "0:0" "1749061224b29ea7c56c9db0d4158ac115a3c554dc24b51c20c12e56e5ad091f" "/opt/rustwide/cargo-home/bin/cargo" "+1.100.0-beta.1" "metadata" "--no-deps" "--format-version=1", kill_on_drop: false }`
[INFO] running `Command { std: "docker" "inspect" "1749061224b29ea7c56c9db0d4158ac115a3c554dc24b51c20c12e56e5ad091f", kill_on_drop: false }`
[INFO] running `Command { std: "docker" "exec" "-e" "SOURCE_DIR=/opt/rustwide/workdir" "-e" "CARGO_HOME=/opt/rustwide/cargo-home" "-e" "RUSTUP_HOME=/opt/rustwide/rustup-home" "-e" "CARGO_TARGET_DIR=/opt/rustwide/target" "-e" "CARGO_INCREMENTAL=0" "-e" "RUST_BACKTRACE=full" "-e" "RUSTFLAGS=--cap-lints=warn" "-e" "RUSTDOCFLAGS=--cap-lints=warn" "-w" "/opt/rustwide/workdir" "--user" "0:0" "1749061224b29ea7c56c9db0d4158ac115a3c554dc24b51c20c12e56e5ad091f" "/opt/rustwide/cargo-home/bin/cargo" "+1.100.0-beta.1" "build" "--frozen" "--message-format=json" "--release", kill_on_drop: false }`
[INFO] [stderr]    Compiling http v1.4.0
[INFO] [stderr]    Compiling tracing-core v0.1.35
[INFO] [stderr]    Compiling syn v2.0.111
[INFO] [stderr]    Compiling cc v1.2.48
[INFO] [stderr]    Compiling futures-task v0.3.31
[INFO] [stderr]    Compiling futures-channel v0.3.31
[INFO] [stderr]    Compiling parking_lot_core v0.9.12
[INFO] [stderr]    Compiling serde_json v1.0.145
[INFO] [stderr]    Compiling getrandom v0.2.16
[INFO] [stderr]    Compiling rustls-pki-types v1.13.1
[INFO] [stderr]    Compiling simd-adler32 v0.3.7
[INFO] [stderr]    Compiling serde_path_to_error v0.1.20
[INFO] [stderr]    Compiling getrandom v0.3.4
[INFO] [stderr]    Compiling whoami v2.1.0
[INFO] [stderr]    Compiling futures-util v0.3.31
[INFO] [stderr]    Compiling uuid v1.19.0
[INFO] [stderr]    Compiling miniz_oxide v0.8.9
[INFO] [stderr]    Compiling parking_lot v0.12.5
[INFO] [stderr]    Compiling webpki-roots v1.0.4
[INFO] [stderr]    Compiling flate2 v1.1.6
[INFO] [stderr]    Compiling ring v0.17.14
[INFO] [stderr]    Compiling http-body v1.0.1
[INFO] [stderr]    Compiling ureq-proto v0.5.3
[INFO] [stderr]    Compiling http-body-util v0.1.3
[INFO] [stderr]    Compiling tokio-macros v2.6.0
[INFO] [stderr]    Compiling tracing-attributes v0.1.31
[INFO] [stderr]    Compiling serde_derive v1.0.228
[INFO] [stderr]    Compiling axum-macros v0.5.0
[INFO] [stderr]    Compiling pin-project-internal v1.1.10
[INFO] [stderr]    Compiling async-trait v0.1.89
[INFO] [stderr]    Compiling tokio v1.48.0
[INFO] [stderr]    Compiling pin-project v1.1.10
[INFO] [stderr]    Compiling tracing v0.1.43
[INFO] [stderr]    Compiling axum-core v0.5.5
[INFO] [stderr]    Compiling serde v1.0.228
[INFO] [stderr]    Compiling serde_urlencoded v0.7.1
[INFO] [stderr]    Compiling chrono v0.4.42
[INFO] [stderr]    Compiling tokio-util v0.7.17
[INFO] [stderr]    Compiling tokio-stream v0.1.17
[INFO] [stderr]    Compiling h2 v0.4.12
[INFO] [stderr]    Compiling tower v0.5.2
[INFO] [stderr]    Compiling rustls v0.23.35
[INFO] [stderr]    Compiling rustls-webpki v0.103.8
[INFO] [stderr]    Compiling hyper v1.8.1
[INFO] [stderr]    Compiling hyper-util v0.1.19
[INFO] [stderr]    Compiling ureq v3.1.4
[INFO] [stderr]    Compiling axum v0.8.7
[INFO] [stderr]    Compiling hyper-timeout v0.5.2
[INFO] [stderr]    Compiling tonic v0.14.2
[INFO] [stderr]    Compiling welog_rs v1.0.4 (/opt/rustwide/workdir)
[INFO] [stderr]     Finished `release` profile [optimized] target(s) in 1m 26s
[INFO] running `Command { std: "docker" "inspect" "1749061224b29ea7c56c9db0d4158ac115a3c554dc24b51c20c12e56e5ad091f", kill_on_drop: false }`
[INFO] running `Command { std: "docker" "exec" "-e" "SOURCE_DIR=/opt/rustwide/workdir" "-e" "CARGO_HOME=/opt/rustwide/cargo-home" "-e" "RUSTUP_HOME=/opt/rustwide/rustup-home" "-e" "CARGO_TARGET_DIR=/opt/rustwide/target" "-e" "CARGO_INCREMENTAL=0" "-e" "RUST_BACKTRACE=full" "-e" "RUSTFLAGS=--cap-lints=warn" "-e" "RUSTDOCFLAGS=--cap-lints=warn" "-w" "/opt/rustwide/workdir" "--user" "0:0" "1749061224b29ea7c56c9db0d4158ac115a3c554dc24b51c20c12e56e5ad091f" "/opt/rustwide/cargo-home/bin/cargo" "+1.100.0-beta.1" "test" "--frozen" "--no-run" "--message-format=json" "--release", kill_on_drop: false }`
[INFO] [stderr]    Compiling rustix v1.1.2
[INFO] [stderr]    Compiling jmpln v0.1.0
[INFO] [stderr]    Compiling tempfile v3.23.0
[INFO] [stderr]    Compiling welog_rs v1.0.4 (/opt/rustwide/workdir)
[INFO] [stderr]     Finished `release` profile [optimized] target(s) in 11.59s
[INFO] running `Command { std: "docker" "inspect" "1749061224b29ea7c56c9db0d4158ac115a3c554dc24b51c20c12e56e5ad091f", kill_on_drop: false }`
[INFO] running `Command { std: "docker" "exec" "-e" "SOURCE_DIR=/opt/rustwide/workdir" "-e" "CARGO_HOME=/opt/rustwide/cargo-home" "-e" "RUSTUP_HOME=/opt/rustwide/rustup-home" "-e" "CARGO_TARGET_DIR=/opt/rustwide/target" "-e" "CARGO_INCREMENTAL=0" "-e" "RUST_BACKTRACE=full" "-e" "RUSTFLAGS=--cap-lints=warn" "-e" "RUSTDOCFLAGS=--cap-lints=warn" "-w" "/opt/rustwide/workdir" "--user" "0:0" "1749061224b29ea7c56c9db0d4158ac115a3c554dc24b51c20c12e56e5ad091f" "/opt/rustwide/cargo-home/bin/cargo" "+1.100.0-beta.1" "test" "--frozen" "--release", kill_on_drop: false }`
[INFO] [stderr]     Finished `release` profile [optimized] target(s) in 0.18s
[INFO] [stderr]      Running unittests src/main.rs (/opt/rustwide/target/release/build/welog_rs/90821a075ce297bf/out/welog_rs-90821a075ce297bf)
[INFO] [stdout] 
[INFO] [stderr]      Running tests/axum_extra.rs (/opt/rustwide/target/release/build/welog_rs/945fe136d5e262d6/out/axum_extra-945fe136d5e262d6)
[INFO] [stdout] running 0 tests
[INFO] [stdout] 
[INFO] [stdout] test result: ok. 0 passed; 0 failed; 0 ignored; 0 measured; 0 filtered out; finished in 0.00s
[INFO] [stdout] 
[INFO] [stdout] 
[INFO] [stdout] running 5 tests
[INFO] [stdout] test axum_middleware_propagates_inner_error ... ok
[INFO] [stdout] test axum_middleware_handles_response_body_error ... ok
[INFO] [stdout] test axum_middleware_parses_request_and_response_json ... ok
[INFO] [stdout] test axum_middleware_handles_body_errors_and_json ... ok
[INFO] [stdout] test axum_middleware_header_value_error_falls_back ... ok
[INFO] [stdout] 
[INFO] [stdout] test result: ok. 5 passed; 0 failed; 0 ignored; 0 measured; 0 filtered out; finished in 0.04s
[INFO] [stdout] 
[INFO] [stderr]      Running tests/config.rs (/opt/rustwide/target/release/build/welog_rs/19d398725b3d57bf/out/config-19d398725b3d57bf)
[INFO] [stdout] 
[INFO] [stderr]      Running tests/grpc_extra.rs (/opt/rustwide/target/release/build/welog_rs/beeddfa868bd7aed/out/grpc_extra-beeddfa868bd7aed)
[INFO] [stdout] running 1 test
[INFO] [stdout] test set_config_updates_environment ... ok
[INFO] [stdout] 
[INFO] [stdout] test result: ok. 1 passed; 0 failed; 0 ignored; 0 measured; 0 filtered out; finished in 0.00s
[INFO] [stdout] 
[INFO] [stdout] 
[INFO] [stdout] running 5 tests
[INFO] [stdout] test grpc_context_methods_are_accessible ... ok
[INFO] [stdout] test grpc_interceptor_preserves_existing_request_id ... ok
[INFO] [stdout] test grpc_unary_logs_error_path_and_bad_serialize ... ok
[INFO] [stdout] test grpc_log_client_appends_target_log ... ok
[INFO] [stderr]      Running tests/logger_channels.rs (/opt/rustwide/target/release/build/welog_rs/0d03c6bfd0ecc19a/out/logger_channels-0d03c6bfd0ecc19a)
[INFO] [stdout] test grpc_stream_logging_ok_and_err ... ok
[INFO] [stdout] 
[INFO] [stdout] test result: ok. 5 passed; 0 failed; 0 ignored; 0 measured; 0 filtered out; finished in 0.02s
[INFO] [stdout] 
[INFO] [stdout] 
[INFO] [stdout] running 3 tests
[INFO] [stdout] test logger_reports_channel_disconnected ... ok
[INFO] [stderr]      Running tests/logger_elastic.rs (/opt/rustwide/target/release/build/welog_rs/bae94713868674a9/out/logger_elastic-bae94713868674a9)
[INFO] [stdout] test logger_reports_channel_full ... ok
[INFO] [stdout] test logger_reports_stdout_serialize_error ... ok
[INFO] [stdout] 
[INFO] [stdout] test result: ok. 3 passed; 0 failed; 0 ignored; 0 measured; 0 filtered out; finished in 0.01s
[INFO] [stdout] 
[INFO] [stdout] 
[INFO] [stdout] running 4 tests
[INFO] [stdout] test send_to_elastic_non_success_response ... ok
[INFO] [stdout] test send_to_elastic_status_error ... ok
[INFO] [stdout] test send_to_elastic_io_error ... ok
[INFO] [stdout] test send_to_elastic_success ... ok
[INFO] [stderr]      Running tests/logger_elastic_no_auth.rs (/opt/rustwide/target/release/build/welog_rs/5526e0df15d075da/out/logger_elastic_no_auth-5526e0df15d075da)
[INFO] [stdout] 
[INFO] [stdout] test result: ok. 4 passed; 0 failed; 0 ignored; 0 measured; 0 filtered out; finished in 0.04s
[INFO] [stdout] 
[INFO] [stdout] 
[INFO] [stdout] running 0 tests
[INFO] [stdout] 
[INFO] [stdout] test result: ok. 0 passed; 0 failed; 0 ignored; 0 measured; 0 filtered out; finished in 0.00s
[INFO] [stdout] 
[INFO] [stderr]      Running tests/logger_fallback.rs (/opt/rustwide/target/release/build/welog_rs/4a602b05b57e0786/out/logger_fallback-4a602b05b57e0786)
[INFO] [stdout] 
[INFO] [stdout] running 4 tests
[INFO] [stdout] test fallback_serialization_error_returns_empty_bytes ... ok
[INFO] [stdout] test fallback_write_error_is_reported ... ok
[INFO] [stdout] test duration_negative_returns_none ... ok
[INFO] [stdout] test fallback_trims_oldest_lines ... FAILED
[INFO] [stdout] 
[INFO] [stdout] failures:
[INFO] [stdout] 
[INFO] [stdout] ---- fallback_trims_oldest_lines stdout ----
[INFO] [stdout] 
[INFO] [stdout] thread 'fallback_trims_oldest_lines' (2010) panicked at tests/logger_fallback.rs:83:41:
[INFO] [stdout] called `Result::unwrap()` on an `Err` value: Os { code: 30, kind: ReadOnlyFilesystem, message: "Read-only file system" }
[INFO] [stdout] stack backtrace:
[INFO] [stdout]    0:     0x5e976bfd0461 - <<std[617be2ca0a6fd877]::sys::backtrace::BacktraceLock>::print::DisplayBacktrace as core[a373ad73a504971]::fmt::Display>::fmt
[INFO] [stdout]    1:     0x5e976bfe674a - core[a373ad73a504971]::fmt::write
[INFO] [stdout]    2:     0x5e976bfd4ccc - <alloc[2e1b2a31b91974c5]::vec::Vec<u8> as core[a373ad73a504971]::io::write::Write>::write_fmt
[INFO] [stdout]    3:     0x5e976bfa8ef6 - std[617be2ca0a6fd877]::panicking::default_hook::{closure#0}
[INFO] [stdout]    4:     0x5e976bfc6e09 - std[617be2ca0a6fd877]::panicking::default_hook
[INFO] [stdout]    5:     0x5e976bdf1000 - test[aada8e7e76ba119b]::test_main_inner::{closure#0}
[INFO] [stdout]    6:     0x5e976bfc6fc2 - std[617be2ca0a6fd877]::panicking::panic_with_hook
[INFO] [stdout]    7:     0x5e976bfa8fa2 - std[617be2ca0a6fd877]::panicking::panic_handler::{closure#0}
[INFO] [stdout]    8:     0x5e976bfa16a9 - std[617be2ca0a6fd877]::sys::backtrace::__rust_end_short_backtrace::<std[617be2ca0a6fd877]::panicking::panic_handler::{closure#0}, !>
[INFO] [stdout]    9:     0x5e976bfa9f2d - __rustc[ea4f61d10b84890b]::rust_begin_unwind
[INFO] [stdout]   10:     0x5e976bfe6e7c - core[a373ad73a504971]::panicking::panic_fmt
[INFO] [stdout]   11:     0x5e976bfe6c52 - core[a373ad73a504971]::result::unwrap_failed
[INFO] [stdout]   12:     0x5e976bde0ef9 - <logger_fallback[afde44abff8652b9]::fallback_trims_oldest_lines::{closure#0} as core[a373ad73a504971]::ops::function::FnOnce<()>>::call_once
[INFO] [stdout]   13:     0x5e976bde444b - test[aada8e7e76ba119b]::__rust_begin_short_backtrace::<core[a373ad73a504971]::result::Result<(), alloc[2e1b2a31b91974c5]::string::String>, fn() -> core[a373ad73a504971]::result::Result<(), alloc[2e1b2a31b91974c5]::string::String>>
[INFO] [stdout]   14:     0x5e976bdf1625 - test[aada8e7e76ba119b]::run_test::{closure#0}
[INFO] [stdout]   15:     0x5e976bdeaf14 - std[617be2ca0a6fd877]::sys::backtrace::__rust_begin_short_backtrace::<test[aada8e7e76ba119b]::run_test::{closure#1}, ()>
[INFO] [stdout]   16:     0x5e976bdf46b2 - <std[617be2ca0a6fd877]::thread::lifecycle::spawn_unchecked<test[aada8e7e76ba119b]::run_test::{closure#1}, ()>::{closure#1} as core[a373ad73a504971]::ops::function::FnOnce<()>>::call_once::{shim:vtable#0}
[INFO] [stdout]   17:     0x5e976bfcef1f - <std[617be2ca0a6fd877]::sys::thread::unix::Thread>::new::thread_start
[INFO] [stdout]   18:     0x7123a8b91dfa - <unknown>
[INFO] [stdout]   19:     0x7123a8c253d4 - clone
[INFO] [stdout]   20:                0x0 - <unknown>
[INFO] [stdout] 
[INFO] [stdout] 
[INFO] [stdout] failures:
[INFO] [stdout]     fallback_trims_oldest_lines
[INFO] [stdout] 
[INFO] [stdout] test result: FAILED. 3 passed; 1 failed; 0 ignored; 0 measured; 0 filtered out; finished in 4.07s
[INFO] [stdout] 
[INFO] [stderr] error: test failed, to rerun pass `--test logger_fallback`
[INFO] running `Command { std: "docker" "inspect" "1749061224b29ea7c56c9db0d4158ac115a3c554dc24b51c20c12e56e5ad091f", kill_on_drop: false }`
[INFO] running `Command { std: "docker" "rm" "-f" "1749061224b29ea7c56c9db0d4158ac115a3c554dc24b51c20c12e56e5ad091f", kill_on_drop: false }`
[INFO] [stdout] 1749061224b29ea7c56c9db0d4158ac115a3c554dc24b51c20c12e56e5ad091f
