[INFO] fetching crate wellington 0.0.1...
[INFO] testing wellington-0.0.1 against 1.99.0-beta.8+cargoflags=--release for beta-release-1.100-2
[INFO] extracting crate wellington 0.0.1 into /workspace/builds/worker-0-tc1/source
[INFO] started tweaking crates.io crate wellington 0.0.1
[INFO] finished tweaking crates.io crate wellington 0.0.1
[INFO] tweaked toml for crates.io crate wellington 0.0.1 written to /workspace/builds/worker-0-tc1/source/Cargo.toml
[INFO] validating manifest of crates.io crate wellington 0.0.1 on toolchain 1.99.0-beta.8
[INFO] running `Command { std: CARGO_HOME="/workspace/cargo-home" RUSTUP_HOME="/workspace/rustup-home" "/workspace/cargo-home/bin/cargo" "+1.99.0-beta.8" "metadata" "--manifest-path" "Cargo.toml" "--no-deps", kill_on_drop: false }`
[INFO] running `Command { std: CARGO_HOME="/workspace/cargo-home" RUSTUP_HOME="/workspace/rustup-home" "/workspace/cargo-home/bin/cargo" "+1.99.0-beta.8" "generate-lockfile" "--manifest-path" "Cargo.toml", kill_on_drop: false }`
[INFO] [stderr]     Updating crates.io index
[INFO] [stderr]      Locking 79 packages to highest compatible versions
[INFO] [stderr]       Adding handlebars v1.1.0 (available: v6.4.4)
[INFO] [stderr]       Adding itertools v0.7.11 (available: v0.15.0)
[INFO] [stderr]       Adding psm v0.1.24 (available: v0.1.32)
[INFO] [stderr]       Adding pulldown-cmark v0.1.2 (available: v0.13.4)
[INFO] [stderr]       Adding url v1.7.2 (available: v2.5.8)
[INFO] running `Command { std: CARGO_HOME="/workspace/cargo-home" RUSTUP_HOME="/workspace/rustup-home" "/workspace/cargo-home/bin/cargo" "+1.99.0-beta.8" "fetch" "--manifest-path" "Cargo.toml", kill_on_drop: false }`
[INFO] [stderr] warning: Cargo.toml: `package.edition` is unspecified, defaulting to `2015` while the latest is `2024`
[INFO] [stderr] warning: `wellington` (manifest) generated 1 warning
[INFO] [stderr]  Downloading crates ...
[INFO] [stderr]   Downloaded url_serde v0.2.0
[INFO] [stderr]   Downloaded bitflags v0.9.1
[INFO] [stderr]   Downloaded itertools v0.7.11
[INFO] [stderr]   Downloaded pulldown-cmark v0.1.2
[INFO] [stderr]   Downloaded handlebars v1.1.0
[INFO] running `Command { std: "docker" "create" "-v" "/var/lib/crater-agent-workspace/builds/worker-0-tc1/source:/opt/rustwide/workdir:ro,Z" "-v" "/var/lib/crater-agent-workspace/builds/worker-0-tc1/target:/opt/rustwide/target:rw,Z" "-v" "/var/lib/crater-agent-workspace/cargo-home:/opt/rustwide/cargo-home:ro,Z" "-v" "/var/lib/crater-agent-workspace/rustup-home:/opt/rustwide/rustup-home:ro,Z" "-m" "1610612736" "--network" "none" "ghcr.io/rust-lang/crates-build-env/linux@sha256:77db811e55d90add9212f6832c23229e3de5f1c1f9905e8cb07319ea15df73ac" "sleep" "infinity", kill_on_drop: false }`
[INFO] [stdout] 0da9f98a86d41ab642dcb6476c48dc7ebee4d8f7cc033ac4b07e921a8da4d1a8
[INFO] running `Command { std: "docker" "start" "0da9f98a86d41ab642dcb6476c48dc7ebee4d8f7cc033ac4b07e921a8da4d1a8", kill_on_drop: false }`
[INFO] running `Command { std: "docker" "inspect" "0da9f98a86d41ab642dcb6476c48dc7ebee4d8f7cc033ac4b07e921a8da4d1a8", kill_on_drop: false }`
[INFO] running `Command { std: "docker" "exec" "-e" "SOURCE_DIR=/opt/rustwide/workdir" "-e" "CARGO_HOME=/opt/rustwide/cargo-home" "-e" "RUSTUP_HOME=/opt/rustwide/rustup-home" "-e" "CARGO_TARGET_DIR=/opt/rustwide/target" "-w" "/opt/rustwide/workdir" "--user" "0:0" "0da9f98a86d41ab642dcb6476c48dc7ebee4d8f7cc033ac4b07e921a8da4d1a8" "/opt/rustwide/cargo-home/bin/cargo" "+1.99.0-beta.8" "metadata" "--no-deps" "--format-version=1", kill_on_drop: false }`
[INFO] running `Command { std: "docker" "inspect" "0da9f98a86d41ab642dcb6476c48dc7ebee4d8f7cc033ac4b07e921a8da4d1a8", kill_on_drop: false }`
[INFO] running `Command { std: "docker" "exec" "-e" "SOURCE_DIR=/opt/rustwide/workdir" "-e" "CARGO_HOME=/opt/rustwide/cargo-home" "-e" "RUSTUP_HOME=/opt/rustwide/rustup-home" "-e" "CARGO_TARGET_DIR=/opt/rustwide/target" "-e" "CARGO_INCREMENTAL=0" "-e" "RUST_BACKTRACE=full" "-e" "RUSTFLAGS=--cap-lints=warn" "-e" "RUSTDOCFLAGS=--cap-lints=warn" "-w" "/opt/rustwide/workdir" "--user" "0:0" "0da9f98a86d41ab642dcb6476c48dc7ebee4d8f7cc033ac4b07e921a8da4d1a8" "/opt/rustwide/cargo-home/bin/cargo" "+1.99.0-beta.8" "build" "--frozen" "--message-format=json" "--release", kill_on_drop: false }`
[INFO] [stderr] warning: Cargo.toml: `package.edition` is unspecified, defaulting to `2015` while the latest is `2024`
[INFO] [stderr] warning: `wellington` (manifest) generated 1 warning
[INFO] [stderr]    Compiling memchr v2.8.3
[INFO] [stderr]    Compiling ucd-trie v0.1.7
[INFO] [stderr]    Compiling libc v0.2.191
[INFO] [stderr]    Compiling aho-corasick v1.1.5
[INFO] [stderr]    Compiling psm v0.1.24
[INFO] [stderr]    Compiling stacker v0.1.25
[INFO] [stderr]    Compiling matches v0.1.10
[INFO] [stderr]    Compiling percent-encoding v1.0.1
[INFO] [stderr]    Compiling pulldown-cmark v0.1.2
[INFO] [stderr]    Compiling getopts v0.2.24
[INFO] [stderr]    Compiling serde_json v1.0.154
[INFO] [stderr]    Compiling syn v3.0.9
[INFO] [stderr]    Compiling csv-core v0.1.13
[INFO] [stderr]    Compiling bitflags v0.9.1
[INFO] [stderr]    Compiling either v1.19.0
[INFO] [stderr]    Compiling idna v0.1.5
[INFO] [stderr]    Compiling itertools v0.7.11
[INFO] [stderr]    Compiling csv v1.4.0
[INFO] [stderr]    Compiling pest v2.9.4
[INFO] [stderr]    Compiling url v1.7.2
[INFO] [stderr]    Compiling url_serde v0.2.0
[INFO] [stderr]    Compiling regex-automata v0.4.18
[INFO] [stderr]    Compiling pest_meta v2.9.4
[INFO] [stderr]    Compiling serde_derive v1.0.229
[INFO] [stderr]    Compiling pest_generator v2.9.4
[INFO] [stderr]    Compiling pest_derive v2.9.4
[INFO] [stderr]    Compiling regex v1.13.1
[INFO] [stderr]    Compiling handlebars v1.1.0
[INFO] [stderr]    Compiling wellington v0.0.1 (/opt/rustwide/workdir)
[INFO] [stdout] warning: trait objects without an explicit `dyn` are deprecated
[INFO] [stdout]   --> src/templates.rs:78:26
[INFO] [stdout]    |
[INFO] [stdout] 78 |                out: &mut Output) -> HelperResult {
[INFO] [stdout]    |                          ^^^^^^
[INFO] [stdout]    |
[INFO] [stdout]    = warning: this is accepted in the current edition (Rust 2015) but is a hard error in Rust 2021!
[INFO] [stdout]    = note: for more information, see <https://doc.rust-lang.org/edition-guide/rust-2021/warnings-promoted-to-error.html>
[INFO] [stdout]    = note: `#[warn(bare_trait_objects)]` (part of `#[warn(rust_2021_compatibility)]`) on by default
[INFO] [stdout] help: if this is a dyn-compatible trait, use `dyn`
[INFO] [stdout]    |
[INFO] [stdout] 78 |                out: &mut dyn Output) -> HelperResult {
[INFO] [stdout]    |                          +++
[INFO] [stdout] 
[INFO] [stdout] 
[INFO] [stderr]     Finished `release` profile [optimized] target(s) in 43.84s
[INFO] running `Command { std: "docker" "inspect" "0da9f98a86d41ab642dcb6476c48dc7ebee4d8f7cc033ac4b07e921a8da4d1a8", kill_on_drop: false }`
[INFO] running `Command { std: "docker" "exec" "-e" "SOURCE_DIR=/opt/rustwide/workdir" "-e" "CARGO_HOME=/opt/rustwide/cargo-home" "-e" "RUSTUP_HOME=/opt/rustwide/rustup-home" "-e" "CARGO_TARGET_DIR=/opt/rustwide/target" "-e" "CARGO_INCREMENTAL=0" "-e" "RUST_BACKTRACE=full" "-e" "RUSTFLAGS=--cap-lints=warn" "-e" "RUSTDOCFLAGS=--cap-lints=warn" "-w" "/opt/rustwide/workdir" "--user" "0:0" "0da9f98a86d41ab642dcb6476c48dc7ebee4d8f7cc033ac4b07e921a8da4d1a8" "/opt/rustwide/cargo-home/bin/cargo" "+1.99.0-beta.8" "test" "--frozen" "--no-run" "--message-format=json" "--release", kill_on_drop: false }`
[INFO] [stderr] warning: Cargo.toml: `package.edition` is unspecified, defaulting to `2015` while the latest is `2024`
[INFO] [stderr] warning: `wellington` (manifest) generated 1 warning
[INFO] [stdout] warning: trait objects without an explicit `dyn` are deprecated
[INFO] [stdout]   --> src/templates.rs:78:26
[INFO] [stdout]    |
[INFO] [stdout] 78 |                out: &mut Output) -> HelperResult {
[INFO] [stdout]    |                          ^^^^^^
[INFO] [stdout]    |
[INFO] [stdout]    = warning: this is accepted in the current edition (Rust 2015) but is a hard error in Rust 2021!
[INFO] [stdout]    = note: for more information, see <https://doc.rust-lang.org/edition-guide/rust-2021/warnings-promoted-to-error.html>
[INFO] [stdout]    = note: `#[warn(bare_trait_objects)]` (part of `#[warn(rust_2021_compatibility)]`) on by default
[INFO] [stdout] help: if this is a dyn-compatible trait, use `dyn`
[INFO] [stdout]    |
[INFO] [stdout] 78 |                out: &mut dyn Output) -> HelperResult {
[INFO] [stdout]    |                          +++
[INFO] [stdout] 
[INFO] [stdout] 
[INFO] [stderr]    Compiling wellington v0.0.1 (/opt/rustwide/workdir)
[INFO] [stdout] warning: trait objects without an explicit `dyn` are deprecated
[INFO] [stdout]   --> src/templates.rs:78:26
[INFO] [stdout]    |
[INFO] [stdout] 78 |                out: &mut Output) -> HelperResult {
[INFO] [stdout]    |                          ^^^^^^
[INFO] [stdout]    |
[INFO] [stdout]    = warning: this is accepted in the current edition (Rust 2015) but is a hard error in Rust 2021!
[INFO] [stdout]    = note: for more information, see <https://doc.rust-lang.org/edition-guide/rust-2021/warnings-promoted-to-error.html>
[INFO] [stdout]    = note: `#[warn(bare_trait_objects)]` (part of `#[warn(rust_2021_compatibility)]`) on by default
[INFO] [stdout] help: if this is a dyn-compatible trait, use `dyn`
[INFO] [stdout]    |
[INFO] [stdout] 78 |                out: &mut dyn Output) -> HelperResult {
[INFO] [stdout]    |                          +++
[INFO] [stdout] 
[INFO] [stdout] 
[INFO] [stderr]     Finished `release` profile [optimized] target(s) in 4.73s
[INFO] running `Command { std: "docker" "inspect" "0da9f98a86d41ab642dcb6476c48dc7ebee4d8f7cc033ac4b07e921a8da4d1a8", kill_on_drop: false }`
[INFO] running `Command { std: "docker" "exec" "-e" "SOURCE_DIR=/opt/rustwide/workdir" "-e" "CARGO_HOME=/opt/rustwide/cargo-home" "-e" "RUSTUP_HOME=/opt/rustwide/rustup-home" "-e" "CARGO_TARGET_DIR=/opt/rustwide/target" "-e" "CARGO_INCREMENTAL=0" "-e" "RUST_BACKTRACE=full" "-e" "RUSTFLAGS=--cap-lints=warn" "-e" "RUSTDOCFLAGS=--cap-lints=warn" "-w" "/opt/rustwide/workdir" "--user" "0:0" "0da9f98a86d41ab642dcb6476c48dc7ebee4d8f7cc033ac4b07e921a8da4d1a8" "/opt/rustwide/cargo-home/bin/cargo" "+1.99.0-beta.8" "test" "--frozen" "--release", kill_on_drop: false }`
[INFO] [stderr] warning: Cargo.toml: `package.edition` is unspecified, defaulting to `2015` while the latest is `2024`
[INFO] [stderr] warning: `wellington` (manifest) generated 1 warning
[INFO] [stderr] warning: trait objects without an explicit `dyn` are deprecated
[INFO] [stderr]   --> src/templates.rs:78:26
[INFO] [stderr]    |
[INFO] [stderr] 78 |                out: &mut Output) -> HelperResult {
[INFO] [stderr]    |                          ^^^^^^
[INFO] [stderr]    |
[INFO] [stderr]    = warning: this is accepted in the current edition (Rust 2015) but is a hard error in Rust 2021!
[INFO] [stderr]    = note: for more information, see <https://doc.rust-lang.org/edition-guide/rust-2021/warnings-promoted-to-error.html>
[INFO] [stderr]    = note: `#[warn(bare_trait_objects)]` (part of `#[warn(rust_2021_compatibility)]`) on by default
[INFO] [stderr] help: if this is a dyn-compatible trait, use `dyn`
[INFO] [stderr]    |
[INFO] [stderr] 78 |                out: &mut dyn Output) -> HelperResult {
[INFO] [stderr]    |                          +++
[INFO] [stderr] 
[INFO] [stderr] warning: `wellington` (lib) generated 1 warning (run `cargo fix --lib -p wellington` to apply 1 suggestion)
[INFO] [stderr] warning: `wellington` (lib test) generated 1 warning (1 duplicate)
[INFO] [stderr]     Finished `release` profile [optimized] target(s) in 0.06s
[INFO] [stderr]      Running unittests src/lib.rs (/opt/rustwide/target/release/deps/wellington-2a6c3520003cdef8)
[INFO] [stdout] 
[INFO] [stdout] running 19 tests
[INFO] [stdout] test parser::tests::check_catch_sidenote_errors ... ok
[INFO] [stdout] test parser::tests::can_rewrite_links ... ok
[INFO] [stdout] test parser::tests::check_fail_nested_code_sidenote ... ok
[INFO] [stdout] test parser::tests::can_parse_image ... ok
[INFO] [stdout] test parser::tests::check_nested_sidenote_code ... ok
[INFO] [stdout] test sidenotes::tests::can_parse_remaining ... ok
[INFO] [stdout] test parser::tests::can_get_title ... ok
[INFO] [stdout] test parser::tests::check_absolute_links ... ok
[INFO] [stdout] test toc::tests::can_compute_input_output_filename ... ok
[INFO] [stdout] test sidenotes::tests::can_use_regex ... ok
[INFO] [stdout] test rss::test::can_set ... ok
[INFO] [stdout] test parser::tests::check_to_markdown ... ok
[INFO] [stdout] test templates::tests::make_without_error ... ok
[INFO] [stdout] test sidenotes::tests::can_get_first_sidenote ... ok
[INFO] [stdout] test toc::tests::render_index ... ok
[INFO] [stdout] test toc::tests::can_list_dirs ... FAILED
[INFO] [stdout] test toc::tests::can_update ... ok
[INFO] [stdout] test toc::tests::write_read_index ... ok
[INFO] [stdout] test parser::tests::check_multi_line_sidenotes ... ok
[INFO] [stdout] 
[INFO] [stdout] failures:
[INFO] [stdout] 
[INFO] [stdout] ---- toc::tests::can_list_dirs stdout ----
[INFO] [stdout] 
[INFO] [stdout] thread 'toc::tests::can_list_dirs' (884) panicked at src/toc.rs:569:9:
[INFO] [stdout] assertion `left == right` failed
[INFO] [stdout]   left: ["krasnoyarsk", "yekaterinburg", "irkutsk"]
[INFO] [stdout]  right: ["irkutsk", "krasnoyarsk", "yekaterinburg"]
[INFO] [stdout] stack backtrace:
[INFO] [stdout]    0:     0x56a53d01e441 - <<std[70759c8f55707aa4]::sys::backtrace::BacktraceLock>::print::DisplayBacktrace as core[df12db4294e9bfd3]::fmt::Display>::fmt
[INFO] [stdout]    1:     0x56a53d0349ea - core[df12db4294e9bfd3]::fmt::write
[INFO] [stdout]    2:     0x56a53d022d0c - <alloc[2182bb758b4b3781]::vec::Vec<u8> as core[df12db4294e9bfd3]::io::write::Write>::write_fmt
[INFO] [stdout]    3:     0x56a53cff8c26 - std[70759c8f55707aa4]::panicking::default_hook::{closure#0}
[INFO] [stdout]    4:     0x56a53d015ca9 - std[70759c8f55707aa4]::panicking::default_hook
[INFO] [stdout]    5:     0x56a53ce6f1b0 - test[9d35eded1c95d3be]::test_main_inner::<test[9d35eded1c95d3be]::test_main_static::{closure#0}>::{closure#0}
[INFO] [stdout]    6:     0x56a53d015e62 - std[70759c8f55707aa4]::panicking::panic_with_hook
[INFO] [stdout]    7:     0x56a53cff8cd2 - std[70759c8f55707aa4]::panicking::panic_handler::{closure#0}
[INFO] [stdout]    8:     0x56a53cff16d9 - std[70759c8f55707aa4]::sys::backtrace::__rust_end_short_backtrace::<std[70759c8f55707aa4]::panicking::panic_handler::{closure#0}, !>
[INFO] [stdout]    9:     0x56a53cff98cd - __rustc[8fa7c3cbc660c2b3]::rust_begin_unwind
[INFO] [stdout]   10:     0x56a53d0351cc - core[df12db4294e9bfd3]::panicking::panic_fmt
[INFO] [stdout]   11:     0x56a53d0350e3 - core[df12db4294e9bfd3]::panicking::assert_failed_inner
[INFO] [stdout]   12:     0x56a53ce563e4 - core[df12db4294e9bfd3]::panicking::assert_failed::<alloc[2182bb758b4b3781]::vec::Vec<alloc[2182bb758b4b3781]::string::String>, &[&str]>
[INFO] [stdout]   13:     0x56a53ce5f772 - <wellington[64867c12bcde14c5]::toc::tests::can_list_dirs::{closure#0} as core[df12db4294e9bfd3]::ops::function::FnOnce<()>>::call_once
[INFO] [stdout]   14:     0x56a53ce6249b - test[9d35eded1c95d3be]::__rust_begin_short_backtrace::<core[df12db4294e9bfd3]::result::Result<(), alloc[2182bb758b4b3781]::string::String>, fn() -> core[df12db4294e9bfd3]::result::Result<(), alloc[2182bb758b4b3781]::string::String>>
[INFO] [stdout]   15:     0x56a53ce6fb05 - test[9d35eded1c95d3be]::run_test::{closure#0}
[INFO] [stdout]   16:     0x56a53ce693c4 - std[70759c8f55707aa4]::sys::backtrace::__rust_begin_short_backtrace::<test[9d35eded1c95d3be]::run_test::{closure#1}, ()>
[INFO] [stdout]   17:     0x56a53ce72c62 - <std[70759c8f55707aa4]::thread::lifecycle::spawn_unchecked<test[9d35eded1c95d3be]::run_test::{closure#1}, ()>::{closure#1} as core[df12db4294e9bfd3]::ops::function::FnOnce<()>>::call_once::{shim:vtable#0}
[INFO] [stdout]   18:     0x56a53d01d7b9 - <std[70759c8f55707aa4]::sys::thread::unix::Thread>::new::thread_start
[INFO] [stdout]   19:     0x7609af7f9dfa - <unknown>
[INFO] [stdout]   20:     0x7609af88d3d4 - clone
[INFO] [stdout]   21:                0x0 - <unknown>
[INFO] [stdout] 
[INFO] [stdout] 
[INFO] [stdout] failures:
[INFO] [stdout]     toc::tests::can_list_dirs
[INFO] [stdout] 
[INFO] [stdout] test result: FAILED. 18 passed; 1 failed; 0 ignored; 0 measured; 0 filtered out; finished in 0.05s
[INFO] [stdout] 
[INFO] [stderr] error: test failed, to rerun pass `--lib`
[INFO] running `Command { std: "docker" "inspect" "0da9f98a86d41ab642dcb6476c48dc7ebee4d8f7cc033ac4b07e921a8da4d1a8", kill_on_drop: false }`
[INFO] running `Command { std: "docker" "rm" "-f" "0da9f98a86d41ab642dcb6476c48dc7ebee4d8f7cc033ac4b07e921a8da4d1a8", kill_on_drop: false }`
[INFO] [stdout] 0da9f98a86d41ab642dcb6476c48dc7ebee4d8f7cc033ac4b07e921a8da4d1a8
