[INFO] fetching crate weft-dst 0.0.2...
[INFO] testing weft-dst-0.0.2 against 1.100.0-beta.1+cargoflags=--release for beta-release-1.100-2
[INFO] extracting crate weft-dst 0.0.2 into /workspace/builds/worker-3-tc2/source
[INFO] started tweaking crates.io crate weft-dst 0.0.2
[INFO] removed 0 missing tests
[INFO] finished tweaking crates.io crate weft-dst 0.0.2
[INFO] tweaked toml for crates.io crate weft-dst 0.0.2 written to /workspace/builds/worker-3-tc2/source/Cargo.toml
[INFO] validating manifest of crates.io crate weft-dst 0.0.2 on toolchain 1.100.0-beta.1
[INFO] running `Command { std: CARGO_HOME="/workspace/cargo-home" RUSTUP_HOME="/workspace/rustup-home" "/workspace/cargo-home/bin/cargo" "+1.100.0-beta.1" "metadata" "--manifest-path" "Cargo.toml" "--no-deps", kill_on_drop: false }`
[INFO] crate crates.io crate weft-dst 0.0.2 already has a lockfile, it will not be regenerated
[INFO] running `Command { std: CARGO_HOME="/workspace/cargo-home" RUSTUP_HOME="/workspace/rustup-home" "/workspace/cargo-home/bin/cargo" "+1.100.0-beta.1" "fetch" "--manifest-path" "Cargo.toml", kill_on_drop: false }`
[INFO] running `Command { std: "docker" "create" "-v" "/var/lib/crater-agent-workspace/builds/worker-3-tc2/source:/opt/rustwide/workdir:ro,Z" "-v" "/var/lib/crater-agent-workspace/builds/worker-3-tc2/target:/opt/rustwide/target:rw,Z" "-v" "/var/lib/crater-agent-workspace/cargo-home:/opt/rustwide/cargo-home:ro,Z" "-v" "/var/lib/crater-agent-workspace/rustup-home:/opt/rustwide/rustup-home:ro,Z" "-m" "1610612736" "--network" "none" "ghcr.io/rust-lang/crates-build-env/linux@sha256:77db811e55d90add9212f6832c23229e3de5f1c1f9905e8cb07319ea15df73ac" "sleep" "infinity", kill_on_drop: false }`
[INFO] [stdout] da974e12324a6a4da993c3cfa9e460317a5ccf7c8657c03d8db3045384a371c4
[INFO] running `Command { std: "docker" "start" "da974e12324a6a4da993c3cfa9e460317a5ccf7c8657c03d8db3045384a371c4", kill_on_drop: false }`
[INFO] running `Command { std: "docker" "inspect" "da974e12324a6a4da993c3cfa9e460317a5ccf7c8657c03d8db3045384a371c4", kill_on_drop: false }`
[INFO] running `Command { std: "docker" "exec" "-e" "SOURCE_DIR=/opt/rustwide/workdir" "-e" "CARGO_HOME=/opt/rustwide/cargo-home" "-e" "RUSTUP_HOME=/opt/rustwide/rustup-home" "-e" "CARGO_TARGET_DIR=/opt/rustwide/target" "-w" "/opt/rustwide/workdir" "--user" "0:0" "da974e12324a6a4da993c3cfa9e460317a5ccf7c8657c03d8db3045384a371c4" "/opt/rustwide/cargo-home/bin/cargo" "+1.100.0-beta.1" "metadata" "--no-deps" "--format-version=1", kill_on_drop: false }`
[INFO] running `Command { std: "docker" "inspect" "da974e12324a6a4da993c3cfa9e460317a5ccf7c8657c03d8db3045384a371c4", kill_on_drop: false }`
[INFO] running `Command { std: "docker" "exec" "-e" "SOURCE_DIR=/opt/rustwide/workdir" "-e" "CARGO_HOME=/opt/rustwide/cargo-home" "-e" "RUSTUP_HOME=/opt/rustwide/rustup-home" "-e" "CARGO_TARGET_DIR=/opt/rustwide/target" "-e" "CARGO_INCREMENTAL=0" "-e" "RUST_BACKTRACE=full" "-e" "RUSTFLAGS=--cap-lints=warn" "-e" "RUSTDOCFLAGS=--cap-lints=warn" "-w" "/opt/rustwide/workdir" "--user" "0:0" "da974e12324a6a4da993c3cfa9e460317a5ccf7c8657c03d8db3045384a371c4" "/opt/rustwide/cargo-home/bin/cargo" "+1.100.0-beta.1" "build" "--frozen" "--message-format=json" "--release", kill_on_drop: false }`
[INFO] [stderr]    Compiling quote v1.0.46
[INFO] [stderr]    Compiling zerocopy v0.8.54
[INFO] [stderr]    Compiling crc32fast v1.5.0
[INFO] [stderr]    Compiling simd-adler32 v0.3.9
[INFO] [stderr]    Compiling serde_json v1.0.150
[INFO] [stderr]    Compiling weft-abi v0.0.2
[INFO] [stderr]    Compiling miniz_oxide v0.8.9
[INFO] [stderr]    Compiling syn v2.0.118
[INFO] [stderr]    Compiling flate2 v1.1.9
[INFO] [stderr]    Compiling serde_derive v1.0.228
[INFO] [stderr]    Compiling thiserror-impl v1.0.69
[INFO] [stderr]    Compiling thiserror v1.0.69
[INFO] [stderr]    Compiling ppv-lite86 v0.2.21
[INFO] [stderr]    Compiling serde v1.0.228
[INFO] [stderr]    Compiling rand_chacha v0.3.1
[INFO] [stderr]    Compiling weft-net v0.0.2
[INFO] [stderr]    Compiling weft-scenario v0.0.2
[INFO] [stderr]    Compiling weft-replay v0.0.2
[INFO] [stderr]    Compiling weft-fuzz v0.0.2
[INFO] [stderr]    Compiling weft-dst v0.0.2 (/opt/rustwide/workdir)
[INFO] [stderr]     Finished `release` profile [optimized] target(s) in 19.60s
[INFO] running `Command { std: "docker" "inspect" "da974e12324a6a4da993c3cfa9e460317a5ccf7c8657c03d8db3045384a371c4", kill_on_drop: false }`
[INFO] running `Command { std: "docker" "exec" "-e" "SOURCE_DIR=/opt/rustwide/workdir" "-e" "CARGO_HOME=/opt/rustwide/cargo-home" "-e" "RUSTUP_HOME=/opt/rustwide/rustup-home" "-e" "CARGO_TARGET_DIR=/opt/rustwide/target" "-e" "CARGO_INCREMENTAL=0" "-e" "RUST_BACKTRACE=full" "-e" "RUSTFLAGS=--cap-lints=warn" "-e" "RUSTDOCFLAGS=--cap-lints=warn" "-w" "/opt/rustwide/workdir" "--user" "0:0" "da974e12324a6a4da993c3cfa9e460317a5ccf7c8657c03d8db3045384a371c4" "/opt/rustwide/cargo-home/bin/cargo" "+1.100.0-beta.1" "test" "--frozen" "--no-run" "--message-format=json" "--release", kill_on_drop: false }`
[INFO] [stderr]    Compiling weft-dst v0.0.2 (/opt/rustwide/workdir)
[INFO] [stderr]     Finished `release` profile [optimized] target(s) in 3.25s
[INFO] running `Command { std: "docker" "inspect" "da974e12324a6a4da993c3cfa9e460317a5ccf7c8657c03d8db3045384a371c4", kill_on_drop: false }`
[INFO] running `Command { std: "docker" "exec" "-e" "SOURCE_DIR=/opt/rustwide/workdir" "-e" "CARGO_HOME=/opt/rustwide/cargo-home" "-e" "RUSTUP_HOME=/opt/rustwide/rustup-home" "-e" "CARGO_TARGET_DIR=/opt/rustwide/target" "-e" "CARGO_INCREMENTAL=0" "-e" "RUST_BACKTRACE=full" "-e" "RUSTFLAGS=--cap-lints=warn" "-e" "RUSTDOCFLAGS=--cap-lints=warn" "-w" "/opt/rustwide/workdir" "--user" "0:0" "da974e12324a6a4da993c3cfa9e460317a5ccf7c8657c03d8db3045384a371c4" "/opt/rustwide/cargo-home/bin/cargo" "+1.100.0-beta.1" "test" "--frozen" "--release", kill_on_drop: false }`
[INFO] [stderr]     Finished `release` profile [optimized] target(s) in 0.07s
[INFO] [stderr]      Running unittests src/lib.rs (/opt/rustwide/target/release/build/weft-dst/5e2c2d3944c77aed/out/weft_dst-5e2c2d3944c77aed)
[INFO] [stdout] 
[INFO] [stdout] running 10 tests
[INFO] [stdout] test fuzz_cmd::tests::config_is_required_and_seeds_validated ... ok
[INFO] [stdout] test run_cmd::tests::parses_scheduler_flags ... ok
[INFO] [stdout] test run_cmd::tests::rejects_missing_seed_and_missing_program ... ok
[INFO] [stdout] test run_cmd::tests::program_args_after_separator_are_untouched ... ok
[INFO] [stdout] test replay_cmd::tests::check_all_expands_and_unknown_is_rejected ... ok
[INFO] [stdout] test run_cmd::tests::parses_full_command_line ... ok
[INFO] [stderr]      Running unittests src/main.rs (/opt/rustwide/target/release/build/weft-dst/3ae99271a8cd62b9/out/weft-3ae99271a8cd62b9)
[INFO] [stdout] test replay_cmd::tests::parses_log_until_and_checks ... ok
[INFO] [stdout] test replay_cmd::tests::missing_log_is_an_error ... ok
[INFO] [stdout] test fuzz_cmd::tests::parses_config_and_overrides ... ok
[INFO] [stdout] test tests::version_matches_manifest ... ok
[INFO] [stdout] 
[INFO] [stdout] test result: ok. 10 passed; 0 failed; 0 ignored; 0 measured; 0 filtered out; finished in 0.00s
[INFO] [stdout] 
[INFO] [stdout] 
[INFO] [stdout] running 0 tests
[INFO] [stdout] 
[INFO] [stdout] test result: ok. 0 passed; 0 failed; 0 ignored; 0 measured; 0 filtered out; finished in 0.00s
[INFO] [stdout] 
[INFO] [stderr]      Running tests/e2e.rs (/opt/rustwide/target/release/build/weft-dst/a45ae00cd9e582aa/out/e2e-a45ae00cd9e582aa)
[INFO] [stdout] 
[INFO] [stdout] running 7 tests
[INFO] [stdout] test shim_library_was_built ... FAILED
[INFO] [stderr] cc1: fatal error: /opt/examples/chrono.c: No such file or directory
[INFO] [stderr] compilation terminated.
[INFO] [stdout] test preloaded_but_unseeded_shim_is_invisible ... FAILED
[INFO] [stderr] cc1: fatal error: /opt/examples/chrono.c: No such file or directory
[INFO] [stderr] compilation terminated.
[INFO] [stdout] test seed_zero_and_seed_max_are_valid ... FAILED
[INFO] [stderr] cc1: fatal error: /opt/examples/chrono.c: No such file or directory
[INFO] [stderr] compilation terminated.
[INFO] [stdout] test trace_flag_reports_interceptions ... FAILED
[INFO] [stderr] cc1: fatal error: /opt/examples/chrono.c: No such file or directory
[INFO] [stderr] compilation terminated.
[INFO] [stdout] test many_seeds_all_self_consistent ... FAILED
[INFO] [stderr] cc1: fatal error: /opt/examples/chrono.c: No such file or directory
[INFO] [stderr] compilation terminated.
[INFO] [stdout] test same_seed_means_identical_output ... FAILED
[INFO] [stderr] cc1: fatal error: /opt/examples/chrono.c: No such file or directory
[INFO] [stderr] compilation terminated.
[INFO] [stdout] test different_seeds_mean_different_output ... FAILED
[INFO] [stdout] 
[INFO] [stdout] failures:
[INFO] [stdout] 
[INFO] [stdout] ---- shim_library_was_built stdout ----
[INFO] [stdout] 
[INFO] [stdout] thread 'shim_library_was_built' (800) panicked at tests/e2e.rs:81:5:
[INFO] [stdout] libweft_shim.so not found at /opt/rustwide/target/release/libweft_shim.so — build the workspace first
[INFO] [stdout] stack backtrace:
[INFO] [stdout]    0:     0x58a9ac3be5c1 - <<std[617be2ca0a6fd877]::sys::backtrace::BacktraceLock>::print::DisplayBacktrace as core[a373ad73a504971]::fmt::Display>::fmt
[INFO] [stdout]    1:     0x58a9ac3d282a - core[a373ad73a504971]::fmt::write
[INFO] [stdout]    2:     0x58a9ac3c284c - <alloc[2e1b2a31b91974c5]::vec::Vec<u8> as core[a373ad73a504971]::io::write::Write>::write_fmt
[INFO] [stdout]    3:     0x58a9ac3996d6 - std[617be2ca0a6fd877]::panicking::default_hook::{closure#0}
[INFO] [stdout]    4:     0x58a9ac3b6c59 - std[617be2ca0a6fd877]::panicking::default_hook
[INFO] [stdout]    5:     0x58a9ac351640 - test[aada8e7e76ba119b]::test_main_inner::{closure#0}
[INFO] [stdout]    6:     0x58a9ac3b6e12 - std[617be2ca0a6fd877]::panicking::panic_with_hook
[INFO] [stderr] error: test failed, to rerun pass `--test e2e`
[INFO] [stdout]    7:     0x58a9ac399782 - std[617be2ca0a6fd877]::panicking::panic_handler::{closure#0}
[INFO] [stdout]    8:     0x58a9ac392379 - std[617be2ca0a6fd877]::sys::backtrace::__rust_end_short_backtrace::<std[617be2ca0a6fd877]::panicking::panic_handler::{closure#0}, !>
[INFO] [stdout]    9:     0x58a9ac39a38d - __rustc[ea4f61d10b84890b]::rust_begin_unwind
[INFO] [stdout]   10:     0x58a9ac3d2f5c - core[a373ad73a504971]::panicking::panic_fmt
[INFO] [stdout]   11:     0x58a9ac342899 - <e2e[874321ba91bca90d]::shim_library_was_built::{closure#0} as core[a373ad73a504971]::ops::function::FnOnce<()>>::call_once
[INFO] [stdout]   12:     0x58a9ac344a8b - test[aada8e7e76ba119b]::__rust_begin_short_backtrace::<core[a373ad73a504971]::result::Result<(), alloc[2e1b2a31b91974c5]::string::String>, fn() -> core[a373ad73a504971]::result::Result<(), alloc[2e1b2a31b91974c5]::string::String>>
[INFO] [stdout]   13:     0x58a9ac351c65 - test[aada8e7e76ba119b]::run_test::{closure#0}
[INFO] [stdout]   14:     0x58a9ac34b554 - std[617be2ca0a6fd877]::sys::backtrace::__rust_begin_short_backtrace::<test[aada8e7e76ba119b]::run_test::{closure#1}, ()>
[INFO] [stdout]   15:     0x58a9ac354cf2 - <std[617be2ca0a6fd877]::thread::lifecycle::spawn_unchecked<test[aada8e7e76ba119b]::run_test::{closure#1}, ()>::{closure#1} as core[a373ad73a504971]::ops::function::FnOnce<()>>::call_once::{shim:vtable#0}
[INFO] [stdout]   16:     0x58a9ac3bde1f - <std[617be2ca0a6fd877]::sys::thread::unix::Thread>::new::thread_start
[INFO] [stdout]   17:     0x748ca451edfa - <unknown>
[INFO] [stdout]   18:     0x748ca45b23d4 - clone
[INFO] [stdout]   19:                0x0 - <unknown>
[INFO] [stdout] 
[INFO] [stdout] ---- preloaded_but_unseeded_shim_is_invisible stdout ----
[INFO] [stdout] 
[INFO] [stdout] thread 'preloaded_but_unseeded_shim_is_invisible' (797) panicked at tests/e2e.rs:45:13:
[INFO] [stdout] failed to compile chrono.c
[INFO] [stdout] stack backtrace:
[INFO] [stdout]    0:     0x58a9ac3be5c1 - <<std[617be2ca0a6fd877]::sys::backtrace::BacktraceLock>::print::DisplayBacktrace as core[a373ad73a504971]::fmt::Display>::fmt
[INFO] [stdout]    1:     0x58a9ac3d282a - core[a373ad73a504971]::fmt::write
[INFO] [stdout]    2:     0x58a9ac3c284c - <alloc[2e1b2a31b91974c5]::vec::Vec<u8> as core[a373ad73a504971]::io::write::Write>::write_fmt
[INFO] [stdout]    3:     0x58a9ac3996d6 - std[617be2ca0a6fd877]::panicking::default_hook::{closure#0}
[INFO] [stdout]    4:     0x58a9ac3b6c59 - std[617be2ca0a6fd877]::panicking::default_hook
[INFO] [stdout]    5:     0x58a9ac351640 - test[aada8e7e76ba119b]::test_main_inner::{closure#0}
[INFO] [stdout]    6:     0x58a9ac3b6e12 - std[617be2ca0a6fd877]::panicking::panic_with_hook
[INFO] [stdout]    7:     0x58a9ac399782 - std[617be2ca0a6fd877]::panicking::panic_handler::{closure#0}
[INFO] [stdout]    8:     0x58a9ac392379 - std[617be2ca0a6fd877]::sys::backtrace::__rust_end_short_backtrace::<std[617be2ca0a6fd877]::panicking::panic_handler::{closure#0}, !>
[INFO] [stdout]    9:     0x58a9ac39a38d - __rustc[ea4f61d10b84890b]::rust_begin_unwind
[INFO] [stdout]   10:     0x58a9ac3d2f5c - core[a373ad73a504971]::panicking::panic_fmt
[INFO] [stdout]   11:     0x58a9ac344204 - <std[617be2ca0a6fd877]::sync::once::Once>::call_once_force::<<std[617be2ca0a6fd877]::sync::once_lock::OnceLock<std[617be2ca0a6fd877]::path::PathBuf>>::initialize<<std[617be2ca0a6fd877]::sync::once_lock::OnceLock<std[617be2ca0a6fd877]::path::PathBuf>>::get_or_init<e2e[874321ba91bca90d]::built_examples::{closure#0}>::{closure#0}, !>::{closure#0}>::{closure#0}
[INFO] [stdout]   12:     0x58a9ac39f2b9 - <std[617be2ca0a6fd877]::sys::sync::once::futex::Once>::call
[INFO] [stdout]   13:     0x58a9ac3438b7 - <std[617be2ca0a6fd877]::sync::once_lock::OnceLock<std[617be2ca0a6fd877]::path::PathBuf>>::initialize::<<std[617be2ca0a6fd877]::sync::once_lock::OnceLock<std[617be2ca0a6fd877]::path::PathBuf>>::get_or_init<e2e[874321ba91bca90d]::built_examples::{closure#0}>::{closure#0}, !>
[INFO] [stdout]   14:     0x58a9ac3437b6 - <e2e[874321ba91bca90d]::preloaded_but_unseeded_shim_is_invisible::{closure#0} as core[a373ad73a504971]::ops::function::FnOnce<()>>::call_once
[INFO] [stdout]   15:     0x58a9ac344a8b - test[aada8e7e76ba119b]::__rust_begin_short_backtrace::<core[a373ad73a504971]::result::Result<(), alloc[2e1b2a31b91974c5]::string::String>, fn() -> core[a373ad73a504971]::result::Result<(), alloc[2e1b2a31b91974c5]::string::String>>
[INFO] [stdout]   16:     0x58a9ac351c65 - test[aada8e7e76ba119b]::run_test::{closure#0}
[INFO] [stdout]   17:     0x58a9ac34b554 - std[617be2ca0a6fd877]::sys::backtrace::__rust_begin_short_backtrace::<test[aada8e7e76ba119b]::run_test::{closure#1}, ()>
[INFO] [stdout]   18:     0x58a9ac354cf2 - <std[617be2ca0a6fd877]::thread::lifecycle::spawn_unchecked<test[aada8e7e76ba119b]::run_test::{closure#1}, ()>::{closure#1} as core[a373ad73a504971]::ops::function::FnOnce<()>>::call_once::{shim:vtable#0}
[INFO] [stdout]   19:     0x58a9ac3bde1f - <std[617be2ca0a6fd877]::sys::thread::unix::Thread>::new::thread_start
[INFO] [stdout]   20:     0x748ca451edfa - <unknown>
[INFO] [stdout]   21:     0x748ca45b23d4 - clone
[INFO] [stdout]   22:                0x0 - <unknown>
[INFO] [stdout] 
[INFO] [stdout] ---- seed_zero_and_seed_max_are_valid stdout ----
[INFO] [stdout] 
[INFO] [stdout] thread 'seed_zero_and_seed_max_are_valid' (799) panicked at tests/e2e.rs:45:13:
[INFO] [stdout] failed to compile chrono.c
[INFO] [stdout] stack backtrace:
[INFO] [stdout]    0:     0x58a9ac3be5c1 - <<std[617be2ca0a6fd877]::sys::backtrace::BacktraceLock>::print::DisplayBacktrace as core[a373ad73a504971]::fmt::Display>::fmt
[INFO] [stdout]    1:     0x58a9ac3d282a - core[a373ad73a504971]::fmt::write
[INFO] [stdout]    2:     0x58a9ac3c284c - <alloc[2e1b2a31b91974c5]::vec::Vec<u8> as core[a373ad73a504971]::io::write::Write>::write_fmt
[INFO] [stdout]    3:     0x58a9ac3996d6 - std[617be2ca0a6fd877]::panicking::default_hook::{closure#0}
[INFO] [stdout]    4:     0x58a9ac3b6c59 - std[617be2ca0a6fd877]::panicking::default_hook
[INFO] [stdout]    5:     0x58a9ac351640 - test[aada8e7e76ba119b]::test_main_inner::{closure#0}
[INFO] [stdout]    6:     0x58a9ac3b6e12 - std[617be2ca0a6fd877]::panicking::panic_with_hook
[INFO] [stdout]    7:     0x58a9ac399782 - std[617be2ca0a6fd877]::panicking::panic_handler::{closure#0}
[INFO] [stdout]    8:     0x58a9ac392379 - std[617be2ca0a6fd877]::sys::backtrace::__rust_end_short_backtrace::<std[617be2ca0a6fd877]::panicking::panic_handler::{closure#0}, !>
[INFO] [stdout]    9:     0x58a9ac39a38d - __rustc[ea4f61d10b84890b]::rust_begin_unwind
[INFO] [stdout]   10:     0x58a9ac3d2f5c - core[a373ad73a504971]::panicking::panic_fmt
[INFO] [stdout]   11:     0x58a9ac344204 - <std[617be2ca0a6fd877]::sync::once::Once>::call_once_force::<<std[617be2ca0a6fd877]::sync::once_lock::OnceLock<std[617be2ca0a6fd877]::path::PathBuf>>::initialize<<std[617be2ca0a6fd877]::sync::once_lock::OnceLock<std[617be2ca0a6fd877]::path::PathBuf>>::get_or_init<e2e[874321ba91bca90d]::built_examples::{closure#0}>::{closure#0}, !>::{closure#0}>::{closure#0}
[INFO] [stdout]   12:     0x58a9ac39f2b9 - <std[617be2ca0a6fd877]::sys::sync::once::futex::Once>::call
[INFO] [stdout]   13:     0x58a9ac3438b7 - <std[617be2ca0a6fd877]::sync::once_lock::OnceLock<std[617be2ca0a6fd877]::path::PathBuf>>::initialize::<<std[617be2ca0a6fd877]::sync::once_lock::OnceLock<std[617be2ca0a6fd877]::path::PathBuf>>::get_or_init<e2e[874321ba91bca90d]::built_examples::{closure#0}>::{closure#0}, !>
[INFO] [stdout]   14:     0x58a9ac341c5a - e2e[874321ba91bca90d]::weft_run
[INFO] [stdout]   15:     0x58a9ac343108 - <e2e[874321ba91bca90d]::seed_zero_and_seed_max_are_valid::{closure#0} as core[a373ad73a504971]::ops::function::FnOnce<()>>::call_once
[INFO] [stdout]   16:     0x58a9ac344a8b - test[aada8e7e76ba119b]::__rust_begin_short_backtrace::<core[a373ad73a504971]::result::Result<(), alloc[2e1b2a31b91974c5]::string::String>, fn() -> core[a373ad73a504971]::result::Result<(), alloc[2e1b2a31b91974c5]::string::String>>
[INFO] [stdout]   17:     0x58a9ac351c65 - test[aada8e7e76ba119b]::run_test::{closure#0}
[INFO] [stdout]   18:     0x58a9ac34b554 - std[617be2ca0a6fd877]::sys::backtrace::__rust_begin_short_backtrace::<test[aada8e7e76ba119b]::run_test::{closure#1}, ()>
[INFO] [stdout]   19:     0x58a9ac354cf2 - <std[617be2ca0a6fd877]::thread::lifecycle::spawn_unchecked<test[aada8e7e76ba119b]::run_test::{closure#1}, ()>::{closure#1} as core[a373ad73a504971]::ops::function::FnOnce<()>>::call_once::{shim:vtable#0}
[INFO] [stdout]   20:     0x58a9ac3bde1f - <std[617be2ca0a6fd877]::sys::thread::unix::Thread>::new::thread_start
[INFO] [stdout]   21:     0x748ca451edfa - <unknown>
[INFO] [stdout]   22:     0x748ca45b23d4 - clone
[INFO] [stdout]   23:                0x0 - <unknown>
[INFO] [stdout] 
[INFO] [stdout] ---- trace_flag_reports_interceptions stdout ----
[INFO] [stdout] 
[INFO] [stdout] thread 'trace_flag_reports_interceptions' (801) panicked at tests/e2e.rs:45:13:
[INFO] [stdout] failed to compile chrono.c
[INFO] [stdout] stack backtrace:
[INFO] [stdout]    0:     0x58a9ac3be5c1 - <<std[617be2ca0a6fd877]::sys::backtrace::BacktraceLock>::print::DisplayBacktrace as core[a373ad73a504971]::fmt::Display>::fmt
[INFO] [stdout]    1:     0x58a9ac3d282a - core[a373ad73a504971]::fmt::write
[INFO] [stdout]    2:     0x58a9ac3c284c - <alloc[2e1b2a31b91974c5]::vec::Vec<u8> as core[a373ad73a504971]::io::write::Write>::write_fmt
[INFO] [stdout]    3:     0x58a9ac3996d6 - std[617be2ca0a6fd877]::panicking::default_hook::{closure#0}
[INFO] [stdout]    4:     0x58a9ac3b6c59 - std[617be2ca0a6fd877]::panicking::default_hook
[INFO] [stdout]    5:     0x58a9ac351640 - test[aada8e7e76ba119b]::test_main_inner::{closure#0}
[INFO] [stdout]    6:     0x58a9ac3b6e12 - std[617be2ca0a6fd877]::panicking::panic_with_hook
[INFO] [stdout]    7:     0x58a9ac399782 - std[617be2ca0a6fd877]::panicking::panic_handler::{closure#0}
[INFO] [stdout]    8:     0x58a9ac392379 - std[617be2ca0a6fd877]::sys::backtrace::__rust_end_short_backtrace::<std[617be2ca0a6fd877]::panicking::panic_handler::{closure#0}, !>
[INFO] [stdout]    9:     0x58a9ac39a38d - __rustc[ea4f61d10b84890b]::rust_begin_unwind
[INFO] [stdout]   10:     0x58a9ac3d2f5c - core[a373ad73a504971]::panicking::panic_fmt
[INFO] [stdout]   11:     0x58a9ac344204 - <std[617be2ca0a6fd877]::sync::once::Once>::call_once_force::<<std[617be2ca0a6fd877]::sync::once_lock::OnceLock<std[617be2ca0a6fd877]::path::PathBuf>>::initialize<<std[617be2ca0a6fd877]::sync::once_lock::OnceLock<std[617be2ca0a6fd877]::path::PathBuf>>::get_or_init<e2e[874321ba91bca90d]::built_examples::{closure#0}>::{closure#0}, !>::{closure#0}>::{closure#0}
[INFO] [stdout]   12:     0x58a9ac39f2b9 - <std[617be2ca0a6fd877]::sys::sync::once::futex::Once>::call
[INFO] [stdout]   13:     0x58a9ac3438b7 - <std[617be2ca0a6fd877]::sync::once_lock::OnceLock<std[617be2ca0a6fd877]::path::PathBuf>>::initialize::<<std[617be2ca0a6fd877]::sync::once_lock::OnceLock<std[617be2ca0a6fd877]::path::PathBuf>>::get_or_init<e2e[874321ba91bca90d]::built_examples::{closure#0}>::{closure#0}, !>
[INFO] [stdout]   14:     0x58a9ac341c5a - e2e[874321ba91bca90d]::weft_run
[INFO] [stdout]   15:     0x58a9ac343228 - <e2e[874321ba91bca90d]::trace_flag_reports_interceptions::{closure#0} as core[a373ad73a504971]::ops::function::FnOnce<()>>::call_once
[INFO] [stdout]   16:     0x58a9ac344a8b - test[aada8e7e76ba119b]::__rust_begin_short_backtrace::<core[a373ad73a504971]::result::Result<(), alloc[2e1b2a31b91974c5]::string::String>, fn() -> core[a373ad73a504971]::result::Result<(), alloc[2e1b2a31b91974c5]::string::String>>
[INFO] [stdout]   17:     0x58a9ac351c65 - test[aada8e7e76ba119b]::run_test::{closure#0}
[INFO] [stdout]   18:     0x58a9ac34b554 - std[617be2ca0a6fd877]::sys::backtrace::__rust_begin_short_backtrace::<test[aada8e7e76ba119b]::run_test::{closure#1}, ()>
[INFO] [stdout]   19:     0x58a9ac354cf2 - <std[617be2ca0a6fd877]::thread::lifecycle::spawn_unchecked<test[aada8e7e76ba119b]::run_test::{closure#1}, ()>::{closure#1} as core[a373ad73a504971]::ops::function::FnOnce<()>>::call_once::{shim:vtable#0}
[INFO] [stdout]   20:     0x58a9ac3bde1f - <std[617be2ca0a6fd877]::sys::thread::unix::Thread>::new::thread_start
[INFO] [stdout]   21:     0x748ca451edfa - <unknown>
[INFO] [stdout]   22:     0x748ca45b23d4 - clone
[INFO] [stdout]   23:                0x0 - <unknown>
[INFO] [stdout] 
[INFO] [stdout] ---- many_seeds_all_self_consistent stdout ----
[INFO] [stdout] 
[INFO] [stdout] thread 'many_seeds_all_self_consistent' (796) panicked at tests/e2e.rs:45:13:
[INFO] [stdout] failed to compile chrono.c
[INFO] [stdout] stack backtrace:
[INFO] [stdout]    0:     0x58a9ac3be5c1 - <<std[617be2ca0a6fd877]::sys::backtrace::BacktraceLock>::print::DisplayBacktrace as core[a373ad73a504971]::fmt::Display>::fmt
[INFO] [stdout]    1:     0x58a9ac3d282a - core[a373ad73a504971]::fmt::write
[INFO] [stdout]    2:     0x58a9ac3c284c - <alloc[2e1b2a31b91974c5]::vec::Vec<u8> as core[a373ad73a504971]::io::write::Write>::write_fmt
[INFO] [stdout]    3:     0x58a9ac3996d6 - std[617be2ca0a6fd877]::panicking::default_hook::{closure#0}
[INFO] [stdout]    4:     0x58a9ac3b6c59 - std[617be2ca0a6fd877]::panicking::default_hook
[INFO] [stdout]    5:     0x58a9ac351640 - test[aada8e7e76ba119b]::test_main_inner::{closure#0}
[INFO] [stdout]    6:     0x58a9ac3b6e12 - std[617be2ca0a6fd877]::panicking::panic_with_hook
[INFO] [stdout]    7:     0x58a9ac399782 - std[617be2ca0a6fd877]::panicking::panic_handler::{closure#0}
[INFO] [stdout]    8:     0x58a9ac392379 - std[617be2ca0a6fd877]::sys::backtrace::__rust_end_short_backtrace::<std[617be2ca0a6fd877]::panicking::panic_handler::{closure#0}, !>
[INFO] [stdout]    9:     0x58a9ac39a38d - __rustc[ea4f61d10b84890b]::rust_begin_unwind
[INFO] [stdout]   10:     0x58a9ac3d2f5c - core[a373ad73a504971]::panicking::panic_fmt
[INFO] [stdout]   11:     0x58a9ac344204 - <std[617be2ca0a6fd877]::sync::once::Once>::call_once_force::<<std[617be2ca0a6fd877]::sync::once_lock::OnceLock<std[617be2ca0a6fd877]::path::PathBuf>>::initialize<<std[617be2ca0a6fd877]::sync::once_lock::OnceLock<std[617be2ca0a6fd877]::path::PathBuf>>::get_or_init<e2e[874321ba91bca90d]::built_examples::{closure#0}>::{closure#0}, !>::{closure#0}>::{closure#0}
[INFO] [stdout]   12:     0x58a9ac39f2b9 - <std[617be2ca0a6fd877]::sys::sync::once::futex::Once>::call
[INFO] [stdout]   13:     0x58a9ac3438b7 - <std[617be2ca0a6fd877]::sync::once_lock::OnceLock<std[617be2ca0a6fd877]::path::PathBuf>>::initialize::<<std[617be2ca0a6fd877]::sync::once_lock::OnceLock<std[617be2ca0a6fd877]::path::PathBuf>>::get_or_init<e2e[874321ba91bca90d]::built_examples::{closure#0}>::{closure#0}, !>
[INFO] [stdout]   14:     0x58a9ac341c5a - e2e[874321ba91bca90d]::weft_run
[INFO] [stdout]   15:     0x58a9ac3428fb - <e2e[874321ba91bca90d]::many_seeds_all_self_consistent::{closure#0} as core[a373ad73a504971]::ops::function::FnOnce<()>>::call_once
[INFO] [stdout]   16:     0x58a9ac344a8b - test[aada8e7e76ba119b]::__rust_begin_short_backtrace::<core[a373ad73a504971]::result::Result<(), alloc[2e1b2a31b91974c5]::string::String>, fn() -> core[a373ad73a504971]::result::Result<(), alloc[2e1b2a31b91974c5]::string::String>>
[INFO] [stdout]   17:     0x58a9ac351c65 - test[aada8e7e76ba119b]::run_test::{closure#0}
[INFO] [stdout]   18:     0x58a9ac34b554 - std[617be2ca0a6fd877]::sys::backtrace::__rust_begin_short_backtrace::<test[aada8e7e76ba119b]::run_test::{closure#1}, ()>
[INFO] [stdout]   19:     0x58a9ac354cf2 - <std[617be2ca0a6fd877]::thread::lifecycle::spawn_unchecked<test[aada8e7e76ba119b]::run_test::{closure#1}, ()>::{closure#1} as core[a373ad73a504971]::ops::function::FnOnce<()>>::call_once::{shim:vtable#0}
[INFO] [stdout]   20:     0x58a9ac3bde1f - <std[617be2ca0a6fd877]::sys::thread::unix::Thread>::new::thread_start
[INFO] [stdout]   21:     0x748ca451edfa - <unknown>
[INFO] [stdout]   22:     0x748ca45b23d4 - clone
[INFO] [stdout]   23:                0x0 - <unknown>
[INFO] [stdout] 
[INFO] [stdout] ---- same_seed_means_identical_output stdout ----
[INFO] [stdout] 
[INFO] [stdout] thread 'same_seed_means_identical_output' (798) panicked at tests/e2e.rs:45:13:
[INFO] [stdout] failed to compile chrono.c
[INFO] [stdout] stack backtrace:
[INFO] [stdout]    0:     0x58a9ac3be5c1 - <<std[617be2ca0a6fd877]::sys::backtrace::BacktraceLock>::print::DisplayBacktrace as core[a373ad73a504971]::fmt::Display>::fmt
[INFO] [stdout]    1:     0x58a9ac3d282a - core[a373ad73a504971]::fmt::write
[INFO] [stdout]    2:     0x58a9ac3c284c - <alloc[2e1b2a31b91974c5]::vec::Vec<u8> as core[a373ad73a504971]::io::write::Write>::write_fmt
[INFO] [stdout]    3:     0x58a9ac3996d6 - std[617be2ca0a6fd877]::panicking::default_hook::{closure#0}
[INFO] [stdout]    4:     0x58a9ac3b6c59 - std[617be2ca0a6fd877]::panicking::default_hook
[INFO] [stdout]    5:     0x58a9ac351640 - test[aada8e7e76ba119b]::test_main_inner::{closure#0}
[INFO] [stdout]    6:     0x58a9ac3b6e12 - std[617be2ca0a6fd877]::panicking::panic_with_hook
[INFO] [stdout]    7:     0x58a9ac399782 - std[617be2ca0a6fd877]::panicking::panic_handler::{closure#0}
[INFO] [stdout]    8:     0x58a9ac392379 - std[617be2ca0a6fd877]::sys::backtrace::__rust_end_short_backtrace::<std[617be2ca0a6fd877]::panicking::panic_handler::{closure#0}, !>
[INFO] [stdout]    9:     0x58a9ac39a38d - __rustc[ea4f61d10b84890b]::rust_begin_unwind
[INFO] [stdout]   10:     0x58a9ac3d2f5c - core[a373ad73a504971]::panicking::panic_fmt
[INFO] [stdout]   11:     0x58a9ac344204 - <std[617be2ca0a6fd877]::sync::once::Once>::call_once_force::<<std[617be2ca0a6fd877]::sync::once_lock::OnceLock<std[617be2ca0a6fd877]::path::PathBuf>>::initialize<<std[617be2ca0a6fd877]::sync::once_lock::OnceLock<std[617be2ca0a6fd877]::path::PathBuf>>::get_or_init<e2e[874321ba91bca90d]::built_examples::{closure#0}>::{closure#0}, !>::{closure#0}>::{closure#0}
[INFO] [stdout]   12:     0x58a9ac39f2b9 - <std[617be2ca0a6fd877]::sys::sync::once::futex::Once>::call
[INFO] [stdout]   13:     0x58a9ac3438b7 - <std[617be2ca0a6fd877]::sync::once_lock::OnceLock<std[617be2ca0a6fd877]::path::PathBuf>>::initialize::<<std[617be2ca0a6fd877]::sync::once_lock::OnceLock<std[617be2ca0a6fd877]::path::PathBuf>>::get_or_init<e2e[874321ba91bca90d]::built_examples::{closure#0}>::{closure#0}, !>
[INFO] [stdout]   14:     0x58a9ac341c5a - e2e[874321ba91bca90d]::weft_run
[INFO] [stdout]   15:     0x58a9ac342d22 - <e2e[874321ba91bca90d]::same_seed_means_identical_output::{closure#0} as core[a373ad73a504971]::ops::function::FnOnce<()>>::call_once
[INFO] [stdout]   16:     0x58a9ac344a8b - test[aada8e7e76ba119b]::__rust_begin_short_backtrace::<core[a373ad73a504971]::result::Result<(), alloc[2e1b2a31b91974c5]::string::String>, fn() -> core[a373ad73a504971]::result::Result<(), alloc[2e1b2a31b91974c5]::string::String>>
[INFO] [stdout]   17:     0x58a9ac351c65 - test[aada8e7e76ba119b]::run_test::{closure#0}
[INFO] [stdout]   18:     0x58a9ac34b554 - std[617be2ca0a6fd877]::sys::backtrace::__rust_begin_short_backtrace::<test[aada8e7e76ba119b]::run_test::{closure#1}, ()>
[INFO] [stdout]   19:     0x58a9ac354cf2 - <std[617be2ca0a6fd877]::thread::lifecycle::spawn_unchecked<test[aada8e7e76ba119b]::run_test::{closure#1}, ()>::{closure#1} as core[a373ad73a504971]::ops::function::FnOnce<()>>::call_once::{shim:vtable#0}
[INFO] [stdout]   20:     0x58a9ac3bde1f - <std[617be2ca0a6fd877]::sys::thread::unix::Thread>::new::thread_start
[INFO] [stdout]   21:     0x748ca451edfa - <unknown>
[INFO] [stdout]   22:     0x748ca45b23d4 - clone
[INFO] [stdout]   23:                0x0 - <unknown>
[INFO] [stdout] 
[INFO] [stdout] ---- different_seeds_mean_different_output stdout ----
[INFO] [stdout] 
[INFO] [stdout] thread 'different_seeds_mean_different_output' (795) panicked at tests/e2e.rs:45:13:
[INFO] [stdout] failed to compile chrono.c
[INFO] [stdout] stack backtrace:
[INFO] [stdout]    0:     0x58a9ac3be5c1 - <<std[617be2ca0a6fd877]::sys::backtrace::BacktraceLock>::print::DisplayBacktrace as core[a373ad73a504971]::fmt::Display>::fmt
[INFO] [stdout]    1:     0x58a9ac3d282a - core[a373ad73a504971]::fmt::write
[INFO] [stdout]    2:     0x58a9ac3c284c - <alloc[2e1b2a31b91974c5]::vec::Vec<u8> as core[a373ad73a504971]::io::write::Write>::write_fmt
[INFO] [stdout]    3:     0x58a9ac3996d6 - std[617be2ca0a6fd877]::panicking::default_hook::{closure#0}
[INFO] [stdout]    4:     0x58a9ac3b6c59 - std[617be2ca0a6fd877]::panicking::default_hook
[INFO] [stdout]    5:     0x58a9ac351640 - test[aada8e7e76ba119b]::test_main_inner::{closure#0}
[INFO] [stdout]    6:     0x58a9ac3b6e12 - std[617be2ca0a6fd877]::panicking::panic_with_hook
[INFO] [stdout]    7:     0x58a9ac399782 - std[617be2ca0a6fd877]::panicking::panic_handler::{closure#0}
[INFO] [stdout]    8:     0x58a9ac392379 - std[617be2ca0a6fd877]::sys::backtrace::__rust_end_short_backtrace::<std[617be2ca0a6fd877]::panicking::panic_handler::{closure#0}, !>
[INFO] [stdout]    9:     0x58a9ac39a38d - __rustc[ea4f61d10b84890b]::rust_begin_unwind
[INFO] [stdout]   10:     0x58a9ac3d2f5c - core[a373ad73a504971]::panicking::panic_fmt
[INFO] [stdout]   11:     0x58a9ac344204 - <std[617be2ca0a6fd877]::sync::once::Once>::call_once_force::<<std[617be2ca0a6fd877]::sync::once_lock::OnceLock<std[617be2ca0a6fd877]::path::PathBuf>>::initialize<<std[617be2ca0a6fd877]::sync::once_lock::OnceLock<std[617be2ca0a6fd877]::path::PathBuf>>::get_or_init<e2e[874321ba91bca90d]::built_examples::{closure#0}>::{closure#0}, !>::{closure#0}>::{closure#0}
[INFO] [stdout]   12:     0x58a9ac39f2b9 - <std[617be2ca0a6fd877]::sys::sync::once::futex::Once>::call
[INFO] [stdout]   13:     0x58a9ac3438b7 - <std[617be2ca0a6fd877]::sync::once_lock::OnceLock<std[617be2ca0a6fd877]::path::PathBuf>>::initialize::<<std[617be2ca0a6fd877]::sync::once_lock::OnceLock<std[617be2ca0a6fd877]::path::PathBuf>>::get_or_init<e2e[874321ba91bca90d]::built_examples::{closure#0}>::{closure#0}, !>
[INFO] [stdout]   14:     0x58a9ac341c5a - e2e[874321ba91bca90d]::weft_run
[INFO] [stdout]   15:     0x58a9ac3433ce - <e2e[874321ba91bca90d]::different_seeds_mean_different_output::{closure#0} as core[a373ad73a504971]::ops::function::FnOnce<()>>::call_once
[INFO] [stdout]   16:     0x58a9ac344a8b - test[aada8e7e76ba119b]::__rust_begin_short_backtrace::<core[a373ad73a504971]::result::Result<(), alloc[2e1b2a31b91974c5]::string::String>, fn() -> core[a373ad73a504971]::result::Result<(), alloc[2e1b2a31b91974c5]::string::String>>
[INFO] [stdout]   17:     0x58a9ac351c65 - test[aada8e7e76ba119b]::run_test::{closure#0}
[INFO] [stdout]   18:     0x58a9ac34b554 - std[617be2ca0a6fd877]::sys::backtrace::__rust_begin_short_backtrace::<test[aada8e7e76ba119b]::run_test::{closure#1}, ()>
[INFO] [stdout]   19:     0x58a9ac354cf2 - <std[617be2ca0a6fd877]::thread::lifecycle::spawn_unchecked<test[aada8e7e76ba119b]::run_test::{closure#1}, ()>::{closure#1} as core[a373ad73a504971]::ops::function::FnOnce<()>>::call_once::{shim:vtable#0}
[INFO] [stdout]   20:     0x58a9ac3bde1f - <std[617be2ca0a6fd877]::sys::thread::unix::Thread>::new::thread_start
[INFO] [stdout]   21:     0x748ca451edfa - <unknown>
[INFO] [stdout]   22:     0x748ca45b23d4 - clone
[INFO] [stdout]   23:                0x0 - <unknown>
[INFO] [stdout] 
[INFO] [stdout] 
[INFO] [stdout] failures:
[INFO] [stdout]     different_seeds_mean_different_output
[INFO] [stdout]     many_seeds_all_self_consistent
[INFO] [stdout]     preloaded_but_unseeded_shim_is_invisible
[INFO] [stdout]     same_seed_means_identical_output
[INFO] [stdout]     seed_zero_and_seed_max_are_valid
[INFO] [stdout]     shim_library_was_built
[INFO] [stdout]     trace_flag_reports_interceptions
[INFO] [stdout] 
[INFO] [stdout] test result: FAILED. 0 passed; 7 failed; 0 ignored; 0 measured; 0 filtered out; finished in 0.09s
[INFO] [stdout] 
[INFO] running `Command { std: "docker" "inspect" "da974e12324a6a4da993c3cfa9e460317a5ccf7c8657c03d8db3045384a371c4", kill_on_drop: false }`
[INFO] running `Command { std: "docker" "rm" "-f" "da974e12324a6a4da993c3cfa9e460317a5ccf7c8657c03d8db3045384a371c4", kill_on_drop: false }`
[INFO] [stdout] da974e12324a6a4da993c3cfa9e460317a5ccf7c8657c03d8db3045384a371c4
