[INFO] fetching crate wechat-minapp-v1 1.3.8...
[INFO] testing wechat-minapp-v1-1.3.8 against 1.99.0-beta.8+cargoflags=--release for beta-release-1.100-2
[INFO] extracting crate wechat-minapp-v1 1.3.8 into /workspace/builds/worker-7-tc1/source
[INFO] started tweaking crates.io crate wechat-minapp-v1 1.3.8
[INFO] removed 0 missing tests
[INFO] finished tweaking crates.io crate wechat-minapp-v1 1.3.8
[INFO] tweaked toml for crates.io crate wechat-minapp-v1 1.3.8 written to /workspace/builds/worker-7-tc1/source/Cargo.toml
[INFO] validating manifest of crates.io crate wechat-minapp-v1 1.3.8 on toolchain 1.99.0-beta.8
[INFO] running `Command { std: CARGO_HOME="/workspace/cargo-home" RUSTUP_HOME="/workspace/rustup-home" "/workspace/cargo-home/bin/cargo" "+1.99.0-beta.8" "metadata" "--manifest-path" "Cargo.toml" "--no-deps", kill_on_drop: false }`
[INFO] crate crates.io crate wechat-minapp-v1 1.3.8 already has a lockfile, it will not be regenerated
[INFO] running `Command { std: CARGO_HOME="/workspace/cargo-home" RUSTUP_HOME="/workspace/rustup-home" "/workspace/cargo-home/bin/cargo" "+1.99.0-beta.8" "fetch" "--manifest-path" "Cargo.toml", kill_on_drop: false }`
[INFO] [stderr]     Updating crates.io index
[INFO] [stderr]  Downloading crates ...
[INFO] [stderr]   Downloaded wasm-bindgen-futures v0.4.54
[INFO] [stderr]   Downloaded openssl-sys v0.9.110
[INFO] [stderr]   Downloaded windows-registry v0.5.3
[INFO] [stderr]   Downloaded dotenv v0.15.0
[INFO] [stderr]   Downloaded rustls-webpki v0.103.7
[INFO] [stderr]   Downloaded regex-lite v0.1.8
[INFO] [stderr]   Downloaded flate2 v1.1.4
[INFO] [stderr]   Downloaded actix-http v3.11.2
[INFO] [stderr]   Downloaded openssl v0.10.74
[INFO] [stderr]   Downloaded rustls v0.23.33
[INFO] [stderr]   Downloaded web-sys v0.3.81
[INFO] running `Command { std: "docker" "create" "-v" "/var/lib/crater-agent-workspace/builds/worker-7-tc1/source:/opt/rustwide/workdir:ro,Z" "-v" "/var/lib/crater-agent-workspace/builds/worker-7-tc1/target:/opt/rustwide/target:rw,Z" "-v" "/var/lib/crater-agent-workspace/cargo-home:/opt/rustwide/cargo-home:ro,Z" "-v" "/var/lib/crater-agent-workspace/rustup-home:/opt/rustwide/rustup-home:ro,Z" "-m" "1610612736" "--network" "none" "ghcr.io/rust-lang/crates-build-env/linux@sha256:77db811e55d90add9212f6832c23229e3de5f1c1f9905e8cb07319ea15df73ac" "sleep" "infinity", kill_on_drop: false }`
[INFO] [stdout] fcbe2612e5c400cf18acf13d3fac1562274b11083ec0462c7c3ee2a9525bb634
[INFO] running `Command { std: "docker" "start" "fcbe2612e5c400cf18acf13d3fac1562274b11083ec0462c7c3ee2a9525bb634", kill_on_drop: false }`
[INFO] running `Command { std: "docker" "inspect" "fcbe2612e5c400cf18acf13d3fac1562274b11083ec0462c7c3ee2a9525bb634", kill_on_drop: false }`
[INFO] running `Command { std: "docker" "exec" "-e" "SOURCE_DIR=/opt/rustwide/workdir" "-e" "CARGO_HOME=/opt/rustwide/cargo-home" "-e" "RUSTUP_HOME=/opt/rustwide/rustup-home" "-e" "CARGO_TARGET_DIR=/opt/rustwide/target" "-w" "/opt/rustwide/workdir" "--user" "0:0" "fcbe2612e5c400cf18acf13d3fac1562274b11083ec0462c7c3ee2a9525bb634" "/opt/rustwide/cargo-home/bin/cargo" "+1.99.0-beta.8" "metadata" "--no-deps" "--format-version=1", kill_on_drop: false }`
[INFO] running `Command { std: "docker" "inspect" "fcbe2612e5c400cf18acf13d3fac1562274b11083ec0462c7c3ee2a9525bb634", kill_on_drop: false }`
[INFO] running `Command { std: "docker" "exec" "-e" "SOURCE_DIR=/opt/rustwide/workdir" "-e" "CARGO_HOME=/opt/rustwide/cargo-home" "-e" "RUSTUP_HOME=/opt/rustwide/rustup-home" "-e" "CARGO_TARGET_DIR=/opt/rustwide/target" "-e" "CARGO_INCREMENTAL=0" "-e" "RUST_BACKTRACE=full" "-e" "RUSTFLAGS=--cap-lints=warn" "-e" "RUSTDOCFLAGS=--cap-lints=warn" "-w" "/opt/rustwide/workdir" "--user" "0:0" "fcbe2612e5c400cf18acf13d3fac1562274b11083ec0462c7c3ee2a9525bb634" "/opt/rustwide/cargo-home/bin/cargo" "+1.99.0-beta.8" "build" "--frozen" "--message-format=json" "--release", kill_on_drop: false }`
[INFO] [stderr]    Compiling quote v1.0.41
[INFO] [stderr]    Compiling unicode-ident v1.0.20
[INFO] [stderr]    Compiling stable_deref_trait v1.2.1
[INFO] [stderr]    Compiling find-msvc-tools v0.1.4
[INFO] [stderr]    Compiling generic-array v0.14.9
[INFO] [stderr]    Compiling litemap v0.8.0
[INFO] [stderr]    Compiling writeable v0.6.1
[INFO] [stderr]    Compiling icu_normalizer_data v2.0.0
[INFO] [stderr]    Compiling icu_properties_data v2.0.1
[INFO] [stderr]    Compiling futures-task v0.3.31
[INFO] [stderr]    Compiling openssl v0.10.74
[INFO] [stderr]    Compiling tokio v1.48.0
[INFO] [stderr]    Compiling bitflags v2.10.0
[INFO] [stderr]    Compiling indexmap v2.12.0
[INFO] [stderr]    Compiling native-tls v0.2.14
[INFO] [stderr]    Compiling sync_wrapper v1.0.2
[INFO] [stderr]    Compiling ipnet v2.11.0
[INFO] [stderr]    Compiling futures-util v0.3.31
[INFO] [stderr]    Compiling serde_json v1.0.145
[INFO] [stderr]    Compiling http-body-util v0.1.3
[INFO] [stderr]    Compiling proc-macro2 v1.0.101
[INFO] [stderr]    Compiling iri-string v0.7.8
[INFO] [stderr]    Compiling thiserror v2.0.17
[INFO] [stderr]    Compiling cc v1.2.41
[INFO] [stderr]    Compiling rustls-pki-types v1.12.0
[INFO] [stderr]    Compiling syn v2.0.107
[INFO] [stderr]    Compiling crypto-common v0.1.6
[INFO] [stderr]    Compiling block-padding v0.3.3
[INFO] [stderr]    Compiling block-buffer v0.10.4
[INFO] [stderr]    Compiling digest v0.10.7
[INFO] [stderr]    Compiling inout v0.1.4
[INFO] [stderr]    Compiling cipher v0.4.4
[INFO] [stderr]    Compiling hmac v0.12.1
[INFO] [stderr]    Compiling sha2 v0.10.9
[INFO] [stderr]    Compiling aes v0.8.4
[INFO] [stderr]    Compiling cbc v0.1.2
[INFO] [stderr]    Compiling openssl-sys v0.9.110
[INFO] [stderr]    Compiling synstructure v0.13.2
[INFO] [stderr]    Compiling tokio-util v0.7.16
[INFO] [stderr]    Compiling tower v0.5.2
[INFO] [stderr]    Compiling zerofrom-derive v0.1.6
[INFO] [stderr]    Compiling yoke-derive v0.8.0
[INFO] [stderr]    Compiling zerovec-derive v0.11.1
[INFO] [stderr]    Compiling displaydoc v0.2.5
[INFO] [stderr]    Compiling tracing-attributes v0.1.30
[INFO] [stderr]    Compiling serde_derive v1.0.228
[INFO] [stderr]    Compiling openssl-macros v0.1.1
[INFO] [stderr]    Compiling tower-http v0.6.6
[INFO] [stderr]    Compiling thiserror-impl v2.0.17
[INFO] [stderr]    Compiling strum_macros v0.27.2
[INFO] [stderr]    Compiling serde_repr v0.1.20
[INFO] [stderr]    Compiling zerofrom v0.1.6
[INFO] [stderr]    Compiling yoke v0.8.0
[INFO] [stderr]    Compiling zerovec v0.11.4
[INFO] [stderr]    Compiling zerotrie v0.2.2
[INFO] [stderr]    Compiling tracing v0.1.41
[INFO] [stderr]    Compiling h2 v0.4.12
[INFO] [stderr]    Compiling strum v0.27.2
[INFO] [stderr]    Compiling tinystr v0.8.1
[INFO] [stderr]    Compiling potential_utf v0.1.3
[INFO] [stderr]    Compiling icu_collections v2.0.0
[INFO] [stderr]    Compiling icu_locale_core v2.0.0
[INFO] [stderr]    Compiling serde v1.0.228
[INFO] [stderr]    Compiling icu_provider v2.0.0
[INFO] [stderr]    Compiling serde_urlencoded v0.7.1
[INFO] [stderr]    Compiling chrono v0.4.42
[INFO] [stderr]    Compiling icu_normalizer v2.0.0
[INFO] [stderr]    Compiling icu_properties v2.0.1
[INFO] [stderr]    Compiling tokio-native-tls v0.3.1
[INFO] [stderr]    Compiling idna_adapter v1.2.1
[INFO] [stderr]    Compiling idna v1.1.0
[INFO] [stderr]    Compiling url v2.5.7
[INFO] [stderr]    Compiling hyper v1.7.0
[INFO] [stderr]    Compiling hyper-util v0.1.17
[INFO] [stderr]    Compiling hyper-tls v0.6.0
[INFO] [stderr]    Compiling reqwest v0.12.24
[INFO] [stderr]    Compiling wechat-minapp-v1 v1.3.8 (/opt/rustwide/workdir)
[INFO] [stderr]     Finished `release` profile [optimized] target(s) in 1m 01s
[INFO] running `Command { std: "docker" "inspect" "fcbe2612e5c400cf18acf13d3fac1562274b11083ec0462c7c3ee2a9525bb634", kill_on_drop: false }`
[INFO] running `Command { std: "docker" "exec" "-e" "SOURCE_DIR=/opt/rustwide/workdir" "-e" "CARGO_HOME=/opt/rustwide/cargo-home" "-e" "RUSTUP_HOME=/opt/rustwide/rustup-home" "-e" "CARGO_TARGET_DIR=/opt/rustwide/target" "-e" "CARGO_INCREMENTAL=0" "-e" "RUST_BACKTRACE=full" "-e" "RUSTFLAGS=--cap-lints=warn" "-e" "RUSTDOCFLAGS=--cap-lints=warn" "-w" "/opt/rustwide/workdir" "--user" "0:0" "fcbe2612e5c400cf18acf13d3fac1562274b11083ec0462c7c3ee2a9525bb634" "/opt/rustwide/cargo-home/bin/cargo" "+1.99.0-beta.8" "test" "--frozen" "--no-run" "--message-format=json" "--release", kill_on_drop: false }`
[INFO] [stderr]    Compiling libc v0.2.177
[INFO] [stderr]    Compiling signal-hook-registry v1.4.6
[INFO] [stderr]    Compiling tokio-macros v2.6.0
[INFO] [stderr]    Compiling mio v1.1.0
[INFO] [stderr]    Compiling tracing v0.1.41
[INFO] [stderr]    Compiling zerocopy v0.8.27
[INFO] [stderr]    Compiling getrandom v0.3.4
[INFO] [stderr]    Compiling local-waker v0.1.4
[INFO] [stderr]    Compiling alloc-no-stdlib v2.0.4
[INFO] [stderr]    Compiling serde v1.0.228
[INFO] [stderr]    Compiling zstd-safe v7.2.4
[INFO] [stderr]    Compiling aho-corasick v1.1.3
[INFO] [stderr]    Compiling http v0.2.12
[INFO] [stderr]    Compiling bytes v1.10.1
[INFO] [stderr]    Compiling simd-adler32 v0.3.7
[INFO] [stderr]    Compiling tracing-core v0.1.34
[INFO] [stderr]    Compiling num-conv v0.1.0
[INFO] [stderr]    Compiling alloc-stdlib v0.2.2
[INFO] [stderr]    Compiling log v0.4.28
[INFO] [stderr]    Compiling time-core v0.1.6
[INFO] [stderr]    Compiling pin-project-lite v0.2.16
[INFO] [stderr]    Compiling rand_core v0.9.3
[INFO] [stderr]    Compiling brotli-decompressor v5.0.0
[INFO] [stderr]    Compiling time-macros v0.2.24
[INFO] [stderr]    Compiling miniz_oxide v0.8.9
[INFO] [stderr]    Compiling actix-utils v3.0.1
[INFO] [stderr]    Compiling derive_more-impl v2.0.1
[INFO] [stderr]    Compiling tokio v1.48.0
[INFO] [stderr]    Compiling serde_json v1.0.145
[INFO] [stderr]    Compiling cookie v0.16.2
[INFO] [stderr]    Compiling actix-service v2.0.3
[INFO] [stderr]    Compiling bytestring v1.5.0
[INFO] [stderr]    Compiling regex-lite v0.1.8
[INFO] [stderr]    Compiling local-channel v0.1.5
[INFO] [stderr]    Compiling sha1 v0.10.6
[INFO] [stderr]    Compiling socket2 v0.5.10
[INFO] [stderr]    Compiling regex-automata v0.4.13
[INFO] [stderr]    Compiling language-tags v0.3.2
[INFO] [stderr]    Compiling foldhash v0.1.5
[INFO] [stderr]    Compiling jobserver v0.1.34
[INFO] [stderr]    Compiling brotli v8.0.2
[INFO] [stderr]    Compiling flate2 v1.1.4
[INFO] [stderr]    Compiling cc v1.2.41
[INFO] [stderr]    Compiling time v0.3.44
[INFO] [stderr]    Compiling actix-router v0.5.3
[INFO] [stderr]    Compiling actix-macros v0.2.4
[INFO] [stderr]    Compiling impl-more v0.1.9
[INFO] [stderr]    Compiling dotenv v0.15.0
[INFO] [stderr]    Compiling actix-web-codegen v4.3.0
[INFO] [stderr]    Compiling derive_more v2.0.1
[INFO] [stderr]    Compiling ppv-lite86 v0.2.21
[INFO] [stderr]    Compiling openssl-sys v0.9.110
[INFO] [stderr]    Compiling zstd-sys v2.0.16+zstd.1.5.7
[INFO] [stderr]    Compiling rand_chacha v0.9.0
[INFO] [stderr]    Compiling rand v0.9.2
[INFO] [stderr]    Compiling openssl v0.10.74
[INFO] [stderr]    Compiling native-tls v0.2.14
[INFO] [stderr]    Compiling regex v1.12.2
[INFO] [stderr]    Compiling tokio-util v0.7.16
[INFO] [stderr]    Compiling tower v0.5.2
[INFO] [stderr]    Compiling h2 v0.4.12
[INFO] [stderr]    Compiling actix-rt v2.11.0
[INFO] [stderr]    Compiling tokio-native-tls v0.3.1
[INFO] [stderr]    Compiling tower-http v0.6.6
[INFO] [stderr]    Compiling actix-codec v0.5.2
[INFO] [stderr]    Compiling h2 v0.3.27
[INFO] [stderr]    Compiling actix-server v2.6.0
[INFO] [stderr]    Compiling hyper v1.7.0
[INFO] [stderr]    Compiling hyper-util v0.1.17
[INFO] [stderr]    Compiling hyper-tls v0.6.0
[INFO] [stderr]    Compiling reqwest v0.12.24
[INFO] [stderr]    Compiling wechat-minapp-v1 v1.3.8 (/opt/rustwide/workdir)
[INFO] [stderr]    Compiling zstd v0.13.3
[INFO] [stderr]    Compiling actix-http v3.11.2
[INFO] [stderr]    Compiling actix-web v4.11.0
[INFO] [stderr]     Finished `release` profile [optimized] target(s) in 1m 55s
[INFO] running `Command { std: "docker" "inspect" "fcbe2612e5c400cf18acf13d3fac1562274b11083ec0462c7c3ee2a9525bb634", kill_on_drop: false }`
[INFO] running `Command { std: "docker" "exec" "-e" "SOURCE_DIR=/opt/rustwide/workdir" "-e" "CARGO_HOME=/opt/rustwide/cargo-home" "-e" "RUSTUP_HOME=/opt/rustwide/rustup-home" "-e" "CARGO_TARGET_DIR=/opt/rustwide/target" "-e" "CARGO_INCREMENTAL=0" "-e" "RUST_BACKTRACE=full" "-e" "RUSTFLAGS=--cap-lints=warn" "-e" "RUSTDOCFLAGS=--cap-lints=warn" "-w" "/opt/rustwide/workdir" "--user" "0:0" "fcbe2612e5c400cf18acf13d3fac1562274b11083ec0462c7c3ee2a9525bb634" "/opt/rustwide/cargo-home/bin/cargo" "+1.99.0-beta.8" "test" "--frozen" "--release", kill_on_drop: false }`
[INFO] [stderr]     Finished `release` profile [optimized] target(s) in 0.36s
[INFO] [stderr]      Running unittests src/lib.rs (/opt/rustwide/target/release/deps/wechat_minapp_v1-7c8e17fdd27bbe34)
[INFO] [stdout] 
[INFO] [stdout] running 7 tests
[INFO] [stdout] test minapp_security::msg_sec_check::tests::test_scene_enum ... ok
[INFO] [stdout] test minapp_security::msg_sec_check::tests::test_args_builder ... ok
[INFO] [stdout] test minapp_security::msg_sec_check::tests::test_args_builder_validation ... ok
[INFO] [stdout] test minapp_security::tests::test_suggest_enum ... ok
[INFO] [stdout] test minapp_security::tests::test_serialization ... ok
[INFO] [stdout] test minapp_security::msg_sec_check::tests::test_msg_sec_check_result ... ok
[INFO] [stdout] test minapp_security::msg_sec_check::tests::test_msg_sec_check_result_with_risk ... ok
[INFO] [stdout] 
[INFO] [stdout] test result: ok. 7 passed; 0 failed; 0 ignored; 0 measured; 0 filtered out; finished in 0.01s
[INFO] [stdout] 
[INFO] [stderr]      Running tests/mod.rs (/opt/rustwide/target/release/deps/mod-c9e96e67f2917586)
[INFO] [stdout] 
[INFO] [stdout] running 15 tests
[INFO] [stdout] test qr_code::test_qr_code_args_build_missing_path ... ok
[INFO] [stdout] test qr_code::test_qr_code_args_build_path_boundary ... ok
[INFO] [stdout] test qr_code::test_qr_code_args_build_with_all_fields ... ok
[INFO] [stdout] test qr_code::test_qr_code_args_build_success ... ok
[INFO] [stdout] test qr_code::test_qr_code_args_build_path_too_long ... ok
[INFO] [stdout] test msg_sec_check::test_msg_sec_check_content_length_boundary ... FAILED
[INFO] [stdout] test qr_code::test_minapp_env_version_conversion ... ok
[INFO] [stdout] test msg_sec_check::test_msg_sec_check_normal_content ... FAILED
[INFO] [stdout] test msg_sec_check::test_msg_sec_check_different_scenes ... FAILED
[INFO] [stdout] test qr_code::test_qr_code_with_only_env_version ... FAILED
[INFO] [stdout] test msg_sec_check::test_msg_sec_check_result_structure ... FAILED
[INFO] [stdout] test msg_sec_check::test_msg_sec_check_with_title_and_nickname ... FAILED
[INFO] [stdout] test qr_code::test_qr_code_with_all_parameters ... FAILED
[INFO] [stdout] test msg_sec_check::test_msg_sec_check_profile_scene ... FAILED
[INFO] [stdout] test qr_code::test_qr_code_with_only_width ... FAILED
[INFO] [stdout] 
[INFO] [stdout] failures:
[INFO] [stdout] 
[INFO] [stdout] ---- msg_sec_check::test_msg_sec_check_content_length_boundary stdout ----
[INFO] [stdout] 
[INFO] [stdout] thread 'msg_sec_check::test_msg_sec_check_content_length_boundary' (3420) panicked at tests/msg_sec_check.rs:10:44:
[INFO] [stdout] 请设置 WECHAT_APP_ID 环境变量: NotPresent
[INFO] [stdout] stack backtrace:
[INFO] [stdout]    0:     0x5f4cce8f2981 - <<std[70759c8f55707aa4]::sys::backtrace::BacktraceLock>::print::DisplayBacktrace as core[df12db4294e9bfd3]::fmt::Display>::fmt
[INFO] [stdout]    1:     0x5f4cce90958a - core[df12db4294e9bfd3]::fmt::write
[INFO] [stdout]    2:     0x5f4cce8f753c - <alloc[2182bb758b4b3781]::vec::Vec<u8> as core[df12db4294e9bfd3]::io::write::Write>::write_fmt
[INFO] [stdout]    3:     0x5f4cce8cd8b6 - std[70759c8f55707aa4]::panicking::default_hook::{closure#0}
[INFO] [stdout]    4:     0x5f4cce8ea779 - std[70759c8f55707aa4]::panicking::default_hook
[INFO] [stdout]    5:     0x5f4cce6fb280 - test[9d35eded1c95d3be]::test_main_inner::<test[9d35eded1c95d3be]::test_main_static::{closure#0}>::{closure#0}
[INFO] [stdout]    6:     0x5f4cce8eaaa2 - std[70759c8f55707aa4]::panicking::panic_with_hook
[INFO] [stdout]    7:     0x5f4cce8cd962 - std[70759c8f55707aa4]::panicking::panic_handler::{closure#0}
[INFO] [stdout]    8:     0x5f4cce8c63c9 - std[70759c8f55707aa4]::sys::backtrace::__rust_end_short_backtrace::<std[70759c8f55707aa4]::panicking::panic_handler::{closure#0}, !>
[INFO] [stdout]    9:     0x5f4cce8ce7ed - __rustc[8fa7c3cbc660c2b3]::rust_begin_unwind
[INFO] [stdout]   10:     0x5f4cce909cec - core[df12db4294e9bfd3]::panicking::panic_fmt
[INFO] [stdout]   11:     0x5f4cce909ac2 - core[df12db4294e9bfd3]::result::unwrap_failed
[INFO] [stdout]   12:     0x5f4cce6ce2dc - mod[64d1e807752fa6da]::msg_sec_check::setup_client
[INFO] [stdout]   13:     0x5f4cce6cd6c6 - mod[64d1e807752fa6da]::msg_sec_check::test_msg_sec_check_content_length_boundary::{closure#0}
[INFO] [stdout]   14:     0x5f4cce6e5d53 - <tokio[d534e13a2c82ccbb]::runtime::scheduler::current_thread::Context>::enter::<core[df12db4294e9bfd3]::task::poll::Poll<()>, <tokio[d534e13a2c82ccbb]::runtime::scheduler::current_thread::CoreGuard>::block_on<core[df12db4294e9bfd3]::pin::Pin<&mut core[df12db4294e9bfd3]::pin::Pin<&mut dyn core[df12db4294e9bfd3]::future::future::Future<Output = ()>>>>::{closure#0}::{closure#0}>
[INFO] [stdout]   15:     0x5f4cce6e4039 - <std[70759c8f55707aa4]::thread::local::LocalKey<tokio[d534e13a2c82ccbb]::runtime::context::Context>>::with::<tokio[d534e13a2c82ccbb]::runtime::context::set_scheduler<(alloc[2182bb758b4b3781]::boxed::Box<tokio[d534e13a2c82ccbb]::runtime::scheduler::current_thread::Core>, core[df12db4294e9bfd3]::option::Option<()>), <tokio[d534e13a2c82ccbb]::runtime::scheduler::current_thread::CoreGuard>::enter<<tokio[d534e13a2c82ccbb]::runtime::scheduler::current_thread::CoreGuard>::block_on<core[df12db4294e9bfd3]::pin::Pin<&mut core[df12db4294e9bfd3]::pin::Pin<&mut dyn core[df12db4294e9bfd3]::future::future::Future<Output = ()>>>>::{closure#0}, core[df12db4294e9bfd3]::option::Option<()>>::{closure#0}>::{closure#0}, (alloc[2182bb758b4b3781]::boxed::Box<tokio[d534e13a2c82ccbb]::runtime::scheduler::current_thread::Core>, core[df12db4294e9bfd3]::option::Option<()>)>
[INFO] [stdout]   16:     0x5f4cce6e6607 - <tokio[d534e13a2c82ccbb]::runtime::scheduler::current_thread::CoreGuard>::block_on::<core[df12db4294e9bfd3]::pin::Pin<&mut core[df12db4294e9bfd3]::pin::Pin<&mut dyn core[df12db4294e9bfd3]::future::future::Future<Output = ()>>>>
[INFO] [stdout]   17:     0x5f4cce6e8607 - tokio[d534e13a2c82ccbb]::runtime::context::runtime::enter_runtime::<<tokio[d534e13a2c82ccbb]::runtime::scheduler::current_thread::CurrentThread>::block_on<core[df12db4294e9bfd3]::pin::Pin<&mut dyn core[df12db4294e9bfd3]::future::future::Future<Output = ()>>>::{closure#0}, ()>
[INFO] [stdout]   18:     0x5f4cce6e731a - <tokio[d534e13a2c82ccbb]::runtime::runtime::Runtime>::block_on::<core[df12db4294e9bfd3]::pin::Pin<&mut dyn core[df12db4294e9bfd3]::future::future::Future<Output = ()>>>
[INFO] [stdout]   19:     0x5f4cce6ceb3b - mod[64d1e807752fa6da]::msg_sec_check::test_msg_sec_check_content_length_boundary
[INFO] [stdout]   20:     0x5f4cce6e6dd9 - <mod[64d1e807752fa6da]::msg_sec_check::test_msg_sec_check_content_length_boundary::{closure#0} as core[df12db4294e9bfd3]::ops::function::FnOnce<()>>::call_once
[INFO] [stdout]   21:     0x5f4cce6ee56b - test[9d35eded1c95d3be]::__rust_begin_short_backtrace::<core[df12db4294e9bfd3]::result::Result<(), alloc[2182bb758b4b3781]::string::String>, fn() -> core[df12db4294e9bfd3]::result::Result<(), alloc[2182bb758b4b3781]::string::String>>
[INFO] [stdout]   22:     0x5f4cce6fbbd5 - test[9d35eded1c95d3be]::run_test::{closure#0}
[INFO] [stdout]   23:     0x5f4cce6f5494 - std[70759c8f55707aa4]::sys::backtrace::__rust_begin_short_backtrace::<test[9d35eded1c95d3be]::run_test::{closure#1}, ()>
[INFO] [stdout]   24:     0x5f4cce6fed32 - <std[70759c8f55707aa4]::thread::lifecycle::spawn_unchecked<test[9d35eded1c95d3be]::run_test::{closure#1}, ()>::{closure#1} as core[df12db4294e9bfd3]::ops::function::FnOnce<()>>::call_once::{shim:vtable#0}
[INFO] [stdout]   25:     0x5f4cce8f1ea9 - <std[70759c8f55707aa4]::sys::thread::unix::Thread>::new::thread_start
[INFO] [stdout]   26:     0x7cf7bbcd9dfa - <unknown>
[INFO] [stdout]   27:     0x7cf7bbd6d3d4 - clone
[INFO] [stdout]   28:                0x0 - <unknown>
[INFO] [stdout] 
[INFO] [stdout] ---- msg_sec_check::test_msg_sec_check_normal_content stdout ----
[INFO] [stdout] 
[INFO] [stdout] thread 'msg_sec_check::test_msg_sec_check_normal_content' (3422) panicked at tests/msg_sec_check.rs:10:44:
[INFO] [stdout] 请设置 WECHAT_APP_ID 环境变量: NotPresent
[INFO] [stdout] stack backtrace:
[INFO] [stdout]    0:     0x5f4cce8f2981 - <<std[70759c8f55707aa4]::sys::backtrace::BacktraceLock>::print::DisplayBacktrace as core[df12db4294e9bfd3]::fmt::Display>::fmt
[INFO] [stdout]    1:     0x5f4cce90958a - core[df12db4294e9bfd3]::fmt::write
[INFO] [stdout]    2:     0x5f4cce8f753c - <alloc[2182bb758b4b3781]::vec::Vec<u8> as core[df12db4294e9bfd3]::io::write::Write>::write_fmt
[INFO] [stdout]    3:     0x5f4cce8cd8b6 - std[70759c8f55707aa4]::panicking::default_hook::{closure#0}
[INFO] [stdout]    4:     0x5f4cce8ea779 - std[70759c8f55707aa4]::panicking::default_hook
[INFO] [stdout]    5:     0x5f4cce6fb280 - test[9d35eded1c95d3be]::test_main_inner::<test[9d35eded1c95d3be]::test_main_static::{closure#0}>::{closure#0}
[INFO] [stdout]    6:     0x5f4cce8eaaa2 - std[70759c8f55707aa4]::panicking::panic_with_hook
[INFO] [stdout]    7:     0x5f4cce8cd962 - std[70759c8f55707aa4]::panicking::panic_handler::{closure#0}
[INFO] [stdout]    8:     0x5f4cce8c63c9 - std[70759c8f55707aa4]::sys::backtrace::__rust_end_short_backtrace::<std[70759c8f55707aa4]::panicking::panic_handler::{closure#0}, !>
[INFO] [stdout]    9:     0x5f4cce8ce7ed - __rustc[8fa7c3cbc660c2b3]::rust_begin_unwind
[INFO] [stdout]   10:     0x5f4cce909cec - core[df12db4294e9bfd3]::panicking::panic_fmt
[INFO] [stdout]   11:     0x5f4cce909ac2 - core[df12db4294e9bfd3]::result::unwrap_failed
[INFO] [stdout]   12:     0x5f4cce6ce2dc - mod[64d1e807752fa6da]::msg_sec_check::setup_client
[INFO] [stdout]   13:     0x5f4cce6cbd04 - mod[64d1e807752fa6da]::msg_sec_check::test_msg_sec_check_normal_content::{closure#0}
[INFO] [stdout]   14:     0x5f4cce6e5d53 - <tokio[d534e13a2c82ccbb]::runtime::scheduler::current_thread::Context>::enter::<core[df12db4294e9bfd3]::task::poll::Poll<()>, <tokio[d534e13a2c82ccbb]::runtime::scheduler::current_thread::CoreGuard>::block_on<core[df12db4294e9bfd3]::pin::Pin<&mut core[df12db4294e9bfd3]::pin::Pin<&mut dyn core[df12db4294e9bfd3]::future::future::Future<Output = ()>>>>::{closure#0}::{closure#0}>
[INFO] [stdout]   15:     0x5f4cce6e4039 - <std[70759c8f55707aa4]::thread::local::LocalKey<tokio[d534e13a2c82ccbb]::runtime::context::Context>>::with::<tokio[d534e13a2c82ccbb]::runtime::context::set_scheduler<(alloc[2182bb758b4b3781]::boxed::Box<tokio[d534e13a2c82ccbb]::runtime::scheduler::current_thread::Core>, core[df12db4294e9bfd3]::option::Option<()>), <tokio[d534e13a2c82ccbb]::runtime::scheduler::current_thread::CoreGuard>::enter<<tokio[d534e13a2c82ccbb]::runtime::scheduler::current_thread::CoreGuard>::block_on<core[df12db4294e9bfd3]::pin::Pin<&mut core[df12db4294e9bfd3]::pin::Pin<&mut dyn core[df12db4294e9bfd3]::future::future::Future<Output = ()>>>>::{closure#0}, core[df12db4294e9bfd3]::option::Option<()>>::{closure#0}>::{closure#0}, (alloc[2182bb758b4b3781]::boxed::Box<tokio[d534e13a2c82ccbb]::runtime::scheduler::current_thread::Core>, core[df12db4294e9bfd3]::option::Option<()>)>
[INFO] [stdout]   16:     0x5f4cce6e6607 - <tokio[d534e13a2c82ccbb]::runtime::scheduler::current_thread::CoreGuard>::block_on::<core[df12db4294e9bfd3]::pin::Pin<&mut core[df12db4294e9bfd3]::pin::Pin<&mut dyn core[df12db4294e9bfd3]::future::future::Future<Output = ()>>>>
[INFO] [stdout]   17:     0x5f4cce6e8607 - tokio[d534e13a2c82ccbb]::runtime::context::runtime::enter_runtime::<<tokio[d534e13a2c82ccbb]::runtime::scheduler::current_thread::CurrentThread>::block_on<core[df12db4294e9bfd3]::pin::Pin<&mut dyn core[df12db4294e9bfd3]::future::future::Future<Output = ()>>>::{closure#0}, ()>
[INFO] [stdout]   18:     0x5f4cce6e731a - <tokio[d534e13a2c82ccbb]::runtime::runtime::Runtime>::block_on::<core[df12db4294e9bfd3]::pin::Pin<&mut dyn core[df12db4294e9bfd3]::future::future::Future<Output = ()>>>
[INFO] [stdout]   19:     0x5f4cce6ce6cb - mod[64d1e807752fa6da]::msg_sec_check::test_msg_sec_check_normal_content
[INFO] [stdout]   20:     0x5f4cce6e6d79 - <mod[64d1e807752fa6da]::msg_sec_check::test_msg_sec_check_normal_content::{closure#0} as core[df12db4294e9bfd3]::ops::function::FnOnce<()>>::call_once
[INFO] [stdout]   21:     0x5f4cce6ee56b - test[9d35eded1c95d3be]::__rust_begin_short_backtrace::<core[df12db4294e9bfd3]::result::Result<(), alloc[2182bb758b4b3781]::string::String>, fn() -> core[df12db4294e9bfd3]::result::Result<(), alloc[2182bb758b4b3781]::string::String>>
[INFO] [stdout]   22:     0x5f4cce6fbbd5 - test[9d35eded1c95d3be]::run_test::{closure#0}
[INFO] [stdout]   23:     0x5f4cce6f5494 - std[70759c8f55707aa4]::sys::backtrace::__rust_begin_short_backtrace::<test[9d35eded1c95d3be]::run_test::{closure#1}, ()>
[INFO] [stdout]   24:     0x5f4cce6fed32 - <std[70759c8f55707aa4]::thread::lifecycle::spawn_unchecked<test[9d35eded1c95d3be]::run_test::{closure#1}, ()>::{closure#1} as core[df12db4294e9bfd3]::ops::function::FnOnce<()>>::call_once::{shim:vtable#0}
[INFO] [stdout]   25:     0x5f4cce8f1ea9 - <std[70759c8f55707aa4]::sys::thread::unix::Thread>::new::thread_start
[INFO] [stdout]   26:     0x7cf7bbcd9dfa - <unknown>
[INFO] [stdout]   27:     0x7cf7bbd6d3d4 - clone
[INFO] [stdout]   28:                0x0 - <unknown>
[INFO] [stdout] 
[INFO] [stdout] ---- msg_sec_check::test_msg_sec_check_different_scenes stdout ----
[INFO] [stdout] 
[INFO] [stdout] thread 'msg_sec_check::test_msg_sec_check_different_scenes' (3421) panicked at tests/msg_sec_check.rs:10:44:
[INFO] [stdout] 请设置 WECHAT_APP_ID 环境变量: NotPresent
[INFO] [stdout] stack backtrace:
[INFO] [stdout]    0:     0x5f4cce8f2981 - <<std[70759c8f55707aa4]::sys::backtrace::BacktraceLock>::print::DisplayBacktrace as core[df12db4294e9bfd3]::fmt::Display>::fmt
[INFO] [stdout]    1:     0x5f4cce90958a - core[df12db4294e9bfd3]::fmt::write
[INFO] [stdout]    2:     0x5f4cce8f753c - <alloc[2182bb758b4b3781]::vec::Vec<u8> as core[df12db4294e9bfd3]::io::write::Write>::write_fmt
[INFO] [stdout]    3:     0x5f4cce8cd8b6 - std[70759c8f55707aa4]::panicking::default_hook::{closure#0}
[INFO] [stdout]    4:     0x5f4cce8ea779 - std[70759c8f55707aa4]::panicking::default_hook
[INFO] [stdout]    5:     0x5f4cce6fb280 - test[9d35eded1c95d3be]::test_main_inner::<test[9d35eded1c95d3be]::test_main_static::{closure#0}>::{closure#0}
[INFO] [stdout]    6:     0x5f4cce8eaaa2 - std[70759c8f55707aa4]::panicking::panic_with_hook
[INFO] [stdout]    7:     0x5f4cce8cd962 - std[70759c8f55707aa4]::panicking::panic_handler::{closure#0}
[INFO] [stdout]    8:     0x5f4cce8c63c9 - std[70759c8f55707aa4]::sys::backtrace::__rust_end_short_backtrace::<std[70759c8f55707aa4]::panicking::panic_handler::{closure#0}, !>
[INFO] [stdout]    9:     0x5f4cce8ce7ed - __rustc[8fa7c3cbc660c2b3]::rust_begin_unwind
[INFO] [stdout]   10:     0x5f4cce909cec - core[df12db4294e9bfd3]::panicking::panic_fmt
[INFO] [stdout]   11:     0x5f4cce909ac2 - core[df12db4294e9bfd3]::result::unwrap_failed
[INFO] [stdout]   12:     0x5f4cce6ce2dc - mod[64d1e807752fa6da]::msg_sec_check::setup_client
[INFO] [stdout]   13:     0x5f4cce6cc1e4 - mod[64d1e807752fa6da]::msg_sec_check::test_msg_sec_check_different_scenes::{closure#0}
[INFO] [stdout]   14:     0x5f4cce6e5d53 - <tokio[d534e13a2c82ccbb]::runtime::scheduler::current_thread::Context>::enter::<core[df12db4294e9bfd3]::task::poll::Poll<()>, <tokio[d534e13a2c82ccbb]::runtime::scheduler::current_thread::CoreGuard>::block_on<core[df12db4294e9bfd3]::pin::Pin<&mut core[df12db4294e9bfd3]::pin::Pin<&mut dyn core[df12db4294e9bfd3]::future::future::Future<Output = ()>>>>::{closure#0}::{closure#0}>
[INFO] [stdout]   15:     0x5f4cce6e4039 - <std[70759c8f55707aa4]::thread::local::LocalKey<tokio[d534e13a2c82ccbb]::runtime::context::Context>>::with::<tokio[d534e13a2c82ccbb]::runtime::context::set_scheduler<(alloc[2182bb758b4b3781]::boxed::Box<tokio[d534e13a2c82ccbb]::runtime::scheduler::current_thread::Core>, core[df12db4294e9bfd3]::option::Option<()>), <tokio[d534e13a2c82ccbb]::runtime::scheduler::current_thread::CoreGuard>::enter<<tokio[d534e13a2c82ccbb]::runtime::scheduler::current_thread::CoreGuard>::block_on<core[df12db4294e9bfd3]::pin::Pin<&mut core[df12db4294e9bfd3]::pin::Pin<&mut dyn core[df12db4294e9bfd3]::future::future::Future<Output = ()>>>>::{closure#0}, core[df12db4294e9bfd3]::option::Option<()>>::{closure#0}>::{closure#0}, (alloc[2182bb758b4b3781]::boxed::Box<tokio[d534e13a2c82ccbb]::runtime::scheduler::current_thread::Core>, core[df12db4294e9bfd3]::option::Option<()>)>
[INFO] [stdout]   16:     0x5f4cce6e6607 - <tokio[d534e13a2c82ccbb]::runtime::scheduler::current_thread::CoreGuard>::block_on::<core[df12db4294e9bfd3]::pin::Pin<&mut core[df12db4294e9bfd3]::pin::Pin<&mut dyn core[df12db4294e9bfd3]::future::future::Future<Output = ()>>>>
[INFO] [stdout]   17:     0x5f4cce6e8607 - tokio[d534e13a2c82ccbb]::runtime::context::runtime::enter_runtime::<<tokio[d534e13a2c82ccbb]::runtime::scheduler::current_thread::CurrentThread>::block_on<core[df12db4294e9bfd3]::pin::Pin<&mut dyn core[df12db4294e9bfd3]::future::future::Future<Output = ()>>>::{closure#0}, ()>
[INFO] [stdout]   18:     0x5f4cce6e731a - <tokio[d534e13a2c82ccbb]::runtime::runtime::Runtime>::block_on::<core[df12db4294e9bfd3]::pin::Pin<&mut dyn core[df12db4294e9bfd3]::future::future::Future<Output = ()>>>
[INFO] [stdout]   19:     0x5f4cce6ce85b - mod[64d1e807752fa6da]::msg_sec_check::test_msg_sec_check_different_scenes
[INFO] [stdout]   20:     0x5f4cce6e6d99 - <mod[64d1e807752fa6da]::msg_sec_check::test_msg_sec_check_different_scenes::{closure#0} as core[df12db4294e9bfd3]::ops::function::FnOnce<()>>::call_once
[INFO] [stdout]   21:     0x5f4cce6ee56b - test[9d35eded1c95d3be]::__rust_begin_short_backtrace::<core[df12db4294e9bfd3]::result::Result<(), alloc[2182bb758b4b3781]::string::String>, fn() -> core[df12db4294e9bfd3]::result::Result<(), alloc[2182bb758b4b3781]::string::String>>
[INFO] [stdout]   22:     0x5f4cce6fbbd5 - test[9d35eded1c95d3be]::run_test::{closure#0}
[INFO] [stdout]   23:     0x5f4cce6f5494 - std[70759c8f55707aa4]::sys::backtrace::__rust_begin_short_backtrace::<test[9d35eded1c95d3be]::run_test::{closure#1}, ()>
[INFO] [stdout]   24:     0x5f4cce6fed32 - <std[70759c8f55707aa4]::thread::lifecycle::spawn_unchecked<test[9d35eded1c95d3be]::run_test::{closure#1}, ()>::{closure#1} as core[df12db4294e9bfd3]::ops::function::FnOnce<()>>::call_once::{shim:vtable#0}
[INFO] [stdout]   25:     0x5f4cce8f1ea9 - <std[70759c8f55707aa4]::sys::thread::unix::Thread>::new::thread_start
[INFO] [stdout]   26:     0x7cf7bbcd9dfa - <unknown>
[INFO] [stdout]   27:     0x7cf7bbd6d3d4 - clone
[INFO] [stdout]   28:                0x0 - <unknown>
[INFO] [stdout] 
[INFO] [stdout] ---- qr_code::test_qr_code_with_only_env_version stdout ----
[INFO] [stdout] 
[INFO] [stdout] thread 'qr_code::test_qr_code_with_only_env_version' (3433) panicked at tests/qr_code.rs:9:44:
[INFO] [stdout] 请设置 WECHAT_APP_ID 环境变量: NotPresent
[INFO] [stdout] stack backtrace:
[INFO] [stdout]    0:     0x5f4cce8f2981 - <<std[70759c8f55707aa4]::sys::backtrace::BacktraceLock>::print::DisplayBacktrace as core[df12db4294e9bfd3]::fmt::Display>::fmt
[INFO] [stdout]    1:     0x5f4cce90958a - core[df12db4294e9bfd3]::fmt::write
[INFO] [stdout]    2:     0x5f4cce8f753c - <alloc[2182bb758b4b3781]::vec::Vec<u8> as core[df12db4294e9bfd3]::io::write::Write>::write_fmt
[INFO] [stdout]    3:     0x5f4cce8cd8b6 - std[70759c8f55707aa4]::panicking::default_hook::{closure#0}
[INFO] [stdout]    4:     0x5f4cce8ea779 - std[70759c8f55707aa4]::panicking::default_hook
[INFO] [stdout]    5:     0x5f4cce6fb280 - test[9d35eded1c95d3be]::test_main_inner::<test[9d35eded1c95d3be]::test_main_static::{closure#0}>::{closure#0}
[INFO] [stdout]    6:     0x5f4cce8eaaa2 - std[70759c8f55707aa4]::panicking::panic_with_hook
[INFO] [stdout]    7:     0x5f4cce8cd962 - std[70759c8f55707aa4]::panicking::panic_handler::{closure#0}
[INFO] [stdout]    8:     0x5f4cce8c63c9 - std[70759c8f55707aa4]::sys::backtrace::__rust_end_short_backtrace::<std[70759c8f55707aa4]::panicking::panic_handler::{closure#0}, !>
[INFO] [stdout]    9:     0x5f4cce8ce7ed - __rustc[8fa7c3cbc660c2b3]::rust_begin_unwind
[INFO] [stdout]   10:     0x5f4cce909cec - core[df12db4294e9bfd3]::panicking::panic_fmt
[INFO] [stdout]   11:     0x5f4cce909ac2 - core[df12db4294e9bfd3]::result::unwrap_failed
[INFO] [stdout]   12:     0x5f4cce6c1b3c - mod[64d1e807752fa6da]::qr_code::setup_client
[INFO] [stdout]   13:     0x5f4cce6c177f - mod[64d1e807752fa6da]::qr_code::test_qr_code_with_only_env_version::{closure#0}
[INFO] [stdout]   14:     0x5f4cce6e5d53 - <tokio[d534e13a2c82ccbb]::runtime::scheduler::current_thread::Context>::enter::<core[df12db4294e9bfd3]::task::poll::Poll<()>, <tokio[d534e13a2c82ccbb]::runtime::scheduler::current_thread::CoreGuard>::block_on<core[df12db4294e9bfd3]::pin::Pin<&mut core[df12db4294e9bfd3]::pin::Pin<&mut dyn core[df12db4294e9bfd3]::future::future::Future<Output = ()>>>>::{closure#0}::{closure#0}>
[INFO] [stdout]   15:     0x5f4cce6e4039 - <std[70759c8f55707aa4]::thread::local::LocalKey<tokio[d534e13a2c82ccbb]::runtime::context::Context>>::with::<tokio[d534e13a2c82ccbb]::runtime::context::set_scheduler<(alloc[2182bb758b4b3781]::boxed::Box<tokio[d534e13a2c82ccbb]::runtime::scheduler::current_thread::Core>, core[df12db4294e9bfd3]::option::Option<()>), <tokio[d534e13a2c82ccbb]::runtime::scheduler::current_thread::CoreGuard>::enter<<tokio[d534e13a2c82ccbb]::runtime::scheduler::current_thread::CoreGuard>::block_on<core[df12db4294e9bfd3]::pin::Pin<&mut core[df12db4294e9bfd3]::pin::Pin<&mut dyn core[df12db4294e9bfd3]::future::future::Future<Output = ()>>>>::{closure#0}, core[df12db4294e9bfd3]::option::Option<()>>::{closure#0}>::{closure#0}, (alloc[2182bb758b4b3781]::boxed::Box<tokio[d534e13a2c82ccbb]::runtime::scheduler::current_thread::Core>, core[df12db4294e9bfd3]::option::Option<()>)>
[INFO] [stdout]   16:     0x5f4cce6e6607 - <tokio[d534e13a2c82ccbb]::runtime::scheduler::current_thread::CoreGuard>::block_on::<core[df12db4294e9bfd3]::pin::Pin<&mut core[df12db4294e9bfd3]::pin::Pin<&mut dyn core[df12db4294e9bfd3]::future::future::Future<Output = ()>>>>
[INFO] [stdout]   17:     0x5f4cce6e8607 - tokio[d534e13a2c82ccbb]::runtime::context::runtime::enter_runtime::<<tokio[d534e13a2c82ccbb]::runtime::scheduler::current_thread::CurrentThread>::block_on<core[df12db4294e9bfd3]::pin::Pin<&mut dyn core[df12db4294e9bfd3]::future::future::Future<Output = ()>>>::{closure#0}, ()>
[INFO] [stdout]   18:     0x5f4cce6e731a - <tokio[d534e13a2c82ccbb]::runtime::runtime::Runtime>::block_on::<core[df12db4294e9bfd3]::pin::Pin<&mut dyn core[df12db4294e9bfd3]::future::future::Future<Output = ()>>>
[INFO] [stdout]   19:     0x5f4cce6c23db - mod[64d1e807752fa6da]::qr_code::test_qr_code_with_only_env_version
[INFO] [stdout]   20:     0x5f4cce6e6e99 - <mod[64d1e807752fa6da]::qr_code::test_qr_code_with_only_env_version::{closure#0} as core[df12db4294e9bfd3]::ops::function::FnOnce<()>>::call_once
[INFO] [stdout]   21:     0x5f4cce6ee56b - test[9d35eded1c95d3be]::__rust_begin_short_backtrace::<core[df12db4294e9bfd3]::result::Result<(), alloc[2182bb758b4b3781]::string::String>, fn() -> core[df12db4294e9bfd3]::result::Result<(), alloc[2182bb758b4b3781]::string::String>>
[INFO] [stdout]   22:     0x5f4cce6fbbd5 - test[9d35eded1c95d3be]::run_test::{closure#0}
[INFO] [stdout]   23:     0x5f4cce6f5494 - std[70759c8f55707aa4]::sys::backtrace::__rust_begin_short_backtrace::<test[9d35eded1c95d3be]::run_test::{closure#1}, ()>
[INFO] [stdout]   24:     0x5f4cce6fed32 - <std[70759c8f55707aa4]::thread::lifecycle::spawn_unchecked<test[9d35eded1c95d3be]::run_test::{closure#1}, ()>::{closure#1} as core[df12db4294e9bfd3]::ops::function::FnOnce<()>>::call_once::{shim:vtable#0}
[INFO] [stdout]   25:     0x5f4cce8f1ea9 - <std[70759c8f55707aa4]::sys::thread::unix::Thread>::new::thread_start
[INFO] [stdout]   26:     0x7cf7bbcd9dfa - <unknown>
[INFO] [stdout]   27:     0x7cf7bbd6d3d4 - clone
[INFO] [stdout]   28:                0x0 - <unknown>
[INFO] [stdout] 
[INFO] [stdout] ---- msg_sec_check::test_msg_sec_check_result_structure stdout ----
[INFO] [stdout] 
[INFO] [stdout] thread 'msg_sec_check::test_msg_sec_check_result_structure' (3424) panicked at tests/msg_sec_check.rs:10:44:
[INFO] [stdout] 请设置 WECHAT_APP_ID 环境变量: NotPresent
[INFO] [stdout] stack backtrace:
[INFO] [stdout]    0:     0x5f4cce8f2981 - <<std[70759c8f55707aa4]::sys::backtrace::BacktraceLock>::print::DisplayBacktrace as core[df12db4294e9bfd3]::fmt::Display>::fmt
[INFO] [stdout]    1:     0x5f4cce90958a - core[df12db4294e9bfd3]::fmt::write
[INFO] [stdout]    2:     0x5f4cce8f753c - <alloc[2182bb758b4b3781]::vec::Vec<u8> as core[df12db4294e9bfd3]::io::write::Write>::write_fmt
[INFO] [stdout]    3:     0x5f4cce8cd8b6 - std[70759c8f55707aa4]::panicking::default_hook::{closure#0}
[INFO] [stdout]    4:     0x5f4cce8ea779 - std[70759c8f55707aa4]::panicking::default_hook
[INFO] [stdout]    5:     0x5f4cce6fb280 - test[9d35eded1c95d3be]::test_main_inner::<test[9d35eded1c95d3be]::test_main_static::{closure#0}>::{closure#0}
[INFO] [stdout]    6:     0x5f4cce8eaaa2 - std[70759c8f55707aa4]::panicking::panic_with_hook
[INFO] [stdout]    7:     0x5f4cce8cd962 - std[70759c8f55707aa4]::panicking::panic_handler::{closure#0}
[INFO] [stdout]    8:     0x5f4cce8c63c9 - std[70759c8f55707aa4]::sys::backtrace::__rust_end_short_backtrace::<std[70759c8f55707aa4]::panicking::panic_handler::{closure#0}, !>
[INFO] [stdout]    9:     0x5f4cce8ce7ed - __rustc[8fa7c3cbc660c2b3]::rust_begin_unwind
[INFO] [stdout]   10:     0x5f4cce909cec - core[df12db4294e9bfd3]::panicking::panic_fmt
[INFO] [stdout]   11:     0x5f4cce909ac2 - core[df12db4294e9bfd3]::result::unwrap_failed
[INFO] [stdout]   12:     0x5f4cce6ce2dc - mod[64d1e807752fa6da]::msg_sec_check::setup_client
[INFO] [stdout]   13:     0x5f4cce6cce16 - mod[64d1e807752fa6da]::msg_sec_check::test_msg_sec_check_result_structure::{closure#0}
[INFO] [stdout]   14:     0x5f4cce6e5d53 - <tokio[d534e13a2c82ccbb]::runtime::scheduler::current_thread::Context>::enter::<core[df12db4294e9bfd3]::task::poll::Poll<()>, <tokio[d534e13a2c82ccbb]::runtime::scheduler::current_thread::CoreGuard>::block_on<core[df12db4294e9bfd3]::pin::Pin<&mut core[df12db4294e9bfd3]::pin::Pin<&mut dyn core[df12db4294e9bfd3]::future::future::Future<Output = ()>>>>::{closure#0}::{closure#0}>
[INFO] [stdout]   15:     0x5f4cce6e4039 - <std[70759c8f55707aa4]::thread::local::LocalKey<tokio[d534e13a2c82ccbb]::runtime::context::Context>>::with::<tokio[d534e13a2c82ccbb]::runtime::context::set_scheduler<(alloc[2182bb758b4b3781]::boxed::Box<tokio[d534e13a2c82ccbb]::runtime::scheduler::current_thread::Core>, core[df12db4294e9bfd3]::option::Option<()>), <tokio[d534e13a2c82ccbb]::runtime::scheduler::current_thread::CoreGuard>::enter<<tokio[d534e13a2c82ccbb]::runtime::scheduler::current_thread::CoreGuard>::block_on<core[df12db4294e9bfd3]::pin::Pin<&mut core[df12db4294e9bfd3]::pin::Pin<&mut dyn core[df12db4294e9bfd3]::future::future::Future<Output = ()>>>>::{closure#0}, core[df12db4294e9bfd3]::option::Option<()>>::{closure#0}>::{closure#0}, (alloc[2182bb758b4b3781]::boxed::Box<tokio[d534e13a2c82ccbb]::runtime::scheduler::current_thread::Core>, core[df12db4294e9bfd3]::option::Option<()>)>
[INFO] [stdout]   16:     0x5f4cce6e6607 - <tokio[d534e13a2c82ccbb]::runtime::scheduler::current_thread::CoreGuard>::block_on::<core[df12db4294e9bfd3]::pin::Pin<&mut core[df12db4294e9bfd3]::pin::Pin<&mut dyn core[df12db4294e9bfd3]::future::future::Future<Output = ()>>>>
[INFO] [stdout]   17:     0x5f4cce6e8607 - tokio[d534e13a2c82ccbb]::runtime::context::runtime::enter_runtime::<<tokio[d534e13a2c82ccbb]::runtime::scheduler::current_thread::CurrentThread>::block_on<core[df12db4294e9bfd3]::pin::Pin<&mut dyn core[df12db4294e9bfd3]::future::future::Future<Output = ()>>>::{closure#0}, ()>
[INFO] [stdout]   18:     0x5f4cce6e731a - <tokio[d534e13a2c82ccbb]::runtime::runtime::Runtime>::block_on::<core[df12db4294e9bfd3]::pin::Pin<&mut dyn core[df12db4294e9bfd3]::future::future::Future<Output = ()>>>
[INFO] [stdout]   19:     0x5f4cce6ce9ab - mod[64d1e807752fa6da]::msg_sec_check::test_msg_sec_check_result_structure
[INFO] [stdout]   20:     0x5f4cce6e6db9 - <mod[64d1e807752fa6da]::msg_sec_check::test_msg_sec_check_result_structure::{closure#0} as core[df12db4294e9bfd3]::ops::function::FnOnce<()>>::call_once
[INFO] [stdout]   21:     0x5f4cce6ee56b - test[9d35eded1c95d3be]::__rust_begin_short_backtrace::<core[df12db4294e9bfd3]::result::Result<(), alloc[2182bb758b4b3781]::string::String>, fn() -> core[df12db4294e9bfd3]::result::Result<(), alloc[2182bb758b4b3781]::string::String>>
[INFO] [stdout]   22:     0x5f4cce6fbbd5 - test[9d35eded1c95d3be]::run_test::{closure#0}
[INFO] [stdout]   23:     0x5f4cce6f5494 - std[70759c8f55707aa4]::sys::backtrace::__rust_begin_short_backtrace::<test[9d35eded1c95d3be]::run_test::{closure#1}, ()>
[INFO] [stdout]   24:     0x5f4cce6fed32 - <std[70759c8f55707aa4]::thread::lifecycle::spawn_unchecked<test[9d35eded1c95d3be]::run_test::{closure#1}, ()>::{closure#1} as core[df12db4294e9bfd3]::ops::function::FnOnce<()>>::call_once::{shim:vtable#0}
[INFO] [stdout]   25:     0x5f4cce8f1ea9 - <std[70759c8f55707aa4]::sys::thread::unix::Thread>::new::thread_start
[INFO] [stdout]   26:     0x7cf7bbcd9dfa - <unknown>
[INFO] [stdout]   27:     0x7cf7bbd6d3d4 - clone
[INFO] [stdout]   28:                0x0 - <unknown>
[INFO] [stdout] 
[INFO] [stdout] ---- msg_sec_check::test_msg_sec_check_with_title_and_nickname stdout ----
[INFO] [stdout] 
[INFO] [stdout] thread 'msg_sec_check::test_msg_sec_check_with_title_and_nickname' (3425) panicked at tests/msg_sec_check.rs:10:44:
[INFO] [stdout] 请设置 WECHAT_APP_ID 环境变量: NotPresent
[INFO] [stdout] stack backtrace:
[INFO] [stdout]    0:     0x5f4cce8f2981 - <<std[70759c8f55707aa4]::sys::backtrace::BacktraceLock>::print::DisplayBacktrace as core[df12db4294e9bfd3]::fmt::Display>::fmt
[INFO] [stdout]    1:     0x5f4cce90958a - core[df12db4294e9bfd3]::fmt::write
[INFO] [stdout]    2:     0x5f4cce8f753c - <alloc[2182bb758b4b3781]::vec::Vec<u8> as core[df12db4294e9bfd3]::io::write::Write>::write_fmt
[INFO] [stdout]    3:     0x5f4cce8cd8b6 - std[70759c8f55707aa4]::panicking::default_hook::{closure#0}
[INFO] [stdout]    4:     0x5f4cce8ea779 - std[70759c8f55707aa4]::panicking::default_hook
[INFO] [stdout]    5:     0x5f4cce6fb280 - test[9d35eded1c95d3be]::test_main_inner::<test[9d35eded1c95d3be]::test_main_static::{closure#0}>::{closure#0}
[INFO] [stdout]    6:     0x5f4cce8eaaa2 - std[70759c8f55707aa4]::panicking::panic_with_hook
[INFO] [stdout]    7:     0x5f4cce8cd962 - std[70759c8f55707aa4]::panicking::panic_handler::{closure#0}
[INFO] [stdout]    8:     0x5f4cce8c63c9 - std[70759c8f55707aa4]::sys::backtrace::__rust_end_short_backtrace::<std[70759c8f55707aa4]::panicking::panic_handler::{closure#0}, !>
[INFO] [stdout]    9:     0x5f4cce8ce7ed - __rustc[8fa7c3cbc660c2b3]::rust_begin_unwind
[INFO] [stdout]   10:     0x5f4cce909cec - core[df12db4294e9bfd3]::panicking::panic_fmt
[INFO] [stdout]   11:     0x5f4cce909ac2 - core[df12db4294e9bfd3]::result::unwrap_failed
[INFO] [stdout]   12:     0x5f4cce6ce2dc - mod[64d1e807752fa6da]::msg_sec_check::setup_client
[INFO] [stdout]   13:     0x5f4cce6cdce4 - mod[64d1e807752fa6da]::msg_sec_check::test_msg_sec_check_with_title_and_nickname::{closure#0}
[INFO] [stdout]   14:     0x5f4cce6e5d53 - <tokio[d534e13a2c82ccbb]::runtime::scheduler::current_thread::Context>::enter::<core[df12db4294e9bfd3]::task::poll::Poll<()>, <tokio[d534e13a2c82ccbb]::runtime::scheduler::current_thread::CoreGuard>::block_on<core[df12db4294e9bfd3]::pin::Pin<&mut core[df12db4294e9bfd3]::pin::Pin<&mut dyn core[df12db4294e9bfd3]::future::future::Future<Output = ()>>>>::{closure#0}::{closure#0}>
[INFO] [stdout]   15:     0x5f4cce6e4039 - <std[70759c8f55707aa4]::thread::local::LocalKey<tokio[d534e13a2c82ccbb]::runtime::context::Context>>::with::<tokio[d534e13a2c82ccbb]::runtime::context::set_scheduler<(alloc[2182bb758b4b3781]::boxed::Box<tokio[d534e13a2c82ccbb]::runtime::scheduler::current_thread::Core>, core[df12db4294e9bfd3]::option::Option<()>), <tokio[d534e13a2c82ccbb]::runtime::scheduler::current_thread::CoreGuard>::enter<<tokio[d534e13a2c82ccbb]::runtime::scheduler::current_thread::CoreGuard>::block_on<core[df12db4294e9bfd3]::pin::Pin<&mut core[df12db4294e9bfd3]::pin::Pin<&mut dyn core[df12db4294e9bfd3]::future::future::Future<Output = ()>>>>::{closure#0}, core[df12db4294e9bfd3]::option::Option<()>>::{closure#0}>::{closure#0}, (alloc[2182bb758b4b3781]::boxed::Box<tokio[d534e13a2c82ccbb]::runtime::scheduler::current_thread::Core>, core[df12db4294e9bfd3]::option::Option<()>)>
[INFO] [stdout]   16:     0x5f4cce6e6607 - <tokio[d534e13a2c82ccbb]::runtime::scheduler::current_thread::CoreGuard>::block_on::<core[df12db4294e9bfd3]::pin::Pin<&mut core[df12db4294e9bfd3]::pin::Pin<&mut dyn core[df12db4294e9bfd3]::future::future::Future<Output = ()>>>>
[INFO] [stdout]   17:     0x5f4cce6e8607 - tokio[d534e13a2c82ccbb]::runtime::context::runtime::enter_runtime::<<tokio[d534e13a2c82ccbb]::runtime::scheduler::current_thread::CurrentThread>::block_on<core[df12db4294e9bfd3]::pin::Pin<&mut dyn core[df12db4294e9bfd3]::future::future::Future<Output = ()>>>::{closure#0}, ()>
[INFO] [stdout]   18:     0x5f4cce6e731a - <tokio[d534e13a2c82ccbb]::runtime::runtime::Runtime>::block_on::<core[df12db4294e9bfd3]::pin::Pin<&mut dyn core[df12db4294e9bfd3]::future::future::Future<Output = ()>>>
[INFO] [stdout]   19:     0x5f4cce6cec8b - mod[64d1e807752fa6da]::msg_sec_check::test_msg_sec_check_with_title_and_nickname
[INFO] [stdout]   20:     0x5f4cce6e6df9 - <mod[64d1e807752fa6da]::msg_sec_check::test_msg_sec_check_with_title_and_nickname::{closure#0} as core[df12db4294e9bfd3]::ops::function::FnOnce<()>>::call_once
[INFO] [stdout]   21:     0x5f4cce6ee56b - test[9d35eded1c95d3be]::__rust_begin_short_backtrace::<core[df12db4294e9bfd3]::result::Result<(), alloc[2182bb758b4b3781]::string::String>, fn() -> core[df12db4294e9bfd3]::result::Result<(), alloc[2182bb758b4b3781]::string::String>>
[INFO] [stdout]   22:     0x5f4cce6fbbd5 - test[9d35eded1c95d3be]::run_test::{closure#0}
[INFO] [stdout]   23:     0x5f4cce6f5494 - std[70759c8f55707aa4]::sys::backtrace::__rust_begin_short_backtrace::<test[9d35eded1c95d3be]::run_test::{closure#1}, ()>
[INFO] [stdout]   24:     0x5f4cce6fed32 - <std[70759c8f55707aa4]::thread::lifecycle::spawn_unchecked<test[9d35eded1c95d3be]::run_test::{closure#1}, ()>::{closure#1} as core[df12db4294e9bfd3]::ops::function::FnOnce<()>>::call_once::{shim:vtable#0}
[INFO] [stdout]   25:     0x5f4cce8f1ea9 - <std[70759c8f55707aa4]::sys::thread::unix::Thread>::new::thread_start
[INFO] [stdout]   26:     0x7cf7bbcd9dfa - <unknown>
[INFO] [stdout]   27:     0x7cf7bbd6d3d4 - clone
[INFO] [stdout]   28:                0x0 - <unknown>
[INFO] [stdout] 
[INFO] [stdout] ---- qr_code::test_qr_code_with_all_parameters stdout ----
[INFO] [stdout] 
[INFO] [stdout] thread 'qr_code::test_qr_code_with_all_parameters' (3432) panicked at tests/qr_code.rs:9:44:
[INFO] [stdout] 请设置 WECHAT_APP_ID 环境变量: NotPresent
[INFO] [stdout] stack backtrace:
[INFO] [stdout]    0:     0x5f4cce8f2981 - <<std[70759c8f55707aa4]::sys::backtrace::BacktraceLock>::print::DisplayBacktrace as core[df12db4294e9bfd3]::fmt::Display>::fmt
[INFO] [stdout]    1:     0x5f4cce90958a - core[df12db4294e9bfd3]::fmt::write
[INFO] [stdout]    2:     0x5f4cce8f753c - <alloc[2182bb758b4b3781]::vec::Vec<u8> as core[df12db4294e9bfd3]::io::write::Write>::write_fmt
[INFO] [stdout]    3:     0x5f4cce8cd8b6 - std[70759c8f55707aa4]::panicking::default_hook::{closure#0}
[INFO] [stdout]    4:     0x5f4cce8ea779 - std[70759c8f55707aa4]::panicking::default_hook
[INFO] [stdout]    5:     0x5f4cce6fb280 - test[9d35eded1c95d3be]::test_main_inner::<test[9d35eded1c95d3be]::test_main_static::{closure#0}>::{closure#0}
[INFO] [stdout]    6:     0x5f4cce8eaaa2 - std[70759c8f55707aa4]::panicking::panic_with_hook
[INFO] [stdout]    7:     0x5f4cce8cd962 - std[70759c8f55707aa4]::panicking::panic_handler::{closure#0}
[INFO] [stdout]    8:     0x5f4cce8c63c9 - std[70759c8f55707aa4]::sys::backtrace::__rust_end_short_backtrace::<std[70759c8f55707aa4]::panicking::panic_handler::{closure#0}, !>
[INFO] [stdout]    9:     0x5f4cce8ce7ed - __rustc[8fa7c3cbc660c2b3]::rust_begin_unwind
[INFO] [stdout]   10:     0x5f4cce909cec - core[df12db4294e9bfd3]::panicking::panic_fmt
[INFO] [stdout]   11:     0x5f4cce909ac2 - core[df12db4294e9bfd3]::result::unwrap_failed
[INFO] [stdout]   12:     0x5f4cce6c1b3c - mod[64d1e807752fa6da]::qr_code::setup_client
[INFO] [stdout]   13:     0x5f4cce6c14d1 - mod[64d1e807752fa6da]::qr_code::test_qr_code_with_all_parameters::{closure#0}
[INFO] [stdout]   14:     0x5f4cce6e5d53 - <tokio[d534e13a2c82ccbb]::runtime::scheduler::current_thread::Context>::enter::<core[df12db4294e9bfd3]::task::poll::Poll<()>, <tokio[d534e13a2c82ccbb]::runtime::scheduler::current_thread::CoreGuard>::block_on<core[df12db4294e9bfd3]::pin::Pin<&mut core[df12db4294e9bfd3]::pin::Pin<&mut dyn core[df12db4294e9bfd3]::future::future::Future<Output = ()>>>>::{closure#0}::{closure#0}>
[INFO] [stdout]   15:     0x5f4cce6e4039 - <std[70759c8f55707aa4]::thread::local::LocalKey<tokio[d534e13a2c82ccbb]::runtime::context::Context>>::with::<tokio[d534e13a2c82ccbb]::runtime::context::set_scheduler<(alloc[2182bb758b4b3781]::boxed::Box<tokio[d534e13a2c82ccbb]::runtime::scheduler::current_thread::Core>, core[df12db4294e9bfd3]::option::Option<()>), <tokio[d534e13a2c82ccbb]::runtime::scheduler::current_thread::CoreGuard>::enter<<tokio[d534e13a2c82ccbb]::runtime::scheduler::current_thread::CoreGuard>::block_on<core[df12db4294e9bfd3]::pin::Pin<&mut core[df12db4294e9bfd3]::pin::Pin<&mut dyn core[df12db4294e9bfd3]::future::future::Future<Output = ()>>>>::{closure#0}, core[df12db4294e9bfd3]::option::Option<()>>::{closure#0}>::{closure#0}, (alloc[2182bb758b4b3781]::boxed::Box<tokio[d534e13a2c82ccbb]::runtime::scheduler::current_thread::Core>, core[df12db4294e9bfd3]::option::Option<()>)>
[INFO] [stdout]   16:     0x5f4cce6e6607 - <tokio[d534e13a2c82ccbb]::runtime::scheduler::current_thread::CoreGuard>::block_on::<core[df12db4294e9bfd3]::pin::Pin<&mut core[df12db4294e9bfd3]::pin::Pin<&mut dyn core[df12db4294e9bfd3]::future::future::Future<Output = ()>>>>
[INFO] [stdout]   17:     0x5f4cce6e8607 - tokio[d534e13a2c82ccbb]::runtime::context::runtime::enter_runtime::<<tokio[d534e13a2c82ccbb]::runtime::scheduler::current_thread::CurrentThread>::block_on<core[df12db4294e9bfd3]::pin::Pin<&mut dyn core[df12db4294e9bfd3]::future::future::Future<Output = ()>>>::{closure#0}, ()>
[INFO] [stdout]   18:     0x5f4cce6e731a - <tokio[d534e13a2c82ccbb]::runtime::runtime::Runtime>::block_on::<core[df12db4294e9bfd3]::pin::Pin<&mut dyn core[df12db4294e9bfd3]::future::future::Future<Output = ()>>>
[INFO] [stdout]   19:     0x5f4cce6c209b - mod[64d1e807752fa6da]::qr_code::test_qr_code_with_all_parameters
[INFO] [stdout]   20:     0x5f4cce6e6e59 - <mod[64d1e807752fa6da]::qr_code::test_qr_code_with_all_parameters::{closure#0} as core[df12db4294e9bfd3]::ops::function::FnOnce<()>>::call_once
[INFO] [stdout]   21:     0x5f4cce6ee56b - test[9d35eded1c95d3be]::__rust_begin_short_backtrace::<core[df12db4294e9bfd3]::result::Result<(), alloc[2182bb758b4b3781]::string::String>, fn() -> core[df12db4294e9bfd3]::result::Result<(), alloc[2182bb758b4b3781]::string::String>>
[INFO] [stdout]   22:     0x5f4cce6fbbd5 - test[9d35eded1c95d3be]::run_test::{closure#0}
[INFO] [stdout]   23:     0x5f4cce6f5494 - std[70759c8f55707aa4]::sys::backtrace::__rust_begin_short_backtrace::<test[9d35eded1c95d3be]::run_test::{closure#1}, ()>
[INFO] [stdout]   24:     0x5f4cce6fed32 - <std[70759c8f55707aa4]::thread::lifecycle::spawn_unchecked<test[9d35eded1c95d3be]::run_test::{closure#1}, ()>::{closure#1} as core[df12db4294e9bfd3]::ops::function::FnOnce<()>>::call_once::{shim:vtable#0}
[INFO] [stdout]   25:     0x5f4cce8f1ea9 - <std[70759c8f55707aa4]::sys::thread::unix::Thread>::new::thread_start
[INFO] [stdout]   26:     0x7cf7bbcd9dfa - <unknown>
[INFO] [stdout]   27:     0x7cf7bbd6d3d4 - clone
[INFO] [stdout]   28:                0x0 - <unknown>
[INFO] [stdout] 
[INFO] [stdout] ---- msg_sec_check::test_msg_sec_check_profile_scene stdout ----
[INFO] [stdout] 
[INFO] [stdout] thread 'msg_sec_check::test_msg_sec_check_profile_scene' (3423) panicked at tests/msg_sec_check.rs:10:44:
[INFO] [stdout] 请设置 WECHAT_APP_ID 环境变量: NotPresent
[INFO] [stdout] stack backtrace:
[INFO] [stdout]    0:     0x5f4cce8f2981 - <<std[70759c8f55707aa4]::sys::backtrace::BacktraceLock>::print::DisplayBacktrace as core[df12db4294e9bfd3]::fmt::Display>::fmt
[INFO] [stdout]    1:     0x5f4cce90958a - core[df12db4294e9bfd3]::fmt::write
[INFO] [stdout]    2:     0x5f4cce8f753c - <alloc[2182bb758b4b3781]::vec::Vec<u8> as core[df12db4294e9bfd3]::io::write::Write>::write_fmt
[INFO] [stdout]    3:     0x5f4cce8cd8b6 - std[70759c8f55707aa4]::panicking::default_hook::{closure#0}
[INFO] [stdout]    4:     0x5f4cce8ea779 - std[70759c8f55707aa4]::panicking::default_hook
[INFO] [stdout]    5:     0x5f4cce6fb280 - test[9d35eded1c95d3be]::test_main_inner::<test[9d35eded1c95d3be]::test_main_static::{closure#0}>::{closure#0}
[INFO] [stdout]    6:     0x5f4cce8eaaa2 - std[70759c8f55707aa4]::panicking::panic_with_hook
[INFO] [stdout]    7:     0x5f4cce8cd962 - std[70759c8f55707aa4]::panicking::panic_handler::{closure#0}
[INFO] [stdout]    8:     0x5f4cce8c63c9 - std[70759c8f55707aa4]::sys::backtrace::__rust_end_short_backtrace::<std[70759c8f55707aa4]::panicking::panic_handler::{closure#0}, !>
[INFO] [stdout]    9:     0x5f4cce8ce7ed - __rustc[8fa7c3cbc660c2b3]::rust_begin_unwind
[INFO] [stdout]   10:     0x5f4cce909cec - core[df12db4294e9bfd3]::panicking::panic_fmt
[INFO] [stdout]   11:     0x5f4cce909ac2 - core[df12db4294e9bfd3]::result::unwrap_failed
[INFO] [stdout]   12:     0x5f4cce6ce2dc - mod[64d1e807752fa6da]::msg_sec_check::setup_client
[INFO] [stdout]   13:     0x5f4cce6cb874 - mod[64d1e807752fa6da]::msg_sec_check::test_msg_sec_check_profile_scene::{closure#0}
[INFO] [stdout]   14:     0x5f4cce6e5d53 - <tokio[d534e13a2c82ccbb]::runtime::scheduler::current_thread::Context>::enter::<core[df12db4294e9bfd3]::task::poll::Poll<()>, <tokio[d534e13a2c82ccbb]::runtime::scheduler::current_thread::CoreGuard>::block_on<core[df12db4294e9bfd3]::pin::Pin<&mut core[df12db4294e9bfd3]::pin::Pin<&mut dyn core[df12db4294e9bfd3]::future::future::Future<Output = ()>>>>::{closure#0}::{closure#0}>
[INFO] [stdout]   15:     0x5f4cce6e4039 - <std[70759c8f55707aa4]::thread::local::LocalKey<tokio[d534e13a2c82ccbb]::runtime::context::Context>>::with::<tokio[d534e13a2c82ccbb]::runtime::context::set_scheduler<(alloc[2182bb758b4b3781]::boxed::Box<tokio[d534e13a2c82ccbb]::runtime::scheduler::current_thread::Core>, core[df12db4294e9bfd3]::option::Option<()>), <tokio[d534e13a2c82ccbb]::runtime::scheduler::current_thread::CoreGuard>::enter<<tokio[d534e13a2c82ccbb]::runtime::scheduler::current_thread::CoreGuard>::block_on<core[df12db4294e9bfd3]::pin::Pin<&mut core[df12db4294e9bfd3]::pin::Pin<&mut dyn core[df12db4294e9bfd3]::future::future::Future<Output = ()>>>>::{closure#0}, core[df12db4294e9bfd3]::option::Option<()>>::{closure#0}>::{closure#0}, (alloc[2182bb758b4b3781]::boxed::Box<tokio[d534e13a2c82ccbb]::runtime::scheduler::current_thread::Core>, core[df12db4294e9bfd3]::option::Option<()>)>
[INFO] [stdout]   16:     0x5f4cce6e6607 - <tokio[d534e13a2c82ccbb]::runtime::scheduler::current_thread::CoreGuard>::block_on::<core[df12db4294e9bfd3]::pin::Pin<&mut core[df12db4294e9bfd3]::pin::Pin<&mut dyn core[df12db4294e9bfd3]::future::future::Future<Output = ()>>>>
[INFO] [stdout]   17:     0x5f4cce6e8607 - tokio[d534e13a2c82ccbb]::runtime::context::runtime::enter_runtime::<<tokio[d534e13a2c82ccbb]::runtime::scheduler::current_thread::CurrentThread>::block_on<core[df12db4294e9bfd3]::pin::Pin<&mut dyn core[df12db4294e9bfd3]::future::future::Future<Output = ()>>>::{closure#0}, ()>
[INFO] [stdout]   18:     0x5f4cce6e731a - <tokio[d534e13a2c82ccbb]::runtime::runtime::Runtime>::block_on::<core[df12db4294e9bfd3]::pin::Pin<&mut dyn core[df12db4294e9bfd3]::future::future::Future<Output = ()>>>
[INFO] [stdout]   19:     0x5f4cce6ce53b - mod[64d1e807752fa6da]::msg_sec_check::test_msg_sec_check_profile_scene
[INFO] [stdout]   20:     0x5f4cce6e6d59 - <mod[64d1e807752fa6da]::msg_sec_check::test_msg_sec_check_profile_scene::{closure#0} as core[df12db4294e9bfd3]::ops::function::FnOnce<()>>::call_once
[INFO] [stdout]   21:     0x5f4cce6ee56b - test[9d35eded1c95d3be]::__rust_begin_short_backtrace::<core[df12db4294e9bfd3]::result::Result<(), alloc[2182bb758b4b3781]::string::String>, fn() -> core[df12db4294e9bfd3]::result::Result<(), alloc[2182bb758b4b3781]::string::String>>
[INFO] [stdout]   22:     0x5f4cce6fbbd5 - test[9d35eded1c95d3be]::run_test::{closure#0}
[INFO] [stdout]   23:     0x5f4cce6f5494 - std[70759c8f55707aa4]::sys::backtrace::__rust_begin_short_backtrace::<test[9d35eded1c95d3be]::run_test::{closure#1}, ()>
[INFO] [stdout]   24:     0x5f4cce6fed32 - <std[70759c8f55707aa4]::thread::lifecycle::spawn_unchecked<test[9d35eded1c95d3be]::run_test::{closure#1}, ()>::{closure#1} as core[df12db4294e9bfd3]::ops::function::FnOnce<()>>::call_once::{shim:vtable#0}
[INFO] [stdout]   25:     0x5f4cce8f1ea9 - <std[70759c8f55707aa4]::sys::thread::unix::Thread>::new::thread_start
[INFO] [stdout]   26:     0x7cf7bbcd9dfa - <unknown>
[INFO] [stdout]   27:     0x7cf7bbd6d3d4 - clone
[INFO] [stdout]   28:                0x0 - <unknown>
[INFO] [stdout] 
[INFO] [stdout] ---- qr_code::test_qr_code_with_only_width stdout ----
[INFO] [stdout] 
[INFO] [stdout] thread 'qr_code::test_qr_code_with_only_width' (3434) panicked at tests/qr_code.rs:9:44:
[INFO] [stdout] 请设置 WECHAT_APP_ID 环境变量: NotPresent
[INFO] [stdout] stack backtrace:
[INFO] [stdout]    0:     0x5f4cce8f2981 - <<std[70759c8f55707aa4]::sys::backtrace::BacktraceLock>::print::DisplayBacktrace as core[df12db4294e9bfd3]::fmt::Display>::fmt
[INFO] [stdout]    1:     0x5f4cce90958a - core[df12db4294e9bfd3]::fmt::write
[INFO] [stdout]    2:     0x5f4cce8f753c - <alloc[2182bb758b4b3781]::vec::Vec<u8> as core[df12db4294e9bfd3]::io::write::Write>::write_fmt
[INFO] [stdout]    3:     0x5f4cce8cd8b6 - std[70759c8f55707aa4]::panicking::default_hook::{closure#0}
[INFO] [stdout]    4:     0x5f4cce8ea779 - std[70759c8f55707aa4]::panicking::default_hook
[INFO] [stdout]    5:     0x5f4cce6fb280 - test[9d35eded1c95d3be]::test_main_inner::<test[9d35eded1c95d3be]::test_main_static::{closure#0}>::{closure#0}
[INFO] [stdout]    6:     0x5f4cce8eaaa2 - std[70759c8f55707aa4]::panicking::panic_with_hook
[INFO] [stdout]    7:     0x5f4cce8cd962 - std[70759c8f55707aa4]::panicking::panic_handler::{closure#0}
[INFO] [stdout]    8:     0x5f4cce8c63c9 - std[70759c8f55707aa4]::sys::backtrace::__rust_end_short_backtrace::<std[70759c8f55707aa4]::panicking::panic_handler::{closure#0}, !>
[INFO] [stdout]    9:     0x5f4cce8ce7ed - __rustc[8fa7c3cbc660c2b3]::rust_begin_unwind
[INFO] [stdout]   10:     0x5f4cce909cec - core[df12db4294e9bfd3]::panicking::panic_fmt
[INFO] [stdout]   11:     0x5f4cce909ac2 - core[df12db4294e9bfd3]::result::unwrap_failed
[INFO] [stdout]   12:     0x5f4cce6c1b3c - mod[64d1e807752fa6da]::qr_code::setup_client
[INFO] [stdout]   13:     0x5f4cce6c128f - mod[64d1e807752fa6da]::qr_code::test_qr_code_with_only_width::{closure#0}
[INFO] [stdout]   14:     0x5f4cce6e5d53 - <tokio[d534e13a2c82ccbb]::runtime::scheduler::current_thread::Context>::enter::<core[df12db4294e9bfd3]::task::poll::Poll<()>, <tokio[d534e13a2c82ccbb]::runtime::scheduler::current_thread::CoreGuard>::block_on<core[df12db4294e9bfd3]::pin::Pin<&mut core[df12db4294e9bfd3]::pin::Pin<&mut dyn core[df12db4294e9bfd3]::future::future::Future<Output = ()>>>>::{closure#0}::{closure#0}>
[INFO] [stdout]   15:     0x5f4cce6e4039 - <std[70759c8f55707aa4]::thread::local::LocalKey<tokio[d534e13a2c82ccbb]::runtime::context::Context>>::with::<tokio[d534e13a2c82ccbb]::runtime::context::set_scheduler<(alloc[2182bb758b4b3781]::boxed::Box<tokio[d534e13a2c82ccbb]::runtime::scheduler::current_thread::Core>, core[df12db4294e9bfd3]::option::Option<()>), <tokio[d534e13a2c82ccbb]::runtime::scheduler::current_thread::CoreGuard>::enter<<tokio[d534e13a2c82ccbb]::runtime::scheduler::current_thread::CoreGuard>::block_on<core[df12db4294e9bfd3]::pin::Pin<&mut core[df12db4294e9bfd3]::pin::Pin<&mut dyn core[df12db4294e9bfd3]::future::future::Future<Output = ()>>>>::{closure#0}, core[df12db4294e9bfd3]::option::Option<()>>::{closure#0}>::{closure#0}, (alloc[2182bb758b4b3781]::boxed::Box<tokio[d534e13a2c82ccbb]::runtime::scheduler::current_thread::Core>, core[df12db4294e9bfd3]::option::Option<()>)>
[INFO] [stdout]   16:     0x5f4cce6e6607 - <tokio[d534e13a2c82ccbb]::runtime::scheduler::current_thread::CoreGuard>::block_on::<core[df12db4294e9bfd3]::pin::Pin<&mut core[df12db4294e9bfd3]::pin::Pin<&mut dyn core[df12db4294e9bfd3]::future::future::Future<Output = ()>>>>
[INFO] [stdout]   17:     0x5f4cce6e8607 - tokio[d534e13a2c82ccbb]::runtime::context::runtime::enter_runtime::<<tokio[d534e13a2c82ccbb]::runtime::scheduler::current_thread::CurrentThread>::block_on<core[df12db4294e9bfd3]::pin::Pin<&mut dyn core[df12db4294e9bfd3]::future::future::Future<Output = ()>>>::{closure#0}, ()>
[INFO] [stdout]   18:     0x5f4cce6e731a - <tokio[d534e13a2c82ccbb]::runtime::runtime::Runtime>::block_on::<core[df12db4294e9bfd3]::pin::Pin<&mut dyn core[df12db4294e9bfd3]::future::future::Future<Output = ()>>>
[INFO] [stdout]   19:     0x5f4cce6c1c9b - mod[64d1e807752fa6da]::qr_code::test_qr_code_with_only_width
[INFO] [stdout]   20:     0x5f4cce6e6e19 - <mod[64d1e807752fa6da]::qr_code::test_qr_code_with_only_width::{closure#0} as core[df12db4294e9bfd3]::ops::function::FnOnce<()>>::call_once
[INFO] [stdout]   21:     0x5f4cce6ee56b - test[9d35eded1c95d3be]::__rust_begin_short_backtrace::<core[df12db4294e9bfd3]::result::Result<(), alloc[2182bb758b4b3781]::string::String>, fn() -> core[df12db4294e9bfd3]::result::Result<(), alloc[2182bb758b4b3781]::string::String>>
[INFO] [stdout]   22:     0x5f4cce6fbbd5 - test[9d35eded1c95d3be]::run_test::{closure#0}
[INFO] [stdout]   23:     0x5f4cce6f5494 - std[70759c8f55707aa4]::sys::backtrace::__rust_begin_short_backtrace::<test[9d35eded1c95d3be]::run_test::{closure#1}, ()>
[INFO] [stdout]   24:     0x5f4cce6fed32 - <std[70759c8f55707aa4]::thread::lifecycle::spawn_unchecked<test[9d35eded1c95d3be]::run_test::{closure#1}, ()>::{closure#1} as core[df12db4294e9bfd3]::ops::function::FnOnce<()>>::call_once::{shim:vtable#0}
[INFO] [stdout]   25:     0x5f4cce8f1ea9 - <std[70759c8f55707aa4]::sys::thread::unix::Thread>::new::thread_start
[INFO] [stdout]   26:     0x7cf7bbcd9dfa - <unknown>
[INFO] [stdout]   27:     0x7cf7bbd6d3d4 - clone
[INFO] [stdout]   28:                0x0 - <unknown>
[INFO] [stdout] 
[INFO] [stdout] 
[INFO] [stdout] failures:
[INFO] [stdout]     msg_sec_check::test_msg_sec_check_content_length_boundary
[INFO] [stdout]     msg_sec_check::test_msg_sec_check_different_scenes
[INFO] [stdout]     msg_sec_check::test_msg_sec_check_normal_content
[INFO] [stdout]     msg_sec_check::test_msg_sec_check_profile_scene
[INFO] [stdout]     msg_sec_check::test_msg_sec_check_result_structure
[INFO] [stdout]     msg_sec_check::test_msg_sec_check_with_title_and_nickname
[INFO] [stdout]     qr_code::test_qr_code_with_all_parameters
[INFO] [stdout]     qr_code::test_qr_code_with_only_env_version
[INFO] [stdout]     qr_code::test_qr_code_with_only_width
[INFO] [stdout] 
[INFO] [stdout] test result: FAILED. 6 passed; 9 failed; 0 ignored; 0 measured; 0 filtered out; finished in 0.01s
[INFO] [stdout] 
[INFO] [stderr] error: test failed, to rerun pass `--test mod`
[INFO] running `Command { std: "docker" "inspect" "fcbe2612e5c400cf18acf13d3fac1562274b11083ec0462c7c3ee2a9525bb634", kill_on_drop: false }`
[INFO] running `Command { std: "docker" "rm" "-f" "fcbe2612e5c400cf18acf13d3fac1562274b11083ec0462c7c3ee2a9525bb634", kill_on_drop: false }`
[INFO] [stdout] fcbe2612e5c400cf18acf13d3fac1562274b11083ec0462c7c3ee2a9525bb634
